{"text_format":"1","workbook":"xlsx","n_sheets":3,"sheets":["Instructions","Data Sheet 1","ERT_tblOtherMethodRunData"],"not_rendered":{"charts":0,"images":0,"macros":0,"external_links":0,"defined_names":0,"comments":1,"pivot_tables":0},"unopened":[],"bounds":{"document_bytes":16777216,"sheet_cells":100000,"rows_first":2000,"rows_last":500,"rows_between":2000,"halvings":0,"cell_chars":16384,"cell_head_chars":4096},"cells_cut":0,"cells_raw":0,"read":"whole","date_system":"1900"}

{"sheet":"Instructions","index":0,"n_rows":11,"n_cols":1,"rows_kept":11,"cut":false,"hidden":false,"merged":[]}
["ERT data entry spreadsheet"]
[]
["This workbook is designed for use during the collection of data methods that are not the isntrumental methods, isokinetic methods or Method 30B.  It is not appropriate for use with instrumental methods. The workbook is composed of this instruction page, one entry sheet, and a header export sheet.  The header export sheet is for agency use only."]
[]
["Each Data Sheet is composed of two sections, the header data section and the point data grid. The header data section contains the run identification section which contains data about the facility, the sampling location, method used and the testing operator."]
[]
["All of the fields in the point data grid should be filled in for non-isokinetic, non-instrumental methods with each row containing the data from a single point."]
[]
["All of the fields in Data Sheet 1 should be filled in with each row containing compound, run number, run date, emission value, Units of Measure, Flag and Comment.  If you need more than one unit of measure please complete a new row for the compound with the different unit of measure."]
[]
["To reuse spreadsheet, clear contents on Data Sheet 1"]

{"sheet":"Data Sheet 1","index":1,"n_rows":6,"n_cols":8,"rows_kept":6,"cut":false,"hidden":false,"merged":[[3,1,3,2]]}
[]
[null,"Plant:"]
[]
[null,"Sampling Location:",null,null,null,null,null,"Method:"]
[]
[null,"Compound","Run Number","Run Date","Emission Value","Unit of Measure","Flag","Comments"]

{"sheet":"ERT_tblOtherMethodRunData","index":2,"n_rows":500,"n_cols":10,"rows_kept":500,"cut":false,"hidden":false,"merged":[]}
["PlantID","Location","Method","RunNumber","RunDate","Compound","Emisssionvalue","UnitsofMeasure","Flag","Comments"]
[{"$f":"IF(('Data Sheet 1'!$B7)=\"\",\"\",'Data Sheet 1'!$C$2)","v":""},{"$f":"IF(('Data Sheet 1'!$B7)=\"\",\"\",'Data Sheet 1'!$D$4)","v":""},{"$f":"IF(('Data Sheet 1'!$B7)=\"\",\"\",'Data Sheet 1'!$I$4)","v":""},{"$f":"IF(('Data Sheet 1'!$B7)=\"\",\"\",'Data Sheet 1'!$C7)","v":""},{"$f":"IF(('Data Sheet 1'!$B7)=\"\",\"\",'Data Sheet 1'!$D7)","v":""},{"$f":"IF(('Data Sheet 1'!$B7)=\"\",\"\",'Data Sheet 1'!$B7)","v":""},{"$f":"IF(('Data Sheet 1'!$B7)=\"\",\"\",'Data Sheet 1'!$E7)","v":""},{"$f":"IF(('Data Sheet 1'!$B7)=\"\",\"\",'Data Sheet 1'!$F7)","v":""},{"$f":"IF(('Data Sheet 1'!$B7)=\"\",\"\",'Data Sheet 1'!$G7)","v":""},{"$f":"IF(('Data Sheet 1'!$B7)=\"\",\"\",'Data Sheet 1'!$H7)","v":""}]
[{"$f":"IF(('Data Sheet 1'!$B8)=\"\",\"\",'Data Sheet 1'!$C$2)","v":""},{"$f":"IF(('Data Sheet 1'!$B8)=\"\",\"\",'Data Sheet 1'!$D$4)","v":""},{"$f":"IF(('Data Sheet 1'!$B8)=\"\",\"\",'Data Sheet 1'!$I$4)","v":""},{"$f":"IF(('Data Sheet 1'!$B8)=\"\",\"\",'Data Sheet 1'!$C8)","v":""},{"$f":"IF(('Data Sheet 1'!$B8)=\"\",\"\",'Data Sheet 1'!$D8)","v":""},{"$f":"IF(('Data Sheet 1'!$B8)=\"\",\"\",'Data Sheet 1'!$B8)","v":""},{"$f":"IF(('Data Sheet 1'!$B8)=\"\",\"\",'Data Sheet 1'!$E8)","v":""},{"$f":"IF(('Data Sheet 1'!$B8)=\"\",\"\",'Data Sheet 1'!$F8)","v":""},{"$f":"IF(('Data Sheet 1'!$B8)=\"\",\"\",'Data Sheet 1'!$G8)","v":""},{"$f":"IF(('Data Sheet 1'!$B8)=\"\",\"\",'Data Sheet 1'!$H8)","v":""}]
[{"$f":"IF(('Data Sheet 1'!$B9)=\"\",\"\",'Data Sheet 1'!$C$2)","v":""},{"$f":"IF(('Data Sheet 1'!$B9)=\"\",\"\",'Data Sheet 1'!$D$4)","v":""},{"$f":"IF(('Data Sheet 1'!$B9)=\"\",\"\",'Data Sheet 1'!$I$4)","v":""},{"$f":"IF(('Data Sheet 1'!$B9)=\"\",\"\",'Data Sheet 1'!$C9)","v":""},{"$f":"IF(('Data Sheet 1'!$B9)=\"\",\"\",'Data Sheet 1'!$D9)","v":""},{"$f":"IF(('Data Sheet 1'!$B9)=\"\",\"\",'Data Sheet 1'!$B9)","v":""},{"$f":"IF(('Data Sheet 1'!$B9)=\"\",\"\",'Data Sheet 1'!$E9)","v":""},{"$f":"IF(('Data Sheet 1'!$B9)=\"\",\"\",'Data Sheet 1'!$F9)","v":""},{"$f":"IF(('Data Sheet 1'!$B9)=\"\",\"\",'Data Sheet 1'!$G9)","v":""},{"$f":"IF(('Data Sheet 1'!$B9)=\"\",\"\",'Data Sheet 1'!$H9)","v":""}]
[{"$f":"IF(('Data Sheet 1'!$B10)=\"\",\"\",'Data Sheet 1'!$C$2)","v":""},{"$f":"IF(('Data Sheet 1'!$B10)=\"\",\"\",'Data Sheet 1'!$D$4)","v":""},{"$f":"IF(('Data Sheet 1'!$B10)=\"\",\"\",'Data Sheet 1'!$I$4)","v":""},{"$f":"IF(('Data Sheet 1'!$B10)=\"\",\"\",'Data Sheet 1'!$C10)","v":""},{"$f":"IF(('Data Sheet 1'!$B10)=\"\",\"\",'Data Sheet 1'!$D10)","v":""},{"$f":"IF(('Data Sheet 1'!$B10)=\"\",\"\",'Data Sheet 1'!$B10)","v":""},{"$f":"IF(('Data Sheet 1'!$B10)=\"\",\"\",'Data Sheet 1'!$E10)","v":""},{"$f":"IF(('Data Sheet 1'!$B10)=\"\",\"\",'Data Sheet 1'!$F10)","v":""},{"$f":"IF(('Data Sheet 1'!$B10)=\"\",\"\",'Data Sheet 1'!$G10)","v":""},{"$f":"IF(('Data Sheet 1'!$B10)=\"\",\"\",'Data Sheet 1'!$H10)","v":""}]
[{"$f":"IF(('Data Sheet 1'!$B11)=\"\",\"\",'Data Sheet 1'!$C$2)","v":""},{"$f":"IF(('Data Sheet 1'!$B11)=\"\",\"\",'Data Sheet 1'!$D$4)","v":""},{"$f":"IF(('Data Sheet 1'!$B11)=\"\",\"\",'Data Sheet 1'!$I$4)","v":""},{"$f":"IF(('Data Sheet 1'!$B11)=\"\",\"\",'Data Sheet 1'!$C11)","v":""},{"$f":"IF(('Data Sheet 1'!$B11)=\"\",\"\",'Data Sheet 1'!$D11)","v":""},{"$f":"IF(('Data Sheet 1'!$B11)=\"\",\"\",'Data Sheet 1'!$B11)","v":""},{"$f":"IF(('Data Sheet 1'!$B11)=\"\",\"\",'Data Sheet 1'!$E11)","v":""},{"$f":"IF(('Data Sheet 1'!$B11)=\"\",\"\",'Data Sheet 1'!$F11)","v":""},{"$f":"IF(('Data Sheet 1'!$B11)=\"\",\"\",'Data Sheet 1'!$G11)","v":""},{"$f":"IF(('Data Sheet 1'!$B11)=\"\",\"\",'Data Sheet 1'!$H11)","v":""}]
[{"$f":"IF(('Data Sheet 1'!$B12)=\"\",\"\",'Data Sheet 1'!$C$2)","v":""},{"$f":"IF(('Data Sheet 1'!$B12)=\"\",\"\",'Data Sheet 1'!$D$4)","v":""},{"$f":"IF(('Data Sheet 1'!$B12)=\"\",\"\",'Data Sheet 1'!$I$4)","v":""},{"$f":"IF(('Data Sheet 1'!$B12)=\"\",\"\",'Data Sheet 1'!$C12)","v":""},{"$f":"IF(('Data Sheet 1'!$B12)=\"\",\"\",'Data Sheet 1'!$D12)","v":""},{"$f":"IF(('Data Sheet 1'!$B12)=\"\",\"\",'Data Sheet 1'!$B12)","v":""},{"$f":"IF(('Data Sheet 1'!$B12)=\"\",\"\",'Data Sheet 1'!$E12)","v":""},{"$f":"IF(('Data Sheet 1'!$B12)=\"\",\"\",'Data Sheet 1'!$F12)","v":""},{"$f":"IF(('Data Sheet 1'!$B12)=\"\",\"\",'Data Sheet 1'!$G12)","v":""},{"$f":"IF(('Data Sheet 1'!$B12)=\"\",\"\",'Data Sheet 1'!$H12)","v":""}]
[{"$f":"IF(('Data Sheet 1'!$B13)=\"\",\"\",'Data Sheet 1'!$C$2)","v":""},{"$f":"IF(('Data Sheet 1'!$B13)=\"\",\"\",'Data Sheet 1'!$D$4)","v":""},{"$f":"IF(('Data Sheet 1'!$B13)=\"\",\"\",'Data Sheet 1'!$I$4)","v":""},{"$f":"IF(('Data Sheet 1'!$B13)=\"\",\"\",'Data Sheet 1'!$C13)","v":""},{"$f":"IF(('Data Sheet 1'!$B13)=\"\",\"\",'Data Sheet 1'!$D13)","v":""},{"$f":"IF(('Data Sheet 1'!$B13)=\"\",\"\",'Data Sheet 1'!$B13)","v":""},{"$f":"IF(('Data Sheet 1'!$B13)=\"\",\"\",'Data Sheet 1'!$E13)","v":""},{"$f":"IF(('Data Sheet 1'!$B13)=\"\",\"\",'Data Sheet 1'!$F13)","v":""},{"$f":"IF(('Data Sheet 1'!$B13)=\"\",\"\",'Data Sheet 1'!$G13)","v":""},{"$f":"IF(('Data Sheet 1'!$B13)=\"\",\"\",'Data Sheet 1'!$H13)","v":""}]
[{"$f":"IF(('Data Sheet 1'!$B14)=\"\",\"\",'Data Sheet 1'!$C$2)","v":""},{"$f":"IF(('Data Sheet 1'!$B14)=\"\",\"\",'Data Sheet 1'!$D$4)","v":""},{"$f":"IF(('Data Sheet 1'!$B14)=\"\",\"\",'Data Sheet 1'!$I$4)","v":""},{"$f":"IF(('Data Sheet 1'!$B14)=\"\",\"\",'Data Sheet 1'!$C14)","v":""},{"$f":"IF(('Data Sheet 1'!$B14)=\"\",\"\",'Data Sheet 1'!$D14)","v":""},{"$f":"IF(('Data Sheet 1'!$B14)=\"\",\"\",'Data Sheet 1'!$B14)","v":""},{"$f":"IF(('Data Sheet 1'!$B14)=\"\",\"\",'Data Sheet 1'!$E14)","v":""},{"$f":"IF(('Data Sheet 1'!$B14)=\"\",\"\",'Data Sheet 1'!$F14)","v":""},{"$f":"IF(('Data Sheet 1'!$B14)=\"\",\"\",'Data Sheet 1'!$G14)","v":""},{"$f":"IF(('Data Sheet 1'!$B14)=\"\",\"\",'Data Sheet 1'!$H14)","v":""}]
[{"$f":"IF(('Data Sheet 1'!$B15)=\"\",\"\",'Data Sheet 1'!$C$2)","v":""},{"$f":"IF(('Data Sheet 1'!$B15)=\"\",\"\",'Data Sheet 1'!$D$4)","v":""},{"$f":"IF(('Data Sheet 1'!$B15)=\"\",\"\",'Data Sheet 1'!$I$4)","v":""},{"$f":"IF(('Data Sheet 1'!$B15)=\"\",\"\",'Data Sheet 1'!$C15)","v":""},{"$f":"IF(('Data Sheet 1'!$B15)=\"\",\"\",'Data Sheet 1'!$D15)","v":""},{"$f":"IF(('Data Sheet 1'!$B15)=\"\",\"\",'Data Sheet 1'!$B15)","v":""},{"$f":"IF(('Data Sheet 1'!$B15)=\"\",\"\",'Data Sheet 1'!$E15)","v":""},{"$f":"IF(('Data Sheet 1'!$B15)=\"\",\"\",'Data Sheet 1'!$F15)","v":""},{"$f":"IF(('Data Sheet 1'!$B15)=\"\",\"\",'Data Sheet 1'!$G15)","v":""},{"$f":"IF(('Data Sheet 1'!$B15)=\"\",\"\",'Data Sheet 1'!$H15)","v":""}]
[{"$f":"IF(('Data Sheet 1'!$B16)=\"\",\"\",'Data Sheet 1'!$C$2)","v":""},{"$f":"IF(('Data Sheet 1'!$B16)=\"\",\"\",'Data Sheet 1'!$D$4)","v":""},{"$f":"IF(('Data Sheet 1'!$B16)=\"\",\"\",'Data Sheet 1'!$I$4)","v":""},{"$f":"IF(('Data Sheet 1'!$B16)=\"\",\"\",'Data Sheet 1'!$C16)","v":""},{"$f":"IF(('Data Sheet 1'!$B16)=\"\",\"\",'Data Sheet 1'!$D16)","v":""},{"$f":"IF(('Data Sheet 1'!$B16)=\"\",\"\",'Data Sheet 1'!$B16)","v":""},{"$f":"IF(('Data Sheet 1'!$B16)=\"\",\"\",'Data Sheet 1'!$E16)","v":""},{"$f":"IF(('Data Sheet 1'!$B16)=\"\",\"\",'Data Sheet 1'!$F16)","v":""},{"$f":"IF(('Data Sheet 1'!$B16)=\"\",\"\",'Data Sheet 1'!$G16)","v":""},{"$f":"IF(('Data Sheet 1'!$B16)=\"\",\"\",'Data Sheet 1'!$H16)","v":""}]
[{"$f":"IF(('Data Sheet 1'!$B17)=\"\",\"\",'Data Sheet 1'!$C$2)","v":""},{"$f":"IF(('Data Sheet 1'!$B17)=\"\",\"\",'Data Sheet 1'!$D$4)","v":""},{"$f":"IF(('Data Sheet 1'!$B17)=\"\",\"\",'Data Sheet 1'!$I$4)","v":""},{"$f":"IF(('Data Sheet 1'!$B17)=\"\",\"\",'Data Sheet 1'!$C17)","v":""},{"$f":"IF(('Data Sheet 1'!$B17)=\"\",\"\",'Data Sheet 1'!$D17)","v":""},{"$f":"IF(('Data Sheet 1'!$B17)=\"\",\"\",'Data Sheet 1'!$B17)","v":""},{"$f":"IF(('Data Sheet 1'!$B17)=\"\",\"\",'Data Sheet 1'!$E17)","v":""},{"$f":"IF(('Data Sheet 1'!$B17)=\"\",\"\",'Data Sheet 1'!$F17)","v":""},{"$f":"IF(('Data Sheet 1'!$B17)=\"\",\"\",'Data Sheet 1'!$G17)","v":""},{"$f":"IF(('Data Sheet 1'!$B17)=\"\",\"\",'Data Sheet 1'!$H17)","v":""}]
[{"$f":"IF(('Data Sheet 1'!$B18)=\"\",\"\",'Data Sheet 1'!$C$2)","v":""},{"$f":"IF(('Data Sheet 1'!$B18)=\"\",\"\",'Data Sheet 1'!$D$4)","v":""},{"$f":"IF(('Data Sheet 1'!$B18)=\"\",\"\",'Data Sheet 1'!$I$4)","v":""},{"$f":"IF(('Data Sheet 1'!$B18)=\"\",\"\",'Data Sheet 1'!$C18)","v":""},{"$f":"IF(('Data Sheet 1'!$B18)=\"\",\"\",'Data Sheet 1'!$D18)","v":""},{"$f":"IF(('Data Sheet 1'!$B18)=\"\",\"\",'Data Sheet 1'!$B18)","v":""},{"$f":"IF(('Data Sheet 1'!$B18)=\"\",\"\",'Data Sheet 1'!$E18)","v":""},{"$f":"IF(('Data Sheet 1'!$B18)=\"\",\"\",'Data Sheet 1'!$F18)","v":""},{"$f":"IF(('Data Sheet 1'!$B18)=\"\",\"\",'Data Sheet 1'!$G18)","v":""},{"$f":"IF(('Data Sheet 1'!$B18)=\"\",\"\",'Data Sheet 1'!$H18)","v":""}]
[{"$f":"IF(('Data Sheet 1'!$B19)=\"\",\"\",'Data Sheet 1'!$C$2)","v":""},{"$f":"IF(('Data Sheet 1'!$B19)=\"\",\"\",'Data Sheet 1'!$D$4)","v":""},{"$f":"IF(('Data Sheet 1'!$B19)=\"\",\"\",'Data Sheet 1'!$I$4)","v":""},{"$f":"IF(('Data Sheet 1'!$B19)=\"\",\"\",'Data Sheet 1'!$C19)","v":""},{"$f":"IF(('Data Sheet 1'!$B19)=\"\",\"\",'Data Sheet 1'!$D19)","v":""},{"$f":"IF(('Data Sheet 1'!$B19)=\"\",\"\",'Data Sheet 1'!$B19)","v":""},{"$f":"IF(('Data Sheet 1'!$B19)=\"\",\"\",'Data Sheet 1'!$E19)","v":""},{"$f":"IF(('Data Sheet 1'!$B19)=\"\",\"\",'Data Sheet 1'!$F19)","v":""},{"$f":"IF(('Data Sheet 1'!$B19)=\"\",\"\",'Data Sheet 1'!$G19)","v":""},{"$f":"IF(('Data Sheet 1'!$B19)=\"\",\"\",'Data Sheet 1'!$H19)","v":""}]
[{"$f":"IF(('Data Sheet 1'!$B20)=\"\",\"\",'Data Sheet 1'!$C$2)","v":""},{"$f":"IF(('Data Sheet 1'!$B20)=\"\",\"\",'Data Sheet 1'!$D$4)","v":""},{"$f":"IF(('Data Sheet 1'!$B20)=\"\",\"\",'Data Sheet 1'!$I$4)","v":""},{"$f":"IF(('Data Sheet 1'!$B20)=\"\",\"\",'Data Sheet 1'!$C20)","v":""},{"$f":"IF(('Data Sheet 1'!$B20)=\"\",\"\",'Data Sheet 1'!$D20)","v":""},{"$f":"IF(('Data Sheet 1'!$B20)=\"\",\"\",'Data Sheet 1'!$B20)","v":""},{"$f":"IF(('Data Sheet 1'!$B20)=\"\",\"\",'Data Sheet 1'!$E20)","v":""},{"$f":"IF(('Data Sheet 1'!$B20)=\"\",\"\",'Data Sheet 1'!$F20)","v":""},{"$f":"IF(('Data Sheet 1'!$B20)=\"\",\"\",'Data Sheet 1'!$G20)","v":""},{"$f":"IF(('Data Sheet 1'!$B20)=\"\",\"\",'Data Sheet 1'!$H20)","v":""}]
[{"$f":"IF(('Data Sheet 1'!$B21)=\"\",\"\",'Data Sheet 1'!$C$2)","v":""},{"$f":"IF(('Data Sheet 1'!$B21)=\"\",\"\",'Data Sheet 1'!$D$4)","v":""},{"$f":"IF(('Data Sheet 1'!$B21)=\"\",\"\",'Data Sheet 1'!$I$4)","v":""},{"$f":"IF(('Data Sheet 1'!$B21)=\"\",\"\",'Data Sheet 1'!$C21)","v":""},{"$f":"IF(('Data Sheet 1'!$B21)=\"\",\"\",'Data Sheet 1'!$D21)","v":""},{"$f":"IF(('Data Sheet 1'!$B21)=\"\",\"\",'Data Sheet 1'!$B21)","v":""},{"$f":"IF(('Data Sheet 1'!$B21)=\"\",\"\",'Data Sheet 1'!$E21)","v":""},{"$f":"IF(('Data Sheet 1'!$B21)=\"\",\"\",'Data Sheet 1'!$F21)","v":""},{"$f":"IF(('Data Sheet 1'!$B21)=\"\",\"\",'Data Sheet 1'!$G21)","v":""},{"$f":"IF(('Data Sheet 1'!$B21)=\"\",\"\",'Data Sheet 1'!$H21)","v":""}]
[{"$f":"IF(('Data Sheet 1'!$B22)=\"\",\"\",'Data Sheet 1'!$C$2)","v":""},{"$f":"IF(('Data Sheet 1'!$B22)=\"\",\"\",'Data Sheet 1'!$D$4)","v":""},{"$f":"IF(('Data Sheet 1'!$B22)=\"\",\"\",'Data Sheet 1'!$I$4)","v":""},{"$f":"IF(('Data Sheet 1'!$B22)=\"\",\"\",'Data Sheet 1'!$C22)","v":""},{"$f":"IF(('Data Sheet 1'!$B22)=\"\",\"\",'Data Sheet 1'!$D22)","v":""},{"$f":"IF(('Data Sheet 1'!$B22)=\"\",\"\",'Data Sheet 1'!$B22)","v":""},{"$f":"IF(('Data Sheet 1'!$B22)=\"\",\"\",'Data Sheet 1'!$E22)","v":""},{"$f":"IF(('Data Sheet 1'!$B22)=\"\",\"\",'Data Sheet 1'!$F22)","v":""},{"$f":"IF(('Data Sheet 1'!$B22)=\"\",\"\",'Data Sheet 1'!$G22)","v":""},{"$f":"IF(('Data Sheet 1'!$B22)=\"\",\"\",'Data Sheet 1'!$H22)","v":""}]
[{"$f":"IF(('Data Sheet 1'!$B23)=\"\",\"\",'Data Sheet 1'!$C$2)","v":""},{"$f":"IF(('Data Sheet 1'!$B23)=\"\",\"\",'Data Sheet 1'!$D$4)","v":""},{"$f":"IF(('Data Sheet 1'!$B23)=\"\",\"\",'Data Sheet 1'!$I$4)","v":""},{"$f":"IF(('Data Sheet 1'!$B23)=\"\",\"\",'Data Sheet 1'!$C23)","v":""},{"$f":"IF(('Data Sheet 1'!$B23)=\"\",\"\",'Data Sheet 1'!$D23)","v":""},{"$f":"IF(('Data Sheet 1'!$B23)=\"\",\"\",'Data Sheet 1'!$B23)","v":""},{"$f":"IF(('Data Sheet 1'!$B23)=\"\",\"\",'Data Sheet 1'!$E23)","v":""},{"$f":"IF(('Data Sheet 1'!$B23)=\"\",\"\",'Data Sheet 1'!$F23)","v":""},{"$f":"IF(('Data Sheet 1'!$B23)=\"\",\"\",'Data Sheet 1'!$G23)","v":""},{"$f":"IF(('Data Sheet 1'!$B23)=\"\",\"\",'Data Sheet 1'!$H23)","v":""}]
[{"$f":"IF(('Data Sheet 1'!$B24)=\"\",\"\",'Data Sheet 1'!$C$2)","v":""},{"$f":"IF(('Data Sheet 1'!$B24)=\"\",\"\",'Data Sheet 1'!$D$4)","v":""},{"$f":"IF(('Data Sheet 1'!$B24)=\"\",\"\",'Data Sheet 1'!$I$4)","v":""},{"$f":"IF(('Data Sheet 1'!$B24)=\"\",\"\",'Data Sheet 1'!$C24)","v":""},{"$f":"IF(('Data Sheet 1'!$B24)=\"\",\"\",'Data Sheet 1'!$D24)","v":""},{"$f":"IF(('Data Sheet 1'!$B24)=\"\",\"\",'Data Sheet 1'!$B24)","v":""},{"$f":"IF(('Data Sheet 1'!$B24)=\"\",\"\",'Data Sheet 1'!$E24)","v":""},{"$f":"IF(('Data Sheet 1'!$B24)=\"\",\"\",'Data Sheet 1'!$F24)","v":""},{"$f":"IF(('Data Sheet 1'!$B24)=\"\",\"\",'Data Sheet 1'!$G24)","v":""},{"$f":"IF(('Data Sheet 1'!$B24)=\"\",\"\",'Data Sheet 1'!$H24)","v":""}]
[{"$f":"IF(('Data Sheet 1'!$B25)=\"\",\"\",'Data Sheet 1'!$C$2)","v":""},{"$f":"IF(('Data Sheet 1'!$B25)=\"\",\"\",'Data Sheet 1'!$D$4)","v":""},{"$f":"IF(('Data Sheet 1'!$B25)=\"\",\"\",'Data Sheet 1'!$I$4)","v":""},{"$f":"IF(('Data Sheet 1'!$B25)=\"\",\"\",'Data Sheet 1'!$C25)","v":""},{"$f":"IF(('Data Sheet 1'!$B25)=\"\",\"\",'Data Sheet 1'!$D25)","v":""},{"$f":"IF(('Data Sheet 1'!$B25)=\"\",\"\",'Data Sheet 1'!$B25)","v":""},{"$f":"IF(('Data Sheet 1'!$B25)=\"\",\"\",'Data Sheet 1'!$E25)","v":""},{"$f":"IF(('Data Sheet 1'!$B25)=\"\",\"\",'Data Sheet 1'!$F25)","v":""},{"$f":"IF(('Data Sheet 1'!$B25)=\"\",\"\",'Data Sheet 1'!$G25)","v":""},{"$f":"IF(('Data Sheet 1'!$B25)=\"\",\"\",'Data Sheet 1'!$H25)","v":""}]
[{"$f":"IF(('Data Sheet 1'!$B26)=\"\",\"\",'Data Sheet 1'!$C$2)","v":""},{"$f":"IF(('Data Sheet 1'!$B26)=\"\",\"\",'Data Sheet 1'!$D$4)","v":""},{"$f":"IF(('Data Sheet 1'!$B26)=\"\",\"\",'Data Sheet 1'!$I$4)","v":""},{"$f":"IF(('Data Sheet 1'!$B26)=\"\",\"\",'Data Sheet 1'!$C26)","v":""},{"$f":"IF(('Data Sheet 1'!$B26)=\"\",\"\",'Data Sheet 1'!$D26)","v":""},{"$f":"IF(('Data Sheet 1'!$B26)=\"\",\"\",'Data Sheet 1'!$B26)","v":""},{"$f":"IF(('Data Sheet 1'!$B26)=\"\",\"\",'Data Sheet 1'!$E26)","v":""},{"$f":"IF(('Data Sheet 1'!$B26)=\"\",\"\",'Data Sheet 1'!$F26)","v":""},{"$f":"IF(('Data Sheet 1'!$B26)=\"\",\"\",'Data Sheet 1'!$G26)","v":""},{"$f":"IF(('Data Sheet 1'!$B26)=\"\",\"\",'Data Sheet 1'!$H26)","v":""}]
[{"$f":"IF(('Data Sheet 1'!$B27)=\"\",\"\",'Data Sheet 1'!$C$2)","v":""},{"$f":"IF(('Data Sheet 1'!$B27)=\"\",\"\",'Data Sheet 1'!$D$4)","v":""},{"$f":"IF(('Data Sheet 1'!$B27)=\"\",\"\",'Data Sheet 1'!$I$4)","v":""},{"$f":"IF(('Data Sheet 1'!$B27)=\"\",\"\",'Data Sheet 1'!$C27)","v":""},{"$f":"IF(('Data Sheet 1'!$B27)=\"\",\"\",'Data Sheet 1'!$D27)","v":""},{"$f":"IF(('Data Sheet 1'!$B27)=\"\",\"\",'Data Sheet 1'!$B27)","v":""},{"$f":"IF(('Data Sheet 1'!$B27)=\"\",\"\",'Data Sheet 1'!$E27)","v":""},{"$f":"IF(('Data Sheet 1'!$B27)=\"\",\"\",'Data Sheet 1'!$F27)","v":""},{"$f":"IF(('Data Sheet 1'!$B27)=\"\",\"\",'Data Sheet 1'!$G27)","v":""},{"$f":"IF(('Data Sheet 1'!$B27)=\"\",\"\",'Data Sheet 1'!$H27)","v":""}]
[{"$f":"IF(('Data Sheet 1'!$B28)=\"\",\"\",'Data Sheet 1'!$C$2)","v":""},{"$f":"IF(('Data Sheet 1'!$B28)=\"\",\"\",'Data Sheet 1'!$D$4)","v":""},{"$f":"IF(('Data Sheet 1'!$B28)=\"\",\"\",'Data Sheet 1'!$I$4)","v":""},{"$f":"IF(('Data Sheet 1'!$B28)=\"\",\"\",'Data Sheet 1'!$C28)","v":""},{"$f":"IF(('Data Sheet 1'!$B28)=\"\",\"\",'Data Sheet 1'!$D28)","v":""},{"$f":"IF(('Data Sheet 1'!$B28)=\"\",\"\",'Data Sheet 1'!$B28)","v":""},{"$f":"IF(('Data Sheet 1'!$B28)=\"\",\"\",'Data Sheet 1'!$E28)","v":""},{"$f":"IF(('Data Sheet 1'!$B28)=\"\",\"\",'Data Sheet 1'!$F28)","v":""},{"$f":"IF(('Data Sheet 1'!$B28)=\"\",\"\",'Data Sheet 1'!$G28)","v":""},{"$f":"IF(('Data Sheet 1'!$B28)=\"\",\"\",'Data Sheet 1'!$H28)","v":""}]
[{"$f":"IF(('Data Sheet 1'!$B29)=\"\",\"\",'Data Sheet 1'!$C$2)","v":""},{"$f":"IF(('Data Sheet 1'!$B29)=\"\",\"\",'Data Sheet 1'!$D$4)","v":""},{"$f":"IF(('Data Sheet 1'!$B29)=\"\",\"\",'Data Sheet 1'!$I$4)","v":""},{"$f":"IF(('Data Sheet 1'!$B29)=\"\",\"\",'Data Sheet 1'!$C29)","v":""},{"$f":"IF(('Data Sheet 1'!$B29)=\"\",\"\",'Data Sheet 1'!$D29)","v":""},{"$f":"IF(('Data Sheet 1'!$B29)=\"\",\"\",'Data Sheet 1'!$B29)","v":""},{"$f":"IF(('Data Sheet 1'!$B29)=\"\",\"\",'Data Sheet 1'!$E29)","v":""},{"$f":"IF(('Data Sheet 1'!$B29)=\"\",\"\",'Data Sheet 1'!$F29)","v":""},{"$f":"IF(('Data Sheet 1'!$B29)=\"\",\"\",'Data Sheet 1'!$G29)","v":""},{"$f":"IF(('Data Sheet 1'!$B29)=\"\",\"\",'Data Sheet 1'!$H29)","v":""}]
[{"$f":"IF(('Data Sheet 1'!$B30)=\"\",\"\",'Data Sheet 1'!$C$2)","v":""},{"$f":"IF(('Data Sheet 1'!$B30)=\"\",\"\",'Data Sheet 1'!$D$4)","v":""},{"$f":"IF(('Data Sheet 1'!$B30)=\"\",\"\",'Data Sheet 1'!$I$4)","v":""},{"$f":"IF(('Data Sheet 1'!$B30)=\"\",\"\",'Data Sheet 1'!$C30)","v":""},{"$f":"IF(('Data Sheet 1'!$B30)=\"\",\"\",'Data Sheet 1'!$D30)","v":""},{"$f":"IF(('Data Sheet 1'!$B30)=\"\",\"\",'Data Sheet 1'!$B30)","v":""},{"$f":"IF(('Data Sheet 1'!$B30)=\"\",\"\",'Data Sheet 1'!$E30)","v":""},{"$f":"IF(('Data Sheet 1'!$B30)=\"\",\"\",'Data Sheet 1'!$F30)","v":""},{"$f":"IF(('Data Sheet 1'!$B30)=\"\",\"\",'Data Sheet 1'!$G30)","v":""},{"$f":"IF(('Data Sheet 1'!$B30)=\"\",\"\",'Data Sheet 1'!$H30)","v":""}]
[{"$f":"IF(('Data Sheet 1'!$B31)=\"\",\"\",'Data Sheet 1'!$C$2)","v":""},{"$f":"IF(('Data Sheet 1'!$B31)=\"\",\"\",'Data Sheet 1'!$D$4)","v":""},{"$f":"IF(('Data Sheet 1'!$B31)=\"\",\"\",'Data Sheet 1'!$I$4)","v":""},{"$f":"IF(('Data Sheet 1'!$B31)=\"\",\"\",'Data Sheet 1'!$C31)","v":""},{"$f":"IF(('Data Sheet 1'!$B31)=\"\",\"\",'Data Sheet 1'!$D31)","v":""},{"$f":"IF(('Data Sheet 1'!$B31)=\"\",\"\",'Data Sheet 1'!$B31)","v":""},{"$f":"IF(('Data Sheet 1'!$B31)=\"\",\"\",'Data Sheet 1'!$E31)","v":""},{"$f":"IF(('Data Sheet 1'!$B31)=\"\",\"\",'Data Sheet 1'!$F31)","v":""},{"$f":"IF(('Data Sheet 1'!$B31)=\"\",\"\",'Data Sheet 1'!$G31)","v":""},{"$f":"IF(('Data Sheet 1'!$B31)=\"\",\"\",'Data Sheet 1'!$H31)","v":""}]
[{"$f":"IF(('Data Sheet 1'!$B32)=\"\",\"\",'Data Sheet 1'!$C$2)","v":""},{"$f":"IF(('Data Sheet 1'!$B32)=\"\",\"\",'Data Sheet 1'!$D$4)","v":""},{"$f":"IF(('Data Sheet 1'!$B32)=\"\",\"\",'Data Sheet 1'!$I$4)","v":""},{"$f":"IF(('Data Sheet 1'!$B32)=\"\",\"\",'Data Sheet 1'!$C32)","v":""},{"$f":"IF(('Data Sheet 1'!$B32)=\"\",\"\",'Data Sheet 1'!$D32)","v":""},{"$f":"IF(('Data Sheet 1'!$B32)=\"\",\"\",'Data Sheet 1'!$B32)","v":""},{"$f":"IF(('Data Sheet 1'!$B32)=\"\",\"\",'Data Sheet 1'!$E32)","v":""},{"$f":"IF(('Data Sheet 1'!$B32)=\"\",\"\",'Data Sheet 1'!$F32)","v":""},{"$f":"IF(('Data Sheet 1'!$B32)=\"\",\"\",'Data Sheet 1'!$G32)","v":""},{"$f":"IF(('Data Sheet 1'!$B32)=\"\",\"\",'Data Sheet 1'!$H32)","v":""}]
[{"$f":"IF(('Data Sheet 1'!$B33)=\"\",\"\",'Data Sheet 1'!$C$2)","v":""},{"$f":"IF(('Data Sheet 1'!$B33)=\"\",\"\",'Data Sheet 1'!$D$4)","v":""},{"$f":"IF(('Data Sheet 1'!$B33)=\"\",\"\",'Data Sheet 1'!$I$4)","v":""},{"$f":"IF(('Data Sheet 1'!$B33)=\"\",\"\",'Data Sheet 1'!$C33)","v":""},{"$f":"IF(('Data Sheet 1'!$B33)=\"\",\"\",'Data Sheet 1'!$D33)","v":""},{"$f":"IF(('Data Sheet 1'!$B33)=\"\",\"\",'Data Sheet 1'!$B33)","v":""},{"$f":"IF(('Data Sheet 1'!$B33)=\"\",\"\",'Data Sheet 1'!$E33)","v":""},{"$f":"IF(('Data Sheet 1'!$B33)=\"\",\"\",'Data Sheet 1'!$F33)","v":""},{"$f":"IF(('Data Sheet 1'!$B33)=\"\",\"\",'Data Sheet 1'!$G33)","v":""},{"$f":"IF(('Data Sheet 1'!$B33)=\"\",\"\",'Data Sheet 1'!$H33)","v":""}]
[{"$f":"IF(('Data Sheet 1'!$B34)=\"\",\"\",'Data Sheet 1'!$C$2)","v":""},{"$f":"IF(('Data Sheet 1'!$B34)=\"\",\"\",'Data Sheet 1'!$D$4)","v":""},{"$f":"IF(('Data Sheet 1'!$B34)=\"\",\"\",'Data Sheet 1'!$I$4)","v":""},{"$f":"IF(('Data Sheet 1'!$B34)=\"\",\"\",'Data Sheet 1'!$C34)","v":""},{"$f":"IF(('Data Sheet 1'!$B34)=\"\",\"\",'Data Sheet 1'!$D34)","v":""},{"$f":"IF(('Data Sheet 1'!$B34)=\"\",\"\",'Data Sheet 1'!$B34)","v":""},{"$f":"IF(('Data Sheet 1'!$B34)=\"\",\"\",'Data Sheet 1'!$E34)","v":""},{"$f":"IF(('Data Sheet 1'!$B34)=\"\",\"\",'Data Sheet 1'!$F34)","v":""},{"$f":"IF(('Data Sheet 1'!$B34)=\"\",\"\",'Data Sheet 1'!$G34)","v":""},{"$f":"IF(('Data Sheet 1'!$B34)=\"\",\"\",'Data Sheet 1'!$H34)","v":""}]
[{"$f":"IF(('Data Sheet 1'!$B35)=\"\",\"\",'Data Sheet 1'!$C$2)","v":""},{"$f":"IF(('Data Sheet 1'!$B35)=\"\",\"\",'Data Sheet 1'!$D$4)","v":""},{"$f":"IF(('Data Sheet 1'!$B35)=\"\",\"\",'Data Sheet 1'!$I$4)","v":""},{"$f":"IF(('Data Sheet 1'!$B35)=\"\",\"\",'Data Sheet 1'!$C35)","v":""},{"$f":"IF(('Data Sheet 1'!$B35)=\"\",\"\",'Data Sheet 1'!$D35)","v":""},{"$f":"IF(('Data Sheet 1'!$B35)=\"\",\"\",'Data Sheet 1'!$B35)","v":""},{"$f":"IF(('Data Sheet 1'!$B35)=\"\",\"\",'Data Sheet 1'!$E35)","v":""},{"$f":"IF(('Data Sheet 1'!$B35)=\"\",\"\",'Data Sheet 1'!$F35)","v":""},{"$f":"IF(('Data Sheet 1'!$B35)=\"\",\"\",'Data Sheet 1'!$G35)","v":""},{"$f":"IF(('Data Sheet 1'!$B35)=\"\",\"\",'Data Sheet 1'!$H35)","v":""}]
[{"$f":"IF(('Data Sheet 1'!$B36)=\"\",\"\",'Data Sheet 1'!$C$2)","v":""},{"$f":"IF(('Data Sheet 1'!$B36)=\"\",\"\",'Data Sheet 1'!$D$4)","v":""},{"$f":"IF(('Data Sheet 1'!$B36)=\"\",\"\",'Data Sheet 1'!$I$4)","v":""},{"$f":"IF(('Data Sheet 1'!$B36)=\"\",\"\",'Data Sheet 1'!$C36)","v":""},{"$f":"IF(('Data Sheet 1'!$B36)=\"\",\"\",'Data Sheet 1'!$D36)","v":""},{"$f":"IF(('Data Sheet 1'!$B36)=\"\",\"\",'Data Sheet 1'!$B36)","v":""},{"$f":"IF(('Data Sheet 1'!$B36)=\"\",\"\",'Data Sheet 1'!$E36)","v":""},{"$f":"IF(('Data Sheet 1'!$B36)=\"\",\"\",'Data Sheet 1'!$F36)","v":""},{"$f":"IF(('Data Sheet 1'!$B36)=\"\",\"\",'Data Sheet 1'!$G36)","v":""},{"$f":"IF(('Data Sheet 1'!$B36)=\"\",\"\",'Data Sheet 1'!$H36)","v":""}]
[{"$f":"IF(('Data Sheet 1'!$B37)=\"\",\"\",'Data Sheet 1'!$C$2)","v":""},{"$f":"IF(('Data Sheet 1'!$B37)=\"\",\"\",'Data Sheet 1'!$D$4)","v":""},{"$f":"IF(('Data Sheet 1'!$B37)=\"\",\"\",'Data Sheet 1'!$I$4)","v":""},{"$f":"IF(('Data Sheet 1'!$B37)=\"\",\"\",'Data Sheet 1'!$C37)","v":""},{"$f":"IF(('Data Sheet 1'!$B37)=\"\",\"\",'Data Sheet 1'!$D37)","v":""},{"$f":"IF(('Data Sheet 1'!$B37)=\"\",\"\",'Data Sheet 1'!$B37)","v":""},{"$f":"IF(('Data Sheet 1'!$B37)=\"\",\"\",'Data Sheet 1'!$E37)","v":""},{"$f":"IF(('Data Sheet 1'!$B37)=\"\",\"\",'Data Sheet 1'!$F37)","v":""},{"$f":"IF(('Data Sheet 1'!$B37)=\"\",\"\",'Data Sheet 1'!$G37)","v":""},{"$f":"IF(('Data Sheet 1'!$B37)=\"\",\"\",'Data Sheet 1'!$H37)","v":""}]
[{"$f":"IF(('Data Sheet 1'!$B38)=\"\",\"\",'Data Sheet 1'!$C$2)","v":""},{"$f":"IF(('Data Sheet 1'!$B38)=\"\",\"\",'Data Sheet 1'!$D$4)","v":""},{"$f":"IF(('Data Sheet 1'!$B38)=\"\",\"\",'Data Sheet 1'!$I$4)","v":""},{"$f":"IF(('Data Sheet 1'!$B38)=\"\",\"\",'Data Sheet 1'!$C38)","v":""},{"$f":"IF(('Data Sheet 1'!$B38)=\"\",\"\",'Data Sheet 1'!$D38)","v":""},{"$f":"IF(('Data Sheet 1'!$B38)=\"\",\"\",'Data Sheet 1'!$B38)","v":""},{"$f":"IF(('Data Sheet 1'!$B38)=\"\",\"\",'Data Sheet 1'!$E38)","v":""},{"$f":"IF(('Data Sheet 1'!$B38)=\"\",\"\",'Data Sheet 1'!$F38)","v":""},{"$f":"IF(('Data Sheet 1'!$B38)=\"\",\"\",'Data Sheet 1'!$G38)","v":""},{"$f":"IF(('Data Sheet 1'!$B38)=\"\",\"\",'Data Sheet 1'!$H38)","v":""}]
[{"$f":"IF(('Data Sheet 1'!$B39)=\"\",\"\",'Data Sheet 1'!$C$2)","v":""},{"$f":"IF(('Data Sheet 1'!$B39)=\"\",\"\",'Data Sheet 1'!$D$4)","v":""},{"$f":"IF(('Data Sheet 1'!$B39)=\"\",\"\",'Data Sheet 1'!$I$4)","v":""},{"$f":"IF(('Data Sheet 1'!$B39)=\"\",\"\",'Data Sheet 1'!$C39)","v":""},{"$f":"IF(('Data Sheet 1'!$B39)=\"\",\"\",'Data Sheet 1'!$D39)","v":""},{"$f":"IF(('Data Sheet 1'!$B39)=\"\",\"\",'Data Sheet 1'!$B39)","v":""},{"$f":"IF(('Data Sheet 1'!$B39)=\"\",\"\",'Data Sheet 1'!$E39)","v":""},{"$f":"IF(('Data Sheet 1'!$B39)=\"\",\"\",'Data Sheet 1'!$F39)","v":""},{"$f":"IF(('Data Sheet 1'!$B39)=\"\",\"\",'Data Sheet 1'!$G39)","v":""},{"$f":"IF(('Data Sheet 1'!$B39)=\"\",\"\",'Data Sheet 1'!$H39)","v":""}]
[{"$f":"IF(('Data Sheet 1'!$B40)=\"\",\"\",'Data Sheet 1'!$C$2)","v":""},{"$f":"IF(('Data Sheet 1'!$B40)=\"\",\"\",'Data Sheet 1'!$D$4)","v":""},{"$f":"IF(('Data Sheet 1'!$B40)=\"\",\"\",'Data Sheet 1'!$I$4)","v":""},{"$f":"IF(('Data Sheet 1'!$B40)=\"\",\"\",'Data Sheet 1'!$C40)","v":""},{"$f":"IF(('Data Sheet 1'!$B40)=\"\",\"\",'Data Sheet 1'!$D40)","v":""},{"$f":"IF(('Data Sheet 1'!$B40)=\"\",\"\",'Data Sheet 1'!$B40)","v":""},{"$f":"IF(('Data Sheet 1'!$B40)=\"\",\"\",'Data Sheet 1'!$E40)","v":""},{"$f":"IF(('Data Sheet 1'!$B40)=\"\",\"\",'Data Sheet 1'!$F40)","v":""},{"$f":"IF(('Data Sheet 1'!$B40)=\"\",\"\",'Data Sheet 1'!$G40)","v":""},{"$f":"IF(('Data Sheet 1'!$B40)=\"\",\"\",'Data Sheet 1'!$H40)","v":""}]
[{"$f":"IF(('Data Sheet 1'!$B41)=\"\",\"\",'Data Sheet 1'!$C$2)","v":""},{"$f":"IF(('Data Sheet 1'!$B41)=\"\",\"\",'Data Sheet 1'!$D$4)","v":""},{"$f":"IF(('Data Sheet 1'!$B41)=\"\",\"\",'Data Sheet 1'!$I$4)","v":""},{"$f":"IF(('Data Sheet 1'!$B41)=\"\",\"\",'Data Sheet 1'!$C41)","v":""},{"$f":"IF(('Data Sheet 1'!$B41)=\"\",\"\",'Data Sheet 1'!$D41)","v":""},{"$f":"IF(('Data Sheet 1'!$B41)=\"\",\"\",'Data Sheet 1'!$B41)","v":""},{"$f":"IF(('Data Sheet 1'!$B41)=\"\",\"\",'Data Sheet 1'!$E41)","v":""},{"$f":"IF(('Data Sheet 1'!$B41)=\"\",\"\",'Data Sheet 1'!$F41)","v":""},{"$f":"IF(('Data Sheet 1'!$B41)=\"\",\"\",'Data Sheet 1'!$G41)","v":""},{"$f":"IF(('Data Sheet 1'!$B41)=\"\",\"\",'Data Sheet 1'!$H41)","v":""}]
[{"$f":"IF(('Data Sheet 1'!$B42)=\"\",\"\",'Data Sheet 1'!$C$2)","v":""},{"$f":"IF(('Data Sheet 1'!$B42)=\"\",\"\",'Data Sheet 1'!$D$4)","v":""},{"$f":"IF(('Data Sheet 1'!$B42)=\"\",\"\",'Data Sheet 1'!$I$4)","v":""},{"$f":"IF(('Data Sheet 1'!$B42)=\"\",\"\",'Data Sheet 1'!$C42)","v":""},{"$f":"IF(('Data Sheet 1'!$B42)=\"\",\"\",'Data Sheet 1'!$D42)","v":""},{"$f":"IF(('Data Sheet 1'!$B42)=\"\",\"\",'Data Sheet 1'!$B42)","v":""},{"$f":"IF(('Data Sheet 1'!$B42)=\"\",\"\",'Data Sheet 1'!$E42)","v":""},{"$f":"IF(('Data Sheet 1'!$B42)=\"\",\"\",'Data Sheet 1'!$F42)","v":""},{"$f":"IF(('Data Sheet 1'!$B42)=\"\",\"\",'Data Sheet 1'!$G42)","v":""},{"$f":"IF(('Data Sheet 1'!$B42)=\"\",\"\",'Data Sheet 1'!$H42)","v":""}]
[{"$f":"IF(('Data Sheet 1'!$B43)=\"\",\"\",'Data Sheet 1'!$C$2)","v":""},{"$f":"IF(('Data Sheet 1'!$B43)=\"\",\"\",'Data Sheet 1'!$D$4)","v":""},{"$f":"IF(('Data Sheet 1'!$B43)=\"\",\"\",'Data Sheet 1'!$I$4)","v":""},{"$f":"IF(('Data Sheet 1'!$B43)=\"\",\"\",'Data Sheet 1'!$C43)","v":""},{"$f":"IF(('Data Sheet 1'!$B43)=\"\",\"\",'Data Sheet 1'!$D43)","v":""},{"$f":"IF(('Data Sheet 1'!$B43)=\"\",\"\",'Data Sheet 1'!$B43)","v":""},{"$f":"IF(('Data Sheet 1'!$B43)=\"\",\"\",'Data Sheet 1'!$E43)","v":""},{"$f":"IF(('Data Sheet 1'!$B43)=\"\",\"\",'Data Sheet 1'!$F43)","v":""},{"$f":"IF(('Data Sheet 1'!$B43)=\"\",\"\",'Data Sheet 1'!$G43)","v":""},{"$f":"IF(('Data Sheet 1'!$B43)=\"\",\"\",'Data Sheet 1'!$H43)","v":""}]
[{"$f":"IF(('Data Sheet 1'!$B44)=\"\",\"\",'Data Sheet 1'!$C$2)","v":""},{"$f":"IF(('Data Sheet 1'!$B44)=\"\",\"\",'Data Sheet 1'!$D$4)","v":""},{"$f":"IF(('Data Sheet 1'!$B44)=\"\",\"\",'Data Sheet 1'!$I$4)","v":""},{"$f":"IF(('Data Sheet 1'!$B44)=\"\",\"\",'Data Sheet 1'!$C44)","v":""},{"$f":"IF(('Data Sheet 1'!$B44)=\"\",\"\",'Data Sheet 1'!$D44)","v":""},{"$f":"IF(('Data Sheet 1'!$B44)=\"\",\"\",'Data Sheet 1'!$B44)","v":""},{"$f":"IF(('Data Sheet 1'!$B44)=\"\",\"\",'Data Sheet 1'!$E44)","v":""},{"$f":"IF(('Data Sheet 1'!$B44)=\"\",\"\",'Data Sheet 1'!$F44)","v":""},{"$f":"IF(('Data Sheet 1'!$B44)=\"\",\"\",'Data Sheet 1'!$G44)","v":""},{"$f":"IF(('Data Sheet 1'!$B44)=\"\",\"\",'Data Sheet 1'!$H44)","v":""}]
[{"$f":"IF(('Data Sheet 1'!$B45)=\"\",\"\",'Data Sheet 1'!$C$2)","v":""},{"$f":"IF(('Data Sheet 1'!$B45)=\"\",\"\",'Data Sheet 1'!$D$4)","v":""},{"$f":"IF(('Data Sheet 1'!$B45)=\"\",\"\",'Data Sheet 1'!$I$4)","v":""},{"$f":"IF(('Data Sheet 1'!$B45)=\"\",\"\",'Data Sheet 1'!$C45)","v":""},{"$f":"IF(('Data Sheet 1'!$B45)=\"\",\"\",'Data Sheet 1'!$D45)","v":""},{"$f":"IF(('Data Sheet 1'!$B45)=\"\",\"\",'Data Sheet 1'!$B45)","v":""},{"$f":"IF(('Data Sheet 1'!$B45)=\"\",\"\",'Data Sheet 1'!$E45)","v":""},{"$f":"IF(('Data Sheet 1'!$B45)=\"\",\"\",'Data Sheet 1'!$F45)","v":""},{"$f":"IF(('Data Sheet 1'!$B45)=\"\",\"\",'Data Sheet 1'!$G45)","v":""},{"$f":"IF(('Data Sheet 1'!$B45)=\"\",\"\",'Data Sheet 1'!$H45)","v":""}]
[{"$f":"IF(('Data Sheet 1'!$B46)=\"\",\"\",'Data Sheet 1'!$C$2)","v":""},{"$f":"IF(('Data Sheet 1'!$B46)=\"\",\"\",'Data Sheet 1'!$D$4)","v":""},{"$f":"IF(('Data Sheet 1'!$B46)=\"\",\"\",'Data Sheet 1'!$I$4)","v":""},{"$f":"IF(('Data Sheet 1'!$B46)=\"\",\"\",'Data Sheet 1'!$C46)","v":""},{"$f":"IF(('Data Sheet 1'!$B46)=\"\",\"\",'Data Sheet 1'!$D46)","v":""},{"$f":"IF(('Data Sheet 1'!$B46)=\"\",\"\",'Data Sheet 1'!$B46)","v":""},{"$f":"IF(('Data Sheet 1'!$B46)=\"\",\"\",'Data Sheet 1'!$E46)","v":""},{"$f":"IF(('Data Sheet 1'!$B46)=\"\",\"\",'Data Sheet 1'!$F46)","v":""},{"$f":"IF(('Data Sheet 1'!$B46)=\"\",\"\",'Data Sheet 1'!$G46)","v":""},{"$f":"IF(('Data Sheet 1'!$B46)=\"\",\"\",'Data Sheet 1'!$H46)","v":""}]
[{"$f":"IF(('Data Sheet 1'!$B47)=\"\",\"\",'Data Sheet 1'!$C$2)","v":""},{"$f":"IF(('Data Sheet 1'!$B47)=\"\",\"\",'Data Sheet 1'!$D$4)","v":""},{"$f":"IF(('Data Sheet 1'!$B47)=\"\",\"\",'Data Sheet 1'!$I$4)","v":""},{"$f":"IF(('Data Sheet 1'!$B47)=\"\",\"\",'Data Sheet 1'!$C47)","v":""},{"$f":"IF(('Data Sheet 1'!$B47)=\"\",\"\",'Data Sheet 1'!$D47)","v":""},{"$f":"IF(('Data Sheet 1'!$B47)=\"\",\"\",'Data Sheet 1'!$B47)","v":""},{"$f":"IF(('Data Sheet 1'!$B47)=\"\",\"\",'Data Sheet 1'!$E47)","v":""},{"$f":"IF(('Data Sheet 1'!$B47)=\"\",\"\",'Data Sheet 1'!$F47)","v":""},{"$f":"IF(('Data Sheet 1'!$B47)=\"\",\"\",'Data Sheet 1'!$G47)","v":""},{"$f":"IF(('Data Sheet 1'!$B47)=\"\",\"\",'Data Sheet 1'!$H47)","v":""}]
[{"$f":"IF(('Data Sheet 1'!$B48)=\"\",\"\",'Data Sheet 1'!$C$2)","v":""},{"$f":"IF(('Data Sheet 1'!$B48)=\"\",\"\",'Data Sheet 1'!$D$4)","v":""},{"$f":"IF(('Data Sheet 1'!$B48)=\"\",\"\",'Data Sheet 1'!$I$4)","v":""},{"$f":"IF(('Data Sheet 1'!$B48)=\"\",\"\",'Data Sheet 1'!$C48)","v":""},{"$f":"IF(('Data Sheet 1'!$B48)=\"\",\"\",'Data Sheet 1'!$D48)","v":""},{"$f":"IF(('Data Sheet 1'!$B48)=\"\",\"\",'Data Sheet 1'!$B48)","v":""},{"$f":"IF(('Data Sheet 1'!$B48)=\"\",\"\",'Data Sheet 1'!$E48)","v":""},{"$f":"IF(('Data Sheet 1'!$B48)=\"\",\"\",'Data Sheet 1'!$F48)","v":""},{"$f":"IF(('Data Sheet 1'!$B48)=\"\",\"\",'Data Sheet 1'!$G48)","v":""},{"$f":"IF(('Data Sheet 1'!$B48)=\"\",\"\",'Data Sheet 1'!$H48)","v":""}]
[{"$f":"IF(('Data Sheet 1'!$B49)=\"\",\"\",'Data Sheet 1'!$C$2)","v":""},{"$f":"IF(('Data Sheet 1'!$B49)=\"\",\"\",'Data Sheet 1'!$D$4)","v":""},{"$f":"IF(('Data Sheet 1'!$B49)=\"\",\"\",'Data Sheet 1'!$I$4)","v":""},{"$f":"IF(('Data Sheet 1'!$B49)=\"\",\"\",'Data Sheet 1'!$C49)","v":""},{"$f":"IF(('Data Sheet 1'!$B49)=\"\",\"\",'Data Sheet 1'!$D49)","v":""},{"$f":"IF(('Data Sheet 1'!$B49)=\"\",\"\",'Data Sheet 1'!$B49)","v":""},{"$f":"IF(('Data Sheet 1'!$B49)=\"\",\"\",'Data Sheet 1'!$E49)","v":""},{"$f":"IF(('Data Sheet 1'!$B49)=\"\",\"\",'Data Sheet 1'!$F49)","v":""},{"$f":"IF(('Data Sheet 1'!$B49)=\"\",\"\",'Data Sheet 1'!$G49)","v":""},{"$f":"IF(('Data Sheet 1'!$B49)=\"\",\"\",'Data Sheet 1'!$H49)","v":""}]
[{"$f":"IF(('Data Sheet 1'!$B50)=\"\",\"\",'Data Sheet 1'!$C$2)","v":""},{"$f":"IF(('Data Sheet 1'!$B50)=\"\",\"\",'Data Sheet 1'!$D$4)","v":""},{"$f":"IF(('Data Sheet 1'!$B50)=\"\",\"\",'Data Sheet 1'!$I$4)","v":""},{"$f":"IF(('Data Sheet 1'!$B50)=\"\",\"\",'Data Sheet 1'!$C50)","v":""},{"$f":"IF(('Data Sheet 1'!$B50)=\"\",\"\",'Data Sheet 1'!$D50)","v":""},{"$f":"IF(('Data Sheet 1'!$B50)=\"\",\"\",'Data Sheet 1'!$B50)","v":""},{"$f":"IF(('Data Sheet 1'!$B50)=\"\",\"\",'Data Sheet 1'!$E50)","v":""},{"$f":"IF(('Data Sheet 1'!$B50)=\"\",\"\",'Data Sheet 1'!$F50)","v":""},{"$f":"IF(('Data Sheet 1'!$B50)=\"\",\"\",'Data Sheet 1'!$G50)","v":""},{"$f":"IF(('Data Sheet 1'!$B50)=\"\",\"\",'Data Sheet 1'!$H50)","v":""}]
[{"$f":"IF(('Data Sheet 1'!$B51)=\"\",\"\",'Data Sheet 1'!$C$2)","v":""},{"$f":"IF(('Data Sheet 1'!$B51)=\"\",\"\",'Data Sheet 1'!$D$4)","v":""},{"$f":"IF(('Data Sheet 1'!$B51)=\"\",\"\",'Data Sheet 1'!$I$4)","v":""},{"$f":"IF(('Data Sheet 1'!$B51)=\"\",\"\",'Data Sheet 1'!$C51)","v":""},{"$f":"IF(('Data Sheet 1'!$B51)=\"\",\"\",'Data Sheet 1'!$D51)","v":""},{"$f":"IF(('Data Sheet 1'!$B51)=\"\",\"\",'Data Sheet 1'!$B51)","v":""},{"$f":"IF(('Data Sheet 1'!$B51)=\"\",\"\",'Data Sheet 1'!$E51)","v":""},{"$f":"IF(('Data Sheet 1'!$B51)=\"\",\"\",'Data Sheet 1'!$F51)","v":""},{"$f":"IF(('Data Sheet 1'!$B51)=\"\",\"\",'Data Sheet 1'!$G51)","v":""},{"$f":"IF(('Data Sheet 1'!$B51)=\"\",\"\",'Data Sheet 1'!$H51)","v":""}]
[{"$f":"IF(('Data Sheet 1'!$B52)=\"\",\"\",'Data Sheet 1'!$C$2)","v":""},{"$f":"IF(('Data Sheet 1'!$B52)=\"\",\"\",'Data Sheet 1'!$D$4)","v":""},{"$f":"IF(('Data Sheet 1'!$B52)=\"\",\"\",'Data Sheet 1'!$I$4)","v":""},{"$f":"IF(('Data Sheet 1'!$B52)=\"\",\"\",'Data Sheet 1'!$C52)","v":""},{"$f":"IF(('Data Sheet 1'!$B52)=\"\",\"\",'Data Sheet 1'!$D52)","v":""},{"$f":"IF(('Data Sheet 1'!$B52)=\"\",\"\",'Data Sheet 1'!$B52)","v":""},{"$f":"IF(('Data Sheet 1'!$B52)=\"\",\"\",'Data Sheet 1'!$E52)","v":""},{"$f":"IF(('Data Sheet 1'!$B52)=\"\",\"\",'Data Sheet 1'!$F52)","v":""},{"$f":"IF(('Data Sheet 1'!$B52)=\"\",\"\",'Data Sheet 1'!$G52)","v":""},{"$f":"IF(('Data Sheet 1'!$B52)=\"\",\"\",'Data Sheet 1'!$H52)","v":""}]
[{"$f":"IF(('Data Sheet 1'!$B53)=\"\",\"\",'Data Sheet 1'!$C$2)","v":""},{"$f":"IF(('Data Sheet 1'!$B53)=\"\",\"\",'Data Sheet 1'!$D$4)","v":""},{"$f":"IF(('Data Sheet 1'!$B53)=\"\",\"\",'Data Sheet 1'!$I$4)","v":""},{"$f":"IF(('Data Sheet 1'!$B53)=\"\",\"\",'Data Sheet 1'!$C53)","v":""},{"$f":"IF(('Data Sheet 1'!$B53)=\"\",\"\",'Data Sheet 1'!$D53)","v":""},{"$f":"IF(('Data Sheet 1'!$B53)=\"\",\"\",'Data Sheet 1'!$B53)","v":""},{"$f":"IF(('Data Sheet 1'!$B53)=\"\",\"\",'Data Sheet 1'!$E53)","v":""},{"$f":"IF(('Data Sheet 1'!$B53)=\"\",\"\",'Data Sheet 1'!$F53)","v":""},{"$f":"IF(('Data Sheet 1'!$B53)=\"\",\"\",'Data Sheet 1'!$G53)","v":""},{"$f":"IF(('Data Sheet 1'!$B53)=\"\",\"\",'Data Sheet 1'!$H53)","v":""}]
[{"$f":"IF(('Data Sheet 1'!$B54)=\"\",\"\",'Data Sheet 1'!$C$2)","v":""},{"$f":"IF(('Data Sheet 1'!$B54)=\"\",\"\",'Data Sheet 1'!$D$4)","v":""},{"$f":"IF(('Data Sheet 1'!$B54)=\"\",\"\",'Data Sheet 1'!$I$4)","v":""},{"$f":"IF(('Data Sheet 1'!$B54)=\"\",\"\",'Data Sheet 1'!$C54)","v":""},{"$f":"IF(('Data Sheet 1'!$B54)=\"\",\"\",'Data Sheet 1'!$D54)","v":""},{"$f":"IF(('Data Sheet 1'!$B54)=\"\",\"\",'Data Sheet 1'!$B54)","v":""},{"$f":"IF(('Data Sheet 1'!$B54)=\"\",\"\",'Data Sheet 1'!$E54)","v":""},{"$f":"IF(('Data Sheet 1'!$B54)=\"\",\"\",'Data Sheet 1'!$F54)","v":""},{"$f":"IF(('Data Sheet 1'!$B54)=\"\",\"\",'Data Sheet 1'!$G54)","v":""},{"$f":"IF(('Data Sheet 1'!$B54)=\"\",\"\",'Data Sheet 1'!$H54)","v":""}]
[{"$f":"IF(('Data Sheet 1'!$B55)=\"\",\"\",'Data Sheet 1'!$C$2)","v":""},{"$f":"IF(('Data Sheet 1'!$B55)=\"\",\"\",'Data Sheet 1'!$D$4)","v":""},{"$f":"IF(('Data Sheet 1'!$B55)=\"\",\"\",'Data Sheet 1'!$I$4)","v":""},{"$f":"IF(('Data Sheet 1'!$B55)=\"\",\"\",'Data Sheet 1'!$C55)","v":""},{"$f":"IF(('Data Sheet 1'!$B55)=\"\",\"\",'Data Sheet 1'!$D55)","v":""},{"$f":"IF(('Data Sheet 1'!$B55)=\"\",\"\",'Data Sheet 1'!$B55)","v":""},{"$f":"IF(('Data Sheet 1'!$B55)=\"\",\"\",'Data Sheet 1'!$E55)","v":""},{"$f":"IF(('Data Sheet 1'!$B55)=\"\",\"\",'Data Sheet 1'!$F55)","v":""},{"$f":"IF(('Data Sheet 1'!$B55)=\"\",\"\",'Data Sheet 1'!$G55)","v":""},{"$f":"IF(('Data Sheet 1'!$B55)=\"\",\"\",'Data Sheet 1'!$H55)","v":""}]
[{"$f":"IF(('Data Sheet 1'!$B56)=\"\",\"\",'Data Sheet 1'!$C$2)","v":""},{"$f":"IF(('Data Sheet 1'!$B56)=\"\",\"\",'Data Sheet 1'!$D$4)","v":""},{"$f":"IF(('Data Sheet 1'!$B56)=\"\",\"\",'Data Sheet 1'!$I$4)","v":""},{"$f":"IF(('Data Sheet 1'!$B56)=\"\",\"\",'Data Sheet 1'!$C56)","v":""},{"$f":"IF(('Data Sheet 1'!$B56)=\"\",\"\",'Data Sheet 1'!$D56)","v":""},{"$f":"IF(('Data Sheet 1'!$B56)=\"\",\"\",'Data Sheet 1'!$B56)","v":""},{"$f":"IF(('Data Sheet 1'!$B56)=\"\",\"\",'Data Sheet 1'!$E56)","v":""},{"$f":"IF(('Data Sheet 1'!$B56)=\"\",\"\",'Data Sheet 1'!$F56)","v":""},{"$f":"IF(('Data Sheet 1'!$B56)=\"\",\"\",'Data Sheet 1'!$G56)","v":""},{"$f":"IF(('Data Sheet 1'!$B56)=\"\",\"\",'Data Sheet 1'!$H56)","v":""}]
[{"$f":"IF(('Data Sheet 1'!$B57)=\"\",\"\",'Data Sheet 1'!$C$2)","v":""},{"$f":"IF(('Data Sheet 1'!$B57)=\"\",\"\",'Data Sheet 1'!$D$4)","v":""},{"$f":"IF(('Data Sheet 1'!$B57)=\"\",\"\",'Data Sheet 1'!$I$4)","v":""},{"$f":"IF(('Data Sheet 1'!$B57)=\"\",\"\",'Data Sheet 1'!$C57)","v":""},{"$f":"IF(('Data Sheet 1'!$B57)=\"\",\"\",'Data Sheet 1'!$D57)","v":""},{"$f":"IF(('Data Sheet 1'!$B57)=\"\",\"\",'Data Sheet 1'!$B57)","v":""},{"$f":"IF(('Data Sheet 1'!$B57)=\"\",\"\",'Data Sheet 1'!$E57)","v":""},{"$f":"IF(('Data Sheet 1'!$B57)=\"\",\"\",'Data Sheet 1'!$F57)","v":""},{"$f":"IF(('Data Sheet 1'!$B57)=\"\",\"\",'Data Sheet 1'!$G57)","v":""},{"$f":"IF(('Data Sheet 1'!$B57)=\"\",\"\",'Data Sheet 1'!$H57)","v":""}]
[{"$f":"IF(('Data Sheet 1'!$B58)=\"\",\"\",'Data Sheet 1'!$C$2)","v":""},{"$f":"IF(('Data Sheet 1'!$B58)=\"\",\"\",'Data Sheet 1'!$D$4)","v":""},{"$f":"IF(('Data Sheet 1'!$B58)=\"\",\"\",'Data Sheet 1'!$I$4)","v":""},{"$f":"IF(('Data Sheet 1'!$B58)=\"\",\"\",'Data Sheet 1'!$C58)","v":""},{"$f":"IF(('Data Sheet 1'!$B58)=\"\",\"\",'Data Sheet 1'!$D58)","v":""},{"$f":"IF(('Data Sheet 1'!$B58)=\"\",\"\",'Data Sheet 1'!$B58)","v":""},{"$f":"IF(('Data Sheet 1'!$B58)=\"\",\"\",'Data Sheet 1'!$E58)","v":""},{"$f":"IF(('Data Sheet 1'!$B58)=\"\",\"\",'Data Sheet 1'!$F58)","v":""},{"$f":"IF(('Data Sheet 1'!$B58)=\"\",\"\",'Data Sheet 1'!$G58)","v":""},{"$f":"IF(('Data Sheet 1'!$B58)=\"\",\"\",'Data Sheet 1'!$H58)","v":""}]
[{"$f":"IF(('Data Sheet 1'!$B59)=\"\",\"\",'Data Sheet 1'!$C$2)","v":""},{"$f":"IF(('Data Sheet 1'!$B59)=\"\",\"\",'Data Sheet 1'!$D$4)","v":""},{"$f":"IF(('Data Sheet 1'!$B59)=\"\",\"\",'Data Sheet 1'!$I$4)","v":""},{"$f":"IF(('Data Sheet 1'!$B59)=\"\",\"\",'Data Sheet 1'!$C59)","v":""},{"$f":"IF(('Data Sheet 1'!$B59)=\"\",\"\",'Data Sheet 1'!$D59)","v":""},{"$f":"IF(('Data Sheet 1'!$B59)=\"\",\"\",'Data Sheet 1'!$B59)","v":""},{"$f":"IF(('Data Sheet 1'!$B59)=\"\",\"\",'Data Sheet 1'!$E59)","v":""},{"$f":"IF(('Data Sheet 1'!$B59)=\"\",\"\",'Data Sheet 1'!$F59)","v":""},{"$f":"IF(('Data Sheet 1'!$B59)=\"\",\"\",'Data Sheet 1'!$G59)","v":""},{"$f":"IF(('Data Sheet 1'!$B59)=\"\",\"\",'Data Sheet 1'!$H59)","v":""}]
[{"$f":"IF(('Data Sheet 1'!$B60)=\"\",\"\",'Data Sheet 1'!$C$2)","v":""},{"$f":"IF(('Data Sheet 1'!$B60)=\"\",\"\",'Data Sheet 1'!$D$4)","v":""},{"$f":"IF(('Data Sheet 1'!$B60)=\"\",\"\",'Data Sheet 1'!$I$4)","v":""},{"$f":"IF(('Data Sheet 1'!$B60)=\"\",\"\",'Data Sheet 1'!$C60)","v":""},{"$f":"IF(('Data Sheet 1'!$B60)=\"\",\"\",'Data Sheet 1'!$D60)","v":""},{"$f":"IF(('Data Sheet 1'!$B60)=\"\",\"\",'Data Sheet 1'!$B60)","v":""},{"$f":"IF(('Data Sheet 1'!$B60)=\"\",\"\",'Data Sheet 1'!$E60)","v":""},{"$f":"IF(('Data Sheet 1'!$B60)=\"\",\"\",'Data Sheet 1'!$F60)","v":""},{"$f":"IF(('Data Sheet 1'!$B60)=\"\",\"\",'Data Sheet 1'!$G60)","v":""},{"$f":"IF(('Data Sheet 1'!$B60)=\"\",\"\",'Data Sheet 1'!$H60)","v":""}]
[{"$f":"IF(('Data Sheet 1'!$B61)=\"\",\"\",'Data Sheet 1'!$C$2)","v":""},{"$f":"IF(('Data Sheet 1'!$B61)=\"\",\"\",'Data Sheet 1'!$D$4)","v":""},{"$f":"IF(('Data Sheet 1'!$B61)=\"\",\"\",'Data Sheet 1'!$I$4)","v":""},{"$f":"IF(('Data Sheet 1'!$B61)=\"\",\"\",'Data Sheet 1'!$C61)","v":""},{"$f":"IF(('Data Sheet 1'!$B61)=\"\",\"\",'Data Sheet 1'!$D61)","v":""},{"$f":"IF(('Data Sheet 1'!$B61)=\"\",\"\",'Data Sheet 1'!$B61)","v":""},{"$f":"IF(('Data Sheet 1'!$B61)=\"\",\"\",'Data Sheet 1'!$E61)","v":""},{"$f":"IF(('Data Sheet 1'!$B61)=\"\",\"\",'Data Sheet 1'!$F61)","v":""},{"$f":"IF(('Data Sheet 1'!$B61)=\"\",\"\",'Data Sheet 1'!$G61)","v":""},{"$f":"IF(('Data Sheet 1'!$B61)=\"\",\"\",'Data Sheet 1'!$H61)","v":""}]
[{"$f":"IF(('Data Sheet 1'!$B62)=\"\",\"\",'Data Sheet 1'!$C$2)","v":""},{"$f":"IF(('Data Sheet 1'!$B62)=\"\",\"\",'Data Sheet 1'!$D$4)","v":""},{"$f":"IF(('Data Sheet 1'!$B62)=\"\",\"\",'Data Sheet 1'!$I$4)","v":""},{"$f":"IF(('Data Sheet 1'!$B62)=\"\",\"\",'Data Sheet 1'!$C62)","v":""},{"$f":"IF(('Data Sheet 1'!$B62)=\"\",\"\",'Data Sheet 1'!$D62)","v":""},{"$f":"IF(('Data Sheet 1'!$B62)=\"\",\"\",'Data Sheet 1'!$B62)","v":""},{"$f":"IF(('Data Sheet 1'!$B62)=\"\",\"\",'Data Sheet 1'!$E62)","v":""},{"$f":"IF(('Data Sheet 1'!$B62)=\"\",\"\",'Data Sheet 1'!$F62)","v":""},{"$f":"IF(('Data Sheet 1'!$B62)=\"\",\"\",'Data Sheet 1'!$G62)","v":""},{"$f":"IF(('Data Sheet 1'!$B62)=\"\",\"\",'Data Sheet 1'!$H62)","v":""}]
[{"$f":"IF(('Data Sheet 1'!$B63)=\"\",\"\",'Data Sheet 1'!$C$2)","v":""},{"$f":"IF(('Data Sheet 1'!$B63)=\"\",\"\",'Data Sheet 1'!$D$4)","v":""},{"$f":"IF(('Data Sheet 1'!$B63)=\"\",\"\",'Data Sheet 1'!$I$4)","v":""},{"$f":"IF(('Data Sheet 1'!$B63)=\"\",\"\",'Data Sheet 1'!$C63)","v":""},{"$f":"IF(('Data Sheet 1'!$B63)=\"\",\"\",'Data Sheet 1'!$D63)","v":""},{"$f":"IF(('Data Sheet 1'!$B63)=\"\",\"\",'Data Sheet 1'!$B63)","v":""},{"$f":"IF(('Data Sheet 1'!$B63)=\"\",\"\",'Data Sheet 1'!$E63)","v":""},{"$f":"IF(('Data Sheet 1'!$B63)=\"\",\"\",'Data Sheet 1'!$F63)","v":""},{"$f":"IF(('Data Sheet 1'!$B63)=\"\",\"\",'Data Sheet 1'!$G63)","v":""},{"$f":"IF(('Data Sheet 1'!$B63)=\"\",\"\",'Data Sheet 1'!$H63)","v":""}]
[{"$f":"IF(('Data Sheet 1'!$B64)=\"\",\"\",'Data Sheet 1'!$C$2)","v":""},{"$f":"IF(('Data Sheet 1'!$B64)=\"\",\"\",'Data Sheet 1'!$D$4)","v":""},{"$f":"IF(('Data Sheet 1'!$B64)=\"\",\"\",'Data Sheet 1'!$I$4)","v":""},{"$f":"IF(('Data Sheet 1'!$B64)=\"\",\"\",'Data Sheet 1'!$C64)","v":""},{"$f":"IF(('Data Sheet 1'!$B64)=\"\",\"\",'Data Sheet 1'!$D64)","v":""},{"$f":"IF(('Data Sheet 1'!$B64)=\"\",\"\",'Data Sheet 1'!$B64)","v":""},{"$f":"IF(('Data Sheet 1'!$B64)=\"\",\"\",'Data Sheet 1'!$E64)","v":""},{"$f":"IF(('Data Sheet 1'!$B64)=\"\",\"\",'Data Sheet 1'!$F64)","v":""},{"$f":"IF(('Data Sheet 1'!$B64)=\"\",\"\",'Data Sheet 1'!$G64)","v":""},{"$f":"IF(('Data Sheet 1'!$B64)=\"\",\"\",'Data Sheet 1'!$H64)","v":""}]
[{"$f":"IF(('Data Sheet 1'!$B65)=\"\",\"\",'Data Sheet 1'!$C$2)","v":""},{"$f":"IF(('Data Sheet 1'!$B65)=\"\",\"\",'Data Sheet 1'!$D$4)","v":""},{"$f":"IF(('Data Sheet 1'!$B65)=\"\",\"\",'Data Sheet 1'!$I$4)","v":""},{"$f":"IF(('Data Sheet 1'!$B65)=\"\",\"\",'Data Sheet 1'!$C65)","v":""},{"$f":"IF(('Data Sheet 1'!$B65)=\"\",\"\",'Data Sheet 1'!$D65)","v":""},{"$f":"IF(('Data Sheet 1'!$B65)=\"\",\"\",'Data Sheet 1'!$B65)","v":""},{"$f":"IF(('Data Sheet 1'!$B65)=\"\",\"\",'Data Sheet 1'!$E65)","v":""},{"$f":"IF(('Data Sheet 1'!$B65)=\"\",\"\",'Data Sheet 1'!$F65)","v":""},{"$f":"IF(('Data Sheet 1'!$B65)=\"\",\"\",'Data Sheet 1'!$G65)","v":""},{"$f":"IF(('Data Sheet 1'!$B65)=\"\",\"\",'Data Sheet 1'!$H65)","v":""}]
[{"$f":"IF(('Data Sheet 1'!$B66)=\"\",\"\",'Data Sheet 1'!$C$2)","v":""},{"$f":"IF(('Data Sheet 1'!$B66)=\"\",\"\",'Data Sheet 1'!$D$4)","v":""},{"$f":"IF(('Data Sheet 1'!$B66)=\"\",\"\",'Data Sheet 1'!$I$4)","v":""},{"$f":"IF(('Data Sheet 1'!$B66)=\"\",\"\",'Data Sheet 1'!$C66)","v":""},{"$f":"IF(('Data Sheet 1'!$B66)=\"\",\"\",'Data Sheet 1'!$D66)","v":""},{"$f":"IF(('Data Sheet 1'!$B66)=\"\",\"\",'Data Sheet 1'!$B66)","v":""},{"$f":"IF(('Data Sheet 1'!$B66)=\"\",\"\",'Data Sheet 1'!$E66)","v":""},{"$f":"IF(('Data Sheet 1'!$B66)=\"\",\"\",'Data Sheet 1'!$F66)","v":""},{"$f":"IF(('Data Sheet 1'!$B66)=\"\",\"\",'Data Sheet 1'!$G66)","v":""},{"$f":"IF(('Data Sheet 1'!$B66)=\"\",\"\",'Data Sheet 1'!$H66)","v":""}]
[{"$f":"IF(('Data Sheet 1'!$B67)=\"\",\"\",'Data Sheet 1'!$C$2)","v":""},{"$f":"IF(('Data Sheet 1'!$B67)=\"\",\"\",'Data Sheet 1'!$D$4)","v":""},{"$f":"IF(('Data Sheet 1'!$B67)=\"\",\"\",'Data Sheet 1'!$I$4)","v":""},{"$f":"IF(('Data Sheet 1'!$B67)=\"\",\"\",'Data Sheet 1'!$C67)","v":""},{"$f":"IF(('Data Sheet 1'!$B67)=\"\",\"\",'Data Sheet 1'!$D67)","v":""},{"$f":"IF(('Data Sheet 1'!$B67)=\"\",\"\",'Data Sheet 1'!$B67)","v":""},{"$f":"IF(('Data Sheet 1'!$B67)=\"\",\"\",'Data Sheet 1'!$E67)","v":""},{"$f":"IF(('Data Sheet 1'!$B67)=\"\",\"\",'Data Sheet 1'!$F67)","v":""},{"$f":"IF(('Data Sheet 1'!$B67)=\"\",\"\",'Data Sheet 1'!$G67)","v":""},{"$f":"IF(('Data Sheet 1'!$B67)=\"\",\"\",'Data Sheet 1'!$H67)","v":""}]
[{"$f":"IF(('Data Sheet 1'!$B68)=\"\",\"\",'Data Sheet 1'!$C$2)","v":""},{"$f":"IF(('Data Sheet 1'!$B68)=\"\",\"\",'Data Sheet 1'!$D$4)","v":""},{"$f":"IF(('Data Sheet 1'!$B68)=\"\",\"\",'Data Sheet 1'!$I$4)","v":""},{"$f":"IF(('Data Sheet 1'!$B68)=\"\",\"\",'Data Sheet 1'!$C68)","v":""},{"$f":"IF(('Data Sheet 1'!$B68)=\"\",\"\",'Data Sheet 1'!$D68)","v":""},{"$f":"IF(('Data Sheet 1'!$B68)=\"\",\"\",'Data Sheet 1'!$B68)","v":""},{"$f":"IF(('Data Sheet 1'!$B68)=\"\",\"\",'Data Sheet 1'!$E68)","v":""},{"$f":"IF(('Data Sheet 1'!$B68)=\"\",\"\",'Data Sheet 1'!$F68)","v":""},{"$f":"IF(('Data Sheet 1'!$B68)=\"\",\"\",'Data Sheet 1'!$G68)","v":""},{"$f":"IF(('Data Sheet 1'!$B68)=\"\",\"\",'Data Sheet 1'!$H68)","v":""}]
[{"$f":"IF(('Data Sheet 1'!$B69)=\"\",\"\",'Data Sheet 1'!$C$2)","v":""},{"$f":"IF(('Data Sheet 1'!$B69)=\"\",\"\",'Data Sheet 1'!$D$4)","v":""},{"$f":"IF(('Data Sheet 1'!$B69)=\"\",\"\",'Data Sheet 1'!$I$4)","v":""},{"$f":"IF(('Data Sheet 1'!$B69)=\"\",\"\",'Data Sheet 1'!$C69)","v":""},{"$f":"IF(('Data Sheet 1'!$B69)=\"\",\"\",'Data Sheet 1'!$D69)","v":""},{"$f":"IF(('Data Sheet 1'!$B69)=\"\",\"\",'Data Sheet 1'!$B69)","v":""},{"$f":"IF(('Data Sheet 1'!$B69)=\"\",\"\",'Data Sheet 1'!$E69)","v":""},{"$f":"IF(('Data Sheet 1'!$B69)=\"\",\"\",'Data Sheet 1'!$F69)","v":""},{"$f":"IF(('Data Sheet 1'!$B69)=\"\",\"\",'Data Sheet 1'!$G69)","v":""},{"$f":"IF(('Data Sheet 1'!$B69)=\"\",\"\",'Data Sheet 1'!$H69)","v":""}]
[{"$f":"IF(('Data Sheet 1'!$B70)=\"\",\"\",'Data Sheet 1'!$C$2)","v":""},{"$f":"IF(('Data Sheet 1'!$B70)=\"\",\"\",'Data Sheet 1'!$D$4)","v":""},{"$f":"IF(('Data Sheet 1'!$B70)=\"\",\"\",'Data Sheet 1'!$I$4)","v":""},{"$f":"IF(('Data Sheet 1'!$B70)=\"\",\"\",'Data Sheet 1'!$C70)","v":""},{"$f":"IF(('Data Sheet 1'!$B70)=\"\",\"\",'Data Sheet 1'!$D70)","v":""},{"$f":"IF(('Data Sheet 1'!$B70)=\"\",\"\",'Data Sheet 1'!$B70)","v":""},{"$f":"IF(('Data Sheet 1'!$B70)=\"\",\"\",'Data Sheet 1'!$E70)","v":""},{"$f":"IF(('Data Sheet 1'!$B70)=\"\",\"\",'Data Sheet 1'!$F70)","v":""},{"$f":"IF(('Data Sheet 1'!$B70)=\"\",\"\",'Data Sheet 1'!$G70)","v":""},{"$f":"IF(('Data Sheet 1'!$B70)=\"\",\"\",'Data Sheet 1'!$H70)","v":""}]
[{"$f":"IF(('Data Sheet 1'!$B71)=\"\",\"\",'Data Sheet 1'!$C$2)","v":""},{"$f":"IF(('Data Sheet 1'!$B71)=\"\",\"\",'Data Sheet 1'!$D$4)","v":""},{"$f":"IF(('Data Sheet 1'!$B71)=\"\",\"\",'Data Sheet 1'!$I$4)","v":""},{"$f":"IF(('Data Sheet 1'!$B71)=\"\",\"\",'Data Sheet 1'!$C71)","v":""},{"$f":"IF(('Data Sheet 1'!$B71)=\"\",\"\",'Data Sheet 1'!$D71)","v":""},{"$f":"IF(('Data Sheet 1'!$B71)=\"\",\"\",'Data Sheet 1'!$B71)","v":""},{"$f":"IF(('Data Sheet 1'!$B71)=\"\",\"\",'Data Sheet 1'!$E71)","v":""},{"$f":"IF(('Data Sheet 1'!$B71)=\"\",\"\",'Data Sheet 1'!$F71)","v":""},{"$f":"IF(('Data Sheet 1'!$B71)=\"\",\"\",'Data Sheet 1'!$G71)","v":""},{"$f":"IF(('Data Sheet 1'!$B71)=\"\",\"\",'Data Sheet 1'!$H71)","v":""}]
[{"$f":"IF(('Data Sheet 1'!$B72)=\"\",\"\",'Data Sheet 1'!$C$2)","v":""},{"$f":"IF(('Data Sheet 1'!$B72)=\"\",\"\",'Data Sheet 1'!$D$4)","v":""},{"$f":"IF(('Data Sheet 1'!$B72)=\"\",\"\",'Data Sheet 1'!$I$4)","v":""},{"$f":"IF(('Data Sheet 1'!$B72)=\"\",\"\",'Data Sheet 1'!$C72)","v":""},{"$f":"IF(('Data Sheet 1'!$B72)=\"\",\"\",'Data Sheet 1'!$D72)","v":""},{"$f":"IF(('Data Sheet 1'!$B72)=\"\",\"\",'Data Sheet 1'!$B72)","v":""},{"$f":"IF(('Data Sheet 1'!$B72)=\"\",\"\",'Data Sheet 1'!$E72)","v":""},{"$f":"IF(('Data Sheet 1'!$B72)=\"\",\"\",'Data Sheet 1'!$F72)","v":""},{"$f":"IF(('Data Sheet 1'!$B72)=\"\",\"\",'Data Sheet 1'!$G72)","v":""},{"$f":"IF(('Data Sheet 1'!$B72)=\"\",\"\",'Data Sheet 1'!$H72)","v":""}]
[{"$f":"IF(('Data Sheet 1'!$B73)=\"\",\"\",'Data Sheet 1'!$C$2)","v":""},{"$f":"IF(('Data Sheet 1'!$B73)=\"\",\"\",'Data Sheet 1'!$D$4)","v":""},{"$f":"IF(('Data Sheet 1'!$B73)=\"\",\"\",'Data Sheet 1'!$I$4)","v":""},{"$f":"IF(('Data Sheet 1'!$B73)=\"\",\"\",'Data Sheet 1'!$C73)","v":""},{"$f":"IF(('Data Sheet 1'!$B73)=\"\",\"\",'Data Sheet 1'!$D73)","v":""},{"$f":"IF(('Data Sheet 1'!$B73)=\"\",\"\",'Data Sheet 1'!$B73)","v":""},{"$f":"IF(('Data Sheet 1'!$B73)=\"\",\"\",'Data Sheet 1'!$E73)","v":""},{"$f":"IF(('Data Sheet 1'!$B73)=\"\",\"\",'Data Sheet 1'!$F73)","v":""},{"$f":"IF(('Data Sheet 1'!$B73)=\"\",\"\",'Data Sheet 1'!$G73)","v":""},{"$f":"IF(('Data Sheet 1'!$B73)=\"\",\"\",'Data Sheet 1'!$H73)","v":""}]
[{"$f":"IF(('Data Sheet 1'!$B74)=\"\",\"\",'Data Sheet 1'!$C$2)","v":""},{"$f":"IF(('Data Sheet 1'!$B74)=\"\",\"\",'Data Sheet 1'!$D$4)","v":""},{"$f":"IF(('Data Sheet 1'!$B74)=\"\",\"\",'Data Sheet 1'!$I$4)","v":""},{"$f":"IF(('Data Sheet 1'!$B74)=\"\",\"\",'Data Sheet 1'!$C74)","v":""},{"$f":"IF(('Data Sheet 1'!$B74)=\"\",\"\",'Data Sheet 1'!$D74)","v":""},{"$f":"IF(('Data Sheet 1'!$B74)=\"\",\"\",'Data Sheet 1'!$B74)","v":""},{"$f":"IF(('Data Sheet 1'!$B74)=\"\",\"\",'Data Sheet 1'!$E74)","v":""},{"$f":"IF(('Data Sheet 1'!$B74)=\"\",\"\",'Data Sheet 1'!$F74)","v":""},{"$f":"IF(('Data Sheet 1'!$B74)=\"\",\"\",'Data Sheet 1'!$G74)","v":""},{"$f":"IF(('Data Sheet 1'!$B74)=\"\",\"\",'Data Sheet 1'!$H74)","v":""}]
[{"$f":"IF(('Data Sheet 1'!$B75)=\"\",\"\",'Data Sheet 1'!$C$2)","v":""},{"$f":"IF(('Data Sheet 1'!$B75)=\"\",\"\",'Data Sheet 1'!$D$4)","v":""},{"$f":"IF(('Data Sheet 1'!$B75)=\"\",\"\",'Data Sheet 1'!$I$4)","v":""},{"$f":"IF(('Data Sheet 1'!$B75)=\"\",\"\",'Data Sheet 1'!$C75)","v":""},{"$f":"IF(('Data Sheet 1'!$B75)=\"\",\"\",'Data Sheet 1'!$D75)","v":""},{"$f":"IF(('Data Sheet 1'!$B75)=\"\",\"\",'Data Sheet 1'!$B75)","v":""},{"$f":"IF(('Data Sheet 1'!$B75)=\"\",\"\",'Data Sheet 1'!$E75)","v":""},{"$f":"IF(('Data Sheet 1'!$B75)=\"\",\"\",'Data Sheet 1'!$F75)","v":""},{"$f":"IF(('Data Sheet 1'!$B75)=\"\",\"\",'Data Sheet 1'!$G75)","v":""},{"$f":"IF(('Data Sheet 1'!$B75)=\"\",\"\",'Data Sheet 1'!$H75)","v":""}]
[{"$f":"IF(('Data Sheet 1'!$B76)=\"\",\"\",'Data Sheet 1'!$C$2)","v":""},{"$f":"IF(('Data Sheet 1'!$B76)=\"\",\"\",'Data Sheet 1'!$D$4)","v":""},{"$f":"IF(('Data Sheet 1'!$B76)=\"\",\"\",'Data Sheet 1'!$I$4)","v":""},{"$f":"IF(('Data Sheet 1'!$B76)=\"\",\"\",'Data Sheet 1'!$C76)","v":""},{"$f":"IF(('Data Sheet 1'!$B76)=\"\",\"\",'Data Sheet 1'!$D76)","v":""},{"$f":"IF(('Data Sheet 1'!$B76)=\"\",\"\",'Data Sheet 1'!$B76)","v":""},{"$f":"IF(('Data Sheet 1'!$B76)=\"\",\"\",'Data Sheet 1'!$E76)","v":""},{"$f":"IF(('Data Sheet 1'!$B76)=\"\",\"\",'Data Sheet 1'!$F76)","v":""},{"$f":"IF(('Data Sheet 1'!$B76)=\"\",\"\",'Data Sheet 1'!$G76)","v":""},{"$f":"IF(('Data Sheet 1'!$B76)=\"\",\"\",'Data Sheet 1'!$H76)","v":""}]
[{"$f":"IF(('Data Sheet 1'!$B77)=\"\",\"\",'Data Sheet 1'!$C$2)","v":""},{"$f":"IF(('Data Sheet 1'!$B77)=\"\",\"\",'Data Sheet 1'!$D$4)","v":""},{"$f":"IF(('Data Sheet 1'!$B77)=\"\",\"\",'Data Sheet 1'!$I$4)","v":""},{"$f":"IF(('Data Sheet 1'!$B77)=\"\",\"\",'Data Sheet 1'!$C77)","v":""},{"$f":"IF(('Data Sheet 1'!$B77)=\"\",\"\",'Data Sheet 1'!$D77)","v":""},{"$f":"IF(('Data Sheet 1'!$B77)=\"\",\"\",'Data Sheet 1'!$B77)","v":""},{"$f":"IF(('Data Sheet 1'!$B77)=\"\",\"\",'Data Sheet 1'!$E77)","v":""},{"$f":"IF(('Data Sheet 1'!$B77)=\"\",\"\",'Data Sheet 1'!$F77)","v":""},{"$f":"IF(('Data Sheet 1'!$B77)=\"\",\"\",'Data Sheet 1'!$G77)","v":""},{"$f":"IF(('Data Sheet 1'!$B77)=\"\",\"\",'Data Sheet 1'!$H77)","v":""}]
[{"$f":"IF(('Data Sheet 1'!$B78)=\"\",\"\",'Data Sheet 1'!$C$2)","v":""},{"$f":"IF(('Data Sheet 1'!$B78)=\"\",\"\",'Data Sheet 1'!$D$4)","v":""},{"$f":"IF(('Data Sheet 1'!$B78)=\"\",\"\",'Data Sheet 1'!$I$4)","v":""},{"$f":"IF(('Data Sheet 1'!$B78)=\"\",\"\",'Data Sheet 1'!$C78)","v":""},{"$f":"IF(('Data Sheet 1'!$B78)=\"\",\"\",'Data Sheet 1'!$D78)","v":""},{"$f":"IF(('Data Sheet 1'!$B78)=\"\",\"\",'Data Sheet 1'!$B78)","v":""},{"$f":"IF(('Data Sheet 1'!$B78)=\"\",\"\",'Data Sheet 1'!$E78)","v":""},{"$f":"IF(('Data Sheet 1'!$B78)=\"\",\"\",'Data Sheet 1'!$F78)","v":""},{"$f":"IF(('Data Sheet 1'!$B78)=\"\",\"\",'Data Sheet 1'!$G78)","v":""},{"$f":"IF(('Data Sheet 1'!$B78)=\"\",\"\",'Data Sheet 1'!$H78)","v":""}]
[{"$f":"IF(('Data Sheet 1'!$B79)=\"\",\"\",'Data Sheet 1'!$C$2)","v":""},{"$f":"IF(('Data Sheet 1'!$B79)=\"\",\"\",'Data Sheet 1'!$D$4)","v":""},{"$f":"IF(('Data Sheet 1'!$B79)=\"\",\"\",'Data Sheet 1'!$I$4)","v":""},{"$f":"IF(('Data Sheet 1'!$B79)=\"\",\"\",'Data Sheet 1'!$C79)","v":""},{"$f":"IF(('Data Sheet 1'!$B79)=\"\",\"\",'Data Sheet 1'!$D79)","v":""},{"$f":"IF(('Data Sheet 1'!$B79)=\"\",\"\",'Data Sheet 1'!$B79)","v":""},{"$f":"IF(('Data Sheet 1'!$B79)=\"\",\"\",'Data Sheet 1'!$E79)","v":""},{"$f":"IF(('Data Sheet 1'!$B79)=\"\",\"\",'Data Sheet 1'!$F79)","v":""},{"$f":"IF(('Data Sheet 1'!$B79)=\"\",\"\",'Data Sheet 1'!$G79)","v":""},{"$f":"IF(('Data Sheet 1'!$B79)=\"\",\"\",'Data Sheet 1'!$H79)","v":""}]
[{"$f":"IF(('Data Sheet 1'!$B80)=\"\",\"\",'Data Sheet 1'!$C$2)","v":""},{"$f":"IF(('Data Sheet 1'!$B80)=\"\",\"\",'Data Sheet 1'!$D$4)","v":""},{"$f":"IF(('Data Sheet 1'!$B80)=\"\",\"\",'Data Sheet 1'!$I$4)","v":""},{"$f":"IF(('Data Sheet 1'!$B80)=\"\",\"\",'Data Sheet 1'!$C80)","v":""},{"$f":"IF(('Data Sheet 1'!$B80)=\"\",\"\",'Data Sheet 1'!$D80)","v":""},{"$f":"IF(('Data Sheet 1'!$B80)=\"\",\"\",'Data Sheet 1'!$B80)","v":""},{"$f":"IF(('Data Sheet 1'!$B80)=\"\",\"\",'Data Sheet 1'!$E80)","v":""},{"$f":"IF(('Data Sheet 1'!$B80)=\"\",\"\",'Data Sheet 1'!$F80)","v":""},{"$f":"IF(('Data Sheet 1'!$B80)=\"\",\"\",'Data Sheet 1'!$G80)","v":""},{"$f":"IF(('Data Sheet 1'!$B80)=\"\",\"\",'Data Sheet 1'!$H80)","v":""}]
[{"$f":"IF(('Data Sheet 1'!$B81)=\"\",\"\",'Data Sheet 1'!$C$2)","v":""},{"$f":"IF(('Data Sheet 1'!$B81)=\"\",\"\",'Data Sheet 1'!$D$4)","v":""},{"$f":"IF(('Data Sheet 1'!$B81)=\"\",\"\",'Data Sheet 1'!$I$4)","v":""},{"$f":"IF(('Data Sheet 1'!$B81)=\"\",\"\",'Data Sheet 1'!$C81)","v":""},{"$f":"IF(('Data Sheet 1'!$B81)=\"\",\"\",'Data Sheet 1'!$D81)","v":""},{"$f":"IF(('Data Sheet 1'!$B81)=\"\",\"\",'Data Sheet 1'!$B81)","v":""},{"$f":"IF(('Data Sheet 1'!$B81)=\"\",\"\",'Data Sheet 1'!$E81)","v":""},{"$f":"IF(('Data Sheet 1'!$B81)=\"\",\"\",'Data Sheet 1'!$F81)","v":""},{"$f":"IF(('Data Sheet 1'!$B81)=\"\",\"\",'Data Sheet 1'!$G81)","v":""},{"$f":"IF(('Data Sheet 1'!$B81)=\"\",\"\",'Data Sheet 1'!$H81)","v":""}]
[{"$f":"IF(('Data Sheet 1'!$B82)=\"\",\"\",'Data Sheet 1'!$C$2)","v":""},{"$f":"IF(('Data Sheet 1'!$B82)=\"\",\"\",'Data Sheet 1'!$D$4)","v":""},{"$f":"IF(('Data Sheet 1'!$B82)=\"\",\"\",'Data Sheet 1'!$I$4)","v":""},{"$f":"IF(('Data Sheet 1'!$B82)=\"\",\"\",'Data Sheet 1'!$C82)","v":""},{"$f":"IF(('Data Sheet 1'!$B82)=\"\",\"\",'Data Sheet 1'!$D82)","v":""},{"$f":"IF(('Data Sheet 1'!$B82)=\"\",\"\",'Data Sheet 1'!$B82)","v":""},{"$f":"IF(('Data Sheet 1'!$B82)=\"\",\"\",'Data Sheet 1'!$E82)","v":""},{"$f":"IF(('Data Sheet 1'!$B82)=\"\",\"\",'Data Sheet 1'!$F82)","v":""},{"$f":"IF(('Data Sheet 1'!$B82)=\"\",\"\",'Data Sheet 1'!$G82)","v":""},{"$f":"IF(('Data Sheet 1'!$B82)=\"\",\"\",'Data Sheet 1'!$H82)","v":""}]
[{"$f":"IF(('Data Sheet 1'!$B83)=\"\",\"\",'Data Sheet 1'!$C$2)","v":""},{"$f":"IF(('Data Sheet 1'!$B83)=\"\",\"\",'Data Sheet 1'!$D$4)","v":""},{"$f":"IF(('Data Sheet 1'!$B83)=\"\",\"\",'Data Sheet 1'!$I$4)","v":""},{"$f":"IF(('Data Sheet 1'!$B83)=\"\",\"\",'Data Sheet 1'!$C83)","v":""},{"$f":"IF(('Data Sheet 1'!$B83)=\"\",\"\",'Data Sheet 1'!$D83)","v":""},{"$f":"IF(('Data Sheet 1'!$B83)=\"\",\"\",'Data Sheet 1'!$B83)","v":""},{"$f":"IF(('Data Sheet 1'!$B83)=\"\",\"\",'Data Sheet 1'!$E83)","v":""},{"$f":"IF(('Data Sheet 1'!$B83)=\"\",\"\",'Data Sheet 1'!$F83)","v":""},{"$f":"IF(('Data Sheet 1'!$B83)=\"\",\"\",'Data Sheet 1'!$G83)","v":""},{"$f":"IF(('Data Sheet 1'!$B83)=\"\",\"\",'Data Sheet 1'!$H83)","v":""}]
[{"$f":"IF(('Data Sheet 1'!$B84)=\"\",\"\",'Data Sheet 1'!$C$2)","v":""},{"$f":"IF(('Data Sheet 1'!$B84)=\"\",\"\",'Data Sheet 1'!$D$4)","v":""},{"$f":"IF(('Data Sheet 1'!$B84)=\"\",\"\",'Data Sheet 1'!$I$4)","v":""},{"$f":"IF(('Data Sheet 1'!$B84)=\"\",\"\",'Data Sheet 1'!$C84)","v":""},{"$f":"IF(('Data Sheet 1'!$B84)=\"\",\"\",'Data Sheet 1'!$D84)","v":""},{"$f":"IF(('Data Sheet 1'!$B84)=\"\",\"\",'Data Sheet 1'!$B84)","v":""},{"$f":"IF(('Data Sheet 1'!$B84)=\"\",\"\",'Data Sheet 1'!$E84)","v":""},{"$f":"IF(('Data Sheet 1'!$B84)=\"\",\"\",'Data Sheet 1'!$F84)","v":""},{"$f":"IF(('Data Sheet 1'!$B84)=\"\",\"\",'Data Sheet 1'!$G84)","v":""},{"$f":"IF(('Data Sheet 1'!$B84)=\"\",\"\",'Data Sheet 1'!$H84)","v":""}]
[{"$f":"IF(('Data Sheet 1'!$B85)=\"\",\"\",'Data Sheet 1'!$C$2)","v":""},{"$f":"IF(('Data Sheet 1'!$B85)=\"\",\"\",'Data Sheet 1'!$D$4)","v":""},{"$f":"IF(('Data Sheet 1'!$B85)=\"\",\"\",'Data Sheet 1'!$I$4)","v":""},{"$f":"IF(('Data Sheet 1'!$B85)=\"\",\"\",'Data Sheet 1'!$C85)","v":""},{"$f":"IF(('Data Sheet 1'!$B85)=\"\",\"\",'Data Sheet 1'!$D85)","v":""},{"$f":"IF(('Data Sheet 1'!$B85)=\"\",\"\",'Data Sheet 1'!$B85)","v":""},{"$f":"IF(('Data Sheet 1'!$B85)=\"\",\"\",'Data Sheet 1'!$E85)","v":""},{"$f":"IF(('Data Sheet 1'!$B85)=\"\",\"\",'Data Sheet 1'!$F85)","v":""},{"$f":"IF(('Data Sheet 1'!$B85)=\"\",\"\",'Data Sheet 1'!$G85)","v":""},{"$f":"IF(('Data Sheet 1'!$B85)=\"\",\"\",'Data Sheet 1'!$H85)","v":""}]
[{"$f":"IF(('Data Sheet 1'!$B86)=\"\",\"\",'Data Sheet 1'!$C$2)","v":""},{"$f":"IF(('Data Sheet 1'!$B86)=\"\",\"\",'Data Sheet 1'!$D$4)","v":""},{"$f":"IF(('Data Sheet 1'!$B86)=\"\",\"\",'Data Sheet 1'!$I$4)","v":""},{"$f":"IF(('Data Sheet 1'!$B86)=\"\",\"\",'Data Sheet 1'!$C86)","v":""},{"$f":"IF(('Data Sheet 1'!$B86)=\"\",\"\",'Data Sheet 1'!$D86)","v":""},{"$f":"IF(('Data Sheet 1'!$B86)=\"\",\"\",'Data Sheet 1'!$B86)","v":""},{"$f":"IF(('Data Sheet 1'!$B86)=\"\",\"\",'Data Sheet 1'!$E86)","v":""},{"$f":"IF(('Data Sheet 1'!$B86)=\"\",\"\",'Data Sheet 1'!$F86)","v":""},{"$f":"IF(('Data Sheet 1'!$B86)=\"\",\"\",'Data Sheet 1'!$G86)","v":""},{"$f":"IF(('Data Sheet 1'!$B86)=\"\",\"\",'Data Sheet 1'!$H86)","v":""}]
[{"$f":"IF(('Data Sheet 1'!$B87)=\"\",\"\",'Data Sheet 1'!$C$2)","v":""},{"$f":"IF(('Data Sheet 1'!$B87)=\"\",\"\",'Data Sheet 1'!$D$4)","v":""},{"$f":"IF(('Data Sheet 1'!$B87)=\"\",\"\",'Data Sheet 1'!$I$4)","v":""},{"$f":"IF(('Data Sheet 1'!$B87)=\"\",\"\",'Data Sheet 1'!$C87)","v":""},{"$f":"IF(('Data Sheet 1'!$B87)=\"\",\"\",'Data Sheet 1'!$D87)","v":""},{"$f":"IF(('Data Sheet 1'!$B87)=\"\",\"\",'Data Sheet 1'!$B87)","v":""},{"$f":"IF(('Data Sheet 1'!$B87)=\"\",\"\",'Data Sheet 1'!$E87)","v":""},{"$f":"IF(('Data Sheet 1'!$B87)=\"\",\"\",'Data Sheet 1'!$F87)","v":""},{"$f":"IF(('Data Sheet 1'!$B87)=\"\",\"\",'Data Sheet 1'!$G87)","v":""},{"$f":"IF(('Data Sheet 1'!$B87)=\"\",\"\",'Data Sheet 1'!$H87)","v":""}]
[{"$f":"IF(('Data Sheet 1'!$B88)=\"\",\"\",'Data Sheet 1'!$C$2)","v":""},{"$f":"IF(('Data Sheet 1'!$B88)=\"\",\"\",'Data Sheet 1'!$D$4)","v":""},{"$f":"IF(('Data Sheet 1'!$B88)=\"\",\"\",'Data Sheet 1'!$I$4)","v":""},{"$f":"IF(('Data Sheet 1'!$B88)=\"\",\"\",'Data Sheet 1'!$C88)","v":""},{"$f":"IF(('Data Sheet 1'!$B88)=\"\",\"\",'Data Sheet 1'!$D88)","v":""},{"$f":"IF(('Data Sheet 1'!$B88)=\"\",\"\",'Data Sheet 1'!$B88)","v":""},{"$f":"IF(('Data Sheet 1'!$B88)=\"\",\"\",'Data Sheet 1'!$E88)","v":""},{"$f":"IF(('Data Sheet 1'!$B88)=\"\",\"\",'Data Sheet 1'!$F88)","v":""},{"$f":"IF(('Data Sheet 1'!$B88)=\"\",\"\",'Data Sheet 1'!$G88)","v":""},{"$f":"IF(('Data Sheet 1'!$B88)=\"\",\"\",'Data Sheet 1'!$H88)","v":""}]
[{"$f":"IF(('Data Sheet 1'!$B89)=\"\",\"\",'Data Sheet 1'!$C$2)","v":""},{"$f":"IF(('Data Sheet 1'!$B89)=\"\",\"\",'Data Sheet 1'!$D$4)","v":""},{"$f":"IF(('Data Sheet 1'!$B89)=\"\",\"\",'Data Sheet 1'!$I$4)","v":""},{"$f":"IF(('Data Sheet 1'!$B89)=\"\",\"\",'Data Sheet 1'!$C89)","v":""},{"$f":"IF(('Data Sheet 1'!$B89)=\"\",\"\",'Data Sheet 1'!$D89)","v":""},{"$f":"IF(('Data Sheet 1'!$B89)=\"\",\"\",'Data Sheet 1'!$B89)","v":""},{"$f":"IF(('Data Sheet 1'!$B89)=\"\",\"\",'Data Sheet 1'!$E89)","v":""},{"$f":"IF(('Data Sheet 1'!$B89)=\"\",\"\",'Data Sheet 1'!$F89)","v":""},{"$f":"IF(('Data Sheet 1'!$B89)=\"\",\"\",'Data Sheet 1'!$G89)","v":""},{"$f":"IF(('Data Sheet 1'!$B89)=\"\",\"\",'Data Sheet 1'!$H89)","v":""}]
[{"$f":"IF(('Data Sheet 1'!$B90)=\"\",\"\",'Data Sheet 1'!$C$2)","v":""},{"$f":"IF(('Data Sheet 1'!$B90)=\"\",\"\",'Data Sheet 1'!$D$4)","v":""},{"$f":"IF(('Data Sheet 1'!$B90)=\"\",\"\",'Data Sheet 1'!$I$4)","v":""},{"$f":"IF(('Data Sheet 1'!$B90)=\"\",\"\",'Data Sheet 1'!$C90)","v":""},{"$f":"IF(('Data Sheet 1'!$B90)=\"\",\"\",'Data Sheet 1'!$D90)","v":""},{"$f":"IF(('Data Sheet 1'!$B90)=\"\",\"\",'Data Sheet 1'!$B90)","v":""},{"$f":"IF(('Data Sheet 1'!$B90)=\"\",\"\",'Data Sheet 1'!$E90)","v":""},{"$f":"IF(('Data Sheet 1'!$B90)=\"\",\"\",'Data Sheet 1'!$F90)","v":""},{"$f":"IF(('Data Sheet 1'!$B90)=\"\",\"\",'Data Sheet 1'!$G90)","v":""},{"$f":"IF(('Data Sheet 1'!$B90)=\"\",\"\",'Data Sheet 1'!$H90)","v":""}]
[{"$f":"IF(('Data Sheet 1'!$B91)=\"\",\"\",'Data Sheet 1'!$C$2)","v":""},{"$f":"IF(('Data Sheet 1'!$B91)=\"\",\"\",'Data Sheet 1'!$D$4)","v":""},{"$f":"IF(('Data Sheet 1'!$B91)=\"\",\"\",'Data Sheet 1'!$I$4)","v":""},{"$f":"IF(('Data Sheet 1'!$B91)=\"\",\"\",'Data Sheet 1'!$C91)","v":""},{"$f":"IF(('Data Sheet 1'!$B91)=\"\",\"\",'Data Sheet 1'!$D91)","v":""},{"$f":"IF(('Data Sheet 1'!$B91)=\"\",\"\",'Data Sheet 1'!$B91)","v":""},{"$f":"IF(('Data Sheet 1'!$B91)=\"\",\"\",'Data Sheet 1'!$E91)","v":""},{"$f":"IF(('Data Sheet 1'!$B91)=\"\",\"\",'Data Sheet 1'!$F91)","v":""},{"$f":"IF(('Data Sheet 1'!$B91)=\"\",\"\",'Data Sheet 1'!$G91)","v":""},{"$f":"IF(('Data Sheet 1'!$B91)=\"\",\"\",'Data Sheet 1'!$H91)","v":""}]
[{"$f":"IF(('Data Sheet 1'!$B92)=\"\",\"\",'Data Sheet 1'!$C$2)","v":""},{"$f":"IF(('Data Sheet 1'!$B92)=\"\",\"\",'Data Sheet 1'!$D$4)","v":""},{"$f":"IF(('Data Sheet 1'!$B92)=\"\",\"\",'Data Sheet 1'!$I$4)","v":""},{"$f":"IF(('Data Sheet 1'!$B92)=\"\",\"\",'Data Sheet 1'!$C92)","v":""},{"$f":"IF(('Data Sheet 1'!$B92)=\"\",\"\",'Data Sheet 1'!$D92)","v":""},{"$f":"IF(('Data Sheet 1'!$B92)=\"\",\"\",'Data Sheet 1'!$B92)","v":""},{"$f":"IF(('Data Sheet 1'!$B92)=\"\",\"\",'Data Sheet 1'!$E92)","v":""},{"$f":"IF(('Data Sheet 1'!$B92)=\"\",\"\",'Data Sheet 1'!$F92)","v":""},{"$f":"IF(('Data Sheet 1'!$B92)=\"\",\"\",'Data Sheet 1'!$G92)","v":""},{"$f":"IF(('Data Sheet 1'!$B92)=\"\",\"\",'Data Sheet 1'!$H92)","v":""}]
[{"$f":"IF(('Data Sheet 1'!$B93)=\"\",\"\",'Data Sheet 1'!$C$2)","v":""},{"$f":"IF(('Data Sheet 1'!$B93)=\"\",\"\",'Data Sheet 1'!$D$4)","v":""},{"$f":"IF(('Data Sheet 1'!$B93)=\"\",\"\",'Data Sheet 1'!$I$4)","v":""},{"$f":"IF(('Data Sheet 1'!$B93)=\"\",\"\",'Data Sheet 1'!$C93)","v":""},{"$f":"IF(('Data Sheet 1'!$B93)=\"\",\"\",'Data Sheet 1'!$D93)","v":""},{"$f":"IF(('Data Sheet 1'!$B93)=\"\",\"\",'Data Sheet 1'!$B93)","v":""},{"$f":"IF(('Data Sheet 1'!$B93)=\"\",\"\",'Data Sheet 1'!$E93)","v":""},{"$f":"IF(('Data Sheet 1'!$B93)=\"\",\"\",'Data Sheet 1'!$F93)","v":""},{"$f":"IF(('Data Sheet 1'!$B93)=\"\",\"\",'Data Sheet 1'!$G93)","v":""},{"$f":"IF(('Data Sheet 1'!$B93)=\"\",\"\",'Data Sheet 1'!$H93)","v":""}]
[{"$f":"IF(('Data Sheet 1'!$B94)=\"\",\"\",'Data Sheet 1'!$C$2)","v":""},{"$f":"IF(('Data Sheet 1'!$B94)=\"\",\"\",'Data Sheet 1'!$D$4)","v":""},{"$f":"IF(('Data Sheet 1'!$B94)=\"\",\"\",'Data Sheet 1'!$I$4)","v":""},{"$f":"IF(('Data Sheet 1'!$B94)=\"\",\"\",'Data Sheet 1'!$C94)","v":""},{"$f":"IF(('Data Sheet 1'!$B94)=\"\",\"\",'Data Sheet 1'!$D94)","v":""},{"$f":"IF(('Data Sheet 1'!$B94)=\"\",\"\",'Data Sheet 1'!$B94)","v":""},{"$f":"IF(('Data Sheet 1'!$B94)=\"\",\"\",'Data Sheet 1'!$E94)","v":""},{"$f":"IF(('Data Sheet 1'!$B94)=\"\",\"\",'Data Sheet 1'!$F94)","v":""},{"$f":"IF(('Data Sheet 1'!$B94)=\"\",\"\",'Data Sheet 1'!$G94)","v":""},{"$f":"IF(('Data Sheet 1'!$B94)=\"\",\"\",'Data Sheet 1'!$H94)","v":""}]
[{"$f":"IF(('Data Sheet 1'!$B95)=\"\",\"\",'Data Sheet 1'!$C$2)","v":""},{"$f":"IF(('Data Sheet 1'!$B95)=\"\",\"\",'Data Sheet 1'!$D$4)","v":""},{"$f":"IF(('Data Sheet 1'!$B95)=\"\",\"\",'Data Sheet 1'!$I$4)","v":""},{"$f":"IF(('Data Sheet 1'!$B95)=\"\",\"\",'Data Sheet 1'!$C95)","v":""},{"$f":"IF(('Data Sheet 1'!$B95)=\"\",\"\",'Data Sheet 1'!$D95)","v":""},{"$f":"IF(('Data Sheet 1'!$B95)=\"\",\"\",'Data Sheet 1'!$B95)","v":""},{"$f":"IF(('Data Sheet 1'!$B95)=\"\",\"\",'Data Sheet 1'!$E95)","v":""},{"$f":"IF(('Data Sheet 1'!$B95)=\"\",\"\",'Data Sheet 1'!$F95)","v":""},{"$f":"IF(('Data Sheet 1'!$B95)=\"\",\"\",'Data Sheet 1'!$G95)","v":""},{"$f":"IF(('Data Sheet 1'!$B95)=\"\",\"\",'Data Sheet 1'!$H95)","v":""}]
[{"$f":"IF(('Data Sheet 1'!$B96)=\"\",\"\",'Data Sheet 1'!$C$2)","v":""},{"$f":"IF(('Data Sheet 1'!$B96)=\"\",\"\",'Data Sheet 1'!$D$4)","v":""},{"$f":"IF(('Data Sheet 1'!$B96)=\"\",\"\",'Data Sheet 1'!$I$4)","v":""},{"$f":"IF(('Data Sheet 1'!$B96)=\"\",\"\",'Data Sheet 1'!$C96)","v":""},{"$f":"IF(('Data Sheet 1'!$B96)=\"\",\"\",'Data Sheet 1'!$D96)","v":""},{"$f":"IF(('Data Sheet 1'!$B96)=\"\",\"\",'Data Sheet 1'!$B96)","v":""},{"$f":"IF(('Data Sheet 1'!$B96)=\"\",\"\",'Data Sheet 1'!$E96)","v":""},{"$f":"IF(('Data Sheet 1'!$B96)=\"\",\"\",'Data Sheet 1'!$F96)","v":""},{"$f":"IF(('Data Sheet 1'!$B96)=\"\",\"\",'Data Sheet 1'!$G96)","v":""},{"$f":"IF(('Data Sheet 1'!$B96)=\"\",\"\",'Data Sheet 1'!$H96)","v":""}]
[{"$f":"IF(('Data Sheet 1'!$B97)=\"\",\"\",'Data Sheet 1'!$C$2)","v":""},{"$f":"IF(('Data Sheet 1'!$B97)=\"\",\"\",'Data Sheet 1'!$D$4)","v":""},{"$f":"IF(('Data Sheet 1'!$B97)=\"\",\"\",'Data Sheet 1'!$I$4)","v":""},{"$f":"IF(('Data Sheet 1'!$B97)=\"\",\"\",'Data Sheet 1'!$C97)","v":""},{"$f":"IF(('Data Sheet 1'!$B97)=\"\",\"\",'Data Sheet 1'!$D97)","v":""},{"$f":"IF(('Data Sheet 1'!$B97)=\"\",\"\",'Data Sheet 1'!$B97)","v":""},{"$f":"IF(('Data Sheet 1'!$B97)=\"\",\"\",'Data Sheet 1'!$E97)","v":""},{"$f":"IF(('Data Sheet 1'!$B97)=\"\",\"\",'Data Sheet 1'!$F97)","v":""},{"$f":"IF(('Data Sheet 1'!$B97)=\"\",\"\",'Data Sheet 1'!$G97)","v":""},{"$f":"IF(('Data Sheet 1'!$B97)=\"\",\"\",'Data Sheet 1'!$H97)","v":""}]
[{"$f":"IF(('Data Sheet 1'!$B98)=\"\",\"\",'Data Sheet 1'!$C$2)","v":""},{"$f":"IF(('Data Sheet 1'!$B98)=\"\",\"\",'Data Sheet 1'!$D$4)","v":""},{"$f":"IF(('Data Sheet 1'!$B98)=\"\",\"\",'Data Sheet 1'!$I$4)","v":""},{"$f":"IF(('Data Sheet 1'!$B98)=\"\",\"\",'Data Sheet 1'!$C98)","v":""},{"$f":"IF(('Data Sheet 1'!$B98)=\"\",\"\",'Data Sheet 1'!$D98)","v":""},{"$f":"IF(('Data Sheet 1'!$B98)=\"\",\"\",'Data Sheet 1'!$B98)","v":""},{"$f":"IF(('Data Sheet 1'!$B98)=\"\",\"\",'Data Sheet 1'!$E98)","v":""},{"$f":"IF(('Data Sheet 1'!$B98)=\"\",\"\",'Data Sheet 1'!$F98)","v":""},{"$f":"IF(('Data Sheet 1'!$B98)=\"\",\"\",'Data Sheet 1'!$G98)","v":""},{"$f":"IF(('Data Sheet 1'!$B98)=\"\",\"\",'Data Sheet 1'!$H98)","v":""}]
[{"$f":"IF(('Data Sheet 1'!$B99)=\"\",\"\",'Data Sheet 1'!$C$2)","v":""},{"$f":"IF(('Data Sheet 1'!$B99)=\"\",\"\",'Data Sheet 1'!$D$4)","v":""},{"$f":"IF(('Data Sheet 1'!$B99)=\"\",\"\",'Data Sheet 1'!$I$4)","v":""},{"$f":"IF(('Data Sheet 1'!$B99)=\"\",\"\",'Data Sheet 1'!$C99)","v":""},{"$f":"IF(('Data Sheet 1'!$B99)=\"\",\"\",'Data Sheet 1'!$D99)","v":""},{"$f":"IF(('Data Sheet 1'!$B99)=\"\",\"\",'Data Sheet 1'!$B99)","v":""},{"$f":"IF(('Data Sheet 1'!$B99)=\"\",\"\",'Data Sheet 1'!$E99)","v":""},{"$f":"IF(('Data Sheet 1'!$B99)=\"\",\"\",'Data Sheet 1'!$F99)","v":""},{"$f":"IF(('Data Sheet 1'!$B99)=\"\",\"\",'Data Sheet 1'!$G99)","v":""},{"$f":"IF(('Data Sheet 1'!$B99)=\"\",\"\",'Data Sheet 1'!$H99)","v":""}]
[{"$f":"IF(('Data Sheet 1'!$B100)=\"\",\"\",'Data Sheet 1'!$C$2)","v":""},{"$f":"IF(('Data Sheet 1'!$B100)=\"\",\"\",'Data Sheet 1'!$D$4)","v":""},{"$f":"IF(('Data Sheet 1'!$B100)=\"\",\"\",'Data Sheet 1'!$I$4)","v":""},{"$f":"IF(('Data Sheet 1'!$B100)=\"\",\"\",'Data Sheet 1'!$C100)","v":""},{"$f":"IF(('Data Sheet 1'!$B100)=\"\",\"\",'Data Sheet 1'!$D100)","v":""},{"$f":"IF(('Data Sheet 1'!$B100)=\"\",\"\",'Data Sheet 1'!$B100)","v":""},{"$f":"IF(('Data Sheet 1'!$B100)=\"\",\"\",'Data Sheet 1'!$E100)","v":""},{"$f":"IF(('Data Sheet 1'!$B100)=\"\",\"\",'Data Sheet 1'!$F100)","v":""},{"$f":"IF(('Data Sheet 1'!$B100)=\"\",\"\",'Data Sheet 1'!$G100)","v":""},{"$f":"IF(('Data Sheet 1'!$B100)=\"\",\"\",'Data Sheet 1'!$H100)","v":""}]
[{"$f":"IF(('Data Sheet 1'!$B101)=\"\",\"\",'Data Sheet 1'!$C$2)","v":""},{"$f":"IF(('Data Sheet 1'!$B101)=\"\",\"\",'Data Sheet 1'!$D$4)","v":""},{"$f":"IF(('Data Sheet 1'!$B101)=\"\",\"\",'Data Sheet 1'!$I$4)","v":""},{"$f":"IF(('Data Sheet 1'!$B101)=\"\",\"\",'Data Sheet 1'!$C101)","v":""},{"$f":"IF(('Data Sheet 1'!$B101)=\"\",\"\",'Data Sheet 1'!$D101)","v":""},{"$f":"IF(('Data Sheet 1'!$B101)=\"\",\"\",'Data Sheet 1'!$B101)","v":""},{"$f":"IF(('Data Sheet 1'!$B101)=\"\",\"\",'Data Sheet 1'!$E101)","v":""},{"$f":"IF(('Data Sheet 1'!$B101)=\"\",\"\",'Data Sheet 1'!$F101)","v":""},{"$f":"IF(('Data Sheet 1'!$B101)=\"\",\"\",'Data Sheet 1'!$G101)","v":""},{"$f":"IF(('Data Sheet 1'!$B101)=\"\",\"\",'Data Sheet 1'!$H101)","v":""}]
[{"$f":"IF(('Data Sheet 1'!$B102)=\"\",\"\",'Data Sheet 1'!$C$2)","v":""},{"$f":"IF(('Data Sheet 1'!$B102)=\"\",\"\",'Data Sheet 1'!$D$4)","v":""},{"$f":"IF(('Data Sheet 1'!$B102)=\"\",\"\",'Data Sheet 1'!$I$4)","v":""},{"$f":"IF(('Data Sheet 1'!$B102)=\"\",\"\",'Data Sheet 1'!$C102)","v":""},{"$f":"IF(('Data Sheet 1'!$B102)=\"\",\"\",'Data Sheet 1'!$D102)","v":""},{"$f":"IF(('Data Sheet 1'!$B102)=\"\",\"\",'Data Sheet 1'!$B102)","v":""},{"$f":"IF(('Data Sheet 1'!$B102)=\"\",\"\",'Data Sheet 1'!$E102)","v":""},{"$f":"IF(('Data Sheet 1'!$B102)=\"\",\"\",'Data Sheet 1'!$F102)","v":""},{"$f":"IF(('Data Sheet 1'!$B102)=\"\",\"\",'Data Sheet 1'!$G102)","v":""},{"$f":"IF(('Data Sheet 1'!$B102)=\"\",\"\",'Data Sheet 1'!$H102)","v":""}]
[{"$f":"IF(('Data Sheet 1'!$B103)=\"\",\"\",'Data Sheet 1'!$C$2)","v":""},{"$f":"IF(('Data Sheet 1'!$B103)=\"\",\"\",'Data Sheet 1'!$D$4)","v":""},{"$f":"IF(('Data Sheet 1'!$B103)=\"\",\"\",'Data Sheet 1'!$I$4)","v":""},{"$f":"IF(('Data Sheet 1'!$B103)=\"\",\"\",'Data Sheet 1'!$C103)","v":""},{"$f":"IF(('Data Sheet 1'!$B103)=\"\",\"\",'Data Sheet 1'!$D103)","v":""},{"$f":"IF(('Data Sheet 1'!$B103)=\"\",\"\",'Data Sheet 1'!$B103)","v":""},{"$f":"IF(('Data Sheet 1'!$B103)=\"\",\"\",'Data Sheet 1'!$E103)","v":""},{"$f":"IF(('Data Sheet 1'!$B103)=\"\",\"\",'Data Sheet 1'!$F103)","v":""},{"$f":"IF(('Data Sheet 1'!$B103)=\"\",\"\",'Data Sheet 1'!$G103)","v":""},{"$f":"IF(('Data Sheet 1'!$B103)=\"\",\"\",'Data Sheet 1'!$H103)","v":""}]
[{"$f":"IF(('Data Sheet 1'!$B104)=\"\",\"\",'Data Sheet 1'!$C$2)","v":""},{"$f":"IF(('Data Sheet 1'!$B104)=\"\",\"\",'Data Sheet 1'!$D$4)","v":""},{"$f":"IF(('Data Sheet 1'!$B104)=\"\",\"\",'Data Sheet 1'!$I$4)","v":""},{"$f":"IF(('Data Sheet 1'!$B104)=\"\",\"\",'Data Sheet 1'!$C104)","v":""},{"$f":"IF(('Data Sheet 1'!$B104)=\"\",\"\",'Data Sheet 1'!$D104)","v":""},{"$f":"IF(('Data Sheet 1'!$B104)=\"\",\"\",'Data Sheet 1'!$B104)","v":""},{"$f":"IF(('Data Sheet 1'!$B104)=\"\",\"\",'Data Sheet 1'!$E104)","v":""},{"$f":"IF(('Data Sheet 1'!$B104)=\"\",\"\",'Data Sheet 1'!$F104)","v":""},{"$f":"IF(('Data Sheet 1'!$B104)=\"\",\"\",'Data Sheet 1'!$G104)","v":""},{"$f":"IF(('Data Sheet 1'!$B104)=\"\",\"\",'Data Sheet 1'!$H104)","v":""}]
[{"$f":"IF(('Data Sheet 1'!$B105)=\"\",\"\",'Data Sheet 1'!$C$2)","v":""},{"$f":"IF(('Data Sheet 1'!$B105)=\"\",\"\",'Data Sheet 1'!$D$4)","v":""},{"$f":"IF(('Data Sheet 1'!$B105)=\"\",\"\",'Data Sheet 1'!$I$4)","v":""},{"$f":"IF(('Data Sheet 1'!$B105)=\"\",\"\",'Data Sheet 1'!$C105)","v":""},{"$f":"IF(('Data Sheet 1'!$B105)=\"\",\"\",'Data Sheet 1'!$D105)","v":""},{"$f":"IF(('Data Sheet 1'!$B105)=\"\",\"\",'Data Sheet 1'!$B105)","v":""},{"$f":"IF(('Data Sheet 1'!$B105)=\"\",\"\",'Data Sheet 1'!$E105)","v":""},{"$f":"IF(('Data Sheet 1'!$B105)=\"\",\"\",'Data Sheet 1'!$F105)","v":""},{"$f":"IF(('Data Sheet 1'!$B105)=\"\",\"\",'Data Sheet 1'!$G105)","v":""},{"$f":"IF(('Data Sheet 1'!$B105)=\"\",\"\",'Data Sheet 1'!$H105)","v":""}]
[{"$f":"IF(('Data Sheet 1'!$B106)=\"\",\"\",'Data Sheet 1'!$C$2)","v":""},{"$f":"IF(('Data Sheet 1'!$B106)=\"\",\"\",'Data Sheet 1'!$D$4)","v":""},{"$f":"IF(('Data Sheet 1'!$B106)=\"\",\"\",'Data Sheet 1'!$I$4)","v":""},{"$f":"IF(('Data Sheet 1'!$B106)=\"\",\"\",'Data Sheet 1'!$C106)","v":""},{"$f":"IF(('Data Sheet 1'!$B106)=\"\",\"\",'Data Sheet 1'!$D106)","v":""},{"$f":"IF(('Data Sheet 1'!$B106)=\"\",\"\",'Data Sheet 1'!$B106)","v":""},{"$f":"IF(('Data Sheet 1'!$B106)=\"\",\"\",'Data Sheet 1'!$E106)","v":""},{"$f":"IF(('Data Sheet 1'!$B106)=\"\",\"\",'Data Sheet 1'!$F106)","v":""},{"$f":"IF(('Data Sheet 1'!$B106)=\"\",\"\",'Data Sheet 1'!$G106)","v":""},{"$f":"IF(('Data Sheet 1'!$B106)=\"\",\"\",'Data Sheet 1'!$H106)","v":""}]
[{"$f":"IF(('Data Sheet 1'!$B107)=\"\",\"\",'Data Sheet 1'!$C$2)","v":""},{"$f":"IF(('Data Sheet 1'!$B107)=\"\",\"\",'Data Sheet 1'!$D$4)","v":""},{"$f":"IF(('Data Sheet 1'!$B107)=\"\",\"\",'Data Sheet 1'!$I$4)","v":""},{"$f":"IF(('Data Sheet 1'!$B107)=\"\",\"\",'Data Sheet 1'!$C107)","v":""},{"$f":"IF(('Data Sheet 1'!$B107)=\"\",\"\",'Data Sheet 1'!$D107)","v":""},{"$f":"IF(('Data Sheet 1'!$B107)=\"\",\"\",'Data Sheet 1'!$B107)","v":""},{"$f":"IF(('Data Sheet 1'!$B107)=\"\",\"\",'Data Sheet 1'!$E107)","v":""},{"$f":"IF(('Data Sheet 1'!$B107)=\"\",\"\",'Data Sheet 1'!$F107)","v":""},{"$f":"IF(('Data Sheet 1'!$B107)=\"\",\"\",'Data Sheet 1'!$G107)","v":""},{"$f":"IF(('Data Sheet 1'!$B107)=\"\",\"\",'Data Sheet 1'!$H107)","v":""}]
[{"$f":"IF(('Data Sheet 1'!$B108)=\"\",\"\",'Data Sheet 1'!$C$2)","v":""},{"$f":"IF(('Data Sheet 1'!$B108)=\"\",\"\",'Data Sheet 1'!$D$4)","v":""},{"$f":"IF(('Data Sheet 1'!$B108)=\"\",\"\",'Data Sheet 1'!$I$4)","v":""},{"$f":"IF(('Data Sheet 1'!$B108)=\"\",\"\",'Data Sheet 1'!$C108)","v":""},{"$f":"IF(('Data Sheet 1'!$B108)=\"\",\"\",'Data Sheet 1'!$D108)","v":""},{"$f":"IF(('Data Sheet 1'!$B108)=\"\",\"\",'Data Sheet 1'!$B108)","v":""},{"$f":"IF(('Data Sheet 1'!$B108)=\"\",\"\",'Data Sheet 1'!$E108)","v":""},{"$f":"IF(('Data Sheet 1'!$B108)=\"\",\"\",'Data Sheet 1'!$F108)","v":""},{"$f":"IF(('Data Sheet 1'!$B108)=\"\",\"\",'Data Sheet 1'!$G108)","v":""},{"$f":"IF(('Data Sheet 1'!$B108)=\"\",\"\",'Data Sheet 1'!$H108)","v":""}]
[{"$f":"IF(('Data Sheet 1'!$B109)=\"\",\"\",'Data Sheet 1'!$C$2)","v":""},{"$f":"IF(('Data Sheet 1'!$B109)=\"\",\"\",'Data Sheet 1'!$D$4)","v":""},{"$f":"IF(('Data Sheet 1'!$B109)=\"\",\"\",'Data Sheet 1'!$I$4)","v":""},{"$f":"IF(('Data Sheet 1'!$B109)=\"\",\"\",'Data Sheet 1'!$C109)","v":""},{"$f":"IF(('Data Sheet 1'!$B109)=\"\",\"\",'Data Sheet 1'!$D109)","v":""},{"$f":"IF(('Data Sheet 1'!$B109)=\"\",\"\",'Data Sheet 1'!$B109)","v":""},{"$f":"IF(('Data Sheet 1'!$B109)=\"\",\"\",'Data Sheet 1'!$E109)","v":""},{"$f":"IF(('Data Sheet 1'!$B109)=\"\",\"\",'Data Sheet 1'!$F109)","v":""},{"$f":"IF(('Data Sheet 1'!$B109)=\"\",\"\",'Data Sheet 1'!$G109)","v":""},{"$f":"IF(('Data Sheet 1'!$B109)=\"\",\"\",'Data Sheet 1'!$H109)","v":""}]
[{"$f":"IF(('Data Sheet 1'!$B110)=\"\",\"\",'Data Sheet 1'!$C$2)","v":""},{"$f":"IF(('Data Sheet 1'!$B110)=\"\",\"\",'Data Sheet 1'!$D$4)","v":""},{"$f":"IF(('Data Sheet 1'!$B110)=\"\",\"\",'Data Sheet 1'!$I$4)","v":""},{"$f":"IF(('Data Sheet 1'!$B110)=\"\",\"\",'Data Sheet 1'!$C110)","v":""},{"$f":"IF(('Data Sheet 1'!$B110)=\"\",\"\",'Data Sheet 1'!$D110)","v":""},{"$f":"IF(('Data Sheet 1'!$B110)=\"\",\"\",'Data Sheet 1'!$B110)","v":""},{"$f":"IF(('Data Sheet 1'!$B110)=\"\",\"\",'Data Sheet 1'!$E110)","v":""},{"$f":"IF(('Data Sheet 1'!$B110)=\"\",\"\",'Data Sheet 1'!$F110)","v":""},{"$f":"IF(('Data Sheet 1'!$B110)=\"\",\"\",'Data Sheet 1'!$G110)","v":""},{"$f":"IF(('Data Sheet 1'!$B110)=\"\",\"\",'Data Sheet 1'!$H110)","v":""}]
[{"$f":"IF(('Data Sheet 1'!$B111)=\"\",\"\",'Data Sheet 1'!$C$2)","v":""},{"$f":"IF(('Data Sheet 1'!$B111)=\"\",\"\",'Data Sheet 1'!$D$4)","v":""},{"$f":"IF(('Data Sheet 1'!$B111)=\"\",\"\",'Data Sheet 1'!$I$4)","v":""},{"$f":"IF(('Data Sheet 1'!$B111)=\"\",\"\",'Data Sheet 1'!$C111)","v":""},{"$f":"IF(('Data Sheet 1'!$B111)=\"\",\"\",'Data Sheet 1'!$D111)","v":""},{"$f":"IF(('Data Sheet 1'!$B111)=\"\",\"\",'Data Sheet 1'!$B111)","v":""},{"$f":"IF(('Data Sheet 1'!$B111)=\"\",\"\",'Data Sheet 1'!$E111)","v":""},{"$f":"IF(('Data Sheet 1'!$B111)=\"\",\"\",'Data Sheet 1'!$F111)","v":""},{"$f":"IF(('Data Sheet 1'!$B111)=\"\",\"\",'Data Sheet 1'!$G111)","v":""},{"$f":"IF(('Data Sheet 1'!$B111)=\"\",\"\",'Data Sheet 1'!$H111)","v":""}]
[{"$f":"IF(('Data Sheet 1'!$B112)=\"\",\"\",'Data Sheet 1'!$C$2)","v":""},{"$f":"IF(('Data Sheet 1'!$B112)=\"\",\"\",'Data Sheet 1'!$D$4)","v":""},{"$f":"IF(('Data Sheet 1'!$B112)=\"\",\"\",'Data Sheet 1'!$I$4)","v":""},{"$f":"IF(('Data Sheet 1'!$B112)=\"\",\"\",'Data Sheet 1'!$C112)","v":""},{"$f":"IF(('Data Sheet 1'!$B112)=\"\",\"\",'Data Sheet 1'!$D112)","v":""},{"$f":"IF(('Data Sheet 1'!$B112)=\"\",\"\",'Data Sheet 1'!$B112)","v":""},{"$f":"IF(('Data Sheet 1'!$B112)=\"\",\"\",'Data Sheet 1'!$E112)","v":""},{"$f":"IF(('Data Sheet 1'!$B112)=\"\",\"\",'Data Sheet 1'!$F112)","v":""},{"$f":"IF(('Data Sheet 1'!$B112)=\"\",\"\",'Data Sheet 1'!$G112)","v":""},{"$f":"IF(('Data Sheet 1'!$B112)=\"\",\"\",'Data Sheet 1'!$H112)","v":""}]
[{"$f":"IF(('Data Sheet 1'!$B113)=\"\",\"\",'Data Sheet 1'!$C$2)","v":""},{"$f":"IF(('Data Sheet 1'!$B113)=\"\",\"\",'Data Sheet 1'!$D$4)","v":""},{"$f":"IF(('Data Sheet 1'!$B113)=\"\",\"\",'Data Sheet 1'!$I$4)","v":""},{"$f":"IF(('Data Sheet 1'!$B113)=\"\",\"\",'Data Sheet 1'!$C113)","v":""},{"$f":"IF(('Data Sheet 1'!$B113)=\"\",\"\",'Data Sheet 1'!$D113)","v":""},{"$f":"IF(('Data Sheet 1'!$B113)=\"\",\"\",'Data Sheet 1'!$B113)","v":""},{"$f":"IF(('Data Sheet 1'!$B113)=\"\",\"\",'Data Sheet 1'!$E113)","v":""},{"$f":"IF(('Data Sheet 1'!$B113)=\"\",\"\",'Data Sheet 1'!$F113)","v":""},{"$f":"IF(('Data Sheet 1'!$B113)=\"\",\"\",'Data Sheet 1'!$G113)","v":""},{"$f":"IF(('Data Sheet 1'!$B113)=\"\",\"\",'Data Sheet 1'!$H113)","v":""}]
[{"$f":"IF(('Data Sheet 1'!$B114)=\"\",\"\",'Data Sheet 1'!$C$2)","v":""},{"$f":"IF(('Data Sheet 1'!$B114)=\"\",\"\",'Data Sheet 1'!$D$4)","v":""},{"$f":"IF(('Data Sheet 1'!$B114)=\"\",\"\",'Data Sheet 1'!$I$4)","v":""},{"$f":"IF(('Data Sheet 1'!$B114)=\"\",\"\",'Data Sheet 1'!$C114)","v":""},{"$f":"IF(('Data Sheet 1'!$B114)=\"\",\"\",'Data Sheet 1'!$D114)","v":""},{"$f":"IF(('Data Sheet 1'!$B114)=\"\",\"\",'Data Sheet 1'!$B114)","v":""},{"$f":"IF(('Data Sheet 1'!$B114)=\"\",\"\",'Data Sheet 1'!$E114)","v":""},{"$f":"IF(('Data Sheet 1'!$B114)=\"\",\"\",'Data Sheet 1'!$F114)","v":""},{"$f":"IF(('Data Sheet 1'!$B114)=\"\",\"\",'Data Sheet 1'!$G114)","v":""},{"$f":"IF(('Data Sheet 1'!$B114)=\"\",\"\",'Data Sheet 1'!$H114)","v":""}]
[{"$f":"IF(('Data Sheet 1'!$B115)=\"\",\"\",'Data Sheet 1'!$C$2)","v":""},{"$f":"IF(('Data Sheet 1'!$B115)=\"\",\"\",'Data Sheet 1'!$D$4)","v":""},{"$f":"IF(('Data Sheet 1'!$B115)=\"\",\"\",'Data Sheet 1'!$I$4)","v":""},{"$f":"IF(('Data Sheet 1'!$B115)=\"\",\"\",'Data Sheet 1'!$C115)","v":""},{"$f":"IF(('Data Sheet 1'!$B115)=\"\",\"\",'Data Sheet 1'!$D115)","v":""},{"$f":"IF(('Data Sheet 1'!$B115)=\"\",\"\",'Data Sheet 1'!$B115)","v":""},{"$f":"IF(('Data Sheet 1'!$B115)=\"\",\"\",'Data Sheet 1'!$E115)","v":""},{"$f":"IF(('Data Sheet 1'!$B115)=\"\",\"\",'Data Sheet 1'!$F115)","v":""},{"$f":"IF(('Data Sheet 1'!$B115)=\"\",\"\",'Data Sheet 1'!$G115)","v":""},{"$f":"IF(('Data Sheet 1'!$B115)=\"\",\"\",'Data Sheet 1'!$H115)","v":""}]
[{"$f":"IF(('Data Sheet 1'!$B116)=\"\",\"\",'Data Sheet 1'!$C$2)","v":""},{"$f":"IF(('Data Sheet 1'!$B116)=\"\",\"\",'Data Sheet 1'!$D$4)","v":""},{"$f":"IF(('Data Sheet 1'!$B116)=\"\",\"\",'Data Sheet 1'!$I$4)","v":""},{"$f":"IF(('Data Sheet 1'!$B116)=\"\",\"\",'Data Sheet 1'!$C116)","v":""},{"$f":"IF(('Data Sheet 1'!$B116)=\"\",\"\",'Data Sheet 1'!$D116)","v":""},{"$f":"IF(('Data Sheet 1'!$B116)=\"\",\"\",'Data Sheet 1'!$B116)","v":""},{"$f":"IF(('Data Sheet 1'!$B116)=\"\",\"\",'Data Sheet 1'!$E116)","v":""},{"$f":"IF(('Data Sheet 1'!$B116)=\"\",\"\",'Data Sheet 1'!$F116)","v":""},{"$f":"IF(('Data Sheet 1'!$B116)=\"\",\"\",'Data Sheet 1'!$G116)","v":""},{"$f":"IF(('Data Sheet 1'!$B116)=\"\",\"\",'Data Sheet 1'!$H116)","v":""}]
[{"$f":"IF(('Data Sheet 1'!$B117)=\"\",\"\",'Data Sheet 1'!$C$2)","v":""},{"$f":"IF(('Data Sheet 1'!$B117)=\"\",\"\",'Data Sheet 1'!$D$4)","v":""},{"$f":"IF(('Data Sheet 1'!$B117)=\"\",\"\",'Data Sheet 1'!$I$4)","v":""},{"$f":"IF(('Data Sheet 1'!$B117)=\"\",\"\",'Data Sheet 1'!$C117)","v":""},{"$f":"IF(('Data Sheet 1'!$B117)=\"\",\"\",'Data Sheet 1'!$D117)","v":""},{"$f":"IF(('Data Sheet 1'!$B117)=\"\",\"\",'Data Sheet 1'!$B117)","v":""},{"$f":"IF(('Data Sheet 1'!$B117)=\"\",\"\",'Data Sheet 1'!$E117)","v":""},{"$f":"IF(('Data Sheet 1'!$B117)=\"\",\"\",'Data Sheet 1'!$F117)","v":""},{"$f":"IF(('Data Sheet 1'!$B117)=\"\",\"\",'Data Sheet 1'!$G117)","v":""},{"$f":"IF(('Data Sheet 1'!$B117)=\"\",\"\",'Data Sheet 1'!$H117)","v":""}]
[{"$f":"IF(('Data Sheet 1'!$B118)=\"\",\"\",'Data Sheet 1'!$C$2)","v":""},{"$f":"IF(('Data Sheet 1'!$B118)=\"\",\"\",'Data Sheet 1'!$D$4)","v":""},{"$f":"IF(('Data Sheet 1'!$B118)=\"\",\"\",'Data Sheet 1'!$I$4)","v":""},{"$f":"IF(('Data Sheet 1'!$B118)=\"\",\"\",'Data Sheet 1'!$C118)","v":""},{"$f":"IF(('Data Sheet 1'!$B118)=\"\",\"\",'Data Sheet 1'!$D118)","v":""},{"$f":"IF(('Data Sheet 1'!$B118)=\"\",\"\",'Data Sheet 1'!$B118)","v":""},{"$f":"IF(('Data Sheet 1'!$B118)=\"\",\"\",'Data Sheet 1'!$E118)","v":""},{"$f":"IF(('Data Sheet 1'!$B118)=\"\",\"\",'Data Sheet 1'!$F118)","v":""},{"$f":"IF(('Data Sheet 1'!$B118)=\"\",\"\",'Data Sheet 1'!$G118)","v":""},{"$f":"IF(('Data Sheet 1'!$B118)=\"\",\"\",'Data Sheet 1'!$H118)","v":""}]
[{"$f":"IF(('Data Sheet 1'!$B119)=\"\",\"\",'Data Sheet 1'!$C$2)","v":""},{"$f":"IF(('Data Sheet 1'!$B119)=\"\",\"\",'Data Sheet 1'!$D$4)","v":""},{"$f":"IF(('Data Sheet 1'!$B119)=\"\",\"\",'Data Sheet 1'!$I$4)","v":""},{"$f":"IF(('Data Sheet 1'!$B119)=\"\",\"\",'Data Sheet 1'!$C119)","v":""},{"$f":"IF(('Data Sheet 1'!$B119)=\"\",\"\",'Data Sheet 1'!$D119)","v":""},{"$f":"IF(('Data Sheet 1'!$B119)=\"\",\"\",'Data Sheet 1'!$B119)","v":""},{"$f":"IF(('Data Sheet 1'!$B119)=\"\",\"\",'Data Sheet 1'!$E119)","v":""},{"$f":"IF(('Data Sheet 1'!$B119)=\"\",\"\",'Data Sheet 1'!$F119)","v":""},{"$f":"IF(('Data Sheet 1'!$B119)=\"\",\"\",'Data Sheet 1'!$G119)","v":""},{"$f":"IF(('Data Sheet 1'!$B119)=\"\",\"\",'Data Sheet 1'!$H119)","v":""}]
[{"$f":"IF(('Data Sheet 1'!$B120)=\"\",\"\",'Data Sheet 1'!$C$2)","v":""},{"$f":"IF(('Data Sheet 1'!$B120)=\"\",\"\",'Data Sheet 1'!$D$4)","v":""},{"$f":"IF(('Data Sheet 1'!$B120)=\"\",\"\",'Data Sheet 1'!$I$4)","v":""},{"$f":"IF(('Data Sheet 1'!$B120)=\"\",\"\",'Data Sheet 1'!$C120)","v":""},{"$f":"IF(('Data Sheet 1'!$B120)=\"\",\"\",'Data Sheet 1'!$D120)","v":""},{"$f":"IF(('Data Sheet 1'!$B120)=\"\",\"\",'Data Sheet 1'!$B120)","v":""},{"$f":"IF(('Data Sheet 1'!$B120)=\"\",\"\",'Data Sheet 1'!$E120)","v":""},{"$f":"IF(('Data Sheet 1'!$B120)=\"\",\"\",'Data Sheet 1'!$F120)","v":""},{"$f":"IF(('Data Sheet 1'!$B120)=\"\",\"\",'Data Sheet 1'!$G120)","v":""},{"$f":"IF(('Data Sheet 1'!$B120)=\"\",\"\",'Data Sheet 1'!$H120)","v":""}]
[{"$f":"IF(('Data Sheet 1'!$B121)=\"\",\"\",'Data Sheet 1'!$C$2)","v":""},{"$f":"IF(('Data Sheet 1'!$B121)=\"\",\"\",'Data Sheet 1'!$D$4)","v":""},{"$f":"IF(('Data Sheet 1'!$B121)=\"\",\"\",'Data Sheet 1'!$I$4)","v":""},{"$f":"IF(('Data Sheet 1'!$B121)=\"\",\"\",'Data Sheet 1'!$C121)","v":""},{"$f":"IF(('Data Sheet 1'!$B121)=\"\",\"\",'Data Sheet 1'!$D121)","v":""},{"$f":"IF(('Data Sheet 1'!$B121)=\"\",\"\",'Data Sheet 1'!$B121)","v":""},{"$f":"IF(('Data Sheet 1'!$B121)=\"\",\"\",'Data Sheet 1'!$E121)","v":""},{"$f":"IF(('Data Sheet 1'!$B121)=\"\",\"\",'Data Sheet 1'!$F121)","v":""},{"$f":"IF(('Data Sheet 1'!$B121)=\"\",\"\",'Data Sheet 1'!$G121)","v":""},{"$f":"IF(('Data Sheet 1'!$B121)=\"\",\"\",'Data Sheet 1'!$H121)","v":""}]
[{"$f":"IF(('Data Sheet 1'!$B122)=\"\",\"\",'Data Sheet 1'!$C$2)","v":""},{"$f":"IF(('Data Sheet 1'!$B122)=\"\",\"\",'Data Sheet 1'!$D$4)","v":""},{"$f":"IF(('Data Sheet 1'!$B122)=\"\",\"\",'Data Sheet 1'!$I$4)","v":""},{"$f":"IF(('Data Sheet 1'!$B122)=\"\",\"\",'Data Sheet 1'!$C122)","v":""},{"$f":"IF(('Data Sheet 1'!$B122)=\"\",\"\",'Data Sheet 1'!$D122)","v":""},{"$f":"IF(('Data Sheet 1'!$B122)=\"\",\"\",'Data Sheet 1'!$B122)","v":""},{"$f":"IF(('Data Sheet 1'!$B122)=\"\",\"\",'Data Sheet 1'!$E122)","v":""},{"$f":"IF(('Data Sheet 1'!$B122)=\"\",\"\",'Data Sheet 1'!$F122)","v":""},{"$f":"IF(('Data Sheet 1'!$B122)=\"\",\"\",'Data Sheet 1'!$G122)","v":""},{"$f":"IF(('Data Sheet 1'!$B122)=\"\",\"\",'Data Sheet 1'!$H122)","v":""}]
[{"$f":"IF(('Data Sheet 1'!$B123)=\"\",\"\",'Data Sheet 1'!$C$2)","v":""},{"$f":"IF(('Data Sheet 1'!$B123)=\"\",\"\",'Data Sheet 1'!$D$4)","v":""},{"$f":"IF(('Data Sheet 1'!$B123)=\"\",\"\",'Data Sheet 1'!$I$4)","v":""},{"$f":"IF(('Data Sheet 1'!$B123)=\"\",\"\",'Data Sheet 1'!$C123)","v":""},{"$f":"IF(('Data Sheet 1'!$B123)=\"\",\"\",'Data Sheet 1'!$D123)","v":""},{"$f":"IF(('Data Sheet 1'!$B123)=\"\",\"\",'Data Sheet 1'!$B123)","v":""},{"$f":"IF(('Data Sheet 1'!$B123)=\"\",\"\",'Data Sheet 1'!$E123)","v":""},{"$f":"IF(('Data Sheet 1'!$B123)=\"\",\"\",'Data Sheet 1'!$F123)","v":""},{"$f":"IF(('Data Sheet 1'!$B123)=\"\",\"\",'Data Sheet 1'!$G123)","v":""},{"$f":"IF(('Data Sheet 1'!$B123)=\"\",\"\",'Data Sheet 1'!$H123)","v":""}]
[{"$f":"IF(('Data Sheet 1'!$B124)=\"\",\"\",'Data Sheet 1'!$C$2)","v":""},{"$f":"IF(('Data Sheet 1'!$B124)=\"\",\"\",'Data Sheet 1'!$D$4)","v":""},{"$f":"IF(('Data Sheet 1'!$B124)=\"\",\"\",'Data Sheet 1'!$I$4)","v":""},{"$f":"IF(('Data Sheet 1'!$B124)=\"\",\"\",'Data Sheet 1'!$C124)","v":""},{"$f":"IF(('Data Sheet 1'!$B124)=\"\",\"\",'Data Sheet 1'!$D124)","v":""},{"$f":"IF(('Data Sheet 1'!$B124)=\"\",\"\",'Data Sheet 1'!$B124)","v":""},{"$f":"IF(('Data Sheet 1'!$B124)=\"\",\"\",'Data Sheet 1'!$E124)","v":""},{"$f":"IF(('Data Sheet 1'!$B124)=\"\",\"\",'Data Sheet 1'!$F124)","v":""},{"$f":"IF(('Data Sheet 1'!$B124)=\"\",\"\",'Data Sheet 1'!$G124)","v":""},{"$f":"IF(('Data Sheet 1'!$B124)=\"\",\"\",'Data Sheet 1'!$H124)","v":""}]
[{"$f":"IF(('Data Sheet 1'!$B125)=\"\",\"\",'Data Sheet 1'!$C$2)","v":""},{"$f":"IF(('Data Sheet 1'!$B125)=\"\",\"\",'Data Sheet 1'!$D$4)","v":""},{"$f":"IF(('Data Sheet 1'!$B125)=\"\",\"\",'Data Sheet 1'!$I$4)","v":""},{"$f":"IF(('Data Sheet 1'!$B125)=\"\",\"\",'Data Sheet 1'!$C125)","v":""},{"$f":"IF(('Data Sheet 1'!$B125)=\"\",\"\",'Data Sheet 1'!$D125)","v":""},{"$f":"IF(('Data Sheet 1'!$B125)=\"\",\"\",'Data Sheet 1'!$B125)","v":""},{"$f":"IF(('Data Sheet 1'!$B125)=\"\",\"\",'Data Sheet 1'!$E125)","v":""},{"$f":"IF(('Data Sheet 1'!$B125)=\"\",\"\",'Data Sheet 1'!$F125)","v":""},{"$f":"IF(('Data Sheet 1'!$B125)=\"\",\"\",'Data Sheet 1'!$G125)","v":""},{"$f":"IF(('Data Sheet 1'!$B125)=\"\",\"\",'Data Sheet 1'!$H125)","v":""}]
[{"$f":"IF(('Data Sheet 1'!$B126)=\"\",\"\",'Data Sheet 1'!$C$2)","v":""},{"$f":"IF(('Data Sheet 1'!$B126)=\"\",\"\",'Data Sheet 1'!$D$4)","v":""},{"$f":"IF(('Data Sheet 1'!$B126)=\"\",\"\",'Data Sheet 1'!$I$4)","v":""},{"$f":"IF(('Data Sheet 1'!$B126)=\"\",\"\",'Data Sheet 1'!$C126)","v":""},{"$f":"IF(('Data Sheet 1'!$B126)=\"\",\"\",'Data Sheet 1'!$D126)","v":""},{"$f":"IF(('Data Sheet 1'!$B126)=\"\",\"\",'Data Sheet 1'!$B126)","v":""},{"$f":"IF(('Data Sheet 1'!$B126)=\"\",\"\",'Data Sheet 1'!$E126)","v":""},{"$f":"IF(('Data Sheet 1'!$B126)=\"\",\"\",'Data Sheet 1'!$F126)","v":""},{"$f":"IF(('Data Sheet 1'!$B126)=\"\",\"\",'Data Sheet 1'!$G126)","v":""},{"$f":"IF(('Data Sheet 1'!$B126)=\"\",\"\",'Data Sheet 1'!$H126)","v":""}]
[{"$f":"IF(('Data Sheet 1'!$B127)=\"\",\"\",'Data Sheet 1'!$C$2)","v":""},{"$f":"IF(('Data Sheet 1'!$B127)=\"\",\"\",'Data Sheet 1'!$D$4)","v":""},{"$f":"IF(('Data Sheet 1'!$B127)=\"\",\"\",'Data Sheet 1'!$I$4)","v":""},{"$f":"IF(('Data Sheet 1'!$B127)=\"\",\"\",'Data Sheet 1'!$C127)","v":""},{"$f":"IF(('Data Sheet 1'!$B127)=\"\",\"\",'Data Sheet 1'!$D127)","v":""},{"$f":"IF(('Data Sheet 1'!$B127)=\"\",\"\",'Data Sheet 1'!$B127)","v":""},{"$f":"IF(('Data Sheet 1'!$B127)=\"\",\"\",'Data Sheet 1'!$E127)","v":""},{"$f":"IF(('Data Sheet 1'!$B127)=\"\",\"\",'Data Sheet 1'!$F127)","v":""},{"$f":"IF(('Data Sheet 1'!$B127)=\"\",\"\",'Data Sheet 1'!$G127)","v":""},{"$f":"IF(('Data Sheet 1'!$B127)=\"\",\"\",'Data Sheet 1'!$H127)","v":""}]
[{"$f":"IF(('Data Sheet 1'!$B128)=\"\",\"\",'Data Sheet 1'!$C$2)","v":""},{"$f":"IF(('Data Sheet 1'!$B128)=\"\",\"\",'Data Sheet 1'!$D$4)","v":""},{"$f":"IF(('Data Sheet 1'!$B128)=\"\",\"\",'Data Sheet 1'!$I$4)","v":""},{"$f":"IF(('Data Sheet 1'!$B128)=\"\",\"\",'Data Sheet 1'!$C128)","v":""},{"$f":"IF(('Data Sheet 1'!$B128)=\"\",\"\",'Data Sheet 1'!$D128)","v":""},{"$f":"IF(('Data Sheet 1'!$B128)=\"\",\"\",'Data Sheet 1'!$B128)","v":""},{"$f":"IF(('Data Sheet 1'!$B128)=\"\",\"\",'Data Sheet 1'!$E128)","v":""},{"$f":"IF(('Data Sheet 1'!$B128)=\"\",\"\",'Data Sheet 1'!$F128)","v":""},{"$f":"IF(('Data Sheet 1'!$B128)=\"\",\"\",'Data Sheet 1'!$G128)","v":""},{"$f":"IF(('Data Sheet 1'!$B128)=\"\",\"\",'Data Sheet 1'!$H128)","v":""}]
[{"$f":"IF(('Data Sheet 1'!$B129)=\"\",\"\",'Data Sheet 1'!$C$2)","v":""},{"$f":"IF(('Data Sheet 1'!$B129)=\"\",\"\",'Data Sheet 1'!$D$4)","v":""},{"$f":"IF(('Data Sheet 1'!$B129)=\"\",\"\",'Data Sheet 1'!$I$4)","v":""},{"$f":"IF(('Data Sheet 1'!$B129)=\"\",\"\",'Data Sheet 1'!$C129)","v":""},{"$f":"IF(('Data Sheet 1'!$B129)=\"\",\"\",'Data Sheet 1'!$D129)","v":""},{"$f":"IF(('Data Sheet 1'!$B129)=\"\",\"\",'Data Sheet 1'!$B129)","v":""},{"$f":"IF(('Data Sheet 1'!$B129)=\"\",\"\",'Data Sheet 1'!$E129)","v":""},{"$f":"IF(('Data Sheet 1'!$B129)=\"\",\"\",'Data Sheet 1'!$F129)","v":""},{"$f":"IF(('Data Sheet 1'!$B129)=\"\",\"\",'Data Sheet 1'!$G129)","v":""},{"$f":"IF(('Data Sheet 1'!$B129)=\"\",\"\",'Data Sheet 1'!$H129)","v":""}]
[{"$f":"IF(('Data Sheet 1'!$B130)=\"\",\"\",'Data Sheet 1'!$C$2)","v":""},{"$f":"IF(('Data Sheet 1'!$B130)=\"\",\"\",'Data Sheet 1'!$D$4)","v":""},{"$f":"IF(('Data Sheet 1'!$B130)=\"\",\"\",'Data Sheet 1'!$I$4)","v":""},{"$f":"IF(('Data Sheet 1'!$B130)=\"\",\"\",'Data Sheet 1'!$C130)","v":""},{"$f":"IF(('Data Sheet 1'!$B130)=\"\",\"\",'Data Sheet 1'!$D130)","v":""},{"$f":"IF(('Data Sheet 1'!$B130)=\"\",\"\",'Data Sheet 1'!$B130)","v":""},{"$f":"IF(('Data Sheet 1'!$B130)=\"\",\"\",'Data Sheet 1'!$E130)","v":""},{"$f":"IF(('Data Sheet 1'!$B130)=\"\",\"\",'Data Sheet 1'!$F130)","v":""},{"$f":"IF(('Data Sheet 1'!$B130)=\"\",\"\",'Data Sheet 1'!$G130)","v":""},{"$f":"IF(('Data Sheet 1'!$B130)=\"\",\"\",'Data Sheet 1'!$H130)","v":""}]
[{"$f":"IF(('Data Sheet 1'!$B131)=\"\",\"\",'Data Sheet 1'!$C$2)","v":""},{"$f":"IF(('Data Sheet 1'!$B131)=\"\",\"\",'Data Sheet 1'!$D$4)","v":""},{"$f":"IF(('Data Sheet 1'!$B131)=\"\",\"\",'Data Sheet 1'!$I$4)","v":""},{"$f":"IF(('Data Sheet 1'!$B131)=\"\",\"\",'Data Sheet 1'!$C131)","v":""},{"$f":"IF(('Data Sheet 1'!$B131)=\"\",\"\",'Data Sheet 1'!$D131)","v":""},{"$f":"IF(('Data Sheet 1'!$B131)=\"\",\"\",'Data Sheet 1'!$B131)","v":""},{"$f":"IF(('Data Sheet 1'!$B131)=\"\",\"\",'Data Sheet 1'!$E131)","v":""},{"$f":"IF(('Data Sheet 1'!$B131)=\"\",\"\",'Data Sheet 1'!$F131)","v":""},{"$f":"IF(('Data Sheet 1'!$B131)=\"\",\"\",'Data Sheet 1'!$G131)","v":""},{"$f":"IF(('Data Sheet 1'!$B131)=\"\",\"\",'Data Sheet 1'!$H131)","v":""}]
[{"$f":"IF(('Data Sheet 1'!$B132)=\"\",\"\",'Data Sheet 1'!$C$2)","v":""},{"$f":"IF(('Data Sheet 1'!$B132)=\"\",\"\",'Data Sheet 1'!$D$4)","v":""},{"$f":"IF(('Data Sheet 1'!$B132)=\"\",\"\",'Data Sheet 1'!$I$4)","v":""},{"$f":"IF(('Data Sheet 1'!$B132)=\"\",\"\",'Data Sheet 1'!$C132)","v":""},{"$f":"IF(('Data Sheet 1'!$B132)=\"\",\"\",'Data Sheet 1'!$D132)","v":""},{"$f":"IF(('Data Sheet 1'!$B132)=\"\",\"\",'Data Sheet 1'!$B132)","v":""},{"$f":"IF(('Data Sheet 1'!$B132)=\"\",\"\",'Data Sheet 1'!$E132)","v":""},{"$f":"IF(('Data Sheet 1'!$B132)=\"\",\"\",'Data Sheet 1'!$F132)","v":""},{"$f":"IF(('Data Sheet 1'!$B132)=\"\",\"\",'Data Sheet 1'!$G132)","v":""},{"$f":"IF(('Data Sheet 1'!$B132)=\"\",\"\",'Data Sheet 1'!$H132)","v":""}]
[{"$f":"IF(('Data Sheet 1'!$B133)=\"\",\"\",'Data Sheet 1'!$C$2)","v":""},{"$f":"IF(('Data Sheet 1'!$B133)=\"\",\"\",'Data Sheet 1'!$D$4)","v":""},{"$f":"IF(('Data Sheet 1'!$B133)=\"\",\"\",'Data Sheet 1'!$I$4)","v":""},{"$f":"IF(('Data Sheet 1'!$B133)=\"\",\"\",'Data Sheet 1'!$C133)","v":""},{"$f":"IF(('Data Sheet 1'!$B133)=\"\",\"\",'Data Sheet 1'!$D133)","v":""},{"$f":"IF(('Data Sheet 1'!$B133)=\"\",\"\",'Data Sheet 1'!$B133)","v":""},{"$f":"IF(('Data Sheet 1'!$B133)=\"\",\"\",'Data Sheet 1'!$E133)","v":""},{"$f":"IF(('Data Sheet 1'!$B133)=\"\",\"\",'Data Sheet 1'!$F133)","v":""},{"$f":"IF(('Data Sheet 1'!$B133)=\"\",\"\",'Data Sheet 1'!$G133)","v":""},{"$f":"IF(('Data Sheet 1'!$B133)=\"\",\"\",'Data Sheet 1'!$H133)","v":""}]
[{"$f":"IF(('Data Sheet 1'!$B134)=\"\",\"\",'Data Sheet 1'!$C$2)","v":""},{"$f":"IF(('Data Sheet 1'!$B134)=\"\",\"\",'Data Sheet 1'!$D$4)","v":""},{"$f":"IF(('Data Sheet 1'!$B134)=\"\",\"\",'Data Sheet 1'!$I$4)","v":""},{"$f":"IF(('Data Sheet 1'!$B134)=\"\",\"\",'Data Sheet 1'!$C134)","v":""},{"$f":"IF(('Data Sheet 1'!$B134)=\"\",\"\",'Data Sheet 1'!$D134)","v":""},{"$f":"IF(('Data Sheet 1'!$B134)=\"\",\"\",'Data Sheet 1'!$B134)","v":""},{"$f":"IF(('Data Sheet 1'!$B134)=\"\",\"\",'Data Sheet 1'!$E134)","v":""},{"$f":"IF(('Data Sheet 1'!$B134)=\"\",\"\",'Data Sheet 1'!$F134)","v":""},{"$f":"IF(('Data Sheet 1'!$B134)=\"\",\"\",'Data Sheet 1'!$G134)","v":""},{"$f":"IF(('Data Sheet 1'!$B134)=\"\",\"\",'Data Sheet 1'!$H134)","v":""}]
[{"$f":"IF(('Data Sheet 1'!$B135)=\"\",\"\",'Data Sheet 1'!$C$2)","v":""},{"$f":"IF(('Data Sheet 1'!$B135)=\"\",\"\",'Data Sheet 1'!$D$4)","v":""},{"$f":"IF(('Data Sheet 1'!$B135)=\"\",\"\",'Data Sheet 1'!$I$4)","v":""},{"$f":"IF(('Data Sheet 1'!$B135)=\"\",\"\",'Data Sheet 1'!$C135)","v":""},{"$f":"IF(('Data Sheet 1'!$B135)=\"\",\"\",'Data Sheet 1'!$D135)","v":""},{"$f":"IF(('Data Sheet 1'!$B135)=\"\",\"\",'Data Sheet 1'!$B135)","v":""},{"$f":"IF(('Data Sheet 1'!$B135)=\"\",\"\",'Data Sheet 1'!$E135)","v":""},{"$f":"IF(('Data Sheet 1'!$B135)=\"\",\"\",'Data Sheet 1'!$F135)","v":""},{"$f":"IF(('Data Sheet 1'!$B135)=\"\",\"\",'Data Sheet 1'!$G135)","v":""},{"$f":"IF(('Data Sheet 1'!$B135)=\"\",\"\",'Data Sheet 1'!$H135)","v":""}]
[{"$f":"IF(('Data Sheet 1'!$B136)=\"\",\"\",'Data Sheet 1'!$C$2)","v":""},{"$f":"IF(('Data Sheet 1'!$B136)=\"\",\"\",'Data Sheet 1'!$D$4)","v":""},{"$f":"IF(('Data Sheet 1'!$B136)=\"\",\"\",'Data Sheet 1'!$I$4)","v":""},{"$f":"IF(('Data Sheet 1'!$B136)=\"\",\"\",'Data Sheet 1'!$C136)","v":""},{"$f":"IF(('Data Sheet 1'!$B136)=\"\",\"\",'Data Sheet 1'!$D136)","v":""},{"$f":"IF(('Data Sheet 1'!$B136)=\"\",\"\",'Data Sheet 1'!$B136)","v":""},{"$f":"IF(('Data Sheet 1'!$B136)=\"\",\"\",'Data Sheet 1'!$E136)","v":""},{"$f":"IF(('Data Sheet 1'!$B136)=\"\",\"\",'Data Sheet 1'!$F136)","v":""},{"$f":"IF(('Data Sheet 1'!$B136)=\"\",\"\",'Data Sheet 1'!$G136)","v":""},{"$f":"IF(('Data Sheet 1'!$B136)=\"\",\"\",'Data Sheet 1'!$H136)","v":""}]
[{"$f":"IF(('Data Sheet 1'!$B137)=\"\",\"\",'Data Sheet 1'!$C$2)","v":""},{"$f":"IF(('Data Sheet 1'!$B137)=\"\",\"\",'Data Sheet 1'!$D$4)","v":""},{"$f":"IF(('Data Sheet 1'!$B137)=\"\",\"\",'Data Sheet 1'!$I$4)","v":""},{"$f":"IF(('Data Sheet 1'!$B137)=\"\",\"\",'Data Sheet 1'!$C137)","v":""},{"$f":"IF(('Data Sheet 1'!$B137)=\"\",\"\",'Data Sheet 1'!$D137)","v":""},{"$f":"IF(('Data Sheet 1'!$B137)=\"\",\"\",'Data Sheet 1'!$B137)","v":""},{"$f":"IF(('Data Sheet 1'!$B137)=\"\",\"\",'Data Sheet 1'!$E137)","v":""},{"$f":"IF(('Data Sheet 1'!$B137)=\"\",\"\",'Data Sheet 1'!$F137)","v":""},{"$f":"IF(('Data Sheet 1'!$B137)=\"\",\"\",'Data Sheet 1'!$G137)","v":""},{"$f":"IF(('Data Sheet 1'!$B137)=\"\",\"\",'Data Sheet 1'!$H137)","v":""}]
[{"$f":"IF(('Data Sheet 1'!$B138)=\"\",\"\",'Data Sheet 1'!$C$2)","v":""},{"$f":"IF(('Data Sheet 1'!$B138)=\"\",\"\",'Data Sheet 1'!$D$4)","v":""},{"$f":"IF(('Data Sheet 1'!$B138)=\"\",\"\",'Data Sheet 1'!$I$4)","v":""},{"$f":"IF(('Data Sheet 1'!$B138)=\"\",\"\",'Data Sheet 1'!$C138)","v":""},{"$f":"IF(('Data Sheet 1'!$B138)=\"\",\"\",'Data Sheet 1'!$D138)","v":""},{"$f":"IF(('Data Sheet 1'!$B138)=\"\",\"\",'Data Sheet 1'!$B138)","v":""},{"$f":"IF(('Data Sheet 1'!$B138)=\"\",\"\",'Data Sheet 1'!$E138)","v":""},{"$f":"IF(('Data Sheet 1'!$B138)=\"\",\"\",'Data Sheet 1'!$F138)","v":""},{"$f":"IF(('Data Sheet 1'!$B138)=\"\",\"\",'Data Sheet 1'!$G138)","v":""},{"$f":"IF(('Data Sheet 1'!$B138)=\"\",\"\",'Data Sheet 1'!$H138)","v":""}]
[{"$f":"IF(('Data Sheet 1'!$B139)=\"\",\"\",'Data Sheet 1'!$C$2)","v":""},{"$f":"IF(('Data Sheet 1'!$B139)=\"\",\"\",'Data Sheet 1'!$D$4)","v":""},{"$f":"IF(('Data Sheet 1'!$B139)=\"\",\"\",'Data Sheet 1'!$I$4)","v":""},{"$f":"IF(('Data Sheet 1'!$B139)=\"\",\"\",'Data Sheet 1'!$C139)","v":""},{"$f":"IF(('Data Sheet 1'!$B139)=\"\",\"\",'Data Sheet 1'!$D139)","v":""},{"$f":"IF(('Data Sheet 1'!$B139)=\"\",\"\",'Data Sheet 1'!$B139)","v":""},{"$f":"IF(('Data Sheet 1'!$B139)=\"\",\"\",'Data Sheet 1'!$E139)","v":""},{"$f":"IF(('Data Sheet 1'!$B139)=\"\",\"\",'Data Sheet 1'!$F139)","v":""},{"$f":"IF(('Data Sheet 1'!$B139)=\"\",\"\",'Data Sheet 1'!$G139)","v":""},{"$f":"IF(('Data Sheet 1'!$B139)=\"\",\"\",'Data Sheet 1'!$H139)","v":""}]
[{"$f":"IF(('Data Sheet 1'!$B140)=\"\",\"\",'Data Sheet 1'!$C$2)","v":""},{"$f":"IF(('Data Sheet 1'!$B140)=\"\",\"\",'Data Sheet 1'!$D$4)","v":""},{"$f":"IF(('Data Sheet 1'!$B140)=\"\",\"\",'Data Sheet 1'!$I$4)","v":""},{"$f":"IF(('Data Sheet 1'!$B140)=\"\",\"\",'Data Sheet 1'!$C140)","v":""},{"$f":"IF(('Data Sheet 1'!$B140)=\"\",\"\",'Data Sheet 1'!$D140)","v":""},{"$f":"IF(('Data Sheet 1'!$B140)=\"\",\"\",'Data Sheet 1'!$B140)","v":""},{"$f":"IF(('Data Sheet 1'!$B140)=\"\",\"\",'Data Sheet 1'!$E140)","v":""},{"$f":"IF(('Data Sheet 1'!$B140)=\"\",\"\",'Data Sheet 1'!$F140)","v":""},{"$f":"IF(('Data Sheet 1'!$B140)=\"\",\"\",'Data Sheet 1'!$G140)","v":""},{"$f":"IF(('Data Sheet 1'!$B140)=\"\",\"\",'Data Sheet 1'!$H140)","v":""}]
[{"$f":"IF(('Data Sheet 1'!$B141)=\"\",\"\",'Data Sheet 1'!$C$2)","v":""},{"$f":"IF(('Data Sheet 1'!$B141)=\"\",\"\",'Data Sheet 1'!$D$4)","v":""},{"$f":"IF(('Data Sheet 1'!$B141)=\"\",\"\",'Data Sheet 1'!$I$4)","v":""},{"$f":"IF(('Data Sheet 1'!$B141)=\"\",\"\",'Data Sheet 1'!$C141)","v":""},{"$f":"IF(('Data Sheet 1'!$B141)=\"\",\"\",'Data Sheet 1'!$D141)","v":""},{"$f":"IF(('Data Sheet 1'!$B141)=\"\",\"\",'Data Sheet 1'!$B141)","v":""},{"$f":"IF(('Data Sheet 1'!$B141)=\"\",\"\",'Data Sheet 1'!$E141)","v":""},{"$f":"IF(('Data Sheet 1'!$B141)=\"\",\"\",'Data Sheet 1'!$F141)","v":""},{"$f":"IF(('Data Sheet 1'!$B141)=\"\",\"\",'Data Sheet 1'!$G141)","v":""},{"$f":"IF(('Data Sheet 1'!$B141)=\"\",\"\",'Data Sheet 1'!$H141)","v":""}]
[{"$f":"IF(('Data Sheet 1'!$B142)=\"\",\"\",'Data Sheet 1'!$C$2)","v":""},{"$f":"IF(('Data Sheet 1'!$B142)=\"\",\"\",'Data Sheet 1'!$D$4)","v":""},{"$f":"IF(('Data Sheet 1'!$B142)=\"\",\"\",'Data Sheet 1'!$I$4)","v":""},{"$f":"IF(('Data Sheet 1'!$B142)=\"\",\"\",'Data Sheet 1'!$C142)","v":""},{"$f":"IF(('Data Sheet 1'!$B142)=\"\",\"\",'Data Sheet 1'!$D142)","v":""},{"$f":"IF(('Data Sheet 1'!$B142)=\"\",\"\",'Data Sheet 1'!$B142)","v":""},{"$f":"IF(('Data Sheet 1'!$B142)=\"\",\"\",'Data Sheet 1'!$E142)","v":""},{"$f":"IF(('Data Sheet 1'!$B142)=\"\",\"\",'Data Sheet 1'!$F142)","v":""},{"$f":"IF(('Data Sheet 1'!$B142)=\"\",\"\",'Data Sheet 1'!$G142)","v":""},{"$f":"IF(('Data Sheet 1'!$B142)=\"\",\"\",'Data Sheet 1'!$H142)","v":""}]
[{"$f":"IF(('Data Sheet 1'!$B143)=\"\",\"\",'Data Sheet 1'!$C$2)","v":""},{"$f":"IF(('Data Sheet 1'!$B143)=\"\",\"\",'Data Sheet 1'!$D$4)","v":""},{"$f":"IF(('Data Sheet 1'!$B143)=\"\",\"\",'Data Sheet 1'!$I$4)","v":""},{"$f":"IF(('Data Sheet 1'!$B143)=\"\",\"\",'Data Sheet 1'!$C143)","v":""},{"$f":"IF(('Data Sheet 1'!$B143)=\"\",\"\",'Data Sheet 1'!$D143)","v":""},{"$f":"IF(('Data Sheet 1'!$B143)=\"\",\"\",'Data Sheet 1'!$B143)","v":""},{"$f":"IF(('Data Sheet 1'!$B143)=\"\",\"\",'Data Sheet 1'!$E143)","v":""},{"$f":"IF(('Data Sheet 1'!$B143)=\"\",\"\",'Data Sheet 1'!$F143)","v":""},{"$f":"IF(('Data Sheet 1'!$B143)=\"\",\"\",'Data Sheet 1'!$G143)","v":""},{"$f":"IF(('Data Sheet 1'!$B143)=\"\",\"\",'Data Sheet 1'!$H143)","v":""}]
[{"$f":"IF(('Data Sheet 1'!$B144)=\"\",\"\",'Data Sheet 1'!$C$2)","v":""},{"$f":"IF(('Data Sheet 1'!$B144)=\"\",\"\",'Data Sheet 1'!$D$4)","v":""},{"$f":"IF(('Data Sheet 1'!$B144)=\"\",\"\",'Data Sheet 1'!$I$4)","v":""},{"$f":"IF(('Data Sheet 1'!$B144)=\"\",\"\",'Data Sheet 1'!$C144)","v":""},{"$f":"IF(('Data Sheet 1'!$B144)=\"\",\"\",'Data Sheet 1'!$D144)","v":""},{"$f":"IF(('Data Sheet 1'!$B144)=\"\",\"\",'Data Sheet 1'!$B144)","v":""},{"$f":"IF(('Data Sheet 1'!$B144)=\"\",\"\",'Data Sheet 1'!$E144)","v":""},{"$f":"IF(('Data Sheet 1'!$B144)=\"\",\"\",'Data Sheet 1'!$F144)","v":""},{"$f":"IF(('Data Sheet 1'!$B144)=\"\",\"\",'Data Sheet 1'!$G144)","v":""},{"$f":"IF(('Data Sheet 1'!$B144)=\"\",\"\",'Data Sheet 1'!$H144)","v":""}]
[{"$f":"IF(('Data Sheet 1'!$B145)=\"\",\"\",'Data Sheet 1'!$C$2)","v":""},{"$f":"IF(('Data Sheet 1'!$B145)=\"\",\"\",'Data Sheet 1'!$D$4)","v":""},{"$f":"IF(('Data Sheet 1'!$B145)=\"\",\"\",'Data Sheet 1'!$I$4)","v":""},{"$f":"IF(('Data Sheet 1'!$B145)=\"\",\"\",'Data Sheet 1'!$C145)","v":""},{"$f":"IF(('Data Sheet 1'!$B145)=\"\",\"\",'Data Sheet 1'!$D145)","v":""},{"$f":"IF(('Data Sheet 1'!$B145)=\"\",\"\",'Data Sheet 1'!$B145)","v":""},{"$f":"IF(('Data Sheet 1'!$B145)=\"\",\"\",'Data Sheet 1'!$E145)","v":""},{"$f":"IF(('Data Sheet 1'!$B145)=\"\",\"\",'Data Sheet 1'!$F145)","v":""},{"$f":"IF(('Data Sheet 1'!$B145)=\"\",\"\",'Data Sheet 1'!$G145)","v":""},{"$f":"IF(('Data Sheet 1'!$B145)=\"\",\"\",'Data Sheet 1'!$H145)","v":""}]
[{"$f":"IF(('Data Sheet 1'!$B146)=\"\",\"\",'Data Sheet 1'!$C$2)","v":""},{"$f":"IF(('Data Sheet 1'!$B146)=\"\",\"\",'Data Sheet 1'!$D$4)","v":""},{"$f":"IF(('Data Sheet 1'!$B146)=\"\",\"\",'Data Sheet 1'!$I$4)","v":""},{"$f":"IF(('Data Sheet 1'!$B146)=\"\",\"\",'Data Sheet 1'!$C146)","v":""},{"$f":"IF(('Data Sheet 1'!$B146)=\"\",\"\",'Data Sheet 1'!$D146)","v":""},{"$f":"IF(('Data Sheet 1'!$B146)=\"\",\"\",'Data Sheet 1'!$B146)","v":""},{"$f":"IF(('Data Sheet 1'!$B146)=\"\",\"\",'Data Sheet 1'!$E146)","v":""},{"$f":"IF(('Data Sheet 1'!$B146)=\"\",\"\",'Data Sheet 1'!$F146)","v":""},{"$f":"IF(('Data Sheet 1'!$B146)=\"\",\"\",'Data Sheet 1'!$G146)","v":""},{"$f":"IF(('Data Sheet 1'!$B146)=\"\",\"\",'Data Sheet 1'!$H146)","v":""}]
[{"$f":"IF(('Data Sheet 1'!$B147)=\"\",\"\",'Data Sheet 1'!$C$2)","v":""},{"$f":"IF(('Data Sheet 1'!$B147)=\"\",\"\",'Data Sheet 1'!$D$4)","v":""},{"$f":"IF(('Data Sheet 1'!$B147)=\"\",\"\",'Data Sheet 1'!$I$4)","v":""},{"$f":"IF(('Data Sheet 1'!$B147)=\"\",\"\",'Data Sheet 1'!$C147)","v":""},{"$f":"IF(('Data Sheet 1'!$B147)=\"\",\"\",'Data Sheet 1'!$D147)","v":""},{"$f":"IF(('Data Sheet 1'!$B147)=\"\",\"\",'Data Sheet 1'!$B147)","v":""},{"$f":"IF(('Data Sheet 1'!$B147)=\"\",\"\",'Data Sheet 1'!$E147)","v":""},{"$f":"IF(('Data Sheet 1'!$B147)=\"\",\"\",'Data Sheet 1'!$F147)","v":""},{"$f":"IF(('Data Sheet 1'!$B147)=\"\",\"\",'Data Sheet 1'!$G147)","v":""},{"$f":"IF(('Data Sheet 1'!$B147)=\"\",\"\",'Data Sheet 1'!$H147)","v":""}]
[{"$f":"IF(('Data Sheet 1'!$B148)=\"\",\"\",'Data Sheet 1'!$C$2)","v":""},{"$f":"IF(('Data Sheet 1'!$B148)=\"\",\"\",'Data Sheet 1'!$D$4)","v":""},{"$f":"IF(('Data Sheet 1'!$B148)=\"\",\"\",'Data Sheet 1'!$I$4)","v":""},{"$f":"IF(('Data Sheet 1'!$B148)=\"\",\"\",'Data Sheet 1'!$C148)","v":""},{"$f":"IF(('Data Sheet 1'!$B148)=\"\",\"\",'Data Sheet 1'!$D148)","v":""},{"$f":"IF(('Data Sheet 1'!$B148)=\"\",\"\",'Data Sheet 1'!$B148)","v":""},{"$f":"IF(('Data Sheet 1'!$B148)=\"\",\"\",'Data Sheet 1'!$E148)","v":""},{"$f":"IF(('Data Sheet 1'!$B148)=\"\",\"\",'Data Sheet 1'!$F148)","v":""},{"$f":"IF(('Data Sheet 1'!$B148)=\"\",\"\",'Data Sheet 1'!$G148)","v":""},{"$f":"IF(('Data Sheet 1'!$B148)=\"\",\"\",'Data Sheet 1'!$H148)","v":""}]
[{"$f":"IF(('Data Sheet 1'!$B149)=\"\",\"\",'Data Sheet 1'!$C$2)","v":""},{"$f":"IF(('Data Sheet 1'!$B149)=\"\",\"\",'Data Sheet 1'!$D$4)","v":""},{"$f":"IF(('Data Sheet 1'!$B149)=\"\",\"\",'Data Sheet 1'!$I$4)","v":""},{"$f":"IF(('Data Sheet 1'!$B149)=\"\",\"\",'Data Sheet 1'!$C149)","v":""},{"$f":"IF(('Data Sheet 1'!$B149)=\"\",\"\",'Data Sheet 1'!$D149)","v":""},{"$f":"IF(('Data Sheet 1'!$B149)=\"\",\"\",'Data Sheet 1'!$B149)","v":""},{"$f":"IF(('Data Sheet 1'!$B149)=\"\",\"\",'Data Sheet 1'!$E149)","v":""},{"$f":"IF(('Data Sheet 1'!$B149)=\"\",\"\",'Data Sheet 1'!$F149)","v":""},{"$f":"IF(('Data Sheet 1'!$B149)=\"\",\"\",'Data Sheet 1'!$G149)","v":""},{"$f":"IF(('Data Sheet 1'!$B149)=\"\",\"\",'Data Sheet 1'!$H149)","v":""}]
[{"$f":"IF(('Data Sheet 1'!$B150)=\"\",\"\",'Data Sheet 1'!$C$2)","v":""},{"$f":"IF(('Data Sheet 1'!$B150)=\"\",\"\",'Data Sheet 1'!$D$4)","v":""},{"$f":"IF(('Data Sheet 1'!$B150)=\"\",\"\",'Data Sheet 1'!$I$4)","v":""},{"$f":"IF(('Data Sheet 1'!$B150)=\"\",\"\",'Data Sheet 1'!$C150)","v":""},{"$f":"IF(('Data Sheet 1'!$B150)=\"\",\"\",'Data Sheet 1'!$D150)","v":""},{"$f":"IF(('Data Sheet 1'!$B150)=\"\",\"\",'Data Sheet 1'!$B150)","v":""},{"$f":"IF(('Data Sheet 1'!$B150)=\"\",\"\",'Data Sheet 1'!$E150)","v":""},{"$f":"IF(('Data Sheet 1'!$B150)=\"\",\"\",'Data Sheet 1'!$F150)","v":""},{"$f":"IF(('Data Sheet 1'!$B150)=\"\",\"\",'Data Sheet 1'!$G150)","v":""},{"$f":"IF(('Data Sheet 1'!$B150)=\"\",\"\",'Data Sheet 1'!$H150)","v":""}]
[{"$f":"IF(('Data Sheet 1'!$B151)=\"\",\"\",'Data Sheet 1'!$C$2)","v":""},{"$f":"IF(('Data Sheet 1'!$B151)=\"\",\"\",'Data Sheet 1'!$D$4)","v":""},{"$f":"IF(('Data Sheet 1'!$B151)=\"\",\"\",'Data Sheet 1'!$I$4)","v":""},{"$f":"IF(('Data Sheet 1'!$B151)=\"\",\"\",'Data Sheet 1'!$C151)","v":""},{"$f":"IF(('Data Sheet 1'!$B151)=\"\",\"\",'Data Sheet 1'!$D151)","v":""},{"$f":"IF(('Data Sheet 1'!$B151)=\"\",\"\",'Data Sheet 1'!$B151)","v":""},{"$f":"IF(('Data Sheet 1'!$B151)=\"\",\"\",'Data Sheet 1'!$E151)","v":""},{"$f":"IF(('Data Sheet 1'!$B151)=\"\",\"\",'Data Sheet 1'!$F151)","v":""},{"$f":"IF(('Data Sheet 1'!$B151)=\"\",\"\",'Data Sheet 1'!$G151)","v":""},{"$f":"IF(('Data Sheet 1'!$B151)=\"\",\"\",'Data Sheet 1'!$H151)","v":""}]
[{"$f":"IF(('Data Sheet 1'!$B152)=\"\",\"\",'Data Sheet 1'!$C$2)","v":""},{"$f":"IF(('Data Sheet 1'!$B152)=\"\",\"\",'Data Sheet 1'!$D$4)","v":""},{"$f":"IF(('Data Sheet 1'!$B152)=\"\",\"\",'Data Sheet 1'!$I$4)","v":""},{"$f":"IF(('Data Sheet 1'!$B152)=\"\",\"\",'Data Sheet 1'!$C152)","v":""},{"$f":"IF(('Data Sheet 1'!$B152)=\"\",\"\",'Data Sheet 1'!$D152)","v":""},{"$f":"IF(('Data Sheet 1'!$B152)=\"\",\"\",'Data Sheet 1'!$B152)","v":""},{"$f":"IF(('Data Sheet 1'!$B152)=\"\",\"\",'Data Sheet 1'!$E152)","v":""},{"$f":"IF(('Data Sheet 1'!$B152)=\"\",\"\",'Data Sheet 1'!$F152)","v":""},{"$f":"IF(('Data Sheet 1'!$B152)=\"\",\"\",'Data Sheet 1'!$G152)","v":""},{"$f":"IF(('Data Sheet 1'!$B152)=\"\",\"\",'Data Sheet 1'!$H152)","v":""}]
[{"$f":"IF(('Data Sheet 1'!$B153)=\"\",\"\",'Data Sheet 1'!$C$2)","v":""},{"$f":"IF(('Data Sheet 1'!$B153)=\"\",\"\",'Data Sheet 1'!$D$4)","v":""},{"$f":"IF(('Data Sheet 1'!$B153)=\"\",\"\",'Data Sheet 1'!$I$4)","v":""},{"$f":"IF(('Data Sheet 1'!$B153)=\"\",\"\",'Data Sheet 1'!$C153)","v":""},{"$f":"IF(('Data Sheet 1'!$B153)=\"\",\"\",'Data Sheet 1'!$D153)","v":""},{"$f":"IF(('Data Sheet 1'!$B153)=\"\",\"\",'Data Sheet 1'!$B153)","v":""},{"$f":"IF(('Data Sheet 1'!$B153)=\"\",\"\",'Data Sheet 1'!$E153)","v":""},{"$f":"IF(('Data Sheet 1'!$B153)=\"\",\"\",'Data Sheet 1'!$F153)","v":""},{"$f":"IF(('Data Sheet 1'!$B153)=\"\",\"\",'Data Sheet 1'!$G153)","v":""},{"$f":"IF(('Data Sheet 1'!$B153)=\"\",\"\",'Data Sheet 1'!$H153)","v":""}]
[{"$f":"IF(('Data Sheet 1'!$B154)=\"\",\"\",'Data Sheet 1'!$C$2)","v":""},{"$f":"IF(('Data Sheet 1'!$B154)=\"\",\"\",'Data Sheet 1'!$D$4)","v":""},{"$f":"IF(('Data Sheet 1'!$B154)=\"\",\"\",'Data Sheet 1'!$I$4)","v":""},{"$f":"IF(('Data Sheet 1'!$B154)=\"\",\"\",'Data Sheet 1'!$C154)","v":""},{"$f":"IF(('Data Sheet 1'!$B154)=\"\",\"\",'Data Sheet 1'!$D154)","v":""},{"$f":"IF(('Data Sheet 1'!$B154)=\"\",\"\",'Data Sheet 1'!$B154)","v":""},{"$f":"IF(('Data Sheet 1'!$B154)=\"\",\"\",'Data Sheet 1'!$E154)","v":""},{"$f":"IF(('Data Sheet 1'!$B154)=\"\",\"\",'Data Sheet 1'!$F154)","v":""},{"$f":"IF(('Data Sheet 1'!$B154)=\"\",\"\",'Data Sheet 1'!$G154)","v":""},{"$f":"IF(('Data Sheet 1'!$B154)=\"\",\"\",'Data Sheet 1'!$H154)","v":""}]
[{"$f":"IF(('Data Sheet 1'!$B155)=\"\",\"\",'Data Sheet 1'!$C$2)","v":""},{"$f":"IF(('Data Sheet 1'!$B155)=\"\",\"\",'Data Sheet 1'!$D$4)","v":""},{"$f":"IF(('Data Sheet 1'!$B155)=\"\",\"\",'Data Sheet 1'!$I$4)","v":""},{"$f":"IF(('Data Sheet 1'!$B155)=\"\",\"\",'Data Sheet 1'!$C155)","v":""},{"$f":"IF(('Data Sheet 1'!$B155)=\"\",\"\",'Data Sheet 1'!$D155)","v":""},{"$f":"IF(('Data Sheet 1'!$B155)=\"\",\"\",'Data Sheet 1'!$B155)","v":""},{"$f":"IF(('Data Sheet 1'!$B155)=\"\",\"\",'Data Sheet 1'!$E155)","v":""},{"$f":"IF(('Data Sheet 1'!$B155)=\"\",\"\",'Data Sheet 1'!$F155)","v":""},{"$f":"IF(('Data Sheet 1'!$B155)=\"\",\"\",'Data Sheet 1'!$G155)","v":""},{"$f":"IF(('Data Sheet 1'!$B155)=\"\",\"\",'Data Sheet 1'!$H155)","v":""}]
[{"$f":"IF(('Data Sheet 1'!$B156)=\"\",\"\",'Data Sheet 1'!$C$2)","v":""},{"$f":"IF(('Data Sheet 1'!$B156)=\"\",\"\",'Data Sheet 1'!$D$4)","v":""},{"$f":"IF(('Data Sheet 1'!$B156)=\"\",\"\",'Data Sheet 1'!$I$4)","v":""},{"$f":"IF(('Data Sheet 1'!$B156)=\"\",\"\",'Data Sheet 1'!$C156)","v":""},{"$f":"IF(('Data Sheet 1'!$B156)=\"\",\"\",'Data Sheet 1'!$D156)","v":""},{"$f":"IF(('Data Sheet 1'!$B156)=\"\",\"\",'Data Sheet 1'!$B156)","v":""},{"$f":"IF(('Data Sheet 1'!$B156)=\"\",\"\",'Data Sheet 1'!$E156)","v":""},{"$f":"IF(('Data Sheet 1'!$B156)=\"\",\"\",'Data Sheet 1'!$F156)","v":""},{"$f":"IF(('Data Sheet 1'!$B156)=\"\",\"\",'Data Sheet 1'!$G156)","v":""},{"$f":"IF(('Data Sheet 1'!$B156)=\"\",\"\",'Data Sheet 1'!$H156)","v":""}]
[{"$f":"IF(('Data Sheet 1'!$B157)=\"\",\"\",'Data Sheet 1'!$C$2)","v":""},{"$f":"IF(('Data Sheet 1'!$B157)=\"\",\"\",'Data Sheet 1'!$D$4)","v":""},{"$f":"IF(('Data Sheet 1'!$B157)=\"\",\"\",'Data Sheet 1'!$I$4)","v":""},{"$f":"IF(('Data Sheet 1'!$B157)=\"\",\"\",'Data Sheet 1'!$C157)","v":""},{"$f":"IF(('Data Sheet 1'!$B157)=\"\",\"\",'Data Sheet 1'!$D157)","v":""},{"$f":"IF(('Data Sheet 1'!$B157)=\"\",\"\",'Data Sheet 1'!$B157)","v":""},{"$f":"IF(('Data Sheet 1'!$B157)=\"\",\"\",'Data Sheet 1'!$E157)","v":""},{"$f":"IF(('Data Sheet 1'!$B157)=\"\",\"\",'Data Sheet 1'!$F157)","v":""},{"$f":"IF(('Data Sheet 1'!$B157)=\"\",\"\",'Data Sheet 1'!$G157)","v":""},{"$f":"IF(('Data Sheet 1'!$B157)=\"\",\"\",'Data Sheet 1'!$H157)","v":""}]
[{"$f":"IF(('Data Sheet 1'!$B158)=\"\",\"\",'Data Sheet 1'!$C$2)","v":""},{"$f":"IF(('Data Sheet 1'!$B158)=\"\",\"\",'Data Sheet 1'!$D$4)","v":""},{"$f":"IF(('Data Sheet 1'!$B158)=\"\",\"\",'Data Sheet 1'!$I$4)","v":""},{"$f":"IF(('Data Sheet 1'!$B158)=\"\",\"\",'Data Sheet 1'!$C158)","v":""},{"$f":"IF(('Data Sheet 1'!$B158)=\"\",\"\",'Data Sheet 1'!$D158)","v":""},{"$f":"IF(('Data Sheet 1'!$B158)=\"\",\"\",'Data Sheet 1'!$B158)","v":""},{"$f":"IF(('Data Sheet 1'!$B158)=\"\",\"\",'Data Sheet 1'!$E158)","v":""},{"$f":"IF(('Data Sheet 1'!$B158)=\"\",\"\",'Data Sheet 1'!$F158)","v":""},{"$f":"IF(('Data Sheet 1'!$B158)=\"\",\"\",'Data Sheet 1'!$G158)","v":""},{"$f":"IF(('Data Sheet 1'!$B158)=\"\",\"\",'Data Sheet 1'!$H158)","v":""}]
[{"$f":"IF(('Data Sheet 1'!$B159)=\"\",\"\",'Data Sheet 1'!$C$2)","v":""},{"$f":"IF(('Data Sheet 1'!$B159)=\"\",\"\",'Data Sheet 1'!$D$4)","v":""},{"$f":"IF(('Data Sheet 1'!$B159)=\"\",\"\",'Data Sheet 1'!$I$4)","v":""},{"$f":"IF(('Data Sheet 1'!$B159)=\"\",\"\",'Data Sheet 1'!$C159)","v":""},{"$f":"IF(('Data Sheet 1'!$B159)=\"\",\"\",'Data Sheet 1'!$D159)","v":""},{"$f":"IF(('Data Sheet 1'!$B159)=\"\",\"\",'Data Sheet 1'!$B159)","v":""},{"$f":"IF(('Data Sheet 1'!$B159)=\"\",\"\",'Data Sheet 1'!$E159)","v":""},{"$f":"IF(('Data Sheet 1'!$B159)=\"\",\"\",'Data Sheet 1'!$F159)","v":""},{"$f":"IF(('Data Sheet 1'!$B159)=\"\",\"\",'Data Sheet 1'!$G159)","v":""},{"$f":"IF(('Data Sheet 1'!$B159)=\"\",\"\",'Data Sheet 1'!$H159)","v":""}]
[{"$f":"IF(('Data Sheet 1'!$B160)=\"\",\"\",'Data Sheet 1'!$C$2)","v":""},{"$f":"IF(('Data Sheet 1'!$B160)=\"\",\"\",'Data Sheet 1'!$D$4)","v":""},{"$f":"IF(('Data Sheet 1'!$B160)=\"\",\"\",'Data Sheet 1'!$I$4)","v":""},{"$f":"IF(('Data Sheet 1'!$B160)=\"\",\"\",'Data Sheet 1'!$C160)","v":""},{"$f":"IF(('Data Sheet 1'!$B160)=\"\",\"\",'Data Sheet 1'!$D160)","v":""},{"$f":"IF(('Data Sheet 1'!$B160)=\"\",\"\",'Data Sheet 1'!$B160)","v":""},{"$f":"IF(('Data Sheet 1'!$B160)=\"\",\"\",'Data Sheet 1'!$E160)","v":""},{"$f":"IF(('Data Sheet 1'!$B160)=\"\",\"\",'Data Sheet 1'!$F160)","v":""},{"$f":"IF(('Data Sheet 1'!$B160)=\"\",\"\",'Data Sheet 1'!$G160)","v":""},{"$f":"IF(('Data Sheet 1'!$B160)=\"\",\"\",'Data Sheet 1'!$H160)","v":""}]
[{"$f":"IF(('Data Sheet 1'!$B161)=\"\",\"\",'Data Sheet 1'!$C$2)","v":""},{"$f":"IF(('Data Sheet 1'!$B161)=\"\",\"\",'Data Sheet 1'!$D$4)","v":""},{"$f":"IF(('Data Sheet 1'!$B161)=\"\",\"\",'Data Sheet 1'!$I$4)","v":""},{"$f":"IF(('Data Sheet 1'!$B161)=\"\",\"\",'Data Sheet 1'!$C161)","v":""},{"$f":"IF(('Data Sheet 1'!$B161)=\"\",\"\",'Data Sheet 1'!$D161)","v":""},{"$f":"IF(('Data Sheet 1'!$B161)=\"\",\"\",'Data Sheet 1'!$B161)","v":""},{"$f":"IF(('Data Sheet 1'!$B161)=\"\",\"\",'Data Sheet 1'!$E161)","v":""},{"$f":"IF(('Data Sheet 1'!$B161)=\"\",\"\",'Data Sheet 1'!$F161)","v":""},{"$f":"IF(('Data Sheet 1'!$B161)=\"\",\"\",'Data Sheet 1'!$G161)","v":""},{"$f":"IF(('Data Sheet 1'!$B161)=\"\",\"\",'Data Sheet 1'!$H161)","v":""}]
[{"$f":"IF(('Data Sheet 1'!$B162)=\"\",\"\",'Data Sheet 1'!$C$2)","v":""},{"$f":"IF(('Data Sheet 1'!$B162)=\"\",\"\",'Data Sheet 1'!$D$4)","v":""},{"$f":"IF(('Data Sheet 1'!$B162)=\"\",\"\",'Data Sheet 1'!$I$4)","v":""},{"$f":"IF(('Data Sheet 1'!$B162)=\"\",\"\",'Data Sheet 1'!$C162)","v":""},{"$f":"IF(('Data Sheet 1'!$B162)=\"\",\"\",'Data Sheet 1'!$D162)","v":""},{"$f":"IF(('Data Sheet 1'!$B162)=\"\",\"\",'Data Sheet 1'!$B162)","v":""},{"$f":"IF(('Data Sheet 1'!$B162)=\"\",\"\",'Data Sheet 1'!$E162)","v":""},{"$f":"IF(('Data Sheet 1'!$B162)=\"\",\"\",'Data Sheet 1'!$F162)","v":""},{"$f":"IF(('Data Sheet 1'!$B162)=\"\",\"\",'Data Sheet 1'!$G162)","v":""},{"$f":"IF(('Data Sheet 1'!$B162)=\"\",\"\",'Data Sheet 1'!$H162)","v":""}]
[{"$f":"IF(('Data Sheet 1'!$B163)=\"\",\"\",'Data Sheet 1'!$C$2)","v":""},{"$f":"IF(('Data Sheet 1'!$B163)=\"\",\"\",'Data Sheet 1'!$D$4)","v":""},{"$f":"IF(('Data Sheet 1'!$B163)=\"\",\"\",'Data Sheet 1'!$I$4)","v":""},{"$f":"IF(('Data Sheet 1'!$B163)=\"\",\"\",'Data Sheet 1'!$C163)","v":""},{"$f":"IF(('Data Sheet 1'!$B163)=\"\",\"\",'Data Sheet 1'!$D163)","v":""},{"$f":"IF(('Data Sheet 1'!$B163)=\"\",\"\",'Data Sheet 1'!$B163)","v":""},{"$f":"IF(('Data Sheet 1'!$B163)=\"\",\"\",'Data Sheet 1'!$E163)","v":""},{"$f":"IF(('Data Sheet 1'!$B163)=\"\",\"\",'Data Sheet 1'!$F163)","v":""},{"$f":"IF(('Data Sheet 1'!$B163)=\"\",\"\",'Data Sheet 1'!$G163)","v":""},{"$f":"IF(('Data Sheet 1'!$B163)=\"\",\"\",'Data Sheet 1'!$H163)","v":""}]
[{"$f":"IF(('Data Sheet 1'!$B164)=\"\",\"\",'Data Sheet 1'!$C$2)","v":""},{"$f":"IF(('Data Sheet 1'!$B164)=\"\",\"\",'Data Sheet 1'!$D$4)","v":""},{"$f":"IF(('Data Sheet 1'!$B164)=\"\",\"\",'Data Sheet 1'!$I$4)","v":""},{"$f":"IF(('Data Sheet 1'!$B164)=\"\",\"\",'Data Sheet 1'!$C164)","v":""},{"$f":"IF(('Data Sheet 1'!$B164)=\"\",\"\",'Data Sheet 1'!$D164)","v":""},{"$f":"IF(('Data Sheet 1'!$B164)=\"\",\"\",'Data Sheet 1'!$B164)","v":""},{"$f":"IF(('Data Sheet 1'!$B164)=\"\",\"\",'Data Sheet 1'!$E164)","v":""},{"$f":"IF(('Data Sheet 1'!$B164)=\"\",\"\",'Data Sheet 1'!$F164)","v":""},{"$f":"IF(('Data Sheet 1'!$B164)=\"\",\"\",'Data Sheet 1'!$G164)","v":""},{"$f":"IF(('Data Sheet 1'!$B164)=\"\",\"\",'Data Sheet 1'!$H164)","v":""}]
[{"$f":"IF(('Data Sheet 1'!$B165)=\"\",\"\",'Data Sheet 1'!$C$2)","v":""},{"$f":"IF(('Data Sheet 1'!$B165)=\"\",\"\",'Data Sheet 1'!$D$4)","v":""},{"$f":"IF(('Data Sheet 1'!$B165)=\"\",\"\",'Data Sheet 1'!$I$4)","v":""},{"$f":"IF(('Data Sheet 1'!$B165)=\"\",\"\",'Data Sheet 1'!$C165)","v":""},{"$f":"IF(('Data Sheet 1'!$B165)=\"\",\"\",'Data Sheet 1'!$D165)","v":""},{"$f":"IF(('Data Sheet 1'!$B165)=\"\",\"\",'Data Sheet 1'!$B165)","v":""},{"$f":"IF(('Data Sheet 1'!$B165)=\"\",\"\",'Data Sheet 1'!$E165)","v":""},{"$f":"IF(('Data Sheet 1'!$B165)=\"\",\"\",'Data Sheet 1'!$F165)","v":""},{"$f":"IF(('Data Sheet 1'!$B165)=\"\",\"\",'Data Sheet 1'!$G165)","v":""},{"$f":"IF(('Data Sheet 1'!$B165)=\"\",\"\",'Data Sheet 1'!$H165)","v":""}]
[{"$f":"IF(('Data Sheet 1'!$B166)=\"\",\"\",'Data Sheet 1'!$C$2)","v":""},{"$f":"IF(('Data Sheet 1'!$B166)=\"\",\"\",'Data Sheet 1'!$D$4)","v":""},{"$f":"IF(('Data Sheet 1'!$B166)=\"\",\"\",'Data Sheet 1'!$I$4)","v":""},{"$f":"IF(('Data Sheet 1'!$B166)=\"\",\"\",'Data Sheet 1'!$C166)","v":""},{"$f":"IF(('Data Sheet 1'!$B166)=\"\",\"\",'Data Sheet 1'!$D166)","v":""},{"$f":"IF(('Data Sheet 1'!$B166)=\"\",\"\",'Data Sheet 1'!$B166)","v":""},{"$f":"IF(('Data Sheet 1'!$B166)=\"\",\"\",'Data Sheet 1'!$E166)","v":""},{"$f":"IF(('Data Sheet 1'!$B166)=\"\",\"\",'Data Sheet 1'!$F166)","v":""},{"$f":"IF(('Data Sheet 1'!$B166)=\"\",\"\",'Data Sheet 1'!$G166)","v":""},{"$f":"IF(('Data Sheet 1'!$B166)=\"\",\"\",'Data Sheet 1'!$H166)","v":""}]
[{"$f":"IF(('Data Sheet 1'!$B167)=\"\",\"\",'Data Sheet 1'!$C$2)","v":""},{"$f":"IF(('Data Sheet 1'!$B167)=\"\",\"\",'Data Sheet 1'!$D$4)","v":""},{"$f":"IF(('Data Sheet 1'!$B167)=\"\",\"\",'Data Sheet 1'!$I$4)","v":""},{"$f":"IF(('Data Sheet 1'!$B167)=\"\",\"\",'Data Sheet 1'!$C167)","v":""},{"$f":"IF(('Data Sheet 1'!$B167)=\"\",\"\",'Data Sheet 1'!$D167)","v":""},{"$f":"IF(('Data Sheet 1'!$B167)=\"\",\"\",'Data Sheet 1'!$B167)","v":""},{"$f":"IF(('Data Sheet 1'!$B167)=\"\",\"\",'Data Sheet 1'!$E167)","v":""},{"$f":"IF(('Data Sheet 1'!$B167)=\"\",\"\",'Data Sheet 1'!$F167)","v":""},{"$f":"IF(('Data Sheet 1'!$B167)=\"\",\"\",'Data Sheet 1'!$G167)","v":""},{"$f":"IF(('Data Sheet 1'!$B167)=\"\",\"\",'Data Sheet 1'!$H167)","v":""}]
[{"$f":"IF(('Data Sheet 1'!$B168)=\"\",\"\",'Data Sheet 1'!$C$2)","v":""},{"$f":"IF(('Data Sheet 1'!$B168)=\"\",\"\",'Data Sheet 1'!$D$4)","v":""},{"$f":"IF(('Data Sheet 1'!$B168)=\"\",\"\",'Data Sheet 1'!$I$4)","v":""},{"$f":"IF(('Data Sheet 1'!$B168)=\"\",\"\",'Data Sheet 1'!$C168)","v":""},{"$f":"IF(('Data Sheet 1'!$B168)=\"\",\"\",'Data Sheet 1'!$D168)","v":""},{"$f":"IF(('Data Sheet 1'!$B168)=\"\",\"\",'Data Sheet 1'!$B168)","v":""},{"$f":"IF(('Data Sheet 1'!$B168)=\"\",\"\",'Data Sheet 1'!$E168)","v":""},{"$f":"IF(('Data Sheet 1'!$B168)=\"\",\"\",'Data Sheet 1'!$F168)","v":""},{"$f":"IF(('Data Sheet 1'!$B168)=\"\",\"\",'Data Sheet 1'!$G168)","v":""},{"$f":"IF(('Data Sheet 1'!$B168)=\"\",\"\",'Data Sheet 1'!$H168)","v":""}]
[{"$f":"IF(('Data Sheet 1'!$B169)=\"\",\"\",'Data Sheet 1'!$C$2)","v":""},{"$f":"IF(('Data Sheet 1'!$B169)=\"\",\"\",'Data Sheet 1'!$D$4)","v":""},{"$f":"IF(('Data Sheet 1'!$B169)=\"\",\"\",'Data Sheet 1'!$I$4)","v":""},{"$f":"IF(('Data Sheet 1'!$B169)=\"\",\"\",'Data Sheet 1'!$C169)","v":""},{"$f":"IF(('Data Sheet 1'!$B169)=\"\",\"\",'Data Sheet 1'!$D169)","v":""},{"$f":"IF(('Data Sheet 1'!$B169)=\"\",\"\",'Data Sheet 1'!$B169)","v":""},{"$f":"IF(('Data Sheet 1'!$B169)=\"\",\"\",'Data Sheet 1'!$E169)","v":""},{"$f":"IF(('Data Sheet 1'!$B169)=\"\",\"\",'Data Sheet 1'!$F169)","v":""},{"$f":"IF(('Data Sheet 1'!$B169)=\"\",\"\",'Data Sheet 1'!$G169)","v":""},{"$f":"IF(('Data Sheet 1'!$B169)=\"\",\"\",'Data Sheet 1'!$H169)","v":""}]
[{"$f":"IF(('Data Sheet 1'!$B170)=\"\",\"\",'Data Sheet 1'!$C$2)","v":""},{"$f":"IF(('Data Sheet 1'!$B170)=\"\",\"\",'Data Sheet 1'!$D$4)","v":""},{"$f":"IF(('Data Sheet 1'!$B170)=\"\",\"\",'Data Sheet 1'!$I$4)","v":""},{"$f":"IF(('Data Sheet 1'!$B170)=\"\",\"\",'Data Sheet 1'!$C170)","v":""},{"$f":"IF(('Data Sheet 1'!$B170)=\"\",\"\",'Data Sheet 1'!$D170)","v":""},{"$f":"IF(('Data Sheet 1'!$B170)=\"\",\"\",'Data Sheet 1'!$B170)","v":""},{"$f":"IF(('Data Sheet 1'!$B170)=\"\",\"\",'Data Sheet 1'!$E170)","v":""},{"$f":"IF(('Data Sheet 1'!$B170)=\"\",\"\",'Data Sheet 1'!$F170)","v":""},{"$f":"IF(('Data Sheet 1'!$B170)=\"\",\"\",'Data Sheet 1'!$G170)","v":""},{"$f":"IF(('Data Sheet 1'!$B170)=\"\",\"\",'Data Sheet 1'!$H170)","v":""}]
[{"$f":"IF(('Data Sheet 1'!$B171)=\"\",\"\",'Data Sheet 1'!$C$2)","v":""},{"$f":"IF(('Data Sheet 1'!$B171)=\"\",\"\",'Data Sheet 1'!$D$4)","v":""},{"$f":"IF(('Data Sheet 1'!$B171)=\"\",\"\",'Data Sheet 1'!$I$4)","v":""},{"$f":"IF(('Data Sheet 1'!$B171)=\"\",\"\",'Data Sheet 1'!$C171)","v":""},{"$f":"IF(('Data Sheet 1'!$B171)=\"\",\"\",'Data Sheet 1'!$D171)","v":""},{"$f":"IF(('Data Sheet 1'!$B171)=\"\",\"\",'Data Sheet 1'!$B171)","v":""},{"$f":"IF(('Data Sheet 1'!$B171)=\"\",\"\",'Data Sheet 1'!$E171)","v":""},{"$f":"IF(('Data Sheet 1'!$B171)=\"\",\"\",'Data Sheet 1'!$F171)","v":""},{"$f":"IF(('Data Sheet 1'!$B171)=\"\",\"\",'Data Sheet 1'!$G171)","v":""},{"$f":"IF(('Data Sheet 1'!$B171)=\"\",\"\",'Data Sheet 1'!$H171)","v":""}]
[{"$f":"IF(('Data Sheet 1'!$B172)=\"\",\"\",'Data Sheet 1'!$C$2)","v":""},{"$f":"IF(('Data Sheet 1'!$B172)=\"\",\"\",'Data Sheet 1'!$D$4)","v":""},{"$f":"IF(('Data Sheet 1'!$B172)=\"\",\"\",'Data Sheet 1'!$I$4)","v":""},{"$f":"IF(('Data Sheet 1'!$B172)=\"\",\"\",'Data Sheet 1'!$C172)","v":""},{"$f":"IF(('Data Sheet 1'!$B172)=\"\",\"\",'Data Sheet 1'!$D172)","v":""},{"$f":"IF(('Data Sheet 1'!$B172)=\"\",\"\",'Data Sheet 1'!$B172)","v":""},{"$f":"IF(('Data Sheet 1'!$B172)=\"\",\"\",'Data Sheet 1'!$E172)","v":""},{"$f":"IF(('Data Sheet 1'!$B172)=\"\",\"\",'Data Sheet 1'!$F172)","v":""},{"$f":"IF(('Data Sheet 1'!$B172)=\"\",\"\",'Data Sheet 1'!$G172)","v":""},{"$f":"IF(('Data Sheet 1'!$B172)=\"\",\"\",'Data Sheet 1'!$H172)","v":""}]
[{"$f":"IF(('Data Sheet 1'!$B173)=\"\",\"\",'Data Sheet 1'!$C$2)","v":""},{"$f":"IF(('Data Sheet 1'!$B173)=\"\",\"\",'Data Sheet 1'!$D$4)","v":""},{"$f":"IF(('Data Sheet 1'!$B173)=\"\",\"\",'Data Sheet 1'!$I$4)","v":""},{"$f":"IF(('Data Sheet 1'!$B173)=\"\",\"\",'Data Sheet 1'!$C173)","v":""},{"$f":"IF(('Data Sheet 1'!$B173)=\"\",\"\",'Data Sheet 1'!$D173)","v":""},{"$f":"IF(('Data Sheet 1'!$B173)=\"\",\"\",'Data Sheet 1'!$B173)","v":""},{"$f":"IF(('Data Sheet 1'!$B173)=\"\",\"\",'Data Sheet 1'!$E173)","v":""},{"$f":"IF(('Data Sheet 1'!$B173)=\"\",\"\",'Data Sheet 1'!$F173)","v":""},{"$f":"IF(('Data Sheet 1'!$B173)=\"\",\"\",'Data Sheet 1'!$G173)","v":""},{"$f":"IF(('Data Sheet 1'!$B173)=\"\",\"\",'Data Sheet 1'!$H173)","v":""}]
[{"$f":"IF(('Data Sheet 1'!$B174)=\"\",\"\",'Data Sheet 1'!$C$2)","v":""},{"$f":"IF(('Data Sheet 1'!$B174)=\"\",\"\",'Data Sheet 1'!$D$4)","v":""},{"$f":"IF(('Data Sheet 1'!$B174)=\"\",\"\",'Data Sheet 1'!$I$4)","v":""},{"$f":"IF(('Data Sheet 1'!$B174)=\"\",\"\",'Data Sheet 1'!$C174)","v":""},{"$f":"IF(('Data Sheet 1'!$B174)=\"\",\"\",'Data Sheet 1'!$D174)","v":""},{"$f":"IF(('Data Sheet 1'!$B174)=\"\",\"\",'Data Sheet 1'!$B174)","v":""},{"$f":"IF(('Data Sheet 1'!$B174)=\"\",\"\",'Data Sheet 1'!$E174)","v":""},{"$f":"IF(('Data Sheet 1'!$B174)=\"\",\"\",'Data Sheet 1'!$F174)","v":""},{"$f":"IF(('Data Sheet 1'!$B174)=\"\",\"\",'Data Sheet 1'!$G174)","v":""},{"$f":"IF(('Data Sheet 1'!$B174)=\"\",\"\",'Data Sheet 1'!$H174)","v":""}]
[{"$f":"IF(('Data Sheet 1'!$B175)=\"\",\"\",'Data Sheet 1'!$C$2)","v":""},{"$f":"IF(('Data Sheet 1'!$B175)=\"\",\"\",'Data Sheet 1'!$D$4)","v":""},{"$f":"IF(('Data Sheet 1'!$B175)=\"\",\"\",'Data Sheet 1'!$I$4)","v":""},{"$f":"IF(('Data Sheet 1'!$B175)=\"\",\"\",'Data Sheet 1'!$C175)","v":""},{"$f":"IF(('Data Sheet 1'!$B175)=\"\",\"\",'Data Sheet 1'!$D175)","v":""},{"$f":"IF(('Data Sheet 1'!$B175)=\"\",\"\",'Data Sheet 1'!$B175)","v":""},{"$f":"IF(('Data Sheet 1'!$B175)=\"\",\"\",'Data Sheet 1'!$E175)","v":""},{"$f":"IF(('Data Sheet 1'!$B175)=\"\",\"\",'Data Sheet 1'!$F175)","v":""},{"$f":"IF(('Data Sheet 1'!$B175)=\"\",\"\",'Data Sheet 1'!$G175)","v":""},{"$f":"IF(('Data Sheet 1'!$B175)=\"\",\"\",'Data Sheet 1'!$H175)","v":""}]
[{"$f":"IF(('Data Sheet 1'!$B176)=\"\",\"\",'Data Sheet 1'!$C$2)","v":""},{"$f":"IF(('Data Sheet 1'!$B176)=\"\",\"\",'Data Sheet 1'!$D$4)","v":""},{"$f":"IF(('Data Sheet 1'!$B176)=\"\",\"\",'Data Sheet 1'!$I$4)","v":""},{"$f":"IF(('Data Sheet 1'!$B176)=\"\",\"\",'Data Sheet 1'!$C176)","v":""},{"$f":"IF(('Data Sheet 1'!$B176)=\"\",\"\",'Data Sheet 1'!$D176)","v":""},{"$f":"IF(('Data Sheet 1'!$B176)=\"\",\"\",'Data Sheet 1'!$B176)","v":""},{"$f":"IF(('Data Sheet 1'!$B176)=\"\",\"\",'Data Sheet 1'!$E176)","v":""},{"$f":"IF(('Data Sheet 1'!$B176)=\"\",\"\",'Data Sheet 1'!$F176)","v":""},{"$f":"IF(('Data Sheet 1'!$B176)=\"\",\"\",'Data Sheet 1'!$G176)","v":""},{"$f":"IF(('Data Sheet 1'!$B176)=\"\",\"\",'Data Sheet 1'!$H176)","v":""}]
[{"$f":"IF(('Data Sheet 1'!$B177)=\"\",\"\",'Data Sheet 1'!$C$2)","v":""},{"$f":"IF(('Data Sheet 1'!$B177)=\"\",\"\",'Data Sheet 1'!$D$4)","v":""},{"$f":"IF(('Data Sheet 1'!$B177)=\"\",\"\",'Data Sheet 1'!$I$4)","v":""},{"$f":"IF(('Data Sheet 1'!$B177)=\"\",\"\",'Data Sheet 1'!$C177)","v":""},{"$f":"IF(('Data Sheet 1'!$B177)=\"\",\"\",'Data Sheet 1'!$D177)","v":""},{"$f":"IF(('Data Sheet 1'!$B177)=\"\",\"\",'Data Sheet 1'!$B177)","v":""},{"$f":"IF(('Data Sheet 1'!$B177)=\"\",\"\",'Data Sheet 1'!$E177)","v":""},{"$f":"IF(('Data Sheet 1'!$B177)=\"\",\"\",'Data Sheet 1'!$F177)","v":""},{"$f":"IF(('Data Sheet 1'!$B177)=\"\",\"\",'Data Sheet 1'!$G177)","v":""},{"$f":"IF(('Data Sheet 1'!$B177)=\"\",\"\",'Data Sheet 1'!$H177)","v":""}]
[{"$f":"IF(('Data Sheet 1'!$B178)=\"\",\"\",'Data Sheet 1'!$C$2)","v":""},{"$f":"IF(('Data Sheet 1'!$B178)=\"\",\"\",'Data Sheet 1'!$D$4)","v":""},{"$f":"IF(('Data Sheet 1'!$B178)=\"\",\"\",'Data Sheet 1'!$I$4)","v":""},{"$f":"IF(('Data Sheet 1'!$B178)=\"\",\"\",'Data Sheet 1'!$C178)","v":""},{"$f":"IF(('Data Sheet 1'!$B178)=\"\",\"\",'Data Sheet 1'!$D178)","v":""},{"$f":"IF(('Data Sheet 1'!$B178)=\"\",\"\",'Data Sheet 1'!$B178)","v":""},{"$f":"IF(('Data Sheet 1'!$B178)=\"\",\"\",'Data Sheet 1'!$E178)","v":""},{"$f":"IF(('Data Sheet 1'!$B178)=\"\",\"\",'Data Sheet 1'!$F178)","v":""},{"$f":"IF(('Data Sheet 1'!$B178)=\"\",\"\",'Data Sheet 1'!$G178)","v":""},{"$f":"IF(('Data Sheet 1'!$B178)=\"\",\"\",'Data Sheet 1'!$H178)","v":""}]
[{"$f":"IF(('Data Sheet 1'!$B179)=\"\",\"\",'Data Sheet 1'!$C$2)","v":""},{"$f":"IF(('Data Sheet 1'!$B179)=\"\",\"\",'Data Sheet 1'!$D$4)","v":""},{"$f":"IF(('Data Sheet 1'!$B179)=\"\",\"\",'Data Sheet 1'!$I$4)","v":""},{"$f":"IF(('Data Sheet 1'!$B179)=\"\",\"\",'Data Sheet 1'!$C179)","v":""},{"$f":"IF(('Data Sheet 1'!$B179)=\"\",\"\",'Data Sheet 1'!$D179)","v":""},{"$f":"IF(('Data Sheet 1'!$B179)=\"\",\"\",'Data Sheet 1'!$B179)","v":""},{"$f":"IF(('Data Sheet 1'!$B179)=\"\",\"\",'Data Sheet 1'!$E179)","v":""},{"$f":"IF(('Data Sheet 1'!$B179)=\"\",\"\",'Data Sheet 1'!$F179)","v":""},{"$f":"IF(('Data Sheet 1'!$B179)=\"\",\"\",'Data Sheet 1'!$G179)","v":""},{"$f":"IF(('Data Sheet 1'!$B179)=\"\",\"\",'Data Sheet 1'!$H179)","v":""}]
[{"$f":"IF(('Data Sheet 1'!$B180)=\"\",\"\",'Data Sheet 1'!$C$2)","v":""},{"$f":"IF(('Data Sheet 1'!$B180)=\"\",\"\",'Data Sheet 1'!$D$4)","v":""},{"$f":"IF(('Data Sheet 1'!$B180)=\"\",\"\",'Data Sheet 1'!$I$4)","v":""},{"$f":"IF(('Data Sheet 1'!$B180)=\"\",\"\",'Data Sheet 1'!$C180)","v":""},{"$f":"IF(('Data Sheet 1'!$B180)=\"\",\"\",'Data Sheet 1'!$D180)","v":""},{"$f":"IF(('Data Sheet 1'!$B180)=\"\",\"\",'Data Sheet 1'!$B180)","v":""},{"$f":"IF(('Data Sheet 1'!$B180)=\"\",\"\",'Data Sheet 1'!$E180)","v":""},{"$f":"IF(('Data Sheet 1'!$B180)=\"\",\"\",'Data Sheet 1'!$F180)","v":""},{"$f":"IF(('Data Sheet 1'!$B180)=\"\",\"\",'Data Sheet 1'!$G180)","v":""},{"$f":"IF(('Data Sheet 1'!$B180)=\"\",\"\",'Data Sheet 1'!$H180)","v":""}]
[{"$f":"IF(('Data Sheet 1'!$B181)=\"\",\"\",'Data Sheet 1'!$C$2)","v":""},{"$f":"IF(('Data Sheet 1'!$B181)=\"\",\"\",'Data Sheet 1'!$D$4)","v":""},{"$f":"IF(('Data Sheet 1'!$B181)=\"\",\"\",'Data Sheet 1'!$I$4)","v":""},{"$f":"IF(('Data Sheet 1'!$B181)=\"\",\"\",'Data Sheet 1'!$C181)","v":""},{"$f":"IF(('Data Sheet 1'!$B181)=\"\",\"\",'Data Sheet 1'!$D181)","v":""},{"$f":"IF(('Data Sheet 1'!$B181)=\"\",\"\",'Data Sheet 1'!$B181)","v":""},{"$f":"IF(('Data Sheet 1'!$B181)=\"\",\"\",'Data Sheet 1'!$E181)","v":""},{"$f":"IF(('Data Sheet 1'!$B181)=\"\",\"\",'Data Sheet 1'!$F181)","v":""},{"$f":"IF(('Data Sheet 1'!$B181)=\"\",\"\",'Data Sheet 1'!$G181)","v":""},{"$f":"IF(('Data Sheet 1'!$B181)=\"\",\"\",'Data Sheet 1'!$H181)","v":""}]
[{"$f":"IF(('Data Sheet 1'!$B182)=\"\",\"\",'Data Sheet 1'!$C$2)","v":""},{"$f":"IF(('Data Sheet 1'!$B182)=\"\",\"\",'Data Sheet 1'!$D$4)","v":""},{"$f":"IF(('Data Sheet 1'!$B182)=\"\",\"\",'Data Sheet 1'!$I$4)","v":""},{"$f":"IF(('Data Sheet 1'!$B182)=\"\",\"\",'Data Sheet 1'!$C182)","v":""},{"$f":"IF(('Data Sheet 1'!$B182)=\"\",\"\",'Data Sheet 1'!$D182)","v":""},{"$f":"IF(('Data Sheet 1'!$B182)=\"\",\"\",'Data Sheet 1'!$B182)","v":""},{"$f":"IF(('Data Sheet 1'!$B182)=\"\",\"\",'Data Sheet 1'!$E182)","v":""},{"$f":"IF(('Data Sheet 1'!$B182)=\"\",\"\",'Data Sheet 1'!$F182)","v":""},{"$f":"IF(('Data Sheet 1'!$B182)=\"\",\"\",'Data Sheet 1'!$G182)","v":""},{"$f":"IF(('Data Sheet 1'!$B182)=\"\",\"\",'Data Sheet 1'!$H182)","v":""}]
[{"$f":"IF(('Data Sheet 1'!$B183)=\"\",\"\",'Data Sheet 1'!$C$2)","v":""},{"$f":"IF(('Data Sheet 1'!$B183)=\"\",\"\",'Data Sheet 1'!$D$4)","v":""},{"$f":"IF(('Data Sheet 1'!$B183)=\"\",\"\",'Data Sheet 1'!$I$4)","v":""},{"$f":"IF(('Data Sheet 1'!$B183)=\"\",\"\",'Data Sheet 1'!$C183)","v":""},{"$f":"IF(('Data Sheet 1'!$B183)=\"\",\"\",'Data Sheet 1'!$D183)","v":""},{"$f":"IF(('Data Sheet 1'!$B183)=\"\",\"\",'Data Sheet 1'!$B183)","v":""},{"$f":"IF(('Data Sheet 1'!$B183)=\"\",\"\",'Data Sheet 1'!$E183)","v":""},{"$f":"IF(('Data Sheet 1'!$B183)=\"\",\"\",'Data Sheet 1'!$F183)","v":""},{"$f":"IF(('Data Sheet 1'!$B183)=\"\",\"\",'Data Sheet 1'!$G183)","v":""},{"$f":"IF(('Data Sheet 1'!$B183)=\"\",\"\",'Data Sheet 1'!$H183)","v":""}]
[{"$f":"IF(('Data Sheet 1'!$B184)=\"\",\"\",'Data Sheet 1'!$C$2)","v":""},{"$f":"IF(('Data Sheet 1'!$B184)=\"\",\"\",'Data Sheet 1'!$D$4)","v":""},{"$f":"IF(('Data Sheet 1'!$B184)=\"\",\"\",'Data Sheet 1'!$I$4)","v":""},{"$f":"IF(('Data Sheet 1'!$B184)=\"\",\"\",'Data Sheet 1'!$C184)","v":""},{"$f":"IF(('Data Sheet 1'!$B184)=\"\",\"\",'Data Sheet 1'!$D184)","v":""},{"$f":"IF(('Data Sheet 1'!$B184)=\"\",\"\",'Data Sheet 1'!$B184)","v":""},{"$f":"IF(('Data Sheet 1'!$B184)=\"\",\"\",'Data Sheet 1'!$E184)","v":""},{"$f":"IF(('Data Sheet 1'!$B184)=\"\",\"\",'Data Sheet 1'!$F184)","v":""},{"$f":"IF(('Data Sheet 1'!$B184)=\"\",\"\",'Data Sheet 1'!$G184)","v":""},{"$f":"IF(('Data Sheet 1'!$B184)=\"\",\"\",'Data Sheet 1'!$H184)","v":""}]
[{"$f":"IF(('Data Sheet 1'!$B185)=\"\",\"\",'Data Sheet 1'!$C$2)","v":""},{"$f":"IF(('Data Sheet 1'!$B185)=\"\",\"\",'Data Sheet 1'!$D$4)","v":""},{"$f":"IF(('Data Sheet 1'!$B185)=\"\",\"\",'Data Sheet 1'!$I$4)","v":""},{"$f":"IF(('Data Sheet 1'!$B185)=\"\",\"\",'Data Sheet 1'!$C185)","v":""},{"$f":"IF(('Data Sheet 1'!$B185)=\"\",\"\",'Data Sheet 1'!$D185)","v":""},{"$f":"IF(('Data Sheet 1'!$B185)=\"\",\"\",'Data Sheet 1'!$B185)","v":""},{"$f":"IF(('Data Sheet 1'!$B185)=\"\",\"\",'Data Sheet 1'!$E185)","v":""},{"$f":"IF(('Data Sheet 1'!$B185)=\"\",\"\",'Data Sheet 1'!$F185)","v":""},{"$f":"IF(('Data Sheet 1'!$B185)=\"\",\"\",'Data Sheet 1'!$G185)","v":""},{"$f":"IF(('Data Sheet 1'!$B185)=\"\",\"\",'Data Sheet 1'!$H185)","v":""}]
[{"$f":"IF(('Data Sheet 1'!$B186)=\"\",\"\",'Data Sheet 1'!$C$2)","v":""},{"$f":"IF(('Data Sheet 1'!$B186)=\"\",\"\",'Data Sheet 1'!$D$4)","v":""},{"$f":"IF(('Data Sheet 1'!$B186)=\"\",\"\",'Data Sheet 1'!$I$4)","v":""},{"$f":"IF(('Data Sheet 1'!$B186)=\"\",\"\",'Data Sheet 1'!$C186)","v":""},{"$f":"IF(('Data Sheet 1'!$B186)=\"\",\"\",'Data Sheet 1'!$D186)","v":""},{"$f":"IF(('Data Sheet 1'!$B186)=\"\",\"\",'Data Sheet 1'!$B186)","v":""},{"$f":"IF(('Data Sheet 1'!$B186)=\"\",\"\",'Data Sheet 1'!$E186)","v":""},{"$f":"IF(('Data Sheet 1'!$B186)=\"\",\"\",'Data Sheet 1'!$F186)","v":""},{"$f":"IF(('Data Sheet 1'!$B186)=\"\",\"\",'Data Sheet 1'!$G186)","v":""},{"$f":"IF(('Data Sheet 1'!$B186)=\"\",\"\",'Data Sheet 1'!$H186)","v":""}]
[{"$f":"IF(('Data Sheet 1'!$B187)=\"\",\"\",'Data Sheet 1'!$C$2)","v":""},{"$f":"IF(('Data Sheet 1'!$B187)=\"\",\"\",'Data Sheet 1'!$D$4)","v":""},{"$f":"IF(('Data Sheet 1'!$B187)=\"\",\"\",'Data Sheet 1'!$I$4)","v":""},{"$f":"IF(('Data Sheet 1'!$B187)=\"\",\"\",'Data Sheet 1'!$C187)","v":""},{"$f":"IF(('Data Sheet 1'!$B187)=\"\",\"\",'Data Sheet 1'!$D187)","v":""},{"$f":"IF(('Data Sheet 1'!$B187)=\"\",\"\",'Data Sheet 1'!$B187)","v":""},{"$f":"IF(('Data Sheet 1'!$B187)=\"\",\"\",'Data Sheet 1'!$E187)","v":""},{"$f":"IF(('Data Sheet 1'!$B187)=\"\",\"\",'Data Sheet 1'!$F187)","v":""},{"$f":"IF(('Data Sheet 1'!$B187)=\"\",\"\",'Data Sheet 1'!$G187)","v":""},{"$f":"IF(('Data Sheet 1'!$B187)=\"\",\"\",'Data Sheet 1'!$H187)","v":""}]
[{"$f":"IF(('Data Sheet 1'!$B188)=\"\",\"\",'Data Sheet 1'!$C$2)","v":""},{"$f":"IF(('Data Sheet 1'!$B188)=\"\",\"\",'Data Sheet 1'!$D$4)","v":""},{"$f":"IF(('Data Sheet 1'!$B188)=\"\",\"\",'Data Sheet 1'!$I$4)","v":""},{"$f":"IF(('Data Sheet 1'!$B188)=\"\",\"\",'Data Sheet 1'!$C188)","v":""},{"$f":"IF(('Data Sheet 1'!$B188)=\"\",\"\",'Data Sheet 1'!$D188)","v":""},{"$f":"IF(('Data Sheet 1'!$B188)=\"\",\"\",'Data Sheet 1'!$B188)","v":""},{"$f":"IF(('Data Sheet 1'!$B188)=\"\",\"\",'Data Sheet 1'!$E188)","v":""},{"$f":"IF(('Data Sheet 1'!$B188)=\"\",\"\",'Data Sheet 1'!$F188)","v":""},{"$f":"IF(('Data Sheet 1'!$B188)=\"\",\"\",'Data Sheet 1'!$G188)","v":""},{"$f":"IF(('Data Sheet 1'!$B188)=\"\",\"\",'Data Sheet 1'!$H188)","v":""}]
[{"$f":"IF(('Data Sheet 1'!$B189)=\"\",\"\",'Data Sheet 1'!$C$2)","v":""},{"$f":"IF(('Data Sheet 1'!$B189)=\"\",\"\",'Data Sheet 1'!$D$4)","v":""},{"$f":"IF(('Data Sheet 1'!$B189)=\"\",\"\",'Data Sheet 1'!$I$4)","v":""},{"$f":"IF(('Data Sheet 1'!$B189)=\"\",\"\",'Data Sheet 1'!$C189)","v":""},{"$f":"IF(('Data Sheet 1'!$B189)=\"\",\"\",'Data Sheet 1'!$D189)","v":""},{"$f":"IF(('Data Sheet 1'!$B189)=\"\",\"\",'Data Sheet 1'!$B189)","v":""},{"$f":"IF(('Data Sheet 1'!$B189)=\"\",\"\",'Data Sheet 1'!$E189)","v":""},{"$f":"IF(('Data Sheet 1'!$B189)=\"\",\"\",'Data Sheet 1'!$F189)","v":""},{"$f":"IF(('Data Sheet 1'!$B189)=\"\",\"\",'Data Sheet 1'!$G189)","v":""},{"$f":"IF(('Data Sheet 1'!$B189)=\"\",\"\",'Data Sheet 1'!$H189)","v":""}]
[{"$f":"IF(('Data Sheet 1'!$B190)=\"\",\"\",'Data Sheet 1'!$C$2)","v":""},{"$f":"IF(('Data Sheet 1'!$B190)=\"\",\"\",'Data Sheet 1'!$D$4)","v":""},{"$f":"IF(('Data Sheet 1'!$B190)=\"\",\"\",'Data Sheet 1'!$I$4)","v":""},{"$f":"IF(('Data Sheet 1'!$B190)=\"\",\"\",'Data Sheet 1'!$C190)","v":""},{"$f":"IF(('Data Sheet 1'!$B190)=\"\",\"\",'Data Sheet 1'!$D190)","v":""},{"$f":"IF(('Data Sheet 1'!$B190)=\"\",\"\",'Data Sheet 1'!$B190)","v":""},{"$f":"IF(('Data Sheet 1'!$B190)=\"\",\"\",'Data Sheet 1'!$E190)","v":""},{"$f":"IF(('Data Sheet 1'!$B190)=\"\",\"\",'Data Sheet 1'!$F190)","v":""},{"$f":"IF(('Data Sheet 1'!$B190)=\"\",\"\",'Data Sheet 1'!$G190)","v":""},{"$f":"IF(('Data Sheet 1'!$B190)=\"\",\"\",'Data Sheet 1'!$H190)","v":""}]
[{"$f":"IF(('Data Sheet 1'!$B191)=\"\",\"\",'Data Sheet 1'!$C$2)","v":""},{"$f":"IF(('Data Sheet 1'!$B191)=\"\",\"\",'Data Sheet 1'!$D$4)","v":""},{"$f":"IF(('Data Sheet 1'!$B191)=\"\",\"\",'Data Sheet 1'!$I$4)","v":""},{"$f":"IF(('Data Sheet 1'!$B191)=\"\",\"\",'Data Sheet 1'!$C191)","v":""},{"$f":"IF(('Data Sheet 1'!$B191)=\"\",\"\",'Data Sheet 1'!$D191)","v":""},{"$f":"IF(('Data Sheet 1'!$B191)=\"\",\"\",'Data Sheet 1'!$B191)","v":""},{"$f":"IF(('Data Sheet 1'!$B191)=\"\",\"\",'Data Sheet 1'!$E191)","v":""},{"$f":"IF(('Data Sheet 1'!$B191)=\"\",\"\",'Data Sheet 1'!$F191)","v":""},{"$f":"IF(('Data Sheet 1'!$B191)=\"\",\"\",'Data Sheet 1'!$G191)","v":""},{"$f":"IF(('Data Sheet 1'!$B191)=\"\",\"\",'Data Sheet 1'!$H191)","v":""}]
[{"$f":"IF(('Data Sheet 1'!$B192)=\"\",\"\",'Data Sheet 1'!$C$2)","v":""},{"$f":"IF(('Data Sheet 1'!$B192)=\"\",\"\",'Data Sheet 1'!$D$4)","v":""},{"$f":"IF(('Data Sheet 1'!$B192)=\"\",\"\",'Data Sheet 1'!$I$4)","v":""},{"$f":"IF(('Data Sheet 1'!$B192)=\"\",\"\",'Data Sheet 1'!$C192)","v":""},{"$f":"IF(('Data Sheet 1'!$B192)=\"\",\"\",'Data Sheet 1'!$D192)","v":""},{"$f":"IF(('Data Sheet 1'!$B192)=\"\",\"\",'Data Sheet 1'!$B192)","v":""},{"$f":"IF(('Data Sheet 1'!$B192)=\"\",\"\",'Data Sheet 1'!$E192)","v":""},{"$f":"IF(('Data Sheet 1'!$B192)=\"\",\"\",'Data Sheet 1'!$F192)","v":""},{"$f":"IF(('Data Sheet 1'!$B192)=\"\",\"\",'Data Sheet 1'!$G192)","v":""},{"$f":"IF(('Data Sheet 1'!$B192)=\"\",\"\",'Data Sheet 1'!$H192)","v":""}]
[{"$f":"IF(('Data Sheet 1'!$B193)=\"\",\"\",'Data Sheet 1'!$C$2)","v":""},{"$f":"IF(('Data Sheet 1'!$B193)=\"\",\"\",'Data Sheet 1'!$D$4)","v":""},{"$f":"IF(('Data Sheet 1'!$B193)=\"\",\"\",'Data Sheet 1'!$I$4)","v":""},{"$f":"IF(('Data Sheet 1'!$B193)=\"\",\"\",'Data Sheet 1'!$C193)","v":""},{"$f":"IF(('Data Sheet 1'!$B193)=\"\",\"\",'Data Sheet 1'!$D193)","v":""},{"$f":"IF(('Data Sheet 1'!$B193)=\"\",\"\",'Data Sheet 1'!$B193)","v":""},{"$f":"IF(('Data Sheet 1'!$B193)=\"\",\"\",'Data Sheet 1'!$E193)","v":""},{"$f":"IF(('Data Sheet 1'!$B193)=\"\",\"\",'Data Sheet 1'!$F193)","v":""},{"$f":"IF(('Data Sheet 1'!$B193)=\"\",\"\",'Data Sheet 1'!$G193)","v":""},{"$f":"IF(('Data Sheet 1'!$B193)=\"\",\"\",'Data Sheet 1'!$H193)","v":""}]
[{"$f":"IF(('Data Sheet 1'!$B194)=\"\",\"\",'Data Sheet 1'!$C$2)","v":""},{"$f":"IF(('Data Sheet 1'!$B194)=\"\",\"\",'Data Sheet 1'!$D$4)","v":""},{"$f":"IF(('Data Sheet 1'!$B194)=\"\",\"\",'Data Sheet 1'!$I$4)","v":""},{"$f":"IF(('Data Sheet 1'!$B194)=\"\",\"\",'Data Sheet 1'!$C194)","v":""},{"$f":"IF(('Data Sheet 1'!$B194)=\"\",\"\",'Data Sheet 1'!$D194)","v":""},{"$f":"IF(('Data Sheet 1'!$B194)=\"\",\"\",'Data Sheet 1'!$B194)","v":""},{"$f":"IF(('Data Sheet 1'!$B194)=\"\",\"\",'Data Sheet 1'!$E194)","v":""},{"$f":"IF(('Data Sheet 1'!$B194)=\"\",\"\",'Data Sheet 1'!$F194)","v":""},{"$f":"IF(('Data Sheet 1'!$B194)=\"\",\"\",'Data Sheet 1'!$G194)","v":""},{"$f":"IF(('Data Sheet 1'!$B194)=\"\",\"\",'Data Sheet 1'!$H194)","v":""}]
[{"$f":"IF(('Data Sheet 1'!$B195)=\"\",\"\",'Data Sheet 1'!$C$2)","v":""},{"$f":"IF(('Data Sheet 1'!$B195)=\"\",\"\",'Data Sheet 1'!$D$4)","v":""},{"$f":"IF(('Data Sheet 1'!$B195)=\"\",\"\",'Data Sheet 1'!$I$4)","v":""},{"$f":"IF(('Data Sheet 1'!$B195)=\"\",\"\",'Data Sheet 1'!$C195)","v":""},{"$f":"IF(('Data Sheet 1'!$B195)=\"\",\"\",'Data Sheet 1'!$D195)","v":""},{"$f":"IF(('Data Sheet 1'!$B195)=\"\",\"\",'Data Sheet 1'!$B195)","v":""},{"$f":"IF(('Data Sheet 1'!$B195)=\"\",\"\",'Data Sheet 1'!$E195)","v":""},{"$f":"IF(('Data Sheet 1'!$B195)=\"\",\"\",'Data Sheet 1'!$F195)","v":""},{"$f":"IF(('Data Sheet 1'!$B195)=\"\",\"\",'Data Sheet 1'!$G195)","v":""},{"$f":"IF(('Data Sheet 1'!$B195)=\"\",\"\",'Data Sheet 1'!$H195)","v":""}]
[{"$f":"IF(('Data Sheet 1'!$B196)=\"\",\"\",'Data Sheet 1'!$C$2)","v":""},{"$f":"IF(('Data Sheet 1'!$B196)=\"\",\"\",'Data Sheet 1'!$D$4)","v":""},{"$f":"IF(('Data Sheet 1'!$B196)=\"\",\"\",'Data Sheet 1'!$I$4)","v":""},{"$f":"IF(('Data Sheet 1'!$B196)=\"\",\"\",'Data Sheet 1'!$C196)","v":""},{"$f":"IF(('Data Sheet 1'!$B196)=\"\",\"\",'Data Sheet 1'!$D196)","v":""},{"$f":"IF(('Data Sheet 1'!$B196)=\"\",\"\",'Data Sheet 1'!$B196)","v":""},{"$f":"IF(('Data Sheet 1'!$B196)=\"\",\"\",'Data Sheet 1'!$E196)","v":""},{"$f":"IF(('Data Sheet 1'!$B196)=\"\",\"\",'Data Sheet 1'!$F196)","v":""},{"$f":"IF(('Data Sheet 1'!$B196)=\"\",\"\",'Data Sheet 1'!$G196)","v":""},{"$f":"IF(('Data Sheet 1'!$B196)=\"\",\"\",'Data Sheet 1'!$H196)","v":""}]
[{"$f":"IF(('Data Sheet 1'!$B197)=\"\",\"\",'Data Sheet 1'!$C$2)","v":""},{"$f":"IF(('Data Sheet 1'!$B197)=\"\",\"\",'Data Sheet 1'!$D$4)","v":""},{"$f":"IF(('Data Sheet 1'!$B197)=\"\",\"\",'Data Sheet 1'!$I$4)","v":""},{"$f":"IF(('Data Sheet 1'!$B197)=\"\",\"\",'Data Sheet 1'!$C197)","v":""},{"$f":"IF(('Data Sheet 1'!$B197)=\"\",\"\",'Data Sheet 1'!$D197)","v":""},{"$f":"IF(('Data Sheet 1'!$B197)=\"\",\"\",'Data Sheet 1'!$B197)","v":""},{"$f":"IF(('Data Sheet 1'!$B197)=\"\",\"\",'Data Sheet 1'!$E197)","v":""},{"$f":"IF(('Data Sheet 1'!$B197)=\"\",\"\",'Data Sheet 1'!$F197)","v":""},{"$f":"IF(('Data Sheet 1'!$B197)=\"\",\"\",'Data Sheet 1'!$G197)","v":""},{"$f":"IF(('Data Sheet 1'!$B197)=\"\",\"\",'Data Sheet 1'!$H197)","v":""}]
[{"$f":"IF(('Data Sheet 1'!$B198)=\"\",\"\",'Data Sheet 1'!$C$2)","v":""},{"$f":"IF(('Data Sheet 1'!$B198)=\"\",\"\",'Data Sheet 1'!$D$4)","v":""},{"$f":"IF(('Data Sheet 1'!$B198)=\"\",\"\",'Data Sheet 1'!$I$4)","v":""},{"$f":"IF(('Data Sheet 1'!$B198)=\"\",\"\",'Data Sheet 1'!$C198)","v":""},{"$f":"IF(('Data Sheet 1'!$B198)=\"\",\"\",'Data Sheet 1'!$D198)","v":""},{"$f":"IF(('Data Sheet 1'!$B198)=\"\",\"\",'Data Sheet 1'!$B198)","v":""},{"$f":"IF(('Data Sheet 1'!$B198)=\"\",\"\",'Data Sheet 1'!$E198)","v":""},{"$f":"IF(('Data Sheet 1'!$B198)=\"\",\"\",'Data Sheet 1'!$F198)","v":""},{"$f":"IF(('Data Sheet 1'!$B198)=\"\",\"\",'Data Sheet 1'!$G198)","v":""},{"$f":"IF(('Data Sheet 1'!$B198)=\"\",\"\",'Data Sheet 1'!$H198)","v":""}]
[{"$f":"IF(('Data Sheet 1'!$B199)=\"\",\"\",'Data Sheet 1'!$C$2)","v":""},{"$f":"IF(('Data Sheet 1'!$B199)=\"\",\"\",'Data Sheet 1'!$D$4)","v":""},{"$f":"IF(('Data Sheet 1'!$B199)=\"\",\"\",'Data Sheet 1'!$I$4)","v":""},{"$f":"IF(('Data Sheet 1'!$B199)=\"\",\"\",'Data Sheet 1'!$C199)","v":""},{"$f":"IF(('Data Sheet 1'!$B199)=\"\",\"\",'Data Sheet 1'!$D199)","v":""},{"$f":"IF(('Data Sheet 1'!$B199)=\"\",\"\",'Data Sheet 1'!$B199)","v":""},{"$f":"IF(('Data Sheet 1'!$B199)=\"\",\"\",'Data Sheet 1'!$E199)","v":""},{"$f":"IF(('Data Sheet 1'!$B199)=\"\",\"\",'Data Sheet 1'!$F199)","v":""},{"$f":"IF(('Data Sheet 1'!$B199)=\"\",\"\",'Data Sheet 1'!$G199)","v":""},{"$f":"IF(('Data Sheet 1'!$B199)=\"\",\"\",'Data Sheet 1'!$H199)","v":""}]
[{"$f":"IF(('Data Sheet 1'!$B200)=\"\",\"\",'Data Sheet 1'!$C$2)","v":""},{"$f":"IF(('Data Sheet 1'!$B200)=\"\",\"\",'Data Sheet 1'!$D$4)","v":""},{"$f":"IF(('Data Sheet 1'!$B200)=\"\",\"\",'Data Sheet 1'!$I$4)","v":""},{"$f":"IF(('Data Sheet 1'!$B200)=\"\",\"\",'Data Sheet 1'!$C200)","v":""},{"$f":"IF(('Data Sheet 1'!$B200)=\"\",\"\",'Data Sheet 1'!$D200)","v":""},{"$f":"IF(('Data Sheet 1'!$B200)=\"\",\"\",'Data Sheet 1'!$B200)","v":""},{"$f":"IF(('Data Sheet 1'!$B200)=\"\",\"\",'Data Sheet 1'!$E200)","v":""},{"$f":"IF(('Data Sheet 1'!$B200)=\"\",\"\",'Data Sheet 1'!$F200)","v":""},{"$f":"IF(('Data Sheet 1'!$B200)=\"\",\"\",'Data Sheet 1'!$G200)","v":""},{"$f":"IF(('Data Sheet 1'!$B200)=\"\",\"\",'Data Sheet 1'!$H200)","v":""}]
[{"$f":"IF(('Data Sheet 1'!$B201)=\"\",\"\",'Data Sheet 1'!$C$2)","v":""},{"$f":"IF(('Data Sheet 1'!$B201)=\"\",\"\",'Data Sheet 1'!$D$4)","v":""},{"$f":"IF(('Data Sheet 1'!$B201)=\"\",\"\",'Data Sheet 1'!$I$4)","v":""},{"$f":"IF(('Data Sheet 1'!$B201)=\"\",\"\",'Data Sheet 1'!$C201)","v":""},{"$f":"IF(('Data Sheet 1'!$B201)=\"\",\"\",'Data Sheet 1'!$D201)","v":""},{"$f":"IF(('Data Sheet 1'!$B201)=\"\",\"\",'Data Sheet 1'!$B201)","v":""},{"$f":"IF(('Data Sheet 1'!$B201)=\"\",\"\",'Data Sheet 1'!$E201)","v":""},{"$f":"IF(('Data Sheet 1'!$B201)=\"\",\"\",'Data Sheet 1'!$F201)","v":""},{"$f":"IF(('Data Sheet 1'!$B201)=\"\",\"\",'Data Sheet 1'!$G201)","v":""},{"$f":"IF(('Data Sheet 1'!$B201)=\"\",\"\",'Data Sheet 1'!$H201)","v":""}]
[{"$f":"IF(('Data Sheet 1'!$B202)=\"\",\"\",'Data Sheet 1'!$C$2)","v":""},{"$f":"IF(('Data Sheet 1'!$B202)=\"\",\"\",'Data Sheet 1'!$D$4)","v":""},{"$f":"IF(('Data Sheet 1'!$B202)=\"\",\"\",'Data Sheet 1'!$I$4)","v":""},{"$f":"IF(('Data Sheet 1'!$B202)=\"\",\"\",'Data Sheet 1'!$C202)","v":""},{"$f":"IF(('Data Sheet 1'!$B202)=\"\",\"\",'Data Sheet 1'!$D202)","v":""},{"$f":"IF(('Data Sheet 1'!$B202)=\"\",\"\",'Data Sheet 1'!$B202)","v":""},{"$f":"IF(('Data Sheet 1'!$B202)=\"\",\"\",'Data Sheet 1'!$E202)","v":""},{"$f":"IF(('Data Sheet 1'!$B202)=\"\",\"\",'Data Sheet 1'!$F202)","v":""},{"$f":"IF(('Data Sheet 1'!$B202)=\"\",\"\",'Data Sheet 1'!$G202)","v":""},{"$f":"IF(('Data Sheet 1'!$B202)=\"\",\"\",'Data Sheet 1'!$H202)","v":""}]
[{"$f":"IF(('Data Sheet 1'!$B203)=\"\",\"\",'Data Sheet 1'!$C$2)","v":""},{"$f":"IF(('Data Sheet 1'!$B203)=\"\",\"\",'Data Sheet 1'!$D$4)","v":""},{"$f":"IF(('Data Sheet 1'!$B203)=\"\",\"\",'Data Sheet 1'!$I$4)","v":""},{"$f":"IF(('Data Sheet 1'!$B203)=\"\",\"\",'Data Sheet 1'!$C203)","v":""},{"$f":"IF(('Data Sheet 1'!$B203)=\"\",\"\",'Data Sheet 1'!$D203)","v":""},{"$f":"IF(('Data Sheet 1'!$B203)=\"\",\"\",'Data Sheet 1'!$B203)","v":""},{"$f":"IF(('Data Sheet 1'!$B203)=\"\",\"\",'Data Sheet 1'!$E203)","v":""},{"$f":"IF(('Data Sheet 1'!$B203)=\"\",\"\",'Data Sheet 1'!$F203)","v":""},{"$f":"IF(('Data Sheet 1'!$B203)=\"\",\"\",'Data Sheet 1'!$G203)","v":""},{"$f":"IF(('Data Sheet 1'!$B203)=\"\",\"\",'Data Sheet 1'!$H203)","v":""}]
[{"$f":"IF(('Data Sheet 1'!$B204)=\"\",\"\",'Data Sheet 1'!$C$2)","v":""},{"$f":"IF(('Data Sheet 1'!$B204)=\"\",\"\",'Data Sheet 1'!$D$4)","v":""},{"$f":"IF(('Data Sheet 1'!$B204)=\"\",\"\",'Data Sheet 1'!$I$4)","v":""},{"$f":"IF(('Data Sheet 1'!$B204)=\"\",\"\",'Data Sheet 1'!$C204)","v":""},{"$f":"IF(('Data Sheet 1'!$B204)=\"\",\"\",'Data Sheet 1'!$D204)","v":""},{"$f":"IF(('Data Sheet 1'!$B204)=\"\",\"\",'Data Sheet 1'!$B204)","v":""},{"$f":"IF(('Data Sheet 1'!$B204)=\"\",\"\",'Data Sheet 1'!$E204)","v":""},{"$f":"IF(('Data Sheet 1'!$B204)=\"\",\"\",'Data Sheet 1'!$F204)","v":""},{"$f":"IF(('Data Sheet 1'!$B204)=\"\",\"\",'Data Sheet 1'!$G204)","v":""},{"$f":"IF(('Data Sheet 1'!$B204)=\"\",\"\",'Data Sheet 1'!$H204)","v":""}]
[{"$f":"IF(('Data Sheet 1'!$B205)=\"\",\"\",'Data Sheet 1'!$C$2)","v":""},{"$f":"IF(('Data Sheet 1'!$B205)=\"\",\"\",'Data Sheet 1'!$D$4)","v":""},{"$f":"IF(('Data Sheet 1'!$B205)=\"\",\"\",'Data Sheet 1'!$I$4)","v":""},{"$f":"IF(('Data Sheet 1'!$B205)=\"\",\"\",'Data Sheet 1'!$C205)","v":""},{"$f":"IF(('Data Sheet 1'!$B205)=\"\",\"\",'Data Sheet 1'!$D205)","v":""},{"$f":"IF(('Data Sheet 1'!$B205)=\"\",\"\",'Data Sheet 1'!$B205)","v":""},{"$f":"IF(('Data Sheet 1'!$B205)=\"\",\"\",'Data Sheet 1'!$E205)","v":""},{"$f":"IF(('Data Sheet 1'!$B205)=\"\",\"\",'Data Sheet 1'!$F205)","v":""},{"$f":"IF(('Data Sheet 1'!$B205)=\"\",\"\",'Data Sheet 1'!$G205)","v":""},{"$f":"IF(('Data Sheet 1'!$B205)=\"\",\"\",'Data Sheet 1'!$H205)","v":""}]
[{"$f":"IF(('Data Sheet 1'!$B206)=\"\",\"\",'Data Sheet 1'!$C$2)","v":""},{"$f":"IF(('Data Sheet 1'!$B206)=\"\",\"\",'Data Sheet 1'!$D$4)","v":""},{"$f":"IF(('Data Sheet 1'!$B206)=\"\",\"\",'Data Sheet 1'!$I$4)","v":""},{"$f":"IF(('Data Sheet 1'!$B206)=\"\",\"\",'Data Sheet 1'!$C206)","v":""},{"$f":"IF(('Data Sheet 1'!$B206)=\"\",\"\",'Data Sheet 1'!$D206)","v":""},{"$f":"IF(('Data Sheet 1'!$B206)=\"\",\"\",'Data Sheet 1'!$B206)","v":""},{"$f":"IF(('Data Sheet 1'!$B206)=\"\",\"\",'Data Sheet 1'!$E206)","v":""},{"$f":"IF(('Data Sheet 1'!$B206)=\"\",\"\",'Data Sheet 1'!$F206)","v":""},{"$f":"IF(('Data Sheet 1'!$B206)=\"\",\"\",'Data Sheet 1'!$G206)","v":""},{"$f":"IF(('Data Sheet 1'!$B206)=\"\",\"\",'Data Sheet 1'!$H206)","v":""}]
[{"$f":"IF(('Data Sheet 1'!$B207)=\"\",\"\",'Data Sheet 1'!$C$2)","v":""},{"$f":"IF(('Data Sheet 1'!$B207)=\"\",\"\",'Data Sheet 1'!$D$4)","v":""},{"$f":"IF(('Data Sheet 1'!$B207)=\"\",\"\",'Data Sheet 1'!$I$4)","v":""},{"$f":"IF(('Data Sheet 1'!$B207)=\"\",\"\",'Data Sheet 1'!$C207)","v":""},{"$f":"IF(('Data Sheet 1'!$B207)=\"\",\"\",'Data Sheet 1'!$D207)","v":""},{"$f":"IF(('Data Sheet 1'!$B207)=\"\",\"\",'Data Sheet 1'!$B207)","v":""},{"$f":"IF(('Data Sheet 1'!$B207)=\"\",\"\",'Data Sheet 1'!$E207)","v":""},{"$f":"IF(('Data Sheet 1'!$B207)=\"\",\"\",'Data Sheet 1'!$F207)","v":""},{"$f":"IF(('Data Sheet 1'!$B207)=\"\",\"\",'Data Sheet 1'!$G207)","v":""},{"$f":"IF(('Data Sheet 1'!$B207)=\"\",\"\",'Data Sheet 1'!$H207)","v":""}]
[{"$f":"IF(('Data Sheet 1'!$B208)=\"\",\"\",'Data Sheet 1'!$C$2)","v":""},{"$f":"IF(('Data Sheet 1'!$B208)=\"\",\"\",'Data Sheet 1'!$D$4)","v":""},{"$f":"IF(('Data Sheet 1'!$B208)=\"\",\"\",'Data Sheet 1'!$I$4)","v":""},{"$f":"IF(('Data Sheet 1'!$B208)=\"\",\"\",'Data Sheet 1'!$C208)","v":""},{"$f":"IF(('Data Sheet 1'!$B208)=\"\",\"\",'Data Sheet 1'!$D208)","v":""},{"$f":"IF(('Data Sheet 1'!$B208)=\"\",\"\",'Data Sheet 1'!$B208)","v":""},{"$f":"IF(('Data Sheet 1'!$B208)=\"\",\"\",'Data Sheet 1'!$E208)","v":""},{"$f":"IF(('Data Sheet 1'!$B208)=\"\",\"\",'Data Sheet 1'!$F208)","v":""},{"$f":"IF(('Data Sheet 1'!$B208)=\"\",\"\",'Data Sheet 1'!$G208)","v":""},{"$f":"IF(('Data Sheet 1'!$B208)=\"\",\"\",'Data Sheet 1'!$H208)","v":""}]
[{"$f":"IF(('Data Sheet 1'!$B209)=\"\",\"\",'Data Sheet 1'!$C$2)","v":""},{"$f":"IF(('Data Sheet 1'!$B209)=\"\",\"\",'Data Sheet 1'!$D$4)","v":""},{"$f":"IF(('Data Sheet 1'!$B209)=\"\",\"\",'Data Sheet 1'!$I$4)","v":""},{"$f":"IF(('Data Sheet 1'!$B209)=\"\",\"\",'Data Sheet 1'!$C209)","v":""},{"$f":"IF(('Data Sheet 1'!$B209)=\"\",\"\",'Data Sheet 1'!$D209)","v":""},{"$f":"IF(('Data Sheet 1'!$B209)=\"\",\"\",'Data Sheet 1'!$B209)","v":""},{"$f":"IF(('Data Sheet 1'!$B209)=\"\",\"\",'Data Sheet 1'!$E209)","v":""},{"$f":"IF(('Data Sheet 1'!$B209)=\"\",\"\",'Data Sheet 1'!$F209)","v":""},{"$f":"IF(('Data Sheet 1'!$B209)=\"\",\"\",'Data Sheet 1'!$G209)","v":""},{"$f":"IF(('Data Sheet 1'!$B209)=\"\",\"\",'Data Sheet 1'!$H209)","v":""}]
[{"$f":"IF(('Data Sheet 1'!$B210)=\"\",\"\",'Data Sheet 1'!$C$2)","v":""},{"$f":"IF(('Data Sheet 1'!$B210)=\"\",\"\",'Data Sheet 1'!$D$4)","v":""},{"$f":"IF(('Data Sheet 1'!$B210)=\"\",\"\",'Data Sheet 1'!$I$4)","v":""},{"$f":"IF(('Data Sheet 1'!$B210)=\"\",\"\",'Data Sheet 1'!$C210)","v":""},{"$f":"IF(('Data Sheet 1'!$B210)=\"\",\"\",'Data Sheet 1'!$D210)","v":""},{"$f":"IF(('Data Sheet 1'!$B210)=\"\",\"\",'Data Sheet 1'!$B210)","v":""},{"$f":"IF(('Data Sheet 1'!$B210)=\"\",\"\",'Data Sheet 1'!$E210)","v":""},{"$f":"IF(('Data Sheet 1'!$B210)=\"\",\"\",'Data Sheet 1'!$F210)","v":""},{"$f":"IF(('Data Sheet 1'!$B210)=\"\",\"\",'Data Sheet 1'!$G210)","v":""},{"$f":"IF(('Data Sheet 1'!$B210)=\"\",\"\",'Data Sheet 1'!$H210)","v":""}]
[{"$f":"IF(('Data Sheet 1'!$B211)=\"\",\"\",'Data Sheet 1'!$C$2)","v":""},{"$f":"IF(('Data Sheet 1'!$B211)=\"\",\"\",'Data Sheet 1'!$D$4)","v":""},{"$f":"IF(('Data Sheet 1'!$B211)=\"\",\"\",'Data Sheet 1'!$I$4)","v":""},{"$f":"IF(('Data Sheet 1'!$B211)=\"\",\"\",'Data Sheet 1'!$C211)","v":""},{"$f":"IF(('Data Sheet 1'!$B211)=\"\",\"\",'Data Sheet 1'!$D211)","v":""},{"$f":"IF(('Data Sheet 1'!$B211)=\"\",\"\",'Data Sheet 1'!$B211)","v":""},{"$f":"IF(('Data Sheet 1'!$B211)=\"\",\"\",'Data Sheet 1'!$E211)","v":""},{"$f":"IF(('Data Sheet 1'!$B211)=\"\",\"\",'Data Sheet 1'!$F211)","v":""},{"$f":"IF(('Data Sheet 1'!$B211)=\"\",\"\",'Data Sheet 1'!$G211)","v":""},{"$f":"IF(('Data Sheet 1'!$B211)=\"\",\"\",'Data Sheet 1'!$H211)","v":""}]
[{"$f":"IF(('Data Sheet 1'!$B212)=\"\",\"\",'Data Sheet 1'!$C$2)","v":""},{"$f":"IF(('Data Sheet 1'!$B212)=\"\",\"\",'Data Sheet 1'!$D$4)","v":""},{"$f":"IF(('Data Sheet 1'!$B212)=\"\",\"\",'Data Sheet 1'!$I$4)","v":""},{"$f":"IF(('Data Sheet 1'!$B212)=\"\",\"\",'Data Sheet 1'!$C212)","v":""},{"$f":"IF(('Data Sheet 1'!$B212)=\"\",\"\",'Data Sheet 1'!$D212)","v":""},{"$f":"IF(('Data Sheet 1'!$B212)=\"\",\"\",'Data Sheet 1'!$B212)","v":""},{"$f":"IF(('Data Sheet 1'!$B212)=\"\",\"\",'Data Sheet 1'!$E212)","v":""},{"$f":"IF(('Data Sheet 1'!$B212)=\"\",\"\",'Data Sheet 1'!$F212)","v":""},{"$f":"IF(('Data Sheet 1'!$B212)=\"\",\"\",'Data Sheet 1'!$G212)","v":""},{"$f":"IF(('Data Sheet 1'!$B212)=\"\",\"\",'Data Sheet 1'!$H212)","v":""}]
[{"$f":"IF(('Data Sheet 1'!$B213)=\"\",\"\",'Data Sheet 1'!$C$2)","v":""},{"$f":"IF(('Data Sheet 1'!$B213)=\"\",\"\",'Data Sheet 1'!$D$4)","v":""},{"$f":"IF(('Data Sheet 1'!$B213)=\"\",\"\",'Data Sheet 1'!$I$4)","v":""},{"$f":"IF(('Data Sheet 1'!$B213)=\"\",\"\",'Data Sheet 1'!$C213)","v":""},{"$f":"IF(('Data Sheet 1'!$B213)=\"\",\"\",'Data Sheet 1'!$D213)","v":""},{"$f":"IF(('Data Sheet 1'!$B213)=\"\",\"\",'Data Sheet 1'!$B213)","v":""},{"$f":"IF(('Data Sheet 1'!$B213)=\"\",\"\",'Data Sheet 1'!$E213)","v":""},{"$f":"IF(('Data Sheet 1'!$B213)=\"\",\"\",'Data Sheet 1'!$F213)","v":""},{"$f":"IF(('Data Sheet 1'!$B213)=\"\",\"\",'Data Sheet 1'!$G213)","v":""},{"$f":"IF(('Data Sheet 1'!$B213)=\"\",\"\",'Data Sheet 1'!$H213)","v":""}]
[{"$f":"IF(('Data Sheet 1'!$B214)=\"\",\"\",'Data Sheet 1'!$C$2)","v":""},{"$f":"IF(('Data Sheet 1'!$B214)=\"\",\"\",'Data Sheet 1'!$D$4)","v":""},{"$f":"IF(('Data Sheet 1'!$B214)=\"\",\"\",'Data Sheet 1'!$I$4)","v":""},{"$f":"IF(('Data Sheet 1'!$B214)=\"\",\"\",'Data Sheet 1'!$C214)","v":""},{"$f":"IF(('Data Sheet 1'!$B214)=\"\",\"\",'Data Sheet 1'!$D214)","v":""},{"$f":"IF(('Data Sheet 1'!$B214)=\"\",\"\",'Data Sheet 1'!$B214)","v":""},{"$f":"IF(('Data Sheet 1'!$B214)=\"\",\"\",'Data Sheet 1'!$E214)","v":""},{"$f":"IF(('Data Sheet 1'!$B214)=\"\",\"\",'Data Sheet 1'!$F214)","v":""},{"$f":"IF(('Data Sheet 1'!$B214)=\"\",\"\",'Data Sheet 1'!$G214)","v":""},{"$f":"IF(('Data Sheet 1'!$B214)=\"\",\"\",'Data Sheet 1'!$H214)","v":""}]
[{"$f":"IF(('Data Sheet 1'!$B215)=\"\",\"\",'Data Sheet 1'!$C$2)","v":""},{"$f":"IF(('Data Sheet 1'!$B215)=\"\",\"\",'Data Sheet 1'!$D$4)","v":""},{"$f":"IF(('Data Sheet 1'!$B215)=\"\",\"\",'Data Sheet 1'!$I$4)","v":""},{"$f":"IF(('Data Sheet 1'!$B215)=\"\",\"\",'Data Sheet 1'!$C215)","v":""},{"$f":"IF(('Data Sheet 1'!$B215)=\"\",\"\",'Data Sheet 1'!$D215)","v":""},{"$f":"IF(('Data Sheet 1'!$B215)=\"\",\"\",'Data Sheet 1'!$B215)","v":""},{"$f":"IF(('Data Sheet 1'!$B215)=\"\",\"\",'Data Sheet 1'!$E215)","v":""},{"$f":"IF(('Data Sheet 1'!$B215)=\"\",\"\",'Data Sheet 1'!$F215)","v":""},{"$f":"IF(('Data Sheet 1'!$B215)=\"\",\"\",'Data Sheet 1'!$G215)","v":""},{"$f":"IF(('Data Sheet 1'!$B215)=\"\",\"\",'Data Sheet 1'!$H215)","v":""}]
[{"$f":"IF(('Data Sheet 1'!$B216)=\"\",\"\",'Data Sheet 1'!$C$2)","v":""},{"$f":"IF(('Data Sheet 1'!$B216)=\"\",\"\",'Data Sheet 1'!$D$4)","v":""},{"$f":"IF(('Data Sheet 1'!$B216)=\"\",\"\",'Data Sheet 1'!$I$4)","v":""},{"$f":"IF(('Data Sheet 1'!$B216)=\"\",\"\",'Data Sheet 1'!$C216)","v":""},{"$f":"IF(('Data Sheet 1'!$B216)=\"\",\"\",'Data Sheet 1'!$D216)","v":""},{"$f":"IF(('Data Sheet 1'!$B216)=\"\",\"\",'Data Sheet 1'!$B216)","v":""},{"$f":"IF(('Data Sheet 1'!$B216)=\"\",\"\",'Data Sheet 1'!$E216)","v":""},{"$f":"IF(('Data Sheet 1'!$B216)=\"\",\"\",'Data Sheet 1'!$F216)","v":""},{"$f":"IF(('Data Sheet 1'!$B216)=\"\",\"\",'Data Sheet 1'!$G216)","v":""},{"$f":"IF(('Data Sheet 1'!$B216)=\"\",\"\",'Data Sheet 1'!$H216)","v":""}]
[{"$f":"IF(('Data Sheet 1'!$B217)=\"\",\"\",'Data Sheet 1'!$C$2)","v":""},{"$f":"IF(('Data Sheet 1'!$B217)=\"\",\"\",'Data Sheet 1'!$D$4)","v":""},{"$f":"IF(('Data Sheet 1'!$B217)=\"\",\"\",'Data Sheet 1'!$I$4)","v":""},{"$f":"IF(('Data Sheet 1'!$B217)=\"\",\"\",'Data Sheet 1'!$C217)","v":""},{"$f":"IF(('Data Sheet 1'!$B217)=\"\",\"\",'Data Sheet 1'!$D217)","v":""},{"$f":"IF(('Data Sheet 1'!$B217)=\"\",\"\",'Data Sheet 1'!$B217)","v":""},{"$f":"IF(('Data Sheet 1'!$B217)=\"\",\"\",'Data Sheet 1'!$E217)","v":""},{"$f":"IF(('Data Sheet 1'!$B217)=\"\",\"\",'Data Sheet 1'!$F217)","v":""},{"$f":"IF(('Data Sheet 1'!$B217)=\"\",\"\",'Data Sheet 1'!$G217)","v":""},{"$f":"IF(('Data Sheet 1'!$B217)=\"\",\"\",'Data Sheet 1'!$H217)","v":""}]
[{"$f":"IF(('Data Sheet 1'!$B218)=\"\",\"\",'Data Sheet 1'!$C$2)","v":""},{"$f":"IF(('Data Sheet 1'!$B218)=\"\",\"\",'Data Sheet 1'!$D$4)","v":""},{"$f":"IF(('Data Sheet 1'!$B218)=\"\",\"\",'Data Sheet 1'!$I$4)","v":""},{"$f":"IF(('Data Sheet 1'!$B218)=\"\",\"\",'Data Sheet 1'!$C218)","v":""},{"$f":"IF(('Data Sheet 1'!$B218)=\"\",\"\",'Data Sheet 1'!$D218)","v":""},{"$f":"IF(('Data Sheet 1'!$B218)=\"\",\"\",'Data Sheet 1'!$B218)","v":""},{"$f":"IF(('Data Sheet 1'!$B218)=\"\",\"\",'Data Sheet 1'!$E218)","v":""},{"$f":"IF(('Data Sheet 1'!$B218)=\"\",\"\",'Data Sheet 1'!$F218)","v":""},{"$f":"IF(('Data Sheet 1'!$B218)=\"\",\"\",'Data Sheet 1'!$G218)","v":""},{"$f":"IF(('Data Sheet 1'!$B218)=\"\",\"\",'Data Sheet 1'!$H218)","v":""}]
[{"$f":"IF(('Data Sheet 1'!$B219)=\"\",\"\",'Data Sheet 1'!$C$2)","v":""},{"$f":"IF(('Data Sheet 1'!$B219)=\"\",\"\",'Data Sheet 1'!$D$4)","v":""},{"$f":"IF(('Data Sheet 1'!$B219)=\"\",\"\",'Data Sheet 1'!$I$4)","v":""},{"$f":"IF(('Data Sheet 1'!$B219)=\"\",\"\",'Data Sheet 1'!$C219)","v":""},{"$f":"IF(('Data Sheet 1'!$B219)=\"\",\"\",'Data Sheet 1'!$D219)","v":""},{"$f":"IF(('Data Sheet 1'!$B219)=\"\",\"\",'Data Sheet 1'!$B219)","v":""},{"$f":"IF(('Data Sheet 1'!$B219)=\"\",\"\",'Data Sheet 1'!$E219)","v":""},{"$f":"IF(('Data Sheet 1'!$B219)=\"\",\"\",'Data Sheet 1'!$F219)","v":""},{"$f":"IF(('Data Sheet 1'!$B219)=\"\",\"\",'Data Sheet 1'!$G219)","v":""},{"$f":"IF(('Data Sheet 1'!$B219)=\"\",\"\",'Data Sheet 1'!$H219)","v":""}]
[{"$f":"IF(('Data Sheet 1'!$B220)=\"\",\"\",'Data Sheet 1'!$C$2)","v":""},{"$f":"IF(('Data Sheet 1'!$B220)=\"\",\"\",'Data Sheet 1'!$D$4)","v":""},{"$f":"IF(('Data Sheet 1'!$B220)=\"\",\"\",'Data Sheet 1'!$I$4)","v":""},{"$f":"IF(('Data Sheet 1'!$B220)=\"\",\"\",'Data Sheet 1'!$C220)","v":""},{"$f":"IF(('Data Sheet 1'!$B220)=\"\",\"\",'Data Sheet 1'!$D220)","v":""},{"$f":"IF(('Data Sheet 1'!$B220)=\"\",\"\",'Data Sheet 1'!$B220)","v":""},{"$f":"IF(('Data Sheet 1'!$B220)=\"\",\"\",'Data Sheet 1'!$E220)","v":""},{"$f":"IF(('Data Sheet 1'!$B220)=\"\",\"\",'Data Sheet 1'!$F220)","v":""},{"$f":"IF(('Data Sheet 1'!$B220)=\"\",\"\",'Data Sheet 1'!$G220)","v":""},{"$f":"IF(('Data Sheet 1'!$B220)=\"\",\"\",'Data Sheet 1'!$H220)","v":""}]
[{"$f":"IF(('Data Sheet 1'!$B221)=\"\",\"\",'Data Sheet 1'!$C$2)","v":""},{"$f":"IF(('Data Sheet 1'!$B221)=\"\",\"\",'Data Sheet 1'!$D$4)","v":""},{"$f":"IF(('Data Sheet 1'!$B221)=\"\",\"\",'Data Sheet 1'!$I$4)","v":""},{"$f":"IF(('Data Sheet 1'!$B221)=\"\",\"\",'Data Sheet 1'!$C221)","v":""},{"$f":"IF(('Data Sheet 1'!$B221)=\"\",\"\",'Data Sheet 1'!$D221)","v":""},{"$f":"IF(('Data Sheet 1'!$B221)=\"\",\"\",'Data Sheet 1'!$B221)","v":""},{"$f":"IF(('Data Sheet 1'!$B221)=\"\",\"\",'Data Sheet 1'!$E221)","v":""},{"$f":"IF(('Data Sheet 1'!$B221)=\"\",\"\",'Data Sheet 1'!$F221)","v":""},{"$f":"IF(('Data Sheet 1'!$B221)=\"\",\"\",'Data Sheet 1'!$G221)","v":""},{"$f":"IF(('Data Sheet 1'!$B221)=\"\",\"\",'Data Sheet 1'!$H221)","v":""}]
[{"$f":"IF(('Data Sheet 1'!$B222)=\"\",\"\",'Data Sheet 1'!$C$2)","v":""},{"$f":"IF(('Data Sheet 1'!$B222)=\"\",\"\",'Data Sheet 1'!$D$4)","v":""},{"$f":"IF(('Data Sheet 1'!$B222)=\"\",\"\",'Data Sheet 1'!$I$4)","v":""},{"$f":"IF(('Data Sheet 1'!$B222)=\"\",\"\",'Data Sheet 1'!$C222)","v":""},{"$f":"IF(('Data Sheet 1'!$B222)=\"\",\"\",'Data Sheet 1'!$D222)","v":""},{"$f":"IF(('Data Sheet 1'!$B222)=\"\",\"\",'Data Sheet 1'!$B222)","v":""},{"$f":"IF(('Data Sheet 1'!$B222)=\"\",\"\",'Data Sheet 1'!$E222)","v":""},{"$f":"IF(('Data Sheet 1'!$B222)=\"\",\"\",'Data Sheet 1'!$F222)","v":""},{"$f":"IF(('Data Sheet 1'!$B222)=\"\",\"\",'Data Sheet 1'!$G222)","v":""},{"$f":"IF(('Data Sheet 1'!$B222)=\"\",\"\",'Data Sheet 1'!$H222)","v":""}]
[{"$f":"IF(('Data Sheet 1'!$B223)=\"\",\"\",'Data Sheet 1'!$C$2)","v":""},{"$f":"IF(('Data Sheet 1'!$B223)=\"\",\"\",'Data Sheet 1'!$D$4)","v":""},{"$f":"IF(('Data Sheet 1'!$B223)=\"\",\"\",'Data Sheet 1'!$I$4)","v":""},{"$f":"IF(('Data Sheet 1'!$B223)=\"\",\"\",'Data Sheet 1'!$C223)","v":""},{"$f":"IF(('Data Sheet 1'!$B223)=\"\",\"\",'Data Sheet 1'!$D223)","v":""},{"$f":"IF(('Data Sheet 1'!$B223)=\"\",\"\",'Data Sheet 1'!$B223)","v":""},{"$f":"IF(('Data Sheet 1'!$B223)=\"\",\"\",'Data Sheet 1'!$E223)","v":""},{"$f":"IF(('Data Sheet 1'!$B223)=\"\",\"\",'Data Sheet 1'!$F223)","v":""},{"$f":"IF(('Data Sheet 1'!$B223)=\"\",\"\",'Data Sheet 1'!$G223)","v":""},{"$f":"IF(('Data Sheet 1'!$B223)=\"\",\"\",'Data Sheet 1'!$H223)","v":""}]
[{"$f":"IF(('Data Sheet 1'!$B224)=\"\",\"\",'Data Sheet 1'!$C$2)","v":""},{"$f":"IF(('Data Sheet 1'!$B224)=\"\",\"\",'Data Sheet 1'!$D$4)","v":""},{"$f":"IF(('Data Sheet 1'!$B224)=\"\",\"\",'Data Sheet 1'!$I$4)","v":""},{"$f":"IF(('Data Sheet 1'!$B224)=\"\",\"\",'Data Sheet 1'!$C224)","v":""},{"$f":"IF(('Data Sheet 1'!$B224)=\"\",\"\",'Data Sheet 1'!$D224)","v":""},{"$f":"IF(('Data Sheet 1'!$B224)=\"\",\"\",'Data Sheet 1'!$B224)","v":""},{"$f":"IF(('Data Sheet 1'!$B224)=\"\",\"\",'Data Sheet 1'!$E224)","v":""},{"$f":"IF(('Data Sheet 1'!$B224)=\"\",\"\",'Data Sheet 1'!$F224)","v":""},{"$f":"IF(('Data Sheet 1'!$B224)=\"\",\"\",'Data Sheet 1'!$G224)","v":""},{"$f":"IF(('Data Sheet 1'!$B224)=\"\",\"\",'Data Sheet 1'!$H224)","v":""}]
[{"$f":"IF(('Data Sheet 1'!$B225)=\"\",\"\",'Data Sheet 1'!$C$2)","v":""},{"$f":"IF(('Data Sheet 1'!$B225)=\"\",\"\",'Data Sheet 1'!$D$4)","v":""},{"$f":"IF(('Data Sheet 1'!$B225)=\"\",\"\",'Data Sheet 1'!$I$4)","v":""},{"$f":"IF(('Data Sheet 1'!$B225)=\"\",\"\",'Data Sheet 1'!$C225)","v":""},{"$f":"IF(('Data Sheet 1'!$B225)=\"\",\"\",'Data Sheet 1'!$D225)","v":""},{"$f":"IF(('Data Sheet 1'!$B225)=\"\",\"\",'Data Sheet 1'!$B225)","v":""},{"$f":"IF(('Data Sheet 1'!$B225)=\"\",\"\",'Data Sheet 1'!$E225)","v":""},{"$f":"IF(('Data Sheet 1'!$B225)=\"\",\"\",'Data Sheet 1'!$F225)","v":""},{"$f":"IF(('Data Sheet 1'!$B225)=\"\",\"\",'Data Sheet 1'!$G225)","v":""},{"$f":"IF(('Data Sheet 1'!$B225)=\"\",\"\",'Data Sheet 1'!$H225)","v":""}]
[{"$f":"IF(('Data Sheet 1'!$B226)=\"\",\"\",'Data Sheet 1'!$C$2)","v":""},{"$f":"IF(('Data Sheet 1'!$B226)=\"\",\"\",'Data Sheet 1'!$D$4)","v":""},{"$f":"IF(('Data Sheet 1'!$B226)=\"\",\"\",'Data Sheet 1'!$I$4)","v":""},{"$f":"IF(('Data Sheet 1'!$B226)=\"\",\"\",'Data Sheet 1'!$C226)","v":""},{"$f":"IF(('Data Sheet 1'!$B226)=\"\",\"\",'Data Sheet 1'!$D226)","v":""},{"$f":"IF(('Data Sheet 1'!$B226)=\"\",\"\",'Data Sheet 1'!$B226)","v":""},{"$f":"IF(('Data Sheet 1'!$B226)=\"\",\"\",'Data Sheet 1'!$E226)","v":""},{"$f":"IF(('Data Sheet 1'!$B226)=\"\",\"\",'Data Sheet 1'!$F226)","v":""},{"$f":"IF(('Data Sheet 1'!$B226)=\"\",\"\",'Data Sheet 1'!$G226)","v":""},{"$f":"IF(('Data Sheet 1'!$B226)=\"\",\"\",'Data Sheet 1'!$H226)","v":""}]
[{"$f":"IF(('Data Sheet 1'!$B227)=\"\",\"\",'Data Sheet 1'!$C$2)","v":""},{"$f":"IF(('Data Sheet 1'!$B227)=\"\",\"\",'Data Sheet 1'!$D$4)","v":""},{"$f":"IF(('Data Sheet 1'!$B227)=\"\",\"\",'Data Sheet 1'!$I$4)","v":""},{"$f":"IF(('Data Sheet 1'!$B227)=\"\",\"\",'Data Sheet 1'!$C227)","v":""},{"$f":"IF(('Data Sheet 1'!$B227)=\"\",\"\",'Data Sheet 1'!$D227)","v":""},{"$f":"IF(('Data Sheet 1'!$B227)=\"\",\"\",'Data Sheet 1'!$B227)","v":""},{"$f":"IF(('Data Sheet 1'!$B227)=\"\",\"\",'Data Sheet 1'!$E227)","v":""},{"$f":"IF(('Data Sheet 1'!$B227)=\"\",\"\",'Data Sheet 1'!$F227)","v":""},{"$f":"IF(('Data Sheet 1'!$B227)=\"\",\"\",'Data Sheet 1'!$G227)","v":""},{"$f":"IF(('Data Sheet 1'!$B227)=\"\",\"\",'Data Sheet 1'!$H227)","v":""}]
[{"$f":"IF(('Data Sheet 1'!$B228)=\"\",\"\",'Data Sheet 1'!$C$2)","v":""},{"$f":"IF(('Data Sheet 1'!$B228)=\"\",\"\",'Data Sheet 1'!$D$4)","v":""},{"$f":"IF(('Data Sheet 1'!$B228)=\"\",\"\",'Data Sheet 1'!$I$4)","v":""},{"$f":"IF(('Data Sheet 1'!$B228)=\"\",\"\",'Data Sheet 1'!$C228)","v":""},{"$f":"IF(('Data Sheet 1'!$B228)=\"\",\"\",'Data Sheet 1'!$D228)","v":""},{"$f":"IF(('Data Sheet 1'!$B228)=\"\",\"\",'Data Sheet 1'!$B228)","v":""},{"$f":"IF(('Data Sheet 1'!$B228)=\"\",\"\",'Data Sheet 1'!$E228)","v":""},{"$f":"IF(('Data Sheet 1'!$B228)=\"\",\"\",'Data Sheet 1'!$F228)","v":""},{"$f":"IF(('Data Sheet 1'!$B228)=\"\",\"\",'Data Sheet 1'!$G228)","v":""},{"$f":"IF(('Data Sheet 1'!$B228)=\"\",\"\",'Data Sheet 1'!$H228)","v":""}]
[{"$f":"IF(('Data Sheet 1'!$B229)=\"\",\"\",'Data Sheet 1'!$C$2)","v":""},{"$f":"IF(('Data Sheet 1'!$B229)=\"\",\"\",'Data Sheet 1'!$D$4)","v":""},{"$f":"IF(('Data Sheet 1'!$B229)=\"\",\"\",'Data Sheet 1'!$I$4)","v":""},{"$f":"IF(('Data Sheet 1'!$B229)=\"\",\"\",'Data Sheet 1'!$C229)","v":""},{"$f":"IF(('Data Sheet 1'!$B229)=\"\",\"\",'Data Sheet 1'!$D229)","v":""},{"$f":"IF(('Data Sheet 1'!$B229)=\"\",\"\",'Data Sheet 1'!$B229)","v":""},{"$f":"IF(('Data Sheet 1'!$B229)=\"\",\"\",'Data Sheet 1'!$E229)","v":""},{"$f":"IF(('Data Sheet 1'!$B229)=\"\",\"\",'Data Sheet 1'!$F229)","v":""},{"$f":"IF(('Data Sheet 1'!$B229)=\"\",\"\",'Data Sheet 1'!$G229)","v":""},{"$f":"IF(('Data Sheet 1'!$B229)=\"\",\"\",'Data Sheet 1'!$H229)","v":""}]
[{"$f":"IF(('Data Sheet 1'!$B230)=\"\",\"\",'Data Sheet 1'!$C$2)","v":""},{"$f":"IF(('Data Sheet 1'!$B230)=\"\",\"\",'Data Sheet 1'!$D$4)","v":""},{"$f":"IF(('Data Sheet 1'!$B230)=\"\",\"\",'Data Sheet 1'!$I$4)","v":""},{"$f":"IF(('Data Sheet 1'!$B230)=\"\",\"\",'Data Sheet 1'!$C230)","v":""},{"$f":"IF(('Data Sheet 1'!$B230)=\"\",\"\",'Data Sheet 1'!$D230)","v":""},{"$f":"IF(('Data Sheet 1'!$B230)=\"\",\"\",'Data Sheet 1'!$B230)","v":""},{"$f":"IF(('Data Sheet 1'!$B230)=\"\",\"\",'Data Sheet 1'!$E230)","v":""},{"$f":"IF(('Data Sheet 1'!$B230)=\"\",\"\",'Data Sheet 1'!$F230)","v":""},{"$f":"IF(('Data Sheet 1'!$B230)=\"\",\"\",'Data Sheet 1'!$G230)","v":""},{"$f":"IF(('Data Sheet 1'!$B230)=\"\",\"\",'Data Sheet 1'!$H230)","v":""}]
[{"$f":"IF(('Data Sheet 1'!$B231)=\"\",\"\",'Data Sheet 1'!$C$2)","v":""},{"$f":"IF(('Data Sheet 1'!$B231)=\"\",\"\",'Data Sheet 1'!$D$4)","v":""},{"$f":"IF(('Data Sheet 1'!$B231)=\"\",\"\",'Data Sheet 1'!$I$4)","v":""},{"$f":"IF(('Data Sheet 1'!$B231)=\"\",\"\",'Data Sheet 1'!$C231)","v":""},{"$f":"IF(('Data Sheet 1'!$B231)=\"\",\"\",'Data Sheet 1'!$D231)","v":""},{"$f":"IF(('Data Sheet 1'!$B231)=\"\",\"\",'Data Sheet 1'!$B231)","v":""},{"$f":"IF(('Data Sheet 1'!$B231)=\"\",\"\",'Data Sheet 1'!$E231)","v":""},{"$f":"IF(('Data Sheet 1'!$B231)=\"\",\"\",'Data Sheet 1'!$F231)","v":""},{"$f":"IF(('Data Sheet 1'!$B231)=\"\",\"\",'Data Sheet 1'!$G231)","v":""},{"$f":"IF(('Data Sheet 1'!$B231)=\"\",\"\",'Data Sheet 1'!$H231)","v":""}]
[{"$f":"IF(('Data Sheet 1'!$B232)=\"\",\"\",'Data Sheet 1'!$C$2)","v":""},{"$f":"IF(('Data Sheet 1'!$B232)=\"\",\"\",'Data Sheet 1'!$D$4)","v":""},{"$f":"IF(('Data Sheet 1'!$B232)=\"\",\"\",'Data Sheet 1'!$I$4)","v":""},{"$f":"IF(('Data Sheet 1'!$B232)=\"\",\"\",'Data Sheet 1'!$C232)","v":""},{"$f":"IF(('Data Sheet 1'!$B232)=\"\",\"\",'Data Sheet 1'!$D232)","v":""},{"$f":"IF(('Data Sheet 1'!$B232)=\"\",\"\",'Data Sheet 1'!$B232)","v":""},{"$f":"IF(('Data Sheet 1'!$B232)=\"\",\"\",'Data Sheet 1'!$E232)","v":""},{"$f":"IF(('Data Sheet 1'!$B232)=\"\",\"\",'Data Sheet 1'!$F232)","v":""},{"$f":"IF(('Data Sheet 1'!$B232)=\"\",\"\",'Data Sheet 1'!$G232)","v":""},{"$f":"IF(('Data Sheet 1'!$B232)=\"\",\"\",'Data Sheet 1'!$H232)","v":""}]
[{"$f":"IF(('Data Sheet 1'!$B233)=\"\",\"\",'Data Sheet 1'!$C$2)","v":""},{"$f":"IF(('Data Sheet 1'!$B233)=\"\",\"\",'Data Sheet 1'!$D$4)","v":""},{"$f":"IF(('Data Sheet 1'!$B233)=\"\",\"\",'Data Sheet 1'!$I$4)","v":""},{"$f":"IF(('Data Sheet 1'!$B233)=\"\",\"\",'Data Sheet 1'!$C233)","v":""},{"$f":"IF(('Data Sheet 1'!$B233)=\"\",\"\",'Data Sheet 1'!$D233)","v":""},{"$f":"IF(('Data Sheet 1'!$B233)=\"\",\"\",'Data Sheet 1'!$B233)","v":""},{"$f":"IF(('Data Sheet 1'!$B233)=\"\",\"\",'Data Sheet 1'!$E233)","v":""},{"$f":"IF(('Data Sheet 1'!$B233)=\"\",\"\",'Data Sheet 1'!$F233)","v":""},{"$f":"IF(('Data Sheet 1'!$B233)=\"\",\"\",'Data Sheet 1'!$G233)","v":""},{"$f":"IF(('Data Sheet 1'!$B233)=\"\",\"\",'Data Sheet 1'!$H233)","v":""}]
[{"$f":"IF(('Data Sheet 1'!$B234)=\"\",\"\",'Data Sheet 1'!$C$2)","v":""},{"$f":"IF(('Data Sheet 1'!$B234)=\"\",\"\",'Data Sheet 1'!$D$4)","v":""},{"$f":"IF(('Data Sheet 1'!$B234)=\"\",\"\",'Data Sheet 1'!$I$4)","v":""},{"$f":"IF(('Data Sheet 1'!$B234)=\"\",\"\",'Data Sheet 1'!$C234)","v":""},{"$f":"IF(('Data Sheet 1'!$B234)=\"\",\"\",'Data Sheet 1'!$D234)","v":""},{"$f":"IF(('Data Sheet 1'!$B234)=\"\",\"\",'Data Sheet 1'!$B234)","v":""},{"$f":"IF(('Data Sheet 1'!$B234)=\"\",\"\",'Data Sheet 1'!$E234)","v":""},{"$f":"IF(('Data Sheet 1'!$B234)=\"\",\"\",'Data Sheet 1'!$F234)","v":""},{"$f":"IF(('Data Sheet 1'!$B234)=\"\",\"\",'Data Sheet 1'!$G234)","v":""},{"$f":"IF(('Data Sheet 1'!$B234)=\"\",\"\",'Data Sheet 1'!$H234)","v":""}]
[{"$f":"IF(('Data Sheet 1'!$B235)=\"\",\"\",'Data Sheet 1'!$C$2)","v":""},{"$f":"IF(('Data Sheet 1'!$B235)=\"\",\"\",'Data Sheet 1'!$D$4)","v":""},{"$f":"IF(('Data Sheet 1'!$B235)=\"\",\"\",'Data Sheet 1'!$I$4)","v":""},{"$f":"IF(('Data Sheet 1'!$B235)=\"\",\"\",'Data Sheet 1'!$C235)","v":""},{"$f":"IF(('Data Sheet 1'!$B235)=\"\",\"\",'Data Sheet 1'!$D235)","v":""},{"$f":"IF(('Data Sheet 1'!$B235)=\"\",\"\",'Data Sheet 1'!$B235)","v":""},{"$f":"IF(('Data Sheet 1'!$B235)=\"\",\"\",'Data Sheet 1'!$E235)","v":""},{"$f":"IF(('Data Sheet 1'!$B235)=\"\",\"\",'Data Sheet 1'!$F235)","v":""},{"$f":"IF(('Data Sheet 1'!$B235)=\"\",\"\",'Data Sheet 1'!$G235)","v":""},{"$f":"IF(('Data Sheet 1'!$B235)=\"\",\"\",'Data Sheet 1'!$H235)","v":""}]
[{"$f":"IF(('Data Sheet 1'!$B236)=\"\",\"\",'Data Sheet 1'!$C$2)","v":""},{"$f":"IF(('Data Sheet 1'!$B236)=\"\",\"\",'Data Sheet 1'!$D$4)","v":""},{"$f":"IF(('Data Sheet 1'!$B236)=\"\",\"\",'Data Sheet 1'!$I$4)","v":""},{"$f":"IF(('Data Sheet 1'!$B236)=\"\",\"\",'Data Sheet 1'!$C236)","v":""},{"$f":"IF(('Data Sheet 1'!$B236)=\"\",\"\",'Data Sheet 1'!$D236)","v":""},{"$f":"IF(('Data Sheet 1'!$B236)=\"\",\"\",'Data Sheet 1'!$B236)","v":""},{"$f":"IF(('Data Sheet 1'!$B236)=\"\",\"\",'Data Sheet 1'!$E236)","v":""},{"$f":"IF(('Data Sheet 1'!$B236)=\"\",\"\",'Data Sheet 1'!$F236)","v":""},{"$f":"IF(('Data Sheet 1'!$B236)=\"\",\"\",'Data Sheet 1'!$G236)","v":""},{"$f":"IF(('Data Sheet 1'!$B236)=\"\",\"\",'Data Sheet 1'!$H236)","v":""}]
[{"$f":"IF(('Data Sheet 1'!$B237)=\"\",\"\",'Data Sheet 1'!$C$2)","v":""},{"$f":"IF(('Data Sheet 1'!$B237)=\"\",\"\",'Data Sheet 1'!$D$4)","v":""},{"$f":"IF(('Data Sheet 1'!$B237)=\"\",\"\",'Data Sheet 1'!$I$4)","v":""},{"$f":"IF(('Data Sheet 1'!$B237)=\"\",\"\",'Data Sheet 1'!$C237)","v":""},{"$f":"IF(('Data Sheet 1'!$B237)=\"\",\"\",'Data Sheet 1'!$D237)","v":""},{"$f":"IF(('Data Sheet 1'!$B237)=\"\",\"\",'Data Sheet 1'!$B237)","v":""},{"$f":"IF(('Data Sheet 1'!$B237)=\"\",\"\",'Data Sheet 1'!$E237)","v":""},{"$f":"IF(('Data Sheet 1'!$B237)=\"\",\"\",'Data Sheet 1'!$F237)","v":""},{"$f":"IF(('Data Sheet 1'!$B237)=\"\",\"\",'Data Sheet 1'!$G237)","v":""},{"$f":"IF(('Data Sheet 1'!$B237)=\"\",\"\",'Data Sheet 1'!$H237)","v":""}]
[{"$f":"IF(('Data Sheet 1'!$B238)=\"\",\"\",'Data Sheet 1'!$C$2)","v":""},{"$f":"IF(('Data Sheet 1'!$B238)=\"\",\"\",'Data Sheet 1'!$D$4)","v":""},{"$f":"IF(('Data Sheet 1'!$B238)=\"\",\"\",'Data Sheet 1'!$I$4)","v":""},{"$f":"IF(('Data Sheet 1'!$B238)=\"\",\"\",'Data Sheet 1'!$C238)","v":""},{"$f":"IF(('Data Sheet 1'!$B238)=\"\",\"\",'Data Sheet 1'!$D238)","v":""},{"$f":"IF(('Data Sheet 1'!$B238)=\"\",\"\",'Data Sheet 1'!$B238)","v":""},{"$f":"IF(('Data Sheet 1'!$B238)=\"\",\"\",'Data Sheet 1'!$E238)","v":""},{"$f":"IF(('Data Sheet 1'!$B238)=\"\",\"\",'Data Sheet 1'!$F238)","v":""},{"$f":"IF(('Data Sheet 1'!$B238)=\"\",\"\",'Data Sheet 1'!$G238)","v":""},{"$f":"IF(('Data Sheet 1'!$B238)=\"\",\"\",'Data Sheet 1'!$H238)","v":""}]
[{"$f":"IF(('Data Sheet 1'!$B239)=\"\",\"\",'Data Sheet 1'!$C$2)","v":""},{"$f":"IF(('Data Sheet 1'!$B239)=\"\",\"\",'Data Sheet 1'!$D$4)","v":""},{"$f":"IF(('Data Sheet 1'!$B239)=\"\",\"\",'Data Sheet 1'!$I$4)","v":""},{"$f":"IF(('Data Sheet 1'!$B239)=\"\",\"\",'Data Sheet 1'!$C239)","v":""},{"$f":"IF(('Data Sheet 1'!$B239)=\"\",\"\",'Data Sheet 1'!$D239)","v":""},{"$f":"IF(('Data Sheet 1'!$B239)=\"\",\"\",'Data Sheet 1'!$B239)","v":""},{"$f":"IF(('Data Sheet 1'!$B239)=\"\",\"\",'Data Sheet 1'!$E239)","v":""},{"$f":"IF(('Data Sheet 1'!$B239)=\"\",\"\",'Data Sheet 1'!$F239)","v":""},{"$f":"IF(('Data Sheet 1'!$B239)=\"\",\"\",'Data Sheet 1'!$G239)","v":""},{"$f":"IF(('Data Sheet 1'!$B239)=\"\",\"\",'Data Sheet 1'!$H239)","v":""}]
[{"$f":"IF(('Data Sheet 1'!$B240)=\"\",\"\",'Data Sheet 1'!$C$2)","v":""},{"$f":"IF(('Data Sheet 1'!$B240)=\"\",\"\",'Data Sheet 1'!$D$4)","v":""},{"$f":"IF(('Data Sheet 1'!$B240)=\"\",\"\",'Data Sheet 1'!$I$4)","v":""},{"$f":"IF(('Data Sheet 1'!$B240)=\"\",\"\",'Data Sheet 1'!$C240)","v":""},{"$f":"IF(('Data Sheet 1'!$B240)=\"\",\"\",'Data Sheet 1'!$D240)","v":""},{"$f":"IF(('Data Sheet 1'!$B240)=\"\",\"\",'Data Sheet 1'!$B240)","v":""},{"$f":"IF(('Data Sheet 1'!$B240)=\"\",\"\",'Data Sheet 1'!$E240)","v":""},{"$f":"IF(('Data Sheet 1'!$B240)=\"\",\"\",'Data Sheet 1'!$F240)","v":""},{"$f":"IF(('Data Sheet 1'!$B240)=\"\",\"\",'Data Sheet 1'!$G240)","v":""},{"$f":"IF(('Data Sheet 1'!$B240)=\"\",\"\",'Data Sheet 1'!$H240)","v":""}]
[{"$f":"IF(('Data Sheet 1'!$B241)=\"\",\"\",'Data Sheet 1'!$C$2)","v":""},{"$f":"IF(('Data Sheet 1'!$B241)=\"\",\"\",'Data Sheet 1'!$D$4)","v":""},{"$f":"IF(('Data Sheet 1'!$B241)=\"\",\"\",'Data Sheet 1'!$I$4)","v":""},{"$f":"IF(('Data Sheet 1'!$B241)=\"\",\"\",'Data Sheet 1'!$C241)","v":""},{"$f":"IF(('Data Sheet 1'!$B241)=\"\",\"\",'Data Sheet 1'!$D241)","v":""},{"$f":"IF(('Data Sheet 1'!$B241)=\"\",\"\",'Data Sheet 1'!$B241)","v":""},{"$f":"IF(('Data Sheet 1'!$B241)=\"\",\"\",'Data Sheet 1'!$E241)","v":""},{"$f":"IF(('Data Sheet 1'!$B241)=\"\",\"\",'Data Sheet 1'!$F241)","v":""},{"$f":"IF(('Data Sheet 1'!$B241)=\"\",\"\",'Data Sheet 1'!$G241)","v":""},{"$f":"IF(('Data Sheet 1'!$B241)=\"\",\"\",'Data Sheet 1'!$H241)","v":""}]
[{"$f":"IF(('Data Sheet 1'!$B242)=\"\",\"\",'Data Sheet 1'!$C$2)","v":""},{"$f":"IF(('Data Sheet 1'!$B242)=\"\",\"\",'Data Sheet 1'!$D$4)","v":""},{"$f":"IF(('Data Sheet 1'!$B242)=\"\",\"\",'Data Sheet 1'!$I$4)","v":""},{"$f":"IF(('Data Sheet 1'!$B242)=\"\",\"\",'Data Sheet 1'!$C242)","v":""},{"$f":"IF(('Data Sheet 1'!$B242)=\"\",\"\",'Data Sheet 1'!$D242)","v":""},{"$f":"IF(('Data Sheet 1'!$B242)=\"\",\"\",'Data Sheet 1'!$B242)","v":""},{"$f":"IF(('Data Sheet 1'!$B242)=\"\",\"\",'Data Sheet 1'!$E242)","v":""},{"$f":"IF(('Data Sheet 1'!$B242)=\"\",\"\",'Data Sheet 1'!$F242)","v":""},{"$f":"IF(('Data Sheet 1'!$B242)=\"\",\"\",'Data Sheet 1'!$G242)","v":""},{"$f":"IF(('Data Sheet 1'!$B242)=\"\",\"\",'Data Sheet 1'!$H242)","v":""}]
[{"$f":"IF(('Data Sheet 1'!$B243)=\"\",\"\",'Data Sheet 1'!$C$2)","v":""},{"$f":"IF(('Data Sheet 1'!$B243)=\"\",\"\",'Data Sheet 1'!$D$4)","v":""},{"$f":"IF(('Data Sheet 1'!$B243)=\"\",\"\",'Data Sheet 1'!$I$4)","v":""},{"$f":"IF(('Data Sheet 1'!$B243)=\"\",\"\",'Data Sheet 1'!$C243)","v":""},{"$f":"IF(('Data Sheet 1'!$B243)=\"\",\"\",'Data Sheet 1'!$D243)","v":""},{"$f":"IF(('Data Sheet 1'!$B243)=\"\",\"\",'Data Sheet 1'!$B243)","v":""},{"$f":"IF(('Data Sheet 1'!$B243)=\"\",\"\",'Data Sheet 1'!$E243)","v":""},{"$f":"IF(('Data Sheet 1'!$B243)=\"\",\"\",'Data Sheet 1'!$F243)","v":""},{"$f":"IF(('Data Sheet 1'!$B243)=\"\",\"\",'Data Sheet 1'!$G243)","v":""},{"$f":"IF(('Data Sheet 1'!$B243)=\"\",\"\",'Data Sheet 1'!$H243)","v":""}]
[{"$f":"IF(('Data Sheet 1'!$B244)=\"\",\"\",'Data Sheet 1'!$C$2)","v":""},{"$f":"IF(('Data Sheet 1'!$B244)=\"\",\"\",'Data Sheet 1'!$D$4)","v":""},{"$f":"IF(('Data Sheet 1'!$B244)=\"\",\"\",'Data Sheet 1'!$I$4)","v":""},{"$f":"IF(('Data Sheet 1'!$B244)=\"\",\"\",'Data Sheet 1'!$C244)","v":""},{"$f":"IF(('Data Sheet 1'!$B244)=\"\",\"\",'Data Sheet 1'!$D244)","v":""},{"$f":"IF(('Data Sheet 1'!$B244)=\"\",\"\",'Data Sheet 1'!$B244)","v":""},{"$f":"IF(('Data Sheet 1'!$B244)=\"\",\"\",'Data Sheet 1'!$E244)","v":""},{"$f":"IF(('Data Sheet 1'!$B244)=\"\",\"\",'Data Sheet 1'!$F244)","v":""},{"$f":"IF(('Data Sheet 1'!$B244)=\"\",\"\",'Data Sheet 1'!$G244)","v":""},{"$f":"IF(('Data Sheet 1'!$B244)=\"\",\"\",'Data Sheet 1'!$H244)","v":""}]
[{"$f":"IF(('Data Sheet 1'!$B245)=\"\",\"\",'Data Sheet 1'!$C$2)","v":""},{"$f":"IF(('Data Sheet 1'!$B245)=\"\",\"\",'Data Sheet 1'!$D$4)","v":""},{"$f":"IF(('Data Sheet 1'!$B245)=\"\",\"\",'Data Sheet 1'!$I$4)","v":""},{"$f":"IF(('Data Sheet 1'!$B245)=\"\",\"\",'Data Sheet 1'!$C245)","v":""},{"$f":"IF(('Data Sheet 1'!$B245)=\"\",\"\",'Data Sheet 1'!$D245)","v":""},{"$f":"IF(('Data Sheet 1'!$B245)=\"\",\"\",'Data Sheet 1'!$B245)","v":""},{"$f":"IF(('Data Sheet 1'!$B245)=\"\",\"\",'Data Sheet 1'!$E245)","v":""},{"$f":"IF(('Data Sheet 1'!$B245)=\"\",\"\",'Data Sheet 1'!$F245)","v":""},{"$f":"IF(('Data Sheet 1'!$B245)=\"\",\"\",'Data Sheet 1'!$G245)","v":""},{"$f":"IF(('Data Sheet 1'!$B245)=\"\",\"\",'Data Sheet 1'!$H245)","v":""}]
[{"$f":"IF(('Data Sheet 1'!$B246)=\"\",\"\",'Data Sheet 1'!$C$2)","v":""},{"$f":"IF(('Data Sheet 1'!$B246)=\"\",\"\",'Data Sheet 1'!$D$4)","v":""},{"$f":"IF(('Data Sheet 1'!$B246)=\"\",\"\",'Data Sheet 1'!$I$4)","v":""},{"$f":"IF(('Data Sheet 1'!$B246)=\"\",\"\",'Data Sheet 1'!$C246)","v":""},{"$f":"IF(('Data Sheet 1'!$B246)=\"\",\"\",'Data Sheet 1'!$D246)","v":""},{"$f":"IF(('Data Sheet 1'!$B246)=\"\",\"\",'Data Sheet 1'!$B246)","v":""},{"$f":"IF(('Data Sheet 1'!$B246)=\"\",\"\",'Data Sheet 1'!$E246)","v":""},{"$f":"IF(('Data Sheet 1'!$B246)=\"\",\"\",'Data Sheet 1'!$F246)","v":""},{"$f":"IF(('Data Sheet 1'!$B246)=\"\",\"\",'Data Sheet 1'!$G246)","v":""},{"$f":"IF(('Data Sheet 1'!$B246)=\"\",\"\",'Data Sheet 1'!$H246)","v":""}]
[{"$f":"IF(('Data Sheet 1'!$B247)=\"\",\"\",'Data Sheet 1'!$C$2)","v":""},{"$f":"IF(('Data Sheet 1'!$B247)=\"\",\"\",'Data Sheet 1'!$D$4)","v":""},{"$f":"IF(('Data Sheet 1'!$B247)=\"\",\"\",'Data Sheet 1'!$I$4)","v":""},{"$f":"IF(('Data Sheet 1'!$B247)=\"\",\"\",'Data Sheet 1'!$C247)","v":""},{"$f":"IF(('Data Sheet 1'!$B247)=\"\",\"\",'Data Sheet 1'!$D247)","v":""},{"$f":"IF(('Data Sheet 1'!$B247)=\"\",\"\",'Data Sheet 1'!$B247)","v":""},{"$f":"IF(('Data Sheet 1'!$B247)=\"\",\"\",'Data Sheet 1'!$E247)","v":""},{"$f":"IF(('Data Sheet 1'!$B247)=\"\",\"\",'Data Sheet 1'!$F247)","v":""},{"$f":"IF(('Data Sheet 1'!$B247)=\"\",\"\",'Data Sheet 1'!$G247)","v":""},{"$f":"IF(('Data Sheet 1'!$B247)=\"\",\"\",'Data Sheet 1'!$H247)","v":""}]
[{"$f":"IF(('Data Sheet 1'!$B248)=\"\",\"\",'Data Sheet 1'!$C$2)","v":""},{"$f":"IF(('Data Sheet 1'!$B248)=\"\",\"\",'Data Sheet 1'!$D$4)","v":""},{"$f":"IF(('Data Sheet 1'!$B248)=\"\",\"\",'Data Sheet 1'!$I$4)","v":""},{"$f":"IF(('Data Sheet 1'!$B248)=\"\",\"\",'Data Sheet 1'!$C248)","v":""},{"$f":"IF(('Data Sheet 1'!$B248)=\"\",\"\",'Data Sheet 1'!$D248)","v":""},{"$f":"IF(('Data Sheet 1'!$B248)=\"\",\"\",'Data Sheet 1'!$B248)","v":""},{"$f":"IF(('Data Sheet 1'!$B248)=\"\",\"\",'Data Sheet 1'!$E248)","v":""},{"$f":"IF(('Data Sheet 1'!$B248)=\"\",\"\",'Data Sheet 1'!$F248)","v":""},{"$f":"IF(('Data Sheet 1'!$B248)=\"\",\"\",'Data Sheet 1'!$G248)","v":""},{"$f":"IF(('Data Sheet 1'!$B248)=\"\",\"\",'Data Sheet 1'!$H248)","v":""}]
[{"$f":"IF(('Data Sheet 1'!$B249)=\"\",\"\",'Data Sheet 1'!$C$2)","v":""},{"$f":"IF(('Data Sheet 1'!$B249)=\"\",\"\",'Data Sheet 1'!$D$4)","v":""},{"$f":"IF(('Data Sheet 1'!$B249)=\"\",\"\",'Data Sheet 1'!$I$4)","v":""},{"$f":"IF(('Data Sheet 1'!$B249)=\"\",\"\",'Data Sheet 1'!$C249)","v":""},{"$f":"IF(('Data Sheet 1'!$B249)=\"\",\"\",'Data Sheet 1'!$D249)","v":""},{"$f":"IF(('Data Sheet 1'!$B249)=\"\",\"\",'Data Sheet 1'!$B249)","v":""},{"$f":"IF(('Data Sheet 1'!$B249)=\"\",\"\",'Data Sheet 1'!$E249)","v":""},{"$f":"IF(('Data Sheet 1'!$B249)=\"\",\"\",'Data Sheet 1'!$F249)","v":""},{"$f":"IF(('Data Sheet 1'!$B249)=\"\",\"\",'Data Sheet 1'!$G249)","v":""},{"$f":"IF(('Data Sheet 1'!$B249)=\"\",\"\",'Data Sheet 1'!$H249)","v":""}]
[{"$f":"IF(('Data Sheet 1'!$B250)=\"\",\"\",'Data Sheet 1'!$C$2)","v":""},{"$f":"IF(('Data Sheet 1'!$B250)=\"\",\"\",'Data Sheet 1'!$D$4)","v":""},{"$f":"IF(('Data Sheet 1'!$B250)=\"\",\"\",'Data Sheet 1'!$I$4)","v":""},{"$f":"IF(('Data Sheet 1'!$B250)=\"\",\"\",'Data Sheet 1'!$C250)","v":""},{"$f":"IF(('Data Sheet 1'!$B250)=\"\",\"\",'Data Sheet 1'!$D250)","v":""},{"$f":"IF(('Data Sheet 1'!$B250)=\"\",\"\",'Data Sheet 1'!$B250)","v":""},{"$f":"IF(('Data Sheet 1'!$B250)=\"\",\"\",'Data Sheet 1'!$E250)","v":""},{"$f":"IF(('Data Sheet 1'!$B250)=\"\",\"\",'Data Sheet 1'!$F250)","v":""},{"$f":"IF(('Data Sheet 1'!$B250)=\"\",\"\",'Data Sheet 1'!$G250)","v":""},{"$f":"IF(('Data Sheet 1'!$B250)=\"\",\"\",'Data Sheet 1'!$H250)","v":""}]
[{"$f":"IF(('Data Sheet 1'!$B251)=\"\",\"\",'Data Sheet 1'!$C$2)","v":""},{"$f":"IF(('Data Sheet 1'!$B251)=\"\",\"\",'Data Sheet 1'!$D$4)","v":""},{"$f":"IF(('Data Sheet 1'!$B251)=\"\",\"\",'Data Sheet 1'!$I$4)","v":""},{"$f":"IF(('Data Sheet 1'!$B251)=\"\",\"\",'Data Sheet 1'!$C251)","v":""},{"$f":"IF(('Data Sheet 1'!$B251)=\"\",\"\",'Data Sheet 1'!$D251)","v":""},{"$f":"IF(('Data Sheet 1'!$B251)=\"\",\"\",'Data Sheet 1'!$B251)","v":""},{"$f":"IF(('Data Sheet 1'!$B251)=\"\",\"\",'Data Sheet 1'!$E251)","v":""},{"$f":"IF(('Data Sheet 1'!$B251)=\"\",\"\",'Data Sheet 1'!$F251)","v":""},{"$f":"IF(('Data Sheet 1'!$B251)=\"\",\"\",'Data Sheet 1'!$G251)","v":""},{"$f":"IF(('Data Sheet 1'!$B251)=\"\",\"\",'Data Sheet 1'!$H251)","v":""}]
[{"$f":"IF(('Data Sheet 1'!$B252)=\"\",\"\",'Data Sheet 1'!$C$2)","v":""},{"$f":"IF(('Data Sheet 1'!$B252)=\"\",\"\",'Data Sheet 1'!$D$4)","v":""},{"$f":"IF(('Data Sheet 1'!$B252)=\"\",\"\",'Data Sheet 1'!$I$4)","v":""},{"$f":"IF(('Data Sheet 1'!$B252)=\"\",\"\",'Data Sheet 1'!$C252)","v":""},{"$f":"IF(('Data Sheet 1'!$B252)=\"\",\"\",'Data Sheet 1'!$D252)","v":""},{"$f":"IF(('Data Sheet 1'!$B252)=\"\",\"\",'Data Sheet 1'!$B252)","v":""},{"$f":"IF(('Data Sheet 1'!$B252)=\"\",\"\",'Data Sheet 1'!$E252)","v":""},{"$f":"IF(('Data Sheet 1'!$B252)=\"\",\"\",'Data Sheet 1'!$F252)","v":""},{"$f":"IF(('Data Sheet 1'!$B252)=\"\",\"\",'Data Sheet 1'!$G252)","v":""},{"$f":"IF(('Data Sheet 1'!$B252)=\"\",\"\",'Data Sheet 1'!$H252)","v":""}]
[{"$f":"IF(('Data Sheet 1'!$B253)=\"\",\"\",'Data Sheet 1'!$C$2)","v":""},{"$f":"IF(('Data Sheet 1'!$B253)=\"\",\"\",'Data Sheet 1'!$D$4)","v":""},{"$f":"IF(('Data Sheet 1'!$B253)=\"\",\"\",'Data Sheet 1'!$I$4)","v":""},{"$f":"IF(('Data Sheet 1'!$B253)=\"\",\"\",'Data Sheet 1'!$C253)","v":""},{"$f":"IF(('Data Sheet 1'!$B253)=\"\",\"\",'Data Sheet 1'!$D253)","v":""},{"$f":"IF(('Data Sheet 1'!$B253)=\"\",\"\",'Data Sheet 1'!$B253)","v":""},{"$f":"IF(('Data Sheet 1'!$B253)=\"\",\"\",'Data Sheet 1'!$E253)","v":""},{"$f":"IF(('Data Sheet 1'!$B253)=\"\",\"\",'Data Sheet 1'!$F253)","v":""},{"$f":"IF(('Data Sheet 1'!$B253)=\"\",\"\",'Data Sheet 1'!$G253)","v":""},{"$f":"IF(('Data Sheet 1'!$B253)=\"\",\"\",'Data Sheet 1'!$H253)","v":""}]
[{"$f":"IF(('Data Sheet 1'!$B254)=\"\",\"\",'Data Sheet 1'!$C$2)","v":""},{"$f":"IF(('Data Sheet 1'!$B254)=\"\",\"\",'Data Sheet 1'!$D$4)","v":""},{"$f":"IF(('Data Sheet 1'!$B254)=\"\",\"\",'Data Sheet 1'!$I$4)","v":""},{"$f":"IF(('Data Sheet 1'!$B254)=\"\",\"\",'Data Sheet 1'!$C254)","v":""},{"$f":"IF(('Data Sheet 1'!$B254)=\"\",\"\",'Data Sheet 1'!$D254)","v":""},{"$f":"IF(('Data Sheet 1'!$B254)=\"\",\"\",'Data Sheet 1'!$B254)","v":""},{"$f":"IF(('Data Sheet 1'!$B254)=\"\",\"\",'Data Sheet 1'!$E254)","v":""},{"$f":"IF(('Data Sheet 1'!$B254)=\"\",\"\",'Data Sheet 1'!$F254)","v":""},{"$f":"IF(('Data Sheet 1'!$B254)=\"\",\"\",'Data Sheet 1'!$G254)","v":""},{"$f":"IF(('Data Sheet 1'!$B254)=\"\",\"\",'Data Sheet 1'!$H254)","v":""}]
[{"$f":"IF(('Data Sheet 1'!$B255)=\"\",\"\",'Data Sheet 1'!$C$2)","v":""},{"$f":"IF(('Data Sheet 1'!$B255)=\"\",\"\",'Data Sheet 1'!$D$4)","v":""},{"$f":"IF(('Data Sheet 1'!$B255)=\"\",\"\",'Data Sheet 1'!$I$4)","v":""},{"$f":"IF(('Data Sheet 1'!$B255)=\"\",\"\",'Data Sheet 1'!$C255)","v":""},{"$f":"IF(('Data Sheet 1'!$B255)=\"\",\"\",'Data Sheet 1'!$D255)","v":""},{"$f":"IF(('Data Sheet 1'!$B255)=\"\",\"\",'Data Sheet 1'!$B255)","v":""},{"$f":"IF(('Data Sheet 1'!$B255)=\"\",\"\",'Data Sheet 1'!$E255)","v":""},{"$f":"IF(('Data Sheet 1'!$B255)=\"\",\"\",'Data Sheet 1'!$F255)","v":""},{"$f":"IF(('Data Sheet 1'!$B255)=\"\",\"\",'Data Sheet 1'!$G255)","v":""},{"$f":"IF(('Data Sheet 1'!$B255)=\"\",\"\",'Data Sheet 1'!$H255)","v":""}]
[{"$f":"IF(('Data Sheet 1'!$B256)=\"\",\"\",'Data Sheet 1'!$C$2)","v":""},{"$f":"IF(('Data Sheet 1'!$B256)=\"\",\"\",'Data Sheet 1'!$D$4)","v":""},{"$f":"IF(('Data Sheet 1'!$B256)=\"\",\"\",'Data Sheet 1'!$I$4)","v":""},{"$f":"IF(('Data Sheet 1'!$B256)=\"\",\"\",'Data Sheet 1'!$C256)","v":""},{"$f":"IF(('Data Sheet 1'!$B256)=\"\",\"\",'Data Sheet 1'!$D256)","v":""},{"$f":"IF(('Data Sheet 1'!$B256)=\"\",\"\",'Data Sheet 1'!$B256)","v":""},{"$f":"IF(('Data Sheet 1'!$B256)=\"\",\"\",'Data Sheet 1'!$E256)","v":""},{"$f":"IF(('Data Sheet 1'!$B256)=\"\",\"\",'Data Sheet 1'!$F256)","v":""},{"$f":"IF(('Data Sheet 1'!$B256)=\"\",\"\",'Data Sheet 1'!$G256)","v":""},{"$f":"IF(('Data Sheet 1'!$B256)=\"\",\"\",'Data Sheet 1'!$H256)","v":""}]
[{"$f":"IF(('Data Sheet 1'!$B257)=\"\",\"\",'Data Sheet 1'!$C$2)","v":""},{"$f":"IF(('Data Sheet 1'!$B257)=\"\",\"\",'Data Sheet 1'!$D$4)","v":""},{"$f":"IF(('Data Sheet 1'!$B257)=\"\",\"\",'Data Sheet 1'!$I$4)","v":""},{"$f":"IF(('Data Sheet 1'!$B257)=\"\",\"\",'Data Sheet 1'!$C257)","v":""},{"$f":"IF(('Data Sheet 1'!$B257)=\"\",\"\",'Data Sheet 1'!$D257)","v":""},{"$f":"IF(('Data Sheet 1'!$B257)=\"\",\"\",'Data Sheet 1'!$B257)","v":""},{"$f":"IF(('Data Sheet 1'!$B257)=\"\",\"\",'Data Sheet 1'!$E257)","v":""},{"$f":"IF(('Data Sheet 1'!$B257)=\"\",\"\",'Data Sheet 1'!$F257)","v":""},{"$f":"IF(('Data Sheet 1'!$B257)=\"\",\"\",'Data Sheet 1'!$G257)","v":""},{"$f":"IF(('Data Sheet 1'!$B257)=\"\",\"\",'Data Sheet 1'!$H257)","v":""}]
[{"$f":"IF(('Data Sheet 1'!$B258)=\"\",\"\",'Data Sheet 1'!$C$2)","v":""},{"$f":"IF(('Data Sheet 1'!$B258)=\"\",\"\",'Data Sheet 1'!$D$4)","v":""},{"$f":"IF(('Data Sheet 1'!$B258)=\"\",\"\",'Data Sheet 1'!$I$4)","v":""},{"$f":"IF(('Data Sheet 1'!$B258)=\"\",\"\",'Data Sheet 1'!$C258)","v":""},{"$f":"IF(('Data Sheet 1'!$B258)=\"\",\"\",'Data Sheet 1'!$D258)","v":""},{"$f":"IF(('Data Sheet 1'!$B258)=\"\",\"\",'Data Sheet 1'!$B258)","v":""},{"$f":"IF(('Data Sheet 1'!$B258)=\"\",\"\",'Data Sheet 1'!$E258)","v":""},{"$f":"IF(('Data Sheet 1'!$B258)=\"\",\"\",'Data Sheet 1'!$F258)","v":""},{"$f":"IF(('Data Sheet 1'!$B258)=\"\",\"\",'Data Sheet 1'!$G258)","v":""},{"$f":"IF(('Data Sheet 1'!$B258)=\"\",\"\",'Data Sheet 1'!$H258)","v":""}]
[{"$f":"IF(('Data Sheet 1'!$B259)=\"\",\"\",'Data Sheet 1'!$C$2)","v":""},{"$f":"IF(('Data Sheet 1'!$B259)=\"\",\"\",'Data Sheet 1'!$D$4)","v":""},{"$f":"IF(('Data Sheet 1'!$B259)=\"\",\"\",'Data Sheet 1'!$I$4)","v":""},{"$f":"IF(('Data Sheet 1'!$B259)=\"\",\"\",'Data Sheet 1'!$C259)","v":""},{"$f":"IF(('Data Sheet 1'!$B259)=\"\",\"\",'Data Sheet 1'!$D259)","v":""},{"$f":"IF(('Data Sheet 1'!$B259)=\"\",\"\",'Data Sheet 1'!$B259)","v":""},{"$f":"IF(('Data Sheet 1'!$B259)=\"\",\"\",'Data Sheet 1'!$E259)","v":""},{"$f":"IF(('Data Sheet 1'!$B259)=\"\",\"\",'Data Sheet 1'!$F259)","v":""},{"$f":"IF(('Data Sheet 1'!$B259)=\"\",\"\",'Data Sheet 1'!$G259)","v":""},{"$f":"IF(('Data Sheet 1'!$B259)=\"\",\"\",'Data Sheet 1'!$H259)","v":""}]
[{"$f":"IF(('Data Sheet 1'!$B260)=\"\",\"\",'Data Sheet 1'!$C$2)","v":""},{"$f":"IF(('Data Sheet 1'!$B260)=\"\",\"\",'Data Sheet 1'!$D$4)","v":""},{"$f":"IF(('Data Sheet 1'!$B260)=\"\",\"\",'Data Sheet 1'!$I$4)","v":""},{"$f":"IF(('Data Sheet 1'!$B260)=\"\",\"\",'Data Sheet 1'!$C260)","v":""},{"$f":"IF(('Data Sheet 1'!$B260)=\"\",\"\",'Data Sheet 1'!$D260)","v":""},{"$f":"IF(('Data Sheet 1'!$B260)=\"\",\"\",'Data Sheet 1'!$B260)","v":""},{"$f":"IF(('Data Sheet 1'!$B260)=\"\",\"\",'Data Sheet 1'!$E260)","v":""},{"$f":"IF(('Data Sheet 1'!$B260)=\"\",\"\",'Data Sheet 1'!$F260)","v":""},{"$f":"IF(('Data Sheet 1'!$B260)=\"\",\"\",'Data Sheet 1'!$G260)","v":""},{"$f":"IF(('Data Sheet 1'!$B260)=\"\",\"\",'Data Sheet 1'!$H260)","v":""}]
[{"$f":"IF(('Data Sheet 1'!$B261)=\"\",\"\",'Data Sheet 1'!$C$2)","v":""},{"$f":"IF(('Data Sheet 1'!$B261)=\"\",\"\",'Data Sheet 1'!$D$4)","v":""},{"$f":"IF(('Data Sheet 1'!$B261)=\"\",\"\",'Data Sheet 1'!$I$4)","v":""},{"$f":"IF(('Data Sheet 1'!$B261)=\"\",\"\",'Data Sheet 1'!$C261)","v":""},{"$f":"IF(('Data Sheet 1'!$B261)=\"\",\"\",'Data Sheet 1'!$D261)","v":""},{"$f":"IF(('Data Sheet 1'!$B261)=\"\",\"\",'Data Sheet 1'!$B261)","v":""},{"$f":"IF(('Data Sheet 1'!$B261)=\"\",\"\",'Data Sheet 1'!$E261)","v":""},{"$f":"IF(('Data Sheet 1'!$B261)=\"\",\"\",'Data Sheet 1'!$F261)","v":""},{"$f":"IF(('Data Sheet 1'!$B261)=\"\",\"\",'Data Sheet 1'!$G261)","v":""},{"$f":"IF(('Data Sheet 1'!$B261)=\"\",\"\",'Data Sheet 1'!$H261)","v":""}]
[{"$f":"IF(('Data Sheet 1'!$B262)=\"\",\"\",'Data Sheet 1'!$C$2)","v":""},{"$f":"IF(('Data Sheet 1'!$B262)=\"\",\"\",'Data Sheet 1'!$D$4)","v":""},{"$f":"IF(('Data Sheet 1'!$B262)=\"\",\"\",'Data Sheet 1'!$I$4)","v":""},{"$f":"IF(('Data Sheet 1'!$B262)=\"\",\"\",'Data Sheet 1'!$C262)","v":""},{"$f":"IF(('Data Sheet 1'!$B262)=\"\",\"\",'Data Sheet 1'!$D262)","v":""},{"$f":"IF(('Data Sheet 1'!$B262)=\"\",\"\",'Data Sheet 1'!$B262)","v":""},{"$f":"IF(('Data Sheet 1'!$B262)=\"\",\"\",'Data Sheet 1'!$E262)","v":""},{"$f":"IF(('Data Sheet 1'!$B262)=\"\",\"\",'Data Sheet 1'!$F262)","v":""},{"$f":"IF(('Data Sheet 1'!$B262)=\"\",\"\",'Data Sheet 1'!$G262)","v":""},{"$f":"IF(('Data Sheet 1'!$B262)=\"\",\"\",'Data Sheet 1'!$H262)","v":""}]
[{"$f":"IF(('Data Sheet 1'!$B263)=\"\",\"\",'Data Sheet 1'!$C$2)","v":""},{"$f":"IF(('Data Sheet 1'!$B263)=\"\",\"\",'Data Sheet 1'!$D$4)","v":""},{"$f":"IF(('Data Sheet 1'!$B263)=\"\",\"\",'Data Sheet 1'!$I$4)","v":""},{"$f":"IF(('Data Sheet 1'!$B263)=\"\",\"\",'Data Sheet 1'!$C263)","v":""},{"$f":"IF(('Data Sheet 1'!$B263)=\"\",\"\",'Data Sheet 1'!$D263)","v":""},{"$f":"IF(('Data Sheet 1'!$B263)=\"\",\"\",'Data Sheet 1'!$B263)","v":""},{"$f":"IF(('Data Sheet 1'!$B263)=\"\",\"\",'Data Sheet 1'!$E263)","v":""},{"$f":"IF(('Data Sheet 1'!$B263)=\"\",\"\",'Data Sheet 1'!$F263)","v":""},{"$f":"IF(('Data Sheet 1'!$B263)=\"\",\"\",'Data Sheet 1'!$G263)","v":""},{"$f":"IF(('Data Sheet 1'!$B263)=\"\",\"\",'Data Sheet 1'!$H263)","v":""}]
[{"$f":"IF(('Data Sheet 1'!$B264)=\"\",\"\",'Data Sheet 1'!$C$2)","v":""},{"$f":"IF(('Data Sheet 1'!$B264)=\"\",\"\",'Data Sheet 1'!$D$4)","v":""},{"$f":"IF(('Data Sheet 1'!$B264)=\"\",\"\",'Data Sheet 1'!$I$4)","v":""},{"$f":"IF(('Data Sheet 1'!$B264)=\"\",\"\",'Data Sheet 1'!$C264)","v":""},{"$f":"IF(('Data Sheet 1'!$B264)=\"\",\"\",'Data Sheet 1'!$D264)","v":""},{"$f":"IF(('Data Sheet 1'!$B264)=\"\",\"\",'Data Sheet 1'!$B264)","v":""},{"$f":"IF(('Data Sheet 1'!$B264)=\"\",\"\",'Data Sheet 1'!$E264)","v":""},{"$f":"IF(('Data Sheet 1'!$B264)=\"\",\"\",'Data Sheet 1'!$F264)","v":""},{"$f":"IF(('Data Sheet 1'!$B264)=\"\",\"\",'Data Sheet 1'!$G264)","v":""},{"$f":"IF(('Data Sheet 1'!$B264)=\"\",\"\",'Data Sheet 1'!$H264)","v":""}]
[{"$f":"IF(('Data Sheet 1'!$B265)=\"\",\"\",'Data Sheet 1'!$C$2)","v":""},{"$f":"IF(('Data Sheet 1'!$B265)=\"\",\"\",'Data Sheet 1'!$D$4)","v":""},{"$f":"IF(('Data Sheet 1'!$B265)=\"\",\"\",'Data Sheet 1'!$I$4)","v":""},{"$f":"IF(('Data Sheet 1'!$B265)=\"\",\"\",'Data Sheet 1'!$C265)","v":""},{"$f":"IF(('Data Sheet 1'!$B265)=\"\",\"\",'Data Sheet 1'!$D265)","v":""},{"$f":"IF(('Data Sheet 1'!$B265)=\"\",\"\",'Data Sheet 1'!$B265)","v":""},{"$f":"IF(('Data Sheet 1'!$B265)=\"\",\"\",'Data Sheet 1'!$E265)","v":""},{"$f":"IF(('Data Sheet 1'!$B265)=\"\",\"\",'Data Sheet 1'!$F265)","v":""},{"$f":"IF(('Data Sheet 1'!$B265)=\"\",\"\",'Data Sheet 1'!$G265)","v":""},{"$f":"IF(('Data Sheet 1'!$B265)=\"\",\"\",'Data Sheet 1'!$H265)","v":""}]
[{"$f":"IF(('Data Sheet 1'!$B266)=\"\",\"\",'Data Sheet 1'!$C$2)","v":""},{"$f":"IF(('Data Sheet 1'!$B266)=\"\",\"\",'Data Sheet 1'!$D$4)","v":""},{"$f":"IF(('Data Sheet 1'!$B266)=\"\",\"\",'Data Sheet 1'!$I$4)","v":""},{"$f":"IF(('Data Sheet 1'!$B266)=\"\",\"\",'Data Sheet 1'!$C266)","v":""},{"$f":"IF(('Data Sheet 1'!$B266)=\"\",\"\",'Data Sheet 1'!$D266)","v":""},{"$f":"IF(('Data Sheet 1'!$B266)=\"\",\"\",'Data Sheet 1'!$B266)","v":""},{"$f":"IF(('Data Sheet 1'!$B266)=\"\",\"\",'Data Sheet 1'!$E266)","v":""},{"$f":"IF(('Data Sheet 1'!$B266)=\"\",\"\",'Data Sheet 1'!$F266)","v":""},{"$f":"IF(('Data Sheet 1'!$B266)=\"\",\"\",'Data Sheet 1'!$G266)","v":""},{"$f":"IF(('Data Sheet 1'!$B266)=\"\",\"\",'Data Sheet 1'!$H266)","v":""}]
[{"$f":"IF(('Data Sheet 1'!$B267)=\"\",\"\",'Data Sheet 1'!$C$2)","v":""},{"$f":"IF(('Data Sheet 1'!$B267)=\"\",\"\",'Data Sheet 1'!$D$4)","v":""},{"$f":"IF(('Data Sheet 1'!$B267)=\"\",\"\",'Data Sheet 1'!$I$4)","v":""},{"$f":"IF(('Data Sheet 1'!$B267)=\"\",\"\",'Data Sheet 1'!$C267)","v":""},{"$f":"IF(('Data Sheet 1'!$B267)=\"\",\"\",'Data Sheet 1'!$D267)","v":""},{"$f":"IF(('Data Sheet 1'!$B267)=\"\",\"\",'Data Sheet 1'!$B267)","v":""},{"$f":"IF(('Data Sheet 1'!$B267)=\"\",\"\",'Data Sheet 1'!$E267)","v":""},{"$f":"IF(('Data Sheet 1'!$B267)=\"\",\"\",'Data Sheet 1'!$F267)","v":""},{"$f":"IF(('Data Sheet 1'!$B267)=\"\",\"\",'Data Sheet 1'!$G267)","v":""},{"$f":"IF(('Data Sheet 1'!$B267)=\"\",\"\",'Data Sheet 1'!$H267)","v":""}]
[{"$f":"IF(('Data Sheet 1'!$B268)=\"\",\"\",'Data Sheet 1'!$C$2)","v":""},{"$f":"IF(('Data Sheet 1'!$B268)=\"\",\"\",'Data Sheet 1'!$D$4)","v":""},{"$f":"IF(('Data Sheet 1'!$B268)=\"\",\"\",'Data Sheet 1'!$I$4)","v":""},{"$f":"IF(('Data Sheet 1'!$B268)=\"\",\"\",'Data Sheet 1'!$C268)","v":""},{"$f":"IF(('Data Sheet 1'!$B268)=\"\",\"\",'Data Sheet 1'!$D268)","v":""},{"$f":"IF(('Data Sheet 1'!$B268)=\"\",\"\",'Data Sheet 1'!$B268)","v":""},{"$f":"IF(('Data Sheet 1'!$B268)=\"\",\"\",'Data Sheet 1'!$E268)","v":""},{"$f":"IF(('Data Sheet 1'!$B268)=\"\",\"\",'Data Sheet 1'!$F268)","v":""},{"$f":"IF(('Data Sheet 1'!$B268)=\"\",\"\",'Data Sheet 1'!$G268)","v":""},{"$f":"IF(('Data Sheet 1'!$B268)=\"\",\"\",'Data Sheet 1'!$H268)","v":""}]
[{"$f":"IF(('Data Sheet 1'!$B269)=\"\",\"\",'Data Sheet 1'!$C$2)","v":""},{"$f":"IF(('Data Sheet 1'!$B269)=\"\",\"\",'Data Sheet 1'!$D$4)","v":""},{"$f":"IF(('Data Sheet 1'!$B269)=\"\",\"\",'Data Sheet 1'!$I$4)","v":""},{"$f":"IF(('Data Sheet 1'!$B269)=\"\",\"\",'Data Sheet 1'!$C269)","v":""},{"$f":"IF(('Data Sheet 1'!$B269)=\"\",\"\",'Data Sheet 1'!$D269)","v":""},{"$f":"IF(('Data Sheet 1'!$B269)=\"\",\"\",'Data Sheet 1'!$B269)","v":""},{"$f":"IF(('Data Sheet 1'!$B269)=\"\",\"\",'Data Sheet 1'!$E269)","v":""},{"$f":"IF(('Data Sheet 1'!$B269)=\"\",\"\",'Data Sheet 1'!$F269)","v":""},{"$f":"IF(('Data Sheet 1'!$B269)=\"\",\"\",'Data Sheet 1'!$G269)","v":""},{"$f":"IF(('Data Sheet 1'!$B269)=\"\",\"\",'Data Sheet 1'!$H269)","v":""}]
[{"$f":"IF(('Data Sheet 1'!$B270)=\"\",\"\",'Data Sheet 1'!$C$2)","v":""},{"$f":"IF(('Data Sheet 1'!$B270)=\"\",\"\",'Data Sheet 1'!$D$4)","v":""},{"$f":"IF(('Data Sheet 1'!$B270)=\"\",\"\",'Data Sheet 1'!$I$4)","v":""},{"$f":"IF(('Data Sheet 1'!$B270)=\"\",\"\",'Data Sheet 1'!$C270)","v":""},{"$f":"IF(('Data Sheet 1'!$B270)=\"\",\"\",'Data Sheet 1'!$D270)","v":""},{"$f":"IF(('Data Sheet 1'!$B270)=\"\",\"\",'Data Sheet 1'!$B270)","v":""},{"$f":"IF(('Data Sheet 1'!$B270)=\"\",\"\",'Data Sheet 1'!$E270)","v":""},{"$f":"IF(('Data Sheet 1'!$B270)=\"\",\"\",'Data Sheet 1'!$F270)","v":""},{"$f":"IF(('Data Sheet 1'!$B270)=\"\",\"\",'Data Sheet 1'!$G270)","v":""},{"$f":"IF(('Data Sheet 1'!$B270)=\"\",\"\",'Data Sheet 1'!$H270)","v":""}]
[{"$f":"IF(('Data Sheet 1'!$B271)=\"\",\"\",'Data Sheet 1'!$C$2)","v":""},{"$f":"IF(('Data Sheet 1'!$B271)=\"\",\"\",'Data Sheet 1'!$D$4)","v":""},{"$f":"IF(('Data Sheet 1'!$B271)=\"\",\"\",'Data Sheet 1'!$I$4)","v":""},{"$f":"IF(('Data Sheet 1'!$B271)=\"\",\"\",'Data Sheet 1'!$C271)","v":""},{"$f":"IF(('Data Sheet 1'!$B271)=\"\",\"\",'Data Sheet 1'!$D271)","v":""},{"$f":"IF(('Data Sheet 1'!$B271)=\"\",\"\",'Data Sheet 1'!$B271)","v":""},{"$f":"IF(('Data Sheet 1'!$B271)=\"\",\"\",'Data Sheet 1'!$E271)","v":""},{"$f":"IF(('Data Sheet 1'!$B271)=\"\",\"\",'Data Sheet 1'!$F271)","v":""},{"$f":"IF(('Data Sheet 1'!$B271)=\"\",\"\",'Data Sheet 1'!$G271)","v":""},{"$f":"IF(('Data Sheet 1'!$B271)=\"\",\"\",'Data Sheet 1'!$H271)","v":""}]
[{"$f":"IF(('Data Sheet 1'!$B272)=\"\",\"\",'Data Sheet 1'!$C$2)","v":""},{"$f":"IF(('Data Sheet 1'!$B272)=\"\",\"\",'Data Sheet 1'!$D$4)","v":""},{"$f":"IF(('Data Sheet 1'!$B272)=\"\",\"\",'Data Sheet 1'!$I$4)","v":""},{"$f":"IF(('Data Sheet 1'!$B272)=\"\",\"\",'Data Sheet 1'!$C272)","v":""},{"$f":"IF(('Data Sheet 1'!$B272)=\"\",\"\",'Data Sheet 1'!$D272)","v":""},{"$f":"IF(('Data Sheet 1'!$B272)=\"\",\"\",'Data Sheet 1'!$B272)","v":""},{"$f":"IF(('Data Sheet 1'!$B272)=\"\",\"\",'Data Sheet 1'!$E272)","v":""},{"$f":"IF(('Data Sheet 1'!$B272)=\"\",\"\",'Data Sheet 1'!$F272)","v":""},{"$f":"IF(('Data Sheet 1'!$B272)=\"\",\"\",'Data Sheet 1'!$G272)","v":""},{"$f":"IF(('Data Sheet 1'!$B272)=\"\",\"\",'Data Sheet 1'!$H272)","v":""}]
[{"$f":"IF(('Data Sheet 1'!$B273)=\"\",\"\",'Data Sheet 1'!$C$2)","v":""},{"$f":"IF(('Data Sheet 1'!$B273)=\"\",\"\",'Data Sheet 1'!$D$4)","v":""},{"$f":"IF(('Data Sheet 1'!$B273)=\"\",\"\",'Data Sheet 1'!$I$4)","v":""},{"$f":"IF(('Data Sheet 1'!$B273)=\"\",\"\",'Data Sheet 1'!$C273)","v":""},{"$f":"IF(('Data Sheet 1'!$B273)=\"\",\"\",'Data Sheet 1'!$D273)","v":""},{"$f":"IF(('Data Sheet 1'!$B273)=\"\",\"\",'Data Sheet 1'!$B273)","v":""},{"$f":"IF(('Data Sheet 1'!$B273)=\"\",\"\",'Data Sheet 1'!$E273)","v":""},{"$f":"IF(('Data Sheet 1'!$B273)=\"\",\"\",'Data Sheet 1'!$F273)","v":""},{"$f":"IF(('Data Sheet 1'!$B273)=\"\",\"\",'Data Sheet 1'!$G273)","v":""},{"$f":"IF(('Data Sheet 1'!$B273)=\"\",\"\",'Data Sheet 1'!$H273)","v":""}]
[{"$f":"IF(('Data Sheet 1'!$B274)=\"\",\"\",'Data Sheet 1'!$C$2)","v":""},{"$f":"IF(('Data Sheet 1'!$B274)=\"\",\"\",'Data Sheet 1'!$D$4)","v":""},{"$f":"IF(('Data Sheet 1'!$B274)=\"\",\"\",'Data Sheet 1'!$I$4)","v":""},{"$f":"IF(('Data Sheet 1'!$B274)=\"\",\"\",'Data Sheet 1'!$C274)","v":""},{"$f":"IF(('Data Sheet 1'!$B274)=\"\",\"\",'Data Sheet 1'!$D274)","v":""},{"$f":"IF(('Data Sheet 1'!$B274)=\"\",\"\",'Data Sheet 1'!$B274)","v":""},{"$f":"IF(('Data Sheet 1'!$B274)=\"\",\"\",'Data Sheet 1'!$E274)","v":""},{"$f":"IF(('Data Sheet 1'!$B274)=\"\",\"\",'Data Sheet 1'!$F274)","v":""},{"$f":"IF(('Data Sheet 1'!$B274)=\"\",\"\",'Data Sheet 1'!$G274)","v":""},{"$f":"IF(('Data Sheet 1'!$B274)=\"\",\"\",'Data Sheet 1'!$H274)","v":""}]
[{"$f":"IF(('Data Sheet 1'!$B275)=\"\",\"\",'Data Sheet 1'!$C$2)","v":""},{"$f":"IF(('Data Sheet 1'!$B275)=\"\",\"\",'Data Sheet 1'!$D$4)","v":""},{"$f":"IF(('Data Sheet 1'!$B275)=\"\",\"\",'Data Sheet 1'!$I$4)","v":""},{"$f":"IF(('Data Sheet 1'!$B275)=\"\",\"\",'Data Sheet 1'!$C275)","v":""},{"$f":"IF(('Data Sheet 1'!$B275)=\"\",\"\",'Data Sheet 1'!$D275)","v":""},{"$f":"IF(('Data Sheet 1'!$B275)=\"\",\"\",'Data Sheet 1'!$B275)","v":""},{"$f":"IF(('Data Sheet 1'!$B275)=\"\",\"\",'Data Sheet 1'!$E275)","v":""},{"$f":"IF(('Data Sheet 1'!$B275)=\"\",\"\",'Data Sheet 1'!$F275)","v":""},{"$f":"IF(('Data Sheet 1'!$B275)=\"\",\"\",'Data Sheet 1'!$G275)","v":""},{"$f":"IF(('Data Sheet 1'!$B275)=\"\",\"\",'Data Sheet 1'!$H275)","v":""}]
[{"$f":"IF(('Data Sheet 1'!$B276)=\"\",\"\",'Data Sheet 1'!$C$2)","v":""},{"$f":"IF(('Data Sheet 1'!$B276)=\"\",\"\",'Data Sheet 1'!$D$4)","v":""},{"$f":"IF(('Data Sheet 1'!$B276)=\"\",\"\",'Data Sheet 1'!$I$4)","v":""},{"$f":"IF(('Data Sheet 1'!$B276)=\"\",\"\",'Data Sheet 1'!$C276)","v":""},{"$f":"IF(('Data Sheet 1'!$B276)=\"\",\"\",'Data Sheet 1'!$D276)","v":""},{"$f":"IF(('Data Sheet 1'!$B276)=\"\",\"\",'Data Sheet 1'!$B276)","v":""},{"$f":"IF(('Data Sheet 1'!$B276)=\"\",\"\",'Data Sheet 1'!$E276)","v":""},{"$f":"IF(('Data Sheet 1'!$B276)=\"\",\"\",'Data Sheet 1'!$F276)","v":""},{"$f":"IF(('Data Sheet 1'!$B276)=\"\",\"\",'Data Sheet 1'!$G276)","v":""},{"$f":"IF(('Data Sheet 1'!$B276)=\"\",\"\",'Data Sheet 1'!$H276)","v":""}]
[{"$f":"IF(('Data Sheet 1'!$B277)=\"\",\"\",'Data Sheet 1'!$C$2)","v":""},{"$f":"IF(('Data Sheet 1'!$B277)=\"\",\"\",'Data Sheet 1'!$D$4)","v":""},{"$f":"IF(('Data Sheet 1'!$B277)=\"\",\"\",'Data Sheet 1'!$I$4)","v":""},{"$f":"IF(('Data Sheet 1'!$B277)=\"\",\"\",'Data Sheet 1'!$C277)","v":""},{"$f":"IF(('Data Sheet 1'!$B277)=\"\",\"\",'Data Sheet 1'!$D277)","v":""},{"$f":"IF(('Data Sheet 1'!$B277)=\"\",\"\",'Data Sheet 1'!$B277)","v":""},{"$f":"IF(('Data Sheet 1'!$B277)=\"\",\"\",'Data Sheet 1'!$E277)","v":""},{"$f":"IF(('Data Sheet 1'!$B277)=\"\",\"\",'Data Sheet 1'!$F277)","v":""},{"$f":"IF(('Data Sheet 1'!$B277)=\"\",\"\",'Data Sheet 1'!$G277)","v":""},{"$f":"IF(('Data Sheet 1'!$B277)=\"\",\"\",'Data Sheet 1'!$H277)","v":""}]
[{"$f":"IF(('Data Sheet 1'!$B278)=\"\",\"\",'Data Sheet 1'!$C$2)","v":""},{"$f":"IF(('Data Sheet 1'!$B278)=\"\",\"\",'Data Sheet 1'!$D$4)","v":""},{"$f":"IF(('Data Sheet 1'!$B278)=\"\",\"\",'Data Sheet 1'!$I$4)","v":""},{"$f":"IF(('Data Sheet 1'!$B278)=\"\",\"\",'Data Sheet 1'!$C278)","v":""},{"$f":"IF(('Data Sheet 1'!$B278)=\"\",\"\",'Data Sheet 1'!$D278)","v":""},{"$f":"IF(('Data Sheet 1'!$B278)=\"\",\"\",'Data Sheet 1'!$B278)","v":""},{"$f":"IF(('Data Sheet 1'!$B278)=\"\",\"\",'Data Sheet 1'!$E278)","v":""},{"$f":"IF(('Data Sheet 1'!$B278)=\"\",\"\",'Data Sheet 1'!$F278)","v":""},{"$f":"IF(('Data Sheet 1'!$B278)=\"\",\"\",'Data Sheet 1'!$G278)","v":""},{"$f":"IF(('Data Sheet 1'!$B278)=\"\",\"\",'Data Sheet 1'!$H278)","v":""}]
[{"$f":"IF(('Data Sheet 1'!$B279)=\"\",\"\",'Data Sheet 1'!$C$2)","v":""},{"$f":"IF(('Data Sheet 1'!$B279)=\"\",\"\",'Data Sheet 1'!$D$4)","v":""},{"$f":"IF(('Data Sheet 1'!$B279)=\"\",\"\",'Data Sheet 1'!$I$4)","v":""},{"$f":"IF(('Data Sheet 1'!$B279)=\"\",\"\",'Data Sheet 1'!$C279)","v":""},{"$f":"IF(('Data Sheet 1'!$B279)=\"\",\"\",'Data Sheet 1'!$D279)","v":""},{"$f":"IF(('Data Sheet 1'!$B279)=\"\",\"\",'Data Sheet 1'!$B279)","v":""},{"$f":"IF(('Data Sheet 1'!$B279)=\"\",\"\",'Data Sheet 1'!$E279)","v":""},{"$f":"IF(('Data Sheet 1'!$B279)=\"\",\"\",'Data Sheet 1'!$F279)","v":""},{"$f":"IF(('Data Sheet 1'!$B279)=\"\",\"\",'Data Sheet 1'!$G279)","v":""},{"$f":"IF(('Data Sheet 1'!$B279)=\"\",\"\",'Data Sheet 1'!$H279)","v":""}]
[{"$f":"IF(('Data Sheet 1'!$B280)=\"\",\"\",'Data Sheet 1'!$C$2)","v":""},{"$f":"IF(('Data Sheet 1'!$B280)=\"\",\"\",'Data Sheet 1'!$D$4)","v":""},{"$f":"IF(('Data Sheet 1'!$B280)=\"\",\"\",'Data Sheet 1'!$I$4)","v":""},{"$f":"IF(('Data Sheet 1'!$B280)=\"\",\"\",'Data Sheet 1'!$C280)","v":""},{"$f":"IF(('Data Sheet 1'!$B280)=\"\",\"\",'Data Sheet 1'!$D280)","v":""},{"$f":"IF(('Data Sheet 1'!$B280)=\"\",\"\",'Data Sheet 1'!$B280)","v":""},{"$f":"IF(('Data Sheet 1'!$B280)=\"\",\"\",'Data Sheet 1'!$E280)","v":""},{"$f":"IF(('Data Sheet 1'!$B280)=\"\",\"\",'Data Sheet 1'!$F280)","v":""},{"$f":"IF(('Data Sheet 1'!$B280)=\"\",\"\",'Data Sheet 1'!$G280)","v":""},{"$f":"IF(('Data Sheet 1'!$B280)=\"\",\"\",'Data Sheet 1'!$H280)","v":""}]
[{"$f":"IF(('Data Sheet 1'!$B281)=\"\",\"\",'Data Sheet 1'!$C$2)","v":""},{"$f":"IF(('Data Sheet 1'!$B281)=\"\",\"\",'Data Sheet 1'!$D$4)","v":""},{"$f":"IF(('Data Sheet 1'!$B281)=\"\",\"\",'Data Sheet 1'!$I$4)","v":""},{"$f":"IF(('Data Sheet 1'!$B281)=\"\",\"\",'Data Sheet 1'!$C281)","v":""},{"$f":"IF(('Data Sheet 1'!$B281)=\"\",\"\",'Data Sheet 1'!$D281)","v":""},{"$f":"IF(('Data Sheet 1'!$B281)=\"\",\"\",'Data Sheet 1'!$B281)","v":""},{"$f":"IF(('Data Sheet 1'!$B281)=\"\",\"\",'Data Sheet 1'!$E281)","v":""},{"$f":"IF(('Data Sheet 1'!$B281)=\"\",\"\",'Data Sheet 1'!$F281)","v":""},{"$f":"IF(('Data Sheet 1'!$B281)=\"\",\"\",'Data Sheet 1'!$G281)","v":""},{"$f":"IF(('Data Sheet 1'!$B281)=\"\",\"\",'Data Sheet 1'!$H281)","v":""}]
[{"$f":"IF(('Data Sheet 1'!$B282)=\"\",\"\",'Data Sheet 1'!$C$2)","v":""},{"$f":"IF(('Data Sheet 1'!$B282)=\"\",\"\",'Data Sheet 1'!$D$4)","v":""},{"$f":"IF(('Data Sheet 1'!$B282)=\"\",\"\",'Data Sheet 1'!$I$4)","v":""},{"$f":"IF(('Data Sheet 1'!$B282)=\"\",\"\",'Data Sheet 1'!$C282)","v":""},{"$f":"IF(('Data Sheet 1'!$B282)=\"\",\"\",'Data Sheet 1'!$D282)","v":""},{"$f":"IF(('Data Sheet 1'!$B282)=\"\",\"\",'Data Sheet 1'!$B282)","v":""},{"$f":"IF(('Data Sheet 1'!$B282)=\"\",\"\",'Data Sheet 1'!$E282)","v":""},{"$f":"IF(('Data Sheet 1'!$B282)=\"\",\"\",'Data Sheet 1'!$F282)","v":""},{"$f":"IF(('Data Sheet 1'!$B282)=\"\",\"\",'Data Sheet 1'!$G282)","v":""},{"$f":"IF(('Data Sheet 1'!$B282)=\"\",\"\",'Data Sheet 1'!$H282)","v":""}]
[{"$f":"IF(('Data Sheet 1'!$B283)=\"\",\"\",'Data Sheet 1'!$C$2)","v":""},{"$f":"IF(('Data Sheet 1'!$B283)=\"\",\"\",'Data Sheet 1'!$D$4)","v":""},{"$f":"IF(('Data Sheet 1'!$B283)=\"\",\"\",'Data Sheet 1'!$I$4)","v":""},{"$f":"IF(('Data Sheet 1'!$B283)=\"\",\"\",'Data Sheet 1'!$C283)","v":""},{"$f":"IF(('Data Sheet 1'!$B283)=\"\",\"\",'Data Sheet 1'!$D283)","v":""},{"$f":"IF(('Data Sheet 1'!$B283)=\"\",\"\",'Data Sheet 1'!$B283)","v":""},{"$f":"IF(('Data Sheet 1'!$B283)=\"\",\"\",'Data Sheet 1'!$E283)","v":""},{"$f":"IF(('Data Sheet 1'!$B283)=\"\",\"\",'Data Sheet 1'!$F283)","v":""},{"$f":"IF(('Data Sheet 1'!$B283)=\"\",\"\",'Data Sheet 1'!$G283)","v":""},{"$f":"IF(('Data Sheet 1'!$B283)=\"\",\"\",'Data Sheet 1'!$H283)","v":""}]
[{"$f":"IF(('Data Sheet 1'!$B284)=\"\",\"\",'Data Sheet 1'!$C$2)","v":""},{"$f":"IF(('Data Sheet 1'!$B284)=\"\",\"\",'Data Sheet 1'!$D$4)","v":""},{"$f":"IF(('Data Sheet 1'!$B284)=\"\",\"\",'Data Sheet 1'!$I$4)","v":""},{"$f":"IF(('Data Sheet 1'!$B284)=\"\",\"\",'Data Sheet 1'!$C284)","v":""},{"$f":"IF(('Data Sheet 1'!$B284)=\"\",\"\",'Data Sheet 1'!$D284)","v":""},{"$f":"IF(('Data Sheet 1'!$B284)=\"\",\"\",'Data Sheet 1'!$B284)","v":""},{"$f":"IF(('Data Sheet 1'!$B284)=\"\",\"\",'Data Sheet 1'!$E284)","v":""},{"$f":"IF(('Data Sheet 1'!$B284)=\"\",\"\",'Data Sheet 1'!$F284)","v":""},{"$f":"IF(('Data Sheet 1'!$B284)=\"\",\"\",'Data Sheet 1'!$G284)","v":""},{"$f":"IF(('Data Sheet 1'!$B284)=\"\",\"\",'Data Sheet 1'!$H284)","v":""}]
[{"$f":"IF(('Data Sheet 1'!$B285)=\"\",\"\",'Data Sheet 1'!$C$2)","v":""},{"$f":"IF(('Data Sheet 1'!$B285)=\"\",\"\",'Data Sheet 1'!$D$4)","v":""},{"$f":"IF(('Data Sheet 1'!$B285)=\"\",\"\",'Data Sheet 1'!$I$4)","v":""},{"$f":"IF(('Data Sheet 1'!$B285)=\"\",\"\",'Data Sheet 1'!$C285)","v":""},{"$f":"IF(('Data Sheet 1'!$B285)=\"\",\"\",'Data Sheet 1'!$D285)","v":""},{"$f":"IF(('Data Sheet 1'!$B285)=\"\",\"\",'Data Sheet 1'!$B285)","v":""},{"$f":"IF(('Data Sheet 1'!$B285)=\"\",\"\",'Data Sheet 1'!$E285)","v":""},{"$f":"IF(('Data Sheet 1'!$B285)=\"\",\"\",'Data Sheet 1'!$F285)","v":""},{"$f":"IF(('Data Sheet 1'!$B285)=\"\",\"\",'Data Sheet 1'!$G285)","v":""},{"$f":"IF(('Data Sheet 1'!$B285)=\"\",\"\",'Data Sheet 1'!$H285)","v":""}]
[{"$f":"IF(('Data Sheet 1'!$B286)=\"\",\"\",'Data Sheet 1'!$C$2)","v":""},{"$f":"IF(('Data Sheet 1'!$B286)=\"\",\"\",'Data Sheet 1'!$D$4)","v":""},{"$f":"IF(('Data Sheet 1'!$B286)=\"\",\"\",'Data Sheet 1'!$I$4)","v":""},{"$f":"IF(('Data Sheet 1'!$B286)=\"\",\"\",'Data Sheet 1'!$C286)","v":""},{"$f":"IF(('Data Sheet 1'!$B286)=\"\",\"\",'Data Sheet 1'!$D286)","v":""},{"$f":"IF(('Data Sheet 1'!$B286)=\"\",\"\",'Data Sheet 1'!$B286)","v":""},{"$f":"IF(('Data Sheet 1'!$B286)=\"\",\"\",'Data Sheet 1'!$E286)","v":""},{"$f":"IF(('Data Sheet 1'!$B286)=\"\",\"\",'Data Sheet 1'!$F286)","v":""},{"$f":"IF(('Data Sheet 1'!$B286)=\"\",\"\",'Data Sheet 1'!$G286)","v":""},{"$f":"IF(('Data Sheet 1'!$B286)=\"\",\"\",'Data Sheet 1'!$H286)","v":""}]
[{"$f":"IF(('Data Sheet 1'!$B287)=\"\",\"\",'Data Sheet 1'!$C$2)","v":""},{"$f":"IF(('Data Sheet 1'!$B287)=\"\",\"\",'Data Sheet 1'!$D$4)","v":""},{"$f":"IF(('Data Sheet 1'!$B287)=\"\",\"\",'Data Sheet 1'!$I$4)","v":""},{"$f":"IF(('Data Sheet 1'!$B287)=\"\",\"\",'Data Sheet 1'!$C287)","v":""},{"$f":"IF(('Data Sheet 1'!$B287)=\"\",\"\",'Data Sheet 1'!$D287)","v":""},{"$f":"IF(('Data Sheet 1'!$B287)=\"\",\"\",'Data Sheet 1'!$B287)","v":""},{"$f":"IF(('Data Sheet 1'!$B287)=\"\",\"\",'Data Sheet 1'!$E287)","v":""},{"$f":"IF(('Data Sheet 1'!$B287)=\"\",\"\",'Data Sheet 1'!$F287)","v":""},{"$f":"IF(('Data Sheet 1'!$B287)=\"\",\"\",'Data Sheet 1'!$G287)","v":""},{"$f":"IF(('Data Sheet 1'!$B287)=\"\",\"\",'Data Sheet 1'!$H287)","v":""}]
[{"$f":"IF(('Data Sheet 1'!$B288)=\"\",\"\",'Data Sheet 1'!$C$2)","v":""},{"$f":"IF(('Data Sheet 1'!$B288)=\"\",\"\",'Data Sheet 1'!$D$4)","v":""},{"$f":"IF(('Data Sheet 1'!$B288)=\"\",\"\",'Data Sheet 1'!$I$4)","v":""},{"$f":"IF(('Data Sheet 1'!$B288)=\"\",\"\",'Data Sheet 1'!$C288)","v":""},{"$f":"IF(('Data Sheet 1'!$B288)=\"\",\"\",'Data Sheet 1'!$D288)","v":""},{"$f":"IF(('Data Sheet 1'!$B288)=\"\",\"\",'Data Sheet 1'!$B288)","v":""},{"$f":"IF(('Data Sheet 1'!$B288)=\"\",\"\",'Data Sheet 1'!$E288)","v":""},{"$f":"IF(('Data Sheet 1'!$B288)=\"\",\"\",'Data Sheet 1'!$F288)","v":""},{"$f":"IF(('Data Sheet 1'!$B288)=\"\",\"\",'Data Sheet 1'!$G288)","v":""},{"$f":"IF(('Data Sheet 1'!$B288)=\"\",\"\",'Data Sheet 1'!$H288)","v":""}]
[{"$f":"IF(('Data Sheet 1'!$B289)=\"\",\"\",'Data Sheet 1'!$C$2)","v":""},{"$f":"IF(('Data Sheet 1'!$B289)=\"\",\"\",'Data Sheet 1'!$D$4)","v":""},{"$f":"IF(('Data Sheet 1'!$B289)=\"\",\"\",'Data Sheet 1'!$I$4)","v":""},{"$f":"IF(('Data Sheet 1'!$B289)=\"\",\"\",'Data Sheet 1'!$C289)","v":""},{"$f":"IF(('Data Sheet 1'!$B289)=\"\",\"\",'Data Sheet 1'!$D289)","v":""},{"$f":"IF(('Data Sheet 1'!$B289)=\"\",\"\",'Data Sheet 1'!$B289)","v":""},{"$f":"IF(('Data Sheet 1'!$B289)=\"\",\"\",'Data Sheet 1'!$E289)","v":""},{"$f":"IF(('Data Sheet 1'!$B289)=\"\",\"\",'Data Sheet 1'!$F289)","v":""},{"$f":"IF(('Data Sheet 1'!$B289)=\"\",\"\",'Data Sheet 1'!$G289)","v":""},{"$f":"IF(('Data Sheet 1'!$B289)=\"\",\"\",'Data Sheet 1'!$H289)","v":""}]
[{"$f":"IF(('Data Sheet 1'!$B290)=\"\",\"\",'Data Sheet 1'!$C$2)","v":""},{"$f":"IF(('Data Sheet 1'!$B290)=\"\",\"\",'Data Sheet 1'!$D$4)","v":""},{"$f":"IF(('Data Sheet 1'!$B290)=\"\",\"\",'Data Sheet 1'!$I$4)","v":""},{"$f":"IF(('Data Sheet 1'!$B290)=\"\",\"\",'Data Sheet 1'!$C290)","v":""},{"$f":"IF(('Data Sheet 1'!$B290)=\"\",\"\",'Data Sheet 1'!$D290)","v":""},{"$f":"IF(('Data Sheet 1'!$B290)=\"\",\"\",'Data Sheet 1'!$B290)","v":""},{"$f":"IF(('Data Sheet 1'!$B290)=\"\",\"\",'Data Sheet 1'!$E290)","v":""},{"$f":"IF(('Data Sheet 1'!$B290)=\"\",\"\",'Data Sheet 1'!$F290)","v":""},{"$f":"IF(('Data Sheet 1'!$B290)=\"\",\"\",'Data Sheet 1'!$G290)","v":""},{"$f":"IF(('Data Sheet 1'!$B290)=\"\",\"\",'Data Sheet 1'!$H290)","v":""}]
[{"$f":"IF(('Data Sheet 1'!$B291)=\"\",\"\",'Data Sheet 1'!$C$2)","v":""},{"$f":"IF(('Data Sheet 1'!$B291)=\"\",\"\",'Data Sheet 1'!$D$4)","v":""},{"$f":"IF(('Data Sheet 1'!$B291)=\"\",\"\",'Data Sheet 1'!$I$4)","v":""},{"$f":"IF(('Data Sheet 1'!$B291)=\"\",\"\",'Data Sheet 1'!$C291)","v":""},{"$f":"IF(('Data Sheet 1'!$B291)=\"\",\"\",'Data Sheet 1'!$D291)","v":""},{"$f":"IF(('Data Sheet 1'!$B291)=\"\",\"\",'Data Sheet 1'!$B291)","v":""},{"$f":"IF(('Data Sheet 1'!$B291)=\"\",\"\",'Data Sheet 1'!$E291)","v":""},{"$f":"IF(('Data Sheet 1'!$B291)=\"\",\"\",'Data Sheet 1'!$F291)","v":""},{"$f":"IF(('Data Sheet 1'!$B291)=\"\",\"\",'Data Sheet 1'!$G291)","v":""},{"$f":"IF(('Data Sheet 1'!$B291)=\"\",\"\",'Data Sheet 1'!$H291)","v":""}]
[{"$f":"IF(('Data Sheet 1'!$B292)=\"\",\"\",'Data Sheet 1'!$C$2)","v":""},{"$f":"IF(('Data Sheet 1'!$B292)=\"\",\"\",'Data Sheet 1'!$D$4)","v":""},{"$f":"IF(('Data Sheet 1'!$B292)=\"\",\"\",'Data Sheet 1'!$I$4)","v":""},{"$f":"IF(('Data Sheet 1'!$B292)=\"\",\"\",'Data Sheet 1'!$C292)","v":""},{"$f":"IF(('Data Sheet 1'!$B292)=\"\",\"\",'Data Sheet 1'!$D292)","v":""},{"$f":"IF(('Data Sheet 1'!$B292)=\"\",\"\",'Data Sheet 1'!$B292)","v":""},{"$f":"IF(('Data Sheet 1'!$B292)=\"\",\"\",'Data Sheet 1'!$E292)","v":""},{"$f":"IF(('Data Sheet 1'!$B292)=\"\",\"\",'Data Sheet 1'!$F292)","v":""},{"$f":"IF(('Data Sheet 1'!$B292)=\"\",\"\",'Data Sheet 1'!$G292)","v":""},{"$f":"IF(('Data Sheet 1'!$B292)=\"\",\"\",'Data Sheet 1'!$H292)","v":""}]
[{"$f":"IF(('Data Sheet 1'!$B293)=\"\",\"\",'Data Sheet 1'!$C$2)","v":""},{"$f":"IF(('Data Sheet 1'!$B293)=\"\",\"\",'Data Sheet 1'!$D$4)","v":""},{"$f":"IF(('Data Sheet 1'!$B293)=\"\",\"\",'Data Sheet 1'!$I$4)","v":""},{"$f":"IF(('Data Sheet 1'!$B293)=\"\",\"\",'Data Sheet 1'!$C293)","v":""},{"$f":"IF(('Data Sheet 1'!$B293)=\"\",\"\",'Data Sheet 1'!$D293)","v":""},{"$f":"IF(('Data Sheet 1'!$B293)=\"\",\"\",'Data Sheet 1'!$B293)","v":""},{"$f":"IF(('Data Sheet 1'!$B293)=\"\",\"\",'Data Sheet 1'!$E293)","v":""},{"$f":"IF(('Data Sheet 1'!$B293)=\"\",\"\",'Data Sheet 1'!$F293)","v":""},{"$f":"IF(('Data Sheet 1'!$B293)=\"\",\"\",'Data Sheet 1'!$G293)","v":""},{"$f":"IF(('Data Sheet 1'!$B293)=\"\",\"\",'Data Sheet 1'!$H293)","v":""}]
[{"$f":"IF(('Data Sheet 1'!$B294)=\"\",\"\",'Data Sheet 1'!$C$2)","v":""},{"$f":"IF(('Data Sheet 1'!$B294)=\"\",\"\",'Data Sheet 1'!$D$4)","v":""},{"$f":"IF(('Data Sheet 1'!$B294)=\"\",\"\",'Data Sheet 1'!$I$4)","v":""},{"$f":"IF(('Data Sheet 1'!$B294)=\"\",\"\",'Data Sheet 1'!$C294)","v":""},{"$f":"IF(('Data Sheet 1'!$B294)=\"\",\"\",'Data Sheet 1'!$D294)","v":""},{"$f":"IF(('Data Sheet 1'!$B294)=\"\",\"\",'Data Sheet 1'!$B294)","v":""},{"$f":"IF(('Data Sheet 1'!$B294)=\"\",\"\",'Data Sheet 1'!$E294)","v":""},{"$f":"IF(('Data Sheet 1'!$B294)=\"\",\"\",'Data Sheet 1'!$F294)","v":""},{"$f":"IF(('Data Sheet 1'!$B294)=\"\",\"\",'Data Sheet 1'!$G294)","v":""},{"$f":"IF(('Data Sheet 1'!$B294)=\"\",\"\",'Data Sheet 1'!$H294)","v":""}]
[{"$f":"IF(('Data Sheet 1'!$B295)=\"\",\"\",'Data Sheet 1'!$C$2)","v":""},{"$f":"IF(('Data Sheet 1'!$B295)=\"\",\"\",'Data Sheet 1'!$D$4)","v":""},{"$f":"IF(('Data Sheet 1'!$B295)=\"\",\"\",'Data Sheet 1'!$I$4)","v":""},{"$f":"IF(('Data Sheet 1'!$B295)=\"\",\"\",'Data Sheet 1'!$C295)","v":""},{"$f":"IF(('Data Sheet 1'!$B295)=\"\",\"\",'Data Sheet 1'!$D295)","v":""},{"$f":"IF(('Data Sheet 1'!$B295)=\"\",\"\",'Data Sheet 1'!$B295)","v":""},{"$f":"IF(('Data Sheet 1'!$B295)=\"\",\"\",'Data Sheet 1'!$E295)","v":""},{"$f":"IF(('Data Sheet 1'!$B295)=\"\",\"\",'Data Sheet 1'!$F295)","v":""},{"$f":"IF(('Data Sheet 1'!$B295)=\"\",\"\",'Data Sheet 1'!$G295)","v":""},{"$f":"IF(('Data Sheet 1'!$B295)=\"\",\"\",'Data Sheet 1'!$H295)","v":""}]
[{"$f":"IF(('Data Sheet 1'!$B296)=\"\",\"\",'Data Sheet 1'!$C$2)","v":""},{"$f":"IF(('Data Sheet 1'!$B296)=\"\",\"\",'Data Sheet 1'!$D$4)","v":""},{"$f":"IF(('Data Sheet 1'!$B296)=\"\",\"\",'Data Sheet 1'!$I$4)","v":""},{"$f":"IF(('Data Sheet 1'!$B296)=\"\",\"\",'Data Sheet 1'!$C296)","v":""},{"$f":"IF(('Data Sheet 1'!$B296)=\"\",\"\",'Data Sheet 1'!$D296)","v":""},{"$f":"IF(('Data Sheet 1'!$B296)=\"\",\"\",'Data Sheet 1'!$B296)","v":""},{"$f":"IF(('Data Sheet 1'!$B296)=\"\",\"\",'Data Sheet 1'!$E296)","v":""},{"$f":"IF(('Data Sheet 1'!$B296)=\"\",\"\",'Data Sheet 1'!$F296)","v":""},{"$f":"IF(('Data Sheet 1'!$B296)=\"\",\"\",'Data Sheet 1'!$G296)","v":""},{"$f":"IF(('Data Sheet 1'!$B296)=\"\",\"\",'Data Sheet 1'!$H296)","v":""}]
[{"$f":"IF(('Data Sheet 1'!$B297)=\"\",\"\",'Data Sheet 1'!$C$2)","v":""},{"$f":"IF(('Data Sheet 1'!$B297)=\"\",\"\",'Data Sheet 1'!$D$4)","v":""},{"$f":"IF(('Data Sheet 1'!$B297)=\"\",\"\",'Data Sheet 1'!$I$4)","v":""},{"$f":"IF(('Data Sheet 1'!$B297)=\"\",\"\",'Data Sheet 1'!$C297)","v":""},{"$f":"IF(('Data Sheet 1'!$B297)=\"\",\"\",'Data Sheet 1'!$D297)","v":""},{"$f":"IF(('Data Sheet 1'!$B297)=\"\",\"\",'Data Sheet 1'!$B297)","v":""},{"$f":"IF(('Data Sheet 1'!$B297)=\"\",\"\",'Data Sheet 1'!$E297)","v":""},{"$f":"IF(('Data Sheet 1'!$B297)=\"\",\"\",'Data Sheet 1'!$F297)","v":""},{"$f":"IF(('Data Sheet 1'!$B297)=\"\",\"\",'Data Sheet 1'!$G297)","v":""},{"$f":"IF(('Data Sheet 1'!$B297)=\"\",\"\",'Data Sheet 1'!$H297)","v":""}]
[{"$f":"IF(('Data Sheet 1'!$B298)=\"\",\"\",'Data Sheet 1'!$C$2)","v":""},{"$f":"IF(('Data Sheet 1'!$B298)=\"\",\"\",'Data Sheet 1'!$D$4)","v":""},{"$f":"IF(('Data Sheet 1'!$B298)=\"\",\"\",'Data Sheet 1'!$I$4)","v":""},{"$f":"IF(('Data Sheet 1'!$B298)=\"\",\"\",'Data Sheet 1'!$C298)","v":""},{"$f":"IF(('Data Sheet 1'!$B298)=\"\",\"\",'Data Sheet 1'!$D298)","v":""},{"$f":"IF(('Data Sheet 1'!$B298)=\"\",\"\",'Data Sheet 1'!$B298)","v":""},{"$f":"IF(('Data Sheet 1'!$B298)=\"\",\"\",'Data Sheet 1'!$E298)","v":""},{"$f":"IF(('Data Sheet 1'!$B298)=\"\",\"\",'Data Sheet 1'!$F298)","v":""},{"$f":"IF(('Data Sheet 1'!$B298)=\"\",\"\",'Data Sheet 1'!$G298)","v":""},{"$f":"IF(('Data Sheet 1'!$B298)=\"\",\"\",'Data Sheet 1'!$H298)","v":""}]
[{"$f":"IF(('Data Sheet 1'!$B299)=\"\",\"\",'Data Sheet 1'!$C$2)","v":""},{"$f":"IF(('Data Sheet 1'!$B299)=\"\",\"\",'Data Sheet 1'!$D$4)","v":""},{"$f":"IF(('Data Sheet 1'!$B299)=\"\",\"\",'Data Sheet 1'!$I$4)","v":""},{"$f":"IF(('Data Sheet 1'!$B299)=\"\",\"\",'Data Sheet 1'!$C299)","v":""},{"$f":"IF(('Data Sheet 1'!$B299)=\"\",\"\",'Data Sheet 1'!$D299)","v":""},{"$f":"IF(('Data Sheet 1'!$B299)=\"\",\"\",'Data Sheet 1'!$B299)","v":""},{"$f":"IF(('Data Sheet 1'!$B299)=\"\",\"\",'Data Sheet 1'!$E299)","v":""},{"$f":"IF(('Data Sheet 1'!$B299)=\"\",\"\",'Data Sheet 1'!$F299)","v":""},{"$f":"IF(('Data Sheet 1'!$B299)=\"\",\"\",'Data Sheet 1'!$G299)","v":""},{"$f":"IF(('Data Sheet 1'!$B299)=\"\",\"\",'Data Sheet 1'!$H299)","v":""}]
[{"$f":"IF(('Data Sheet 1'!$B300)=\"\",\"\",'Data Sheet 1'!$C$2)","v":""},{"$f":"IF(('Data Sheet 1'!$B300)=\"\",\"\",'Data Sheet 1'!$D$4)","v":""},{"$f":"IF(('Data Sheet 1'!$B300)=\"\",\"\",'Data Sheet 1'!$I$4)","v":""},{"$f":"IF(('Data Sheet 1'!$B300)=\"\",\"\",'Data Sheet 1'!$C300)","v":""},{"$f":"IF(('Data Sheet 1'!$B300)=\"\",\"\",'Data Sheet 1'!$D300)","v":""},{"$f":"IF(('Data Sheet 1'!$B300)=\"\",\"\",'Data Sheet 1'!$B300)","v":""},{"$f":"IF(('Data Sheet 1'!$B300)=\"\",\"\",'Data Sheet 1'!$E300)","v":""},{"$f":"IF(('Data Sheet 1'!$B300)=\"\",\"\",'Data Sheet 1'!$F300)","v":""},{"$f":"IF(('Data Sheet 1'!$B300)=\"\",\"\",'Data Sheet 1'!$G300)","v":""},{"$f":"IF(('Data Sheet 1'!$B300)=\"\",\"\",'Data Sheet 1'!$H300)","v":""}]
[{"$f":"IF(('Data Sheet 1'!$B301)=\"\",\"\",'Data Sheet 1'!$C$2)","v":""},{"$f":"IF(('Data Sheet 1'!$B301)=\"\",\"\",'Data Sheet 1'!$D$4)","v":""},{"$f":"IF(('Data Sheet 1'!$B301)=\"\",\"\",'Data Sheet 1'!$I$4)","v":""},{"$f":"IF(('Data Sheet 1'!$B301)=\"\",\"\",'Data Sheet 1'!$C301)","v":""},{"$f":"IF(('Data Sheet 1'!$B301)=\"\",\"\",'Data Sheet 1'!$D301)","v":""},{"$f":"IF(('Data Sheet 1'!$B301)=\"\",\"\",'Data Sheet 1'!$B301)","v":""},{"$f":"IF(('Data Sheet 1'!$B301)=\"\",\"\",'Data Sheet 1'!$E301)","v":""},{"$f":"IF(('Data Sheet 1'!$B301)=\"\",\"\",'Data Sheet 1'!$F301)","v":""},{"$f":"IF(('Data Sheet 1'!$B301)=\"\",\"\",'Data Sheet 1'!$G301)","v":""},{"$f":"IF(('Data Sheet 1'!$B301)=\"\",\"\",'Data Sheet 1'!$H301)","v":""}]
[{"$f":"IF(('Data Sheet 1'!$B302)=\"\",\"\",'Data Sheet 1'!$C$2)","v":""},{"$f":"IF(('Data Sheet 1'!$B302)=\"\",\"\",'Data Sheet 1'!$D$4)","v":""},{"$f":"IF(('Data Sheet 1'!$B302)=\"\",\"\",'Data Sheet 1'!$I$4)","v":""},{"$f":"IF(('Data Sheet 1'!$B302)=\"\",\"\",'Data Sheet 1'!$C302)","v":""},{"$f":"IF(('Data Sheet 1'!$B302)=\"\",\"\",'Data Sheet 1'!$D302)","v":""},{"$f":"IF(('Data Sheet 1'!$B302)=\"\",\"\",'Data Sheet 1'!$B302)","v":""},{"$f":"IF(('Data Sheet 1'!$B302)=\"\",\"\",'Data Sheet 1'!$E302)","v":""},{"$f":"IF(('Data Sheet 1'!$B302)=\"\",\"\",'Data Sheet 1'!$F302)","v":""},{"$f":"IF(('Data Sheet 1'!$B302)=\"\",\"\",'Data Sheet 1'!$G302)","v":""},{"$f":"IF(('Data Sheet 1'!$B302)=\"\",\"\",'Data Sheet 1'!$H302)","v":""}]
[{"$f":"IF(('Data Sheet 1'!$B303)=\"\",\"\",'Data Sheet 1'!$C$2)","v":""},{"$f":"IF(('Data Sheet 1'!$B303)=\"\",\"\",'Data Sheet 1'!$D$4)","v":""},{"$f":"IF(('Data Sheet 1'!$B303)=\"\",\"\",'Data Sheet 1'!$I$4)","v":""},{"$f":"IF(('Data Sheet 1'!$B303)=\"\",\"\",'Data Sheet 1'!$C303)","v":""},{"$f":"IF(('Data Sheet 1'!$B303)=\"\",\"\",'Data Sheet 1'!$D303)","v":""},{"$f":"IF(('Data Sheet 1'!$B303)=\"\",\"\",'Data Sheet 1'!$B303)","v":""},{"$f":"IF(('Data Sheet 1'!$B303)=\"\",\"\",'Data Sheet 1'!$E303)","v":""},{"$f":"IF(('Data Sheet 1'!$B303)=\"\",\"\",'Data Sheet 1'!$F303)","v":""},{"$f":"IF(('Data Sheet 1'!$B303)=\"\",\"\",'Data Sheet 1'!$G303)","v":""},{"$f":"IF(('Data Sheet 1'!$B303)=\"\",\"\",'Data Sheet 1'!$H303)","v":""}]
[{"$f":"IF(('Data Sheet 1'!$B304)=\"\",\"\",'Data Sheet 1'!$C$2)","v":""},{"$f":"IF(('Data Sheet 1'!$B304)=\"\",\"\",'Data Sheet 1'!$D$4)","v":""},{"$f":"IF(('Data Sheet 1'!$B304)=\"\",\"\",'Data Sheet 1'!$I$4)","v":""},{"$f":"IF(('Data Sheet 1'!$B304)=\"\",\"\",'Data Sheet 1'!$C304)","v":""},{"$f":"IF(('Data Sheet 1'!$B304)=\"\",\"\",'Data Sheet 1'!$D304)","v":""},{"$f":"IF(('Data Sheet 1'!$B304)=\"\",\"\",'Data Sheet 1'!$B304)","v":""},{"$f":"IF(('Data Sheet 1'!$B304)=\"\",\"\",'Data Sheet 1'!$E304)","v":""},{"$f":"IF(('Data Sheet 1'!$B304)=\"\",\"\",'Data Sheet 1'!$F304)","v":""},{"$f":"IF(('Data Sheet 1'!$B304)=\"\",\"\",'Data Sheet 1'!$G304)","v":""},{"$f":"IF(('Data Sheet 1'!$B304)=\"\",\"\",'Data Sheet 1'!$H304)","v":""}]
[{"$f":"IF(('Data Sheet 1'!$B305)=\"\",\"\",'Data Sheet 1'!$C$2)","v":""},{"$f":"IF(('Data Sheet 1'!$B305)=\"\",\"\",'Data Sheet 1'!$D$4)","v":""},{"$f":"IF(('Data Sheet 1'!$B305)=\"\",\"\",'Data Sheet 1'!$I$4)","v":""},{"$f":"IF(('Data Sheet 1'!$B305)=\"\",\"\",'Data Sheet 1'!$C305)","v":""},{"$f":"IF(('Data Sheet 1'!$B305)=\"\",\"\",'Data Sheet 1'!$D305)","v":""},{"$f":"IF(('Data Sheet 1'!$B305)=\"\",\"\",'Data Sheet 1'!$B305)","v":""},{"$f":"IF(('Data Sheet 1'!$B305)=\"\",\"\",'Data Sheet 1'!$E305)","v":""},{"$f":"IF(('Data Sheet 1'!$B305)=\"\",\"\",'Data Sheet 1'!$F305)","v":""},{"$f":"IF(('Data Sheet 1'!$B305)=\"\",\"\",'Data Sheet 1'!$G305)","v":""},{"$f":"IF(('Data Sheet 1'!$B305)=\"\",\"\",'Data Sheet 1'!$H305)","v":""}]
[{"$f":"IF(('Data Sheet 1'!$B306)=\"\",\"\",'Data Sheet 1'!$C$2)","v":""},{"$f":"IF(('Data Sheet 1'!$B306)=\"\",\"\",'Data Sheet 1'!$D$4)","v":""},{"$f":"IF(('Data Sheet 1'!$B306)=\"\",\"\",'Data Sheet 1'!$I$4)","v":""},{"$f":"IF(('Data Sheet 1'!$B306)=\"\",\"\",'Data Sheet 1'!$C306)","v":""},{"$f":"IF(('Data Sheet 1'!$B306)=\"\",\"\",'Data Sheet 1'!$D306)","v":""},{"$f":"IF(('Data Sheet 1'!$B306)=\"\",\"\",'Data Sheet 1'!$B306)","v":""},{"$f":"IF(('Data Sheet 1'!$B306)=\"\",\"\",'Data Sheet 1'!$E306)","v":""},{"$f":"IF(('Data Sheet 1'!$B306)=\"\",\"\",'Data Sheet 1'!$F306)","v":""},{"$f":"IF(('Data Sheet 1'!$B306)=\"\",\"\",'Data Sheet 1'!$G306)","v":""},{"$f":"IF(('Data Sheet 1'!$B306)=\"\",\"\",'Data Sheet 1'!$H306)","v":""}]
[{"$f":"IF(('Data Sheet 1'!$B307)=\"\",\"\",'Data Sheet 1'!$C$2)","v":""},{"$f":"IF(('Data Sheet 1'!$B307)=\"\",\"\",'Data Sheet 1'!$D$4)","v":""},{"$f":"IF(('Data Sheet 1'!$B307)=\"\",\"\",'Data Sheet 1'!$I$4)","v":""},{"$f":"IF(('Data Sheet 1'!$B307)=\"\",\"\",'Data Sheet 1'!$C307)","v":""},{"$f":"IF(('Data Sheet 1'!$B307)=\"\",\"\",'Data Sheet 1'!$D307)","v":""},{"$f":"IF(('Data Sheet 1'!$B307)=\"\",\"\",'Data Sheet 1'!$B307)","v":""},{"$f":"IF(('Data Sheet 1'!$B307)=\"\",\"\",'Data Sheet 1'!$E307)","v":""},{"$f":"IF(('Data Sheet 1'!$B307)=\"\",\"\",'Data Sheet 1'!$F307)","v":""},{"$f":"IF(('Data Sheet 1'!$B307)=\"\",\"\",'Data Sheet 1'!$G307)","v":""},{"$f":"IF(('Data Sheet 1'!$B307)=\"\",\"\",'Data Sheet 1'!$H307)","v":""}]
[{"$f":"IF(('Data Sheet 1'!$B308)=\"\",\"\",'Data Sheet 1'!$C$2)","v":""},{"$f":"IF(('Data Sheet 1'!$B308)=\"\",\"\",'Data Sheet 1'!$D$4)","v":""},{"$f":"IF(('Data Sheet 1'!$B308)=\"\",\"\",'Data Sheet 1'!$I$4)","v":""},{"$f":"IF(('Data Sheet 1'!$B308)=\"\",\"\",'Data Sheet 1'!$C308)","v":""},{"$f":"IF(('Data Sheet 1'!$B308)=\"\",\"\",'Data Sheet 1'!$D308)","v":""},{"$f":"IF(('Data Sheet 1'!$B308)=\"\",\"\",'Data Sheet 1'!$B308)","v":""},{"$f":"IF(('Data Sheet 1'!$B308)=\"\",\"\",'Data Sheet 1'!$E308)","v":""},{"$f":"IF(('Data Sheet 1'!$B308)=\"\",\"\",'Data Sheet 1'!$F308)","v":""},{"$f":"IF(('Data Sheet 1'!$B308)=\"\",\"\",'Data Sheet 1'!$G308)","v":""},{"$f":"IF(('Data Sheet 1'!$B308)=\"\",\"\",'Data Sheet 1'!$H308)","v":""}]
[{"$f":"IF(('Data Sheet 1'!$B309)=\"\",\"\",'Data Sheet 1'!$C$2)","v":""},{"$f":"IF(('Data Sheet 1'!$B309)=\"\",\"\",'Data Sheet 1'!$D$4)","v":""},{"$f":"IF(('Data Sheet 1'!$B309)=\"\",\"\",'Data Sheet 1'!$I$4)","v":""},{"$f":"IF(('Data Sheet 1'!$B309)=\"\",\"\",'Data Sheet 1'!$C309)","v":""},{"$f":"IF(('Data Sheet 1'!$B309)=\"\",\"\",'Data Sheet 1'!$D309)","v":""},{"$f":"IF(('Data Sheet 1'!$B309)=\"\",\"\",'Data Sheet 1'!$B309)","v":""},{"$f":"IF(('Data Sheet 1'!$B309)=\"\",\"\",'Data Sheet 1'!$E309)","v":""},{"$f":"IF(('Data Sheet 1'!$B309)=\"\",\"\",'Data Sheet 1'!$F309)","v":""},{"$f":"IF(('Data Sheet 1'!$B309)=\"\",\"\",'Data Sheet 1'!$G309)","v":""},{"$f":"IF(('Data Sheet 1'!$B309)=\"\",\"\",'Data Sheet 1'!$H309)","v":""}]
[{"$f":"IF(('Data Sheet 1'!$B310)=\"\",\"\",'Data Sheet 1'!$C$2)","v":""},{"$f":"IF(('Data Sheet 1'!$B310)=\"\",\"\",'Data Sheet 1'!$D$4)","v":""},{"$f":"IF(('Data Sheet 1'!$B310)=\"\",\"\",'Data Sheet 1'!$I$4)","v":""},{"$f":"IF(('Data Sheet 1'!$B310)=\"\",\"\",'Data Sheet 1'!$C310)","v":""},{"$f":"IF(('Data Sheet 1'!$B310)=\"\",\"\",'Data Sheet 1'!$D310)","v":""},{"$f":"IF(('Data Sheet 1'!$B310)=\"\",\"\",'Data Sheet 1'!$B310)","v":""},{"$f":"IF(('Data Sheet 1'!$B310)=\"\",\"\",'Data Sheet 1'!$E310)","v":""},{"$f":"IF(('Data Sheet 1'!$B310)=\"\",\"\",'Data Sheet 1'!$F310)","v":""},{"$f":"IF(('Data Sheet 1'!$B310)=\"\",\"\",'Data Sheet 1'!$G310)","v":""},{"$f":"IF(('Data Sheet 1'!$B310)=\"\",\"\",'Data Sheet 1'!$H310)","v":""}]
[{"$f":"IF(('Data Sheet 1'!$B311)=\"\",\"\",'Data Sheet 1'!$C$2)","v":""},{"$f":"IF(('Data Sheet 1'!$B311)=\"\",\"\",'Data Sheet 1'!$D$4)","v":""},{"$f":"IF(('Data Sheet 1'!$B311)=\"\",\"\",'Data Sheet 1'!$I$4)","v":""},{"$f":"IF(('Data Sheet 1'!$B311)=\"\",\"\",'Data Sheet 1'!$C311)","v":""},{"$f":"IF(('Data Sheet 1'!$B311)=\"\",\"\",'Data Sheet 1'!$D311)","v":""},{"$f":"IF(('Data Sheet 1'!$B311)=\"\",\"\",'Data Sheet 1'!$B311)","v":""},{"$f":"IF(('Data Sheet 1'!$B311)=\"\",\"\",'Data Sheet 1'!$E311)","v":""},{"$f":"IF(('Data Sheet 1'!$B311)=\"\",\"\",'Data Sheet 1'!$F311)","v":""},{"$f":"IF(('Data Sheet 1'!$B311)=\"\",\"\",'Data Sheet 1'!$G311)","v":""},{"$f":"IF(('Data Sheet 1'!$B311)=\"\",\"\",'Data Sheet 1'!$H311)","v":""}]
[{"$f":"IF(('Data Sheet 1'!$B312)=\"\",\"\",'Data Sheet 1'!$C$2)","v":""},{"$f":"IF(('Data Sheet 1'!$B312)=\"\",\"\",'Data Sheet 1'!$D$4)","v":""},{"$f":"IF(('Data Sheet 1'!$B312)=\"\",\"\",'Data Sheet 1'!$I$4)","v":""},{"$f":"IF(('Data Sheet 1'!$B312)=\"\",\"\",'Data Sheet 1'!$C312)","v":""},{"$f":"IF(('Data Sheet 1'!$B312)=\"\",\"\",'Data Sheet 1'!$D312)","v":""},{"$f":"IF(('Data Sheet 1'!$B312)=\"\",\"\",'Data Sheet 1'!$B312)","v":""},{"$f":"IF(('Data Sheet 1'!$B312)=\"\",\"\",'Data Sheet 1'!$E312)","v":""},{"$f":"IF(('Data Sheet 1'!$B312)=\"\",\"\",'Data Sheet 1'!$F312)","v":""},{"$f":"IF(('Data Sheet 1'!$B312)=\"\",\"\",'Data Sheet 1'!$G312)","v":""},{"$f":"IF(('Data Sheet 1'!$B312)=\"\",\"\",'Data Sheet 1'!$H312)","v":""}]
[{"$f":"IF(('Data Sheet 1'!$B313)=\"\",\"\",'Data Sheet 1'!$C$2)","v":""},{"$f":"IF(('Data Sheet 1'!$B313)=\"\",\"\",'Data Sheet 1'!$D$4)","v":""},{"$f":"IF(('Data Sheet 1'!$B313)=\"\",\"\",'Data Sheet 1'!$I$4)","v":""},{"$f":"IF(('Data Sheet 1'!$B313)=\"\",\"\",'Data Sheet 1'!$C313)","v":""},{"$f":"IF(('Data Sheet 1'!$B313)=\"\",\"\",'Data Sheet 1'!$D313)","v":""},{"$f":"IF(('Data Sheet 1'!$B313)=\"\",\"\",'Data Sheet 1'!$B313)","v":""},{"$f":"IF(('Data Sheet 1'!$B313)=\"\",\"\",'Data Sheet 1'!$E313)","v":""},{"$f":"IF(('Data Sheet 1'!$B313)=\"\",\"\",'Data Sheet 1'!$F313)","v":""},{"$f":"IF(('Data Sheet 1'!$B313)=\"\",\"\",'Data Sheet 1'!$G313)","v":""},{"$f":"IF(('Data Sheet 1'!$B313)=\"\",\"\",'Data Sheet 1'!$H313)","v":""}]
[{"$f":"IF(('Data Sheet 1'!$B314)=\"\",\"\",'Data Sheet 1'!$C$2)","v":""},{"$f":"IF(('Data Sheet 1'!$B314)=\"\",\"\",'Data Sheet 1'!$D$4)","v":""},{"$f":"IF(('Data Sheet 1'!$B314)=\"\",\"\",'Data Sheet 1'!$I$4)","v":""},{"$f":"IF(('Data Sheet 1'!$B314)=\"\",\"\",'Data Sheet 1'!$C314)","v":""},{"$f":"IF(('Data Sheet 1'!$B314)=\"\",\"\",'Data Sheet 1'!$D314)","v":""},{"$f":"IF(('Data Sheet 1'!$B314)=\"\",\"\",'Data Sheet 1'!$B314)","v":""},{"$f":"IF(('Data Sheet 1'!$B314)=\"\",\"\",'Data Sheet 1'!$E314)","v":""},{"$f":"IF(('Data Sheet 1'!$B314)=\"\",\"\",'Data Sheet 1'!$F314)","v":""},{"$f":"IF(('Data Sheet 1'!$B314)=\"\",\"\",'Data Sheet 1'!$G314)","v":""},{"$f":"IF(('Data Sheet 1'!$B314)=\"\",\"\",'Data Sheet 1'!$H314)","v":""}]
[{"$f":"IF(('Data Sheet 1'!$B315)=\"\",\"\",'Data Sheet 1'!$C$2)","v":""},{"$f":"IF(('Data Sheet 1'!$B315)=\"\",\"\",'Data Sheet 1'!$D$4)","v":""},{"$f":"IF(('Data Sheet 1'!$B315)=\"\",\"\",'Data Sheet 1'!$I$4)","v":""},{"$f":"IF(('Data Sheet 1'!$B315)=\"\",\"\",'Data Sheet 1'!$C315)","v":""},{"$f":"IF(('Data Sheet 1'!$B315)=\"\",\"\",'Data Sheet 1'!$D315)","v":""},{"$f":"IF(('Data Sheet 1'!$B315)=\"\",\"\",'Data Sheet 1'!$B315)","v":""},{"$f":"IF(('Data Sheet 1'!$B315)=\"\",\"\",'Data Sheet 1'!$E315)","v":""},{"$f":"IF(('Data Sheet 1'!$B315)=\"\",\"\",'Data Sheet 1'!$F315)","v":""},{"$f":"IF(('Data Sheet 1'!$B315)=\"\",\"\",'Data Sheet 1'!$G315)","v":""},{"$f":"IF(('Data Sheet 1'!$B315)=\"\",\"\",'Data Sheet 1'!$H315)","v":""}]
[{"$f":"IF(('Data Sheet 1'!$B316)=\"\",\"\",'Data Sheet 1'!$C$2)","v":""},{"$f":"IF(('Data Sheet 1'!$B316)=\"\",\"\",'Data Sheet 1'!$D$4)","v":""},{"$f":"IF(('Data Sheet 1'!$B316)=\"\",\"\",'Data Sheet 1'!$I$4)","v":""},{"$f":"IF(('Data Sheet 1'!$B316)=\"\",\"\",'Data Sheet 1'!$C316)","v":""},{"$f":"IF(('Data Sheet 1'!$B316)=\"\",\"\",'Data Sheet 1'!$D316)","v":""},{"$f":"IF(('Data Sheet 1'!$B316)=\"\",\"\",'Data Sheet 1'!$B316)","v":""},{"$f":"IF(('Data Sheet 1'!$B316)=\"\",\"\",'Data Sheet 1'!$E316)","v":""},{"$f":"IF(('Data Sheet 1'!$B316)=\"\",\"\",'Data Sheet 1'!$F316)","v":""},{"$f":"IF(('Data Sheet 1'!$B316)=\"\",\"\",'Data Sheet 1'!$G316)","v":""},{"$f":"IF(('Data Sheet 1'!$B316)=\"\",\"\",'Data Sheet 1'!$H316)","v":""}]
[{"$f":"IF(('Data Sheet 1'!$B317)=\"\",\"\",'Data Sheet 1'!$C$2)","v":""},{"$f":"IF(('Data Sheet 1'!$B317)=\"\",\"\",'Data Sheet 1'!$D$4)","v":""},{"$f":"IF(('Data Sheet 1'!$B317)=\"\",\"\",'Data Sheet 1'!$I$4)","v":""},{"$f":"IF(('Data Sheet 1'!$B317)=\"\",\"\",'Data Sheet 1'!$C317)","v":""},{"$f":"IF(('Data Sheet 1'!$B317)=\"\",\"\",'Data Sheet 1'!$D317)","v":""},{"$f":"IF(('Data Sheet 1'!$B317)=\"\",\"\",'Data Sheet 1'!$B317)","v":""},{"$f":"IF(('Data Sheet 1'!$B317)=\"\",\"\",'Data Sheet 1'!$E317)","v":""},{"$f":"IF(('Data Sheet 1'!$B317)=\"\",\"\",'Data Sheet 1'!$F317)","v":""},{"$f":"IF(('Data Sheet 1'!$B317)=\"\",\"\",'Data Sheet 1'!$G317)","v":""},{"$f":"IF(('Data Sheet 1'!$B317)=\"\",\"\",'Data Sheet 1'!$H317)","v":""}]
[{"$f":"IF(('Data Sheet 1'!$B318)=\"\",\"\",'Data Sheet 1'!$C$2)","v":""},{"$f":"IF(('Data Sheet 1'!$B318)=\"\",\"\",'Data Sheet 1'!$D$4)","v":""},{"$f":"IF(('Data Sheet 1'!$B318)=\"\",\"\",'Data Sheet 1'!$I$4)","v":""},{"$f":"IF(('Data Sheet 1'!$B318)=\"\",\"\",'Data Sheet 1'!$C318)","v":""},{"$f":"IF(('Data Sheet 1'!$B318)=\"\",\"\",'Data Sheet 1'!$D318)","v":""},{"$f":"IF(('Data Sheet 1'!$B318)=\"\",\"\",'Data Sheet 1'!$B318)","v":""},{"$f":"IF(('Data Sheet 1'!$B318)=\"\",\"\",'Data Sheet 1'!$E318)","v":""},{"$f":"IF(('Data Sheet 1'!$B318)=\"\",\"\",'Data Sheet 1'!$F318)","v":""},{"$f":"IF(('Data Sheet 1'!$B318)=\"\",\"\",'Data Sheet 1'!$G318)","v":""},{"$f":"IF(('Data Sheet 1'!$B318)=\"\",\"\",'Data Sheet 1'!$H318)","v":""}]
[{"$f":"IF(('Data Sheet 1'!$B319)=\"\",\"\",'Data Sheet 1'!$C$2)","v":""},{"$f":"IF(('Data Sheet 1'!$B319)=\"\",\"\",'Data Sheet 1'!$D$4)","v":""},{"$f":"IF(('Data Sheet 1'!$B319)=\"\",\"\",'Data Sheet 1'!$I$4)","v":""},{"$f":"IF(('Data Sheet 1'!$B319)=\"\",\"\",'Data Sheet 1'!$C319)","v":""},{"$f":"IF(('Data Sheet 1'!$B319)=\"\",\"\",'Data Sheet 1'!$D319)","v":""},{"$f":"IF(('Data Sheet 1'!$B319)=\"\",\"\",'Data Sheet 1'!$B319)","v":""},{"$f":"IF(('Data Sheet 1'!$B319)=\"\",\"\",'Data Sheet 1'!$E319)","v":""},{"$f":"IF(('Data Sheet 1'!$B319)=\"\",\"\",'Data Sheet 1'!$F319)","v":""},{"$f":"IF(('Data Sheet 1'!$B319)=\"\",\"\",'Data Sheet 1'!$G319)","v":""},{"$f":"IF(('Data Sheet 1'!$B319)=\"\",\"\",'Data Sheet 1'!$H319)","v":""}]
[{"$f":"IF(('Data Sheet 1'!$B320)=\"\",\"\",'Data Sheet 1'!$C$2)","v":""},{"$f":"IF(('Data Sheet 1'!$B320)=\"\",\"\",'Data Sheet 1'!$D$4)","v":""},{"$f":"IF(('Data Sheet 1'!$B320)=\"\",\"\",'Data Sheet 1'!$I$4)","v":""},{"$f":"IF(('Data Sheet 1'!$B320)=\"\",\"\",'Data Sheet 1'!$C320)","v":""},{"$f":"IF(('Data Sheet 1'!$B320)=\"\",\"\",'Data Sheet 1'!$D320)","v":""},{"$f":"IF(('Data Sheet 1'!$B320)=\"\",\"\",'Data Sheet 1'!$B320)","v":""},{"$f":"IF(('Data Sheet 1'!$B320)=\"\",\"\",'Data Sheet 1'!$E320)","v":""},{"$f":"IF(('Data Sheet 1'!$B320)=\"\",\"\",'Data Sheet 1'!$F320)","v":""},{"$f":"IF(('Data Sheet 1'!$B320)=\"\",\"\",'Data Sheet 1'!$G320)","v":""},{"$f":"IF(('Data Sheet 1'!$B320)=\"\",\"\",'Data Sheet 1'!$H320)","v":""}]
[{"$f":"IF(('Data Sheet 1'!$B321)=\"\",\"\",'Data Sheet 1'!$C$2)","v":""},{"$f":"IF(('Data Sheet 1'!$B321)=\"\",\"\",'Data Sheet 1'!$D$4)","v":""},{"$f":"IF(('Data Sheet 1'!$B321)=\"\",\"\",'Data Sheet 1'!$I$4)","v":""},{"$f":"IF(('Data Sheet 1'!$B321)=\"\",\"\",'Data Sheet 1'!$C321)","v":""},{"$f":"IF(('Data Sheet 1'!$B321)=\"\",\"\",'Data Sheet 1'!$D321)","v":""},{"$f":"IF(('Data Sheet 1'!$B321)=\"\",\"\",'Data Sheet 1'!$B321)","v":""},{"$f":"IF(('Data Sheet 1'!$B321)=\"\",\"\",'Data Sheet 1'!$E321)","v":""},{"$f":"IF(('Data Sheet 1'!$B321)=\"\",\"\",'Data Sheet 1'!$F321)","v":""},{"$f":"IF(('Data Sheet 1'!$B321)=\"\",\"\",'Data Sheet 1'!$G321)","v":""},{"$f":"IF(('Data Sheet 1'!$B321)=\"\",\"\",'Data Sheet 1'!$H321)","v":""}]
[{"$f":"IF(('Data Sheet 1'!$B322)=\"\",\"\",'Data Sheet 1'!$C$2)","v":""},{"$f":"IF(('Data Sheet 1'!$B322)=\"\",\"\",'Data Sheet 1'!$D$4)","v":""},{"$f":"IF(('Data Sheet 1'!$B322)=\"\",\"\",'Data Sheet 1'!$I$4)","v":""},{"$f":"IF(('Data Sheet 1'!$B322)=\"\",\"\",'Data Sheet 1'!$C322)","v":""},{"$f":"IF(('Data Sheet 1'!$B322)=\"\",\"\",'Data Sheet 1'!$D322)","v":""},{"$f":"IF(('Data Sheet 1'!$B322)=\"\",\"\",'Data Sheet 1'!$B322)","v":""},{"$f":"IF(('Data Sheet 1'!$B322)=\"\",\"\",'Data Sheet 1'!$E322)","v":""},{"$f":"IF(('Data Sheet 1'!$B322)=\"\",\"\",'Data Sheet 1'!$F322)","v":""},{"$f":"IF(('Data Sheet 1'!$B322)=\"\",\"\",'Data Sheet 1'!$G322)","v":""},{"$f":"IF(('Data Sheet 1'!$B322)=\"\",\"\",'Data Sheet 1'!$H322)","v":""}]
[{"$f":"IF(('Data Sheet 1'!$B323)=\"\",\"\",'Data Sheet 1'!$C$2)","v":""},{"$f":"IF(('Data Sheet 1'!$B323)=\"\",\"\",'Data Sheet 1'!$D$4)","v":""},{"$f":"IF(('Data Sheet 1'!$B323)=\"\",\"\",'Data Sheet 1'!$I$4)","v":""},{"$f":"IF(('Data Sheet 1'!$B323)=\"\",\"\",'Data Sheet 1'!$C323)","v":""},{"$f":"IF(('Data Sheet 1'!$B323)=\"\",\"\",'Data Sheet 1'!$D323)","v":""},{"$f":"IF(('Data Sheet 1'!$B323)=\"\",\"\",'Data Sheet 1'!$B323)","v":""},{"$f":"IF(('Data Sheet 1'!$B323)=\"\",\"\",'Data Sheet 1'!$E323)","v":""},{"$f":"IF(('Data Sheet 1'!$B323)=\"\",\"\",'Data Sheet 1'!$F323)","v":""},{"$f":"IF(('Data Sheet 1'!$B323)=\"\",\"\",'Data Sheet 1'!$G323)","v":""},{"$f":"IF(('Data Sheet 1'!$B323)=\"\",\"\",'Data Sheet 1'!$H323)","v":""}]
[{"$f":"IF(('Data Sheet 1'!$B324)=\"\",\"\",'Data Sheet 1'!$C$2)","v":""},{"$f":"IF(('Data Sheet 1'!$B324)=\"\",\"\",'Data Sheet 1'!$D$4)","v":""},{"$f":"IF(('Data Sheet 1'!$B324)=\"\",\"\",'Data Sheet 1'!$I$4)","v":""},{"$f":"IF(('Data Sheet 1'!$B324)=\"\",\"\",'Data Sheet 1'!$C324)","v":""},{"$f":"IF(('Data Sheet 1'!$B324)=\"\",\"\",'Data Sheet 1'!$D324)","v":""},{"$f":"IF(('Data Sheet 1'!$B324)=\"\",\"\",'Data Sheet 1'!$B324)","v":""},{"$f":"IF(('Data Sheet 1'!$B324)=\"\",\"\",'Data Sheet 1'!$E324)","v":""},{"$f":"IF(('Data Sheet 1'!$B324)=\"\",\"\",'Data Sheet 1'!$F324)","v":""},{"$f":"IF(('Data Sheet 1'!$B324)=\"\",\"\",'Data Sheet 1'!$G324)","v":""},{"$f":"IF(('Data Sheet 1'!$B324)=\"\",\"\",'Data Sheet 1'!$H324)","v":""}]
[{"$f":"IF(('Data Sheet 1'!$B325)=\"\",\"\",'Data Sheet 1'!$C$2)","v":""},{"$f":"IF(('Data Sheet 1'!$B325)=\"\",\"\",'Data Sheet 1'!$D$4)","v":""},{"$f":"IF(('Data Sheet 1'!$B325)=\"\",\"\",'Data Sheet 1'!$I$4)","v":""},{"$f":"IF(('Data Sheet 1'!$B325)=\"\",\"\",'Data Sheet 1'!$C325)","v":""},{"$f":"IF(('Data Sheet 1'!$B325)=\"\",\"\",'Data Sheet 1'!$D325)","v":""},{"$f":"IF(('Data Sheet 1'!$B325)=\"\",\"\",'Data Sheet 1'!$B325)","v":""},{"$f":"IF(('Data Sheet 1'!$B325)=\"\",\"\",'Data Sheet 1'!$E325)","v":""},{"$f":"IF(('Data Sheet 1'!$B325)=\"\",\"\",'Data Sheet 1'!$F325)","v":""},{"$f":"IF(('Data Sheet 1'!$B325)=\"\",\"\",'Data Sheet 1'!$G325)","v":""},{"$f":"IF(('Data Sheet 1'!$B325)=\"\",\"\",'Data Sheet 1'!$H325)","v":""}]
[{"$f":"IF(('Data Sheet 1'!$B326)=\"\",\"\",'Data Sheet 1'!$C$2)","v":""},{"$f":"IF(('Data Sheet 1'!$B326)=\"\",\"\",'Data Sheet 1'!$D$4)","v":""},{"$f":"IF(('Data Sheet 1'!$B326)=\"\",\"\",'Data Sheet 1'!$I$4)","v":""},{"$f":"IF(('Data Sheet 1'!$B326)=\"\",\"\",'Data Sheet 1'!$C326)","v":""},{"$f":"IF(('Data Sheet 1'!$B326)=\"\",\"\",'Data Sheet 1'!$D326)","v":""},{"$f":"IF(('Data Sheet 1'!$B326)=\"\",\"\",'Data Sheet 1'!$B326)","v":""},{"$f":"IF(('Data Sheet 1'!$B326)=\"\",\"\",'Data Sheet 1'!$E326)","v":""},{"$f":"IF(('Data Sheet 1'!$B326)=\"\",\"\",'Data Sheet 1'!$F326)","v":""},{"$f":"IF(('Data Sheet 1'!$B326)=\"\",\"\",'Data Sheet 1'!$G326)","v":""},{"$f":"IF(('Data Sheet 1'!$B326)=\"\",\"\",'Data Sheet 1'!$H326)","v":""}]
[{"$f":"IF(('Data Sheet 1'!$B327)=\"\",\"\",'Data Sheet 1'!$C$2)","v":""},{"$f":"IF(('Data Sheet 1'!$B327)=\"\",\"\",'Data Sheet 1'!$D$4)","v":""},{"$f":"IF(('Data Sheet 1'!$B327)=\"\",\"\",'Data Sheet 1'!$I$4)","v":""},{"$f":"IF(('Data Sheet 1'!$B327)=\"\",\"\",'Data Sheet 1'!$C327)","v":""},{"$f":"IF(('Data Sheet 1'!$B327)=\"\",\"\",'Data Sheet 1'!$D327)","v":""},{"$f":"IF(('Data Sheet 1'!$B327)=\"\",\"\",'Data Sheet 1'!$B327)","v":""},{"$f":"IF(('Data Sheet 1'!$B327)=\"\",\"\",'Data Sheet 1'!$E327)","v":""},{"$f":"IF(('Data Sheet 1'!$B327)=\"\",\"\",'Data Sheet 1'!$F327)","v":""},{"$f":"IF(('Data Sheet 1'!$B327)=\"\",\"\",'Data Sheet 1'!$G327)","v":""},{"$f":"IF(('Data Sheet 1'!$B327)=\"\",\"\",'Data Sheet 1'!$H327)","v":""}]
[{"$f":"IF(('Data Sheet 1'!$B328)=\"\",\"\",'Data Sheet 1'!$C$2)","v":""},{"$f":"IF(('Data Sheet 1'!$B328)=\"\",\"\",'Data Sheet 1'!$D$4)","v":""},{"$f":"IF(('Data Sheet 1'!$B328)=\"\",\"\",'Data Sheet 1'!$I$4)","v":""},{"$f":"IF(('Data Sheet 1'!$B328)=\"\",\"\",'Data Sheet 1'!$C328)","v":""},{"$f":"IF(('Data Sheet 1'!$B328)=\"\",\"\",'Data Sheet 1'!$D328)","v":""},{"$f":"IF(('Data Sheet 1'!$B328)=\"\",\"\",'Data Sheet 1'!$B328)","v":""},{"$f":"IF(('Data Sheet 1'!$B328)=\"\",\"\",'Data Sheet 1'!$E328)","v":""},{"$f":"IF(('Data Sheet 1'!$B328)=\"\",\"\",'Data Sheet 1'!$F328)","v":""},{"$f":"IF(('Data Sheet 1'!$B328)=\"\",\"\",'Data Sheet 1'!$G328)","v":""},{"$f":"IF(('Data Sheet 1'!$B328)=\"\",\"\",'Data Sheet 1'!$H328)","v":""}]
[{"$f":"IF(('Data Sheet 1'!$B329)=\"\",\"\",'Data Sheet 1'!$C$2)","v":""},{"$f":"IF(('Data Sheet 1'!$B329)=\"\",\"\",'Data Sheet 1'!$D$4)","v":""},{"$f":"IF(('Data Sheet 1'!$B329)=\"\",\"\",'Data Sheet 1'!$I$4)","v":""},{"$f":"IF(('Data Sheet 1'!$B329)=\"\",\"\",'Data Sheet 1'!$C329)","v":""},{"$f":"IF(('Data Sheet 1'!$B329)=\"\",\"\",'Data Sheet 1'!$D329)","v":""},{"$f":"IF(('Data Sheet 1'!$B329)=\"\",\"\",'Data Sheet 1'!$B329)","v":""},{"$f":"IF(('Data Sheet 1'!$B329)=\"\",\"\",'Data Sheet 1'!$E329)","v":""},{"$f":"IF(('Data Sheet 1'!$B329)=\"\",\"\",'Data Sheet 1'!$F329)","v":""},{"$f":"IF(('Data Sheet 1'!$B329)=\"\",\"\",'Data Sheet 1'!$G329)","v":""},{"$f":"IF(('Data Sheet 1'!$B329)=\"\",\"\",'Data Sheet 1'!$H329)","v":""}]
[{"$f":"IF(('Data Sheet 1'!$B330)=\"\",\"\",'Data Sheet 1'!$C$2)","v":""},{"$f":"IF(('Data Sheet 1'!$B330)=\"\",\"\",'Data Sheet 1'!$D$4)","v":""},{"$f":"IF(('Data Sheet 1'!$B330)=\"\",\"\",'Data Sheet 1'!$I$4)","v":""},{"$f":"IF(('Data Sheet 1'!$B330)=\"\",\"\",'Data Sheet 1'!$C330)","v":""},{"$f":"IF(('Data Sheet 1'!$B330)=\"\",\"\",'Data Sheet 1'!$D330)","v":""},{"$f":"IF(('Data Sheet 1'!$B330)=\"\",\"\",'Data Sheet 1'!$B330)","v":""},{"$f":"IF(('Data Sheet 1'!$B330)=\"\",\"\",'Data Sheet 1'!$E330)","v":""},{"$f":"IF(('Data Sheet 1'!$B330)=\"\",\"\",'Data Sheet 1'!$F330)","v":""},{"$f":"IF(('Data Sheet 1'!$B330)=\"\",\"\",'Data Sheet 1'!$G330)","v":""},{"$f":"IF(('Data Sheet 1'!$B330)=\"\",\"\",'Data Sheet 1'!$H330)","v":""}]
[{"$f":"IF(('Data Sheet 1'!$B331)=\"\",\"\",'Data Sheet 1'!$C$2)","v":""},{"$f":"IF(('Data Sheet 1'!$B331)=\"\",\"\",'Data Sheet 1'!$D$4)","v":""},{"$f":"IF(('Data Sheet 1'!$B331)=\"\",\"\",'Data Sheet 1'!$I$4)","v":""},{"$f":"IF(('Data Sheet 1'!$B331)=\"\",\"\",'Data Sheet 1'!$C331)","v":""},{"$f":"IF(('Data Sheet 1'!$B331)=\"\",\"\",'Data Sheet 1'!$D331)","v":""},{"$f":"IF(('Data Sheet 1'!$B331)=\"\",\"\",'Data Sheet 1'!$B331)","v":""},{"$f":"IF(('Data Sheet 1'!$B331)=\"\",\"\",'Data Sheet 1'!$E331)","v":""},{"$f":"IF(('Data Sheet 1'!$B331)=\"\",\"\",'Data Sheet 1'!$F331)","v":""},{"$f":"IF(('Data Sheet 1'!$B331)=\"\",\"\",'Data Sheet 1'!$G331)","v":""},{"$f":"IF(('Data Sheet 1'!$B331)=\"\",\"\",'Data Sheet 1'!$H331)","v":""}]
[{"$f":"IF(('Data Sheet 1'!$B332)=\"\",\"\",'Data Sheet 1'!$C$2)","v":""},{"$f":"IF(('Data Sheet 1'!$B332)=\"\",\"\",'Data Sheet 1'!$D$4)","v":""},{"$f":"IF(('Data Sheet 1'!$B332)=\"\",\"\",'Data Sheet 1'!$I$4)","v":""},{"$f":"IF(('Data Sheet 1'!$B332)=\"\",\"\",'Data Sheet 1'!$C332)","v":""},{"$f":"IF(('Data Sheet 1'!$B332)=\"\",\"\",'Data Sheet 1'!$D332)","v":""},{"$f":"IF(('Data Sheet 1'!$B332)=\"\",\"\",'Data Sheet 1'!$B332)","v":""},{"$f":"IF(('Data Sheet 1'!$B332)=\"\",\"\",'Data Sheet 1'!$E332)","v":""},{"$f":"IF(('Data Sheet 1'!$B332)=\"\",\"\",'Data Sheet 1'!$F332)","v":""},{"$f":"IF(('Data Sheet 1'!$B332)=\"\",\"\",'Data Sheet 1'!$G332)","v":""},{"$f":"IF(('Data Sheet 1'!$B332)=\"\",\"\",'Data Sheet 1'!$H332)","v":""}]
[{"$f":"IF(('Data Sheet 1'!$B333)=\"\",\"\",'Data Sheet 1'!$C$2)","v":""},{"$f":"IF(('Data Sheet 1'!$B333)=\"\",\"\",'Data Sheet 1'!$D$4)","v":""},{"$f":"IF(('Data Sheet 1'!$B333)=\"\",\"\",'Data Sheet 1'!$I$4)","v":""},{"$f":"IF(('Data Sheet 1'!$B333)=\"\",\"\",'Data Sheet 1'!$C333)","v":""},{"$f":"IF(('Data Sheet 1'!$B333)=\"\",\"\",'Data Sheet 1'!$D333)","v":""},{"$f":"IF(('Data Sheet 1'!$B333)=\"\",\"\",'Data Sheet 1'!$B333)","v":""},{"$f":"IF(('Data Sheet 1'!$B333)=\"\",\"\",'Data Sheet 1'!$E333)","v":""},{"$f":"IF(('Data Sheet 1'!$B333)=\"\",\"\",'Data Sheet 1'!$F333)","v":""},{"$f":"IF(('Data Sheet 1'!$B333)=\"\",\"\",'Data Sheet 1'!$G333)","v":""},{"$f":"IF(('Data Sheet 1'!$B333)=\"\",\"\",'Data Sheet 1'!$H333)","v":""}]
[{"$f":"IF(('Data Sheet 1'!$B334)=\"\",\"\",'Data Sheet 1'!$C$2)","v":""},{"$f":"IF(('Data Sheet 1'!$B334)=\"\",\"\",'Data Sheet 1'!$D$4)","v":""},{"$f":"IF(('Data Sheet 1'!$B334)=\"\",\"\",'Data Sheet 1'!$I$4)","v":""},{"$f":"IF(('Data Sheet 1'!$B334)=\"\",\"\",'Data Sheet 1'!$C334)","v":""},{"$f":"IF(('Data Sheet 1'!$B334)=\"\",\"\",'Data Sheet 1'!$D334)","v":""},{"$f":"IF(('Data Sheet 1'!$B334)=\"\",\"\",'Data Sheet 1'!$B334)","v":""},{"$f":"IF(('Data Sheet 1'!$B334)=\"\",\"\",'Data Sheet 1'!$E334)","v":""},{"$f":"IF(('Data Sheet 1'!$B334)=\"\",\"\",'Data Sheet 1'!$F334)","v":""},{"$f":"IF(('Data Sheet 1'!$B334)=\"\",\"\",'Data Sheet 1'!$G334)","v":""},{"$f":"IF(('Data Sheet 1'!$B334)=\"\",\"\",'Data Sheet 1'!$H334)","v":""}]
[{"$f":"IF(('Data Sheet 1'!$B335)=\"\",\"\",'Data Sheet 1'!$C$2)","v":""},{"$f":"IF(('Data Sheet 1'!$B335)=\"\",\"\",'Data Sheet 1'!$D$4)","v":""},{"$f":"IF(('Data Sheet 1'!$B335)=\"\",\"\",'Data Sheet 1'!$I$4)","v":""},{"$f":"IF(('Data Sheet 1'!$B335)=\"\",\"\",'Data Sheet 1'!$C335)","v":""},{"$f":"IF(('Data Sheet 1'!$B335)=\"\",\"\",'Data Sheet 1'!$D335)","v":""},{"$f":"IF(('Data Sheet 1'!$B335)=\"\",\"\",'Data Sheet 1'!$B335)","v":""},{"$f":"IF(('Data Sheet 1'!$B335)=\"\",\"\",'Data Sheet 1'!$E335)","v":""},{"$f":"IF(('Data Sheet 1'!$B335)=\"\",\"\",'Data Sheet 1'!$F335)","v":""},{"$f":"IF(('Data Sheet 1'!$B335)=\"\",\"\",'Data Sheet 1'!$G335)","v":""},{"$f":"IF(('Data Sheet 1'!$B335)=\"\",\"\",'Data Sheet 1'!$H335)","v":""}]
[{"$f":"IF(('Data Sheet 1'!$B336)=\"\",\"\",'Data Sheet 1'!$C$2)","v":""},{"$f":"IF(('Data Sheet 1'!$B336)=\"\",\"\",'Data Sheet 1'!$D$4)","v":""},{"$f":"IF(('Data Sheet 1'!$B336)=\"\",\"\",'Data Sheet 1'!$I$4)","v":""},{"$f":"IF(('Data Sheet 1'!$B336)=\"\",\"\",'Data Sheet 1'!$C336)","v":""},{"$f":"IF(('Data Sheet 1'!$B336)=\"\",\"\",'Data Sheet 1'!$D336)","v":""},{"$f":"IF(('Data Sheet 1'!$B336)=\"\",\"\",'Data Sheet 1'!$B336)","v":""},{"$f":"IF(('Data Sheet 1'!$B336)=\"\",\"\",'Data Sheet 1'!$E336)","v":""},{"$f":"IF(('Data Sheet 1'!$B336)=\"\",\"\",'Data Sheet 1'!$F336)","v":""},{"$f":"IF(('Data Sheet 1'!$B336)=\"\",\"\",'Data Sheet 1'!$G336)","v":""},{"$f":"IF(('Data Sheet 1'!$B336)=\"\",\"\",'Data Sheet 1'!$H336)","v":""}]
[{"$f":"IF(('Data Sheet 1'!$B337)=\"\",\"\",'Data Sheet 1'!$C$2)","v":""},{"$f":"IF(('Data Sheet 1'!$B337)=\"\",\"\",'Data Sheet 1'!$D$4)","v":""},{"$f":"IF(('Data Sheet 1'!$B337)=\"\",\"\",'Data Sheet 1'!$I$4)","v":""},{"$f":"IF(('Data Sheet 1'!$B337)=\"\",\"\",'Data Sheet 1'!$C337)","v":""},{"$f":"IF(('Data Sheet 1'!$B337)=\"\",\"\",'Data Sheet 1'!$D337)","v":""},{"$f":"IF(('Data Sheet 1'!$B337)=\"\",\"\",'Data Sheet 1'!$B337)","v":""},{"$f":"IF(('Data Sheet 1'!$B337)=\"\",\"\",'Data Sheet 1'!$E337)","v":""},{"$f":"IF(('Data Sheet 1'!$B337)=\"\",\"\",'Data Sheet 1'!$F337)","v":""},{"$f":"IF(('Data Sheet 1'!$B337)=\"\",\"\",'Data Sheet 1'!$G337)","v":""},{"$f":"IF(('Data Sheet 1'!$B337)=\"\",\"\",'Data Sheet 1'!$H337)","v":""}]
[{"$f":"IF(('Data Sheet 1'!$B338)=\"\",\"\",'Data Sheet 1'!$C$2)","v":""},{"$f":"IF(('Data Sheet 1'!$B338)=\"\",\"\",'Data Sheet 1'!$D$4)","v":""},{"$f":"IF(('Data Sheet 1'!$B338)=\"\",\"\",'Data Sheet 1'!$I$4)","v":""},{"$f":"IF(('Data Sheet 1'!$B338)=\"\",\"\",'Data Sheet 1'!$C338)","v":""},{"$f":"IF(('Data Sheet 1'!$B338)=\"\",\"\",'Data Sheet 1'!$D338)","v":""},{"$f":"IF(('Data Sheet 1'!$B338)=\"\",\"\",'Data Sheet 1'!$B338)","v":""},{"$f":"IF(('Data Sheet 1'!$B338)=\"\",\"\",'Data Sheet 1'!$E338)","v":""},{"$f":"IF(('Data Sheet 1'!$B338)=\"\",\"\",'Data Sheet 1'!$F338)","v":""},{"$f":"IF(('Data Sheet 1'!$B338)=\"\",\"\",'Data Sheet 1'!$G338)","v":""},{"$f":"IF(('Data Sheet 1'!$B338)=\"\",\"\",'Data Sheet 1'!$H338)","v":""}]
[{"$f":"IF(('Data Sheet 1'!$B339)=\"\",\"\",'Data Sheet 1'!$C$2)","v":""},{"$f":"IF(('Data Sheet 1'!$B339)=\"\",\"\",'Data Sheet 1'!$D$4)","v":""},{"$f":"IF(('Data Sheet 1'!$B339)=\"\",\"\",'Data Sheet 1'!$I$4)","v":""},{"$f":"IF(('Data Sheet 1'!$B339)=\"\",\"\",'Data Sheet 1'!$C339)","v":""},{"$f":"IF(('Data Sheet 1'!$B339)=\"\",\"\",'Data Sheet 1'!$D339)","v":""},{"$f":"IF(('Data Sheet 1'!$B339)=\"\",\"\",'Data Sheet 1'!$B339)","v":""},{"$f":"IF(('Data Sheet 1'!$B339)=\"\",\"\",'Data Sheet 1'!$E339)","v":""},{"$f":"IF(('Data Sheet 1'!$B339)=\"\",\"\",'Data Sheet 1'!$F339)","v":""},{"$f":"IF(('Data Sheet 1'!$B339)=\"\",\"\",'Data Sheet 1'!$G339)","v":""},{"$f":"IF(('Data Sheet 1'!$B339)=\"\",\"\",'Data Sheet 1'!$H339)","v":""}]
[{"$f":"IF(('Data Sheet 1'!$B340)=\"\",\"\",'Data Sheet 1'!$C$2)","v":""},{"$f":"IF(('Data Sheet 1'!$B340)=\"\",\"\",'Data Sheet 1'!$D$4)","v":""},{"$f":"IF(('Data Sheet 1'!$B340)=\"\",\"\",'Data Sheet 1'!$I$4)","v":""},{"$f":"IF(('Data Sheet 1'!$B340)=\"\",\"\",'Data Sheet 1'!$C340)","v":""},{"$f":"IF(('Data Sheet 1'!$B340)=\"\",\"\",'Data Sheet 1'!$D340)","v":""},{"$f":"IF(('Data Sheet 1'!$B340)=\"\",\"\",'Data Sheet 1'!$B340)","v":""},{"$f":"IF(('Data Sheet 1'!$B340)=\"\",\"\",'Data Sheet 1'!$E340)","v":""},{"$f":"IF(('Data Sheet 1'!$B340)=\"\",\"\",'Data Sheet 1'!$F340)","v":""},{"$f":"IF(('Data Sheet 1'!$B340)=\"\",\"\",'Data Sheet 1'!$G340)","v":""},{"$f":"IF(('Data Sheet 1'!$B340)=\"\",\"\",'Data Sheet 1'!$H340)","v":""}]
[{"$f":"IF(('Data Sheet 1'!$B341)=\"\",\"\",'Data Sheet 1'!$C$2)","v":""},{"$f":"IF(('Data Sheet 1'!$B341)=\"\",\"\",'Data Sheet 1'!$D$4)","v":""},{"$f":"IF(('Data Sheet 1'!$B341)=\"\",\"\",'Data Sheet 1'!$I$4)","v":""},{"$f":"IF(('Data Sheet 1'!$B341)=\"\",\"\",'Data Sheet 1'!$C341)","v":""},{"$f":"IF(('Data Sheet 1'!$B341)=\"\",\"\",'Data Sheet 1'!$D341)","v":""},{"$f":"IF(('Data Sheet 1'!$B341)=\"\",\"\",'Data Sheet 1'!$B341)","v":""},{"$f":"IF(('Data Sheet 1'!$B341)=\"\",\"\",'Data Sheet 1'!$E341)","v":""},{"$f":"IF(('Data Sheet 1'!$B341)=\"\",\"\",'Data Sheet 1'!$F341)","v":""},{"$f":"IF(('Data Sheet 1'!$B341)=\"\",\"\",'Data Sheet 1'!$G341)","v":""},{"$f":"IF(('Data Sheet 1'!$B341)=\"\",\"\",'Data Sheet 1'!$H341)","v":""}]
[{"$f":"IF(('Data Sheet 1'!$B342)=\"\",\"\",'Data Sheet 1'!$C$2)","v":""},{"$f":"IF(('Data Sheet 1'!$B342)=\"\",\"\",'Data Sheet 1'!$D$4)","v":""},{"$f":"IF(('Data Sheet 1'!$B342)=\"\",\"\",'Data Sheet 1'!$I$4)","v":""},{"$f":"IF(('Data Sheet 1'!$B342)=\"\",\"\",'Data Sheet 1'!$C342)","v":""},{"$f":"IF(('Data Sheet 1'!$B342)=\"\",\"\",'Data Sheet 1'!$D342)","v":""},{"$f":"IF(('Data Sheet 1'!$B342)=\"\",\"\",'Data Sheet 1'!$B342)","v":""},{"$f":"IF(('Data Sheet 1'!$B342)=\"\",\"\",'Data Sheet 1'!$E342)","v":""},{"$f":"IF(('Data Sheet 1'!$B342)=\"\",\"\",'Data Sheet 1'!$F342)","v":""},{"$f":"IF(('Data Sheet 1'!$B342)=\"\",\"\",'Data Sheet 1'!$G342)","v":""},{"$f":"IF(('Data Sheet 1'!$B342)=\"\",\"\",'Data Sheet 1'!$H342)","v":""}]
[{"$f":"IF(('Data Sheet 1'!$B343)=\"\",\"\",'Data Sheet 1'!$C$2)","v":""},{"$f":"IF(('Data Sheet 1'!$B343)=\"\",\"\",'Data Sheet 1'!$D$4)","v":""},{"$f":"IF(('Data Sheet 1'!$B343)=\"\",\"\",'Data Sheet 1'!$I$4)","v":""},{"$f":"IF(('Data Sheet 1'!$B343)=\"\",\"\",'Data Sheet 1'!$C343)","v":""},{"$f":"IF(('Data Sheet 1'!$B343)=\"\",\"\",'Data Sheet 1'!$D343)","v":""},{"$f":"IF(('Data Sheet 1'!$B343)=\"\",\"\",'Data Sheet 1'!$B343)","v":""},{"$f":"IF(('Data Sheet 1'!$B343)=\"\",\"\",'Data Sheet 1'!$E343)","v":""},{"$f":"IF(('Data Sheet 1'!$B343)=\"\",\"\",'Data Sheet 1'!$F343)","v":""},{"$f":"IF(('Data Sheet 1'!$B343)=\"\",\"\",'Data Sheet 1'!$G343)","v":""},{"$f":"IF(('Data Sheet 1'!$B343)=\"\",\"\",'Data Sheet 1'!$H343)","v":""}]
[{"$f":"IF(('Data Sheet 1'!$B344)=\"\",\"\",'Data Sheet 1'!$C$2)","v":""},{"$f":"IF(('Data Sheet 1'!$B344)=\"\",\"\",'Data Sheet 1'!$D$4)","v":""},{"$f":"IF(('Data Sheet 1'!$B344)=\"\",\"\",'Data Sheet 1'!$I$4)","v":""},{"$f":"IF(('Data Sheet 1'!$B344)=\"\",\"\",'Data Sheet 1'!$C344)","v":""},{"$f":"IF(('Data Sheet 1'!$B344)=\"\",\"\",'Data Sheet 1'!$D344)","v":""},{"$f":"IF(('Data Sheet 1'!$B344)=\"\",\"\",'Data Sheet 1'!$B344)","v":""},{"$f":"IF(('Data Sheet 1'!$B344)=\"\",\"\",'Data Sheet 1'!$E344)","v":""},{"$f":"IF(('Data Sheet 1'!$B344)=\"\",\"\",'Data Sheet 1'!$F344)","v":""},{"$f":"IF(('Data Sheet 1'!$B344)=\"\",\"\",'Data Sheet 1'!$G344)","v":""},{"$f":"IF(('Data Sheet 1'!$B344)=\"\",\"\",'Data Sheet 1'!$H344)","v":""}]
[{"$f":"IF(('Data Sheet 1'!$B345)=\"\",\"\",'Data Sheet 1'!$C$2)","v":""},{"$f":"IF(('Data Sheet 1'!$B345)=\"\",\"\",'Data Sheet 1'!$D$4)","v":""},{"$f":"IF(('Data Sheet 1'!$B345)=\"\",\"\",'Data Sheet 1'!$I$4)","v":""},{"$f":"IF(('Data Sheet 1'!$B345)=\"\",\"\",'Data Sheet 1'!$C345)","v":""},{"$f":"IF(('Data Sheet 1'!$B345)=\"\",\"\",'Data Sheet 1'!$D345)","v":""},{"$f":"IF(('Data Sheet 1'!$B345)=\"\",\"\",'Data Sheet 1'!$B345)","v":""},{"$f":"IF(('Data Sheet 1'!$B345)=\"\",\"\",'Data Sheet 1'!$E345)","v":""},{"$f":"IF(('Data Sheet 1'!$B345)=\"\",\"\",'Data Sheet 1'!$F345)","v":""},{"$f":"IF(('Data Sheet 1'!$B345)=\"\",\"\",'Data Sheet 1'!$G345)","v":""},{"$f":"IF(('Data Sheet 1'!$B345)=\"\",\"\",'Data Sheet 1'!$H345)","v":""}]
[{"$f":"IF(('Data Sheet 1'!$B346)=\"\",\"\",'Data Sheet 1'!$C$2)","v":""},{"$f":"IF(('Data Sheet 1'!$B346)=\"\",\"\",'Data Sheet 1'!$D$4)","v":""},{"$f":"IF(('Data Sheet 1'!$B346)=\"\",\"\",'Data Sheet 1'!$I$4)","v":""},{"$f":"IF(('Data Sheet 1'!$B346)=\"\",\"\",'Data Sheet 1'!$C346)","v":""},{"$f":"IF(('Data Sheet 1'!$B346)=\"\",\"\",'Data Sheet 1'!$D346)","v":""},{"$f":"IF(('Data Sheet 1'!$B346)=\"\",\"\",'Data Sheet 1'!$B346)","v":""},{"$f":"IF(('Data Sheet 1'!$B346)=\"\",\"\",'Data Sheet 1'!$E346)","v":""},{"$f":"IF(('Data Sheet 1'!$B346)=\"\",\"\",'Data Sheet 1'!$F346)","v":""},{"$f":"IF(('Data Sheet 1'!$B346)=\"\",\"\",'Data Sheet 1'!$G346)","v":""},{"$f":"IF(('Data Sheet 1'!$B346)=\"\",\"\",'Data Sheet 1'!$H346)","v":""}]
[{"$f":"IF(('Data Sheet 1'!$B347)=\"\",\"\",'Data Sheet 1'!$C$2)","v":""},{"$f":"IF(('Data Sheet 1'!$B347)=\"\",\"\",'Data Sheet 1'!$D$4)","v":""},{"$f":"IF(('Data Sheet 1'!$B347)=\"\",\"\",'Data Sheet 1'!$I$4)","v":""},{"$f":"IF(('Data Sheet 1'!$B347)=\"\",\"\",'Data Sheet 1'!$C347)","v":""},{"$f":"IF(('Data Sheet 1'!$B347)=\"\",\"\",'Data Sheet 1'!$D347)","v":""},{"$f":"IF(('Data Sheet 1'!$B347)=\"\",\"\",'Data Sheet 1'!$B347)","v":""},{"$f":"IF(('Data Sheet 1'!$B347)=\"\",\"\",'Data Sheet 1'!$E347)","v":""},{"$f":"IF(('Data Sheet 1'!$B347)=\"\",\"\",'Data Sheet 1'!$F347)","v":""},{"$f":"IF(('Data Sheet 1'!$B347)=\"\",\"\",'Data Sheet 1'!$G347)","v":""},{"$f":"IF(('Data Sheet 1'!$B347)=\"\",\"\",'Data Sheet 1'!$H347)","v":""}]
[{"$f":"IF(('Data Sheet 1'!$B348)=\"\",\"\",'Data Sheet 1'!$C$2)","v":""},{"$f":"IF(('Data Sheet 1'!$B348)=\"\",\"\",'Data Sheet 1'!$D$4)","v":""},{"$f":"IF(('Data Sheet 1'!$B348)=\"\",\"\",'Data Sheet 1'!$I$4)","v":""},{"$f":"IF(('Data Sheet 1'!$B348)=\"\",\"\",'Data Sheet 1'!$C348)","v":""},{"$f":"IF(('Data Sheet 1'!$B348)=\"\",\"\",'Data Sheet 1'!$D348)","v":""},{"$f":"IF(('Data Sheet 1'!$B348)=\"\",\"\",'Data Sheet 1'!$B348)","v":""},{"$f":"IF(('Data Sheet 1'!$B348)=\"\",\"\",'Data Sheet 1'!$E348)","v":""},{"$f":"IF(('Data Sheet 1'!$B348)=\"\",\"\",'Data Sheet 1'!$F348)","v":""},{"$f":"IF(('Data Sheet 1'!$B348)=\"\",\"\",'Data Sheet 1'!$G348)","v":""},{"$f":"IF(('Data Sheet 1'!$B348)=\"\",\"\",'Data Sheet 1'!$H348)","v":""}]
[{"$f":"IF(('Data Sheet 1'!$B349)=\"\",\"\",'Data Sheet 1'!$C$2)","v":""},{"$f":"IF(('Data Sheet 1'!$B349)=\"\",\"\",'Data Sheet 1'!$D$4)","v":""},{"$f":"IF(('Data Sheet 1'!$B349)=\"\",\"\",'Data Sheet 1'!$I$4)","v":""},{"$f":"IF(('Data Sheet 1'!$B349)=\"\",\"\",'Data Sheet 1'!$C349)","v":""},{"$f":"IF(('Data Sheet 1'!$B349)=\"\",\"\",'Data Sheet 1'!$D349)","v":""},{"$f":"IF(('Data Sheet 1'!$B349)=\"\",\"\",'Data Sheet 1'!$B349)","v":""},{"$f":"IF(('Data Sheet 1'!$B349)=\"\",\"\",'Data Sheet 1'!$E349)","v":""},{"$f":"IF(('Data Sheet 1'!$B349)=\"\",\"\",'Data Sheet 1'!$F349)","v":""},{"$f":"IF(('Data Sheet 1'!$B349)=\"\",\"\",'Data Sheet 1'!$G349)","v":""},{"$f":"IF(('Data Sheet 1'!$B349)=\"\",\"\",'Data Sheet 1'!$H349)","v":""}]
[{"$f":"IF(('Data Sheet 1'!$B350)=\"\",\"\",'Data Sheet 1'!$C$2)","v":""},{"$f":"IF(('Data Sheet 1'!$B350)=\"\",\"\",'Data Sheet 1'!$D$4)","v":""},{"$f":"IF(('Data Sheet 1'!$B350)=\"\",\"\",'Data Sheet 1'!$I$4)","v":""},{"$f":"IF(('Data Sheet 1'!$B350)=\"\",\"\",'Data Sheet 1'!$C350)","v":""},{"$f":"IF(('Data Sheet 1'!$B350)=\"\",\"\",'Data Sheet 1'!$D350)","v":""},{"$f":"IF(('Data Sheet 1'!$B350)=\"\",\"\",'Data Sheet 1'!$B350)","v":""},{"$f":"IF(('Data Sheet 1'!$B350)=\"\",\"\",'Data Sheet 1'!$E350)","v":""},{"$f":"IF(('Data Sheet 1'!$B350)=\"\",\"\",'Data Sheet 1'!$F350)","v":""},{"$f":"IF(('Data Sheet 1'!$B350)=\"\",\"\",'Data Sheet 1'!$G350)","v":""},{"$f":"IF(('Data Sheet 1'!$B350)=\"\",\"\",'Data Sheet 1'!$H350)","v":""}]
[{"$f":"IF(('Data Sheet 1'!$B351)=\"\",\"\",'Data Sheet 1'!$C$2)","v":""},{"$f":"IF(('Data Sheet 1'!$B351)=\"\",\"\",'Data Sheet 1'!$D$4)","v":""},{"$f":"IF(('Data Sheet 1'!$B351)=\"\",\"\",'Data Sheet 1'!$I$4)","v":""},{"$f":"IF(('Data Sheet 1'!$B351)=\"\",\"\",'Data Sheet 1'!$C351)","v":""},{"$f":"IF(('Data Sheet 1'!$B351)=\"\",\"\",'Data Sheet 1'!$D351)","v":""},{"$f":"IF(('Data Sheet 1'!$B351)=\"\",\"\",'Data Sheet 1'!$B351)","v":""},{"$f":"IF(('Data Sheet 1'!$B351)=\"\",\"\",'Data Sheet 1'!$E351)","v":""},{"$f":"IF(('Data Sheet 1'!$B351)=\"\",\"\",'Data Sheet 1'!$F351)","v":""},{"$f":"IF(('Data Sheet 1'!$B351)=\"\",\"\",'Data Sheet 1'!$G351)","v":""},{"$f":"IF(('Data Sheet 1'!$B351)=\"\",\"\",'Data Sheet 1'!$H351)","v":""}]
[{"$f":"IF(('Data Sheet 1'!$B352)=\"\",\"\",'Data Sheet 1'!$C$2)","v":""},{"$f":"IF(('Data Sheet 1'!$B352)=\"\",\"\",'Data Sheet 1'!$D$4)","v":""},{"$f":"IF(('Data Sheet 1'!$B352)=\"\",\"\",'Data Sheet 1'!$I$4)","v":""},{"$f":"IF(('Data Sheet 1'!$B352)=\"\",\"\",'Data Sheet 1'!$C352)","v":""},{"$f":"IF(('Data Sheet 1'!$B352)=\"\",\"\",'Data Sheet 1'!$D352)","v":""},{"$f":"IF(('Data Sheet 1'!$B352)=\"\",\"\",'Data Sheet 1'!$B352)","v":""},{"$f":"IF(('Data Sheet 1'!$B352)=\"\",\"\",'Data Sheet 1'!$E352)","v":""},{"$f":"IF(('Data Sheet 1'!$B352)=\"\",\"\",'Data Sheet 1'!$F352)","v":""},{"$f":"IF(('Data Sheet 1'!$B352)=\"\",\"\",'Data Sheet 1'!$G352)","v":""},{"$f":"IF(('Data Sheet 1'!$B352)=\"\",\"\",'Data Sheet 1'!$H352)","v":""}]
[{"$f":"IF(('Data Sheet 1'!$B353)=\"\",\"\",'Data Sheet 1'!$C$2)","v":""},{"$f":"IF(('Data Sheet 1'!$B353)=\"\",\"\",'Data Sheet 1'!$D$4)","v":""},{"$f":"IF(('Data Sheet 1'!$B353)=\"\",\"\",'Data Sheet 1'!$I$4)","v":""},{"$f":"IF(('Data Sheet 1'!$B353)=\"\",\"\",'Data Sheet 1'!$C353)","v":""},{"$f":"IF(('Data Sheet 1'!$B353)=\"\",\"\",'Data Sheet 1'!$D353)","v":""},{"$f":"IF(('Data Sheet 1'!$B353)=\"\",\"\",'Data Sheet 1'!$B353)","v":""},{"$f":"IF(('Data Sheet 1'!$B353)=\"\",\"\",'Data Sheet 1'!$E353)","v":""},{"$f":"IF(('Data Sheet 1'!$B353)=\"\",\"\",'Data Sheet 1'!$F353)","v":""},{"$f":"IF(('Data Sheet 1'!$B353)=\"\",\"\",'Data Sheet 1'!$G353)","v":""},{"$f":"IF(('Data Sheet 1'!$B353)=\"\",\"\",'Data Sheet 1'!$H353)","v":""}]
[{"$f":"IF(('Data Sheet 1'!$B354)=\"\",\"\",'Data Sheet 1'!$C$2)","v":""},{"$f":"IF(('Data Sheet 1'!$B354)=\"\",\"\",'Data Sheet 1'!$D$4)","v":""},{"$f":"IF(('Data Sheet 1'!$B354)=\"\",\"\",'Data Sheet 1'!$I$4)","v":""},{"$f":"IF(('Data Sheet 1'!$B354)=\"\",\"\",'Data Sheet 1'!$C354)","v":""},{"$f":"IF(('Data Sheet 1'!$B354)=\"\",\"\",'Data Sheet 1'!$D354)","v":""},{"$f":"IF(('Data Sheet 1'!$B354)=\"\",\"\",'Data Sheet 1'!$B354)","v":""},{"$f":"IF(('Data Sheet 1'!$B354)=\"\",\"\",'Data Sheet 1'!$E354)","v":""},{"$f":"IF(('Data Sheet 1'!$B354)=\"\",\"\",'Data Sheet 1'!$F354)","v":""},{"$f":"IF(('Data Sheet 1'!$B354)=\"\",\"\",'Data Sheet 1'!$G354)","v":""},{"$f":"IF(('Data Sheet 1'!$B354)=\"\",\"\",'Data Sheet 1'!$H354)","v":""}]
[{"$f":"IF(('Data Sheet 1'!$B355)=\"\",\"\",'Data Sheet 1'!$C$2)","v":""},{"$f":"IF(('Data Sheet 1'!$B355)=\"\",\"\",'Data Sheet 1'!$D$4)","v":""},{"$f":"IF(('Data Sheet 1'!$B355)=\"\",\"\",'Data Sheet 1'!$I$4)","v":""},{"$f":"IF(('Data Sheet 1'!$B355)=\"\",\"\",'Data Sheet 1'!$C355)","v":""},{"$f":"IF(('Data Sheet 1'!$B355)=\"\",\"\",'Data Sheet 1'!$D355)","v":""},{"$f":"IF(('Data Sheet 1'!$B355)=\"\",\"\",'Data Sheet 1'!$B355)","v":""},{"$f":"IF(('Data Sheet 1'!$B355)=\"\",\"\",'Data Sheet 1'!$E355)","v":""},{"$f":"IF(('Data Sheet 1'!$B355)=\"\",\"\",'Data Sheet 1'!$F355)","v":""},{"$f":"IF(('Data Sheet 1'!$B355)=\"\",\"\",'Data Sheet 1'!$G355)","v":""},{"$f":"IF(('Data Sheet 1'!$B355)=\"\",\"\",'Data Sheet 1'!$H355)","v":""}]
[{"$f":"IF(('Data Sheet 1'!$B356)=\"\",\"\",'Data Sheet 1'!$C$2)","v":""},{"$f":"IF(('Data Sheet 1'!$B356)=\"\",\"\",'Data Sheet 1'!$D$4)","v":""},{"$f":"IF(('Data Sheet 1'!$B356)=\"\",\"\",'Data Sheet 1'!$I$4)","v":""},{"$f":"IF(('Data Sheet 1'!$B356)=\"\",\"\",'Data Sheet 1'!$C356)","v":""},{"$f":"IF(('Data Sheet 1'!$B356)=\"\",\"\",'Data Sheet 1'!$D356)","v":""},{"$f":"IF(('Data Sheet 1'!$B356)=\"\",\"\",'Data Sheet 1'!$B356)","v":""},{"$f":"IF(('Data Sheet 1'!$B356)=\"\",\"\",'Data Sheet 1'!$E356)","v":""},{"$f":"IF(('Data Sheet 1'!$B356)=\"\",\"\",'Data Sheet 1'!$F356)","v":""},{"$f":"IF(('Data Sheet 1'!$B356)=\"\",\"\",'Data Sheet 1'!$G356)","v":""},{"$f":"IF(('Data Sheet 1'!$B356)=\"\",\"\",'Data Sheet 1'!$H356)","v":""}]
[{"$f":"IF(('Data Sheet 1'!$B357)=\"\",\"\",'Data Sheet 1'!$C$2)","v":""},{"$f":"IF(('Data Sheet 1'!$B357)=\"\",\"\",'Data Sheet 1'!$D$4)","v":""},{"$f":"IF(('Data Sheet 1'!$B357)=\"\",\"\",'Data Sheet 1'!$I$4)","v":""},{"$f":"IF(('Data Sheet 1'!$B357)=\"\",\"\",'Data Sheet 1'!$C357)","v":""},{"$f":"IF(('Data Sheet 1'!$B357)=\"\",\"\",'Data Sheet 1'!$D357)","v":""},{"$f":"IF(('Data Sheet 1'!$B357)=\"\",\"\",'Data Sheet 1'!$B357)","v":""},{"$f":"IF(('Data Sheet 1'!$B357)=\"\",\"\",'Data Sheet 1'!$E357)","v":""},{"$f":"IF(('Data Sheet 1'!$B357)=\"\",\"\",'Data Sheet 1'!$F357)","v":""},{"$f":"IF(('Data Sheet 1'!$B357)=\"\",\"\",'Data Sheet 1'!$G357)","v":""},{"$f":"IF(('Data Sheet 1'!$B357)=\"\",\"\",'Data Sheet 1'!$H357)","v":""}]
[{"$f":"IF(('Data Sheet 1'!$B358)=\"\",\"\",'Data Sheet 1'!$C$2)","v":""},{"$f":"IF(('Data Sheet 1'!$B358)=\"\",\"\",'Data Sheet 1'!$D$4)","v":""},{"$f":"IF(('Data Sheet 1'!$B358)=\"\",\"\",'Data Sheet 1'!$I$4)","v":""},{"$f":"IF(('Data Sheet 1'!$B358)=\"\",\"\",'Data Sheet 1'!$C358)","v":""},{"$f":"IF(('Data Sheet 1'!$B358)=\"\",\"\",'Data Sheet 1'!$D358)","v":""},{"$f":"IF(('Data Sheet 1'!$B358)=\"\",\"\",'Data Sheet 1'!$B358)","v":""},{"$f":"IF(('Data Sheet 1'!$B358)=\"\",\"\",'Data Sheet 1'!$E358)","v":""},{"$f":"IF(('Data Sheet 1'!$B358)=\"\",\"\",'Data Sheet 1'!$F358)","v":""},{"$f":"IF(('Data Sheet 1'!$B358)=\"\",\"\",'Data Sheet 1'!$G358)","v":""},{"$f":"IF(('Data Sheet 1'!$B358)=\"\",\"\",'Data Sheet 1'!$H358)","v":""}]
[{"$f":"IF(('Data Sheet 1'!$B359)=\"\",\"\",'Data Sheet 1'!$C$2)","v":""},{"$f":"IF(('Data Sheet 1'!$B359)=\"\",\"\",'Data Sheet 1'!$D$4)","v":""},{"$f":"IF(('Data Sheet 1'!$B359)=\"\",\"\",'Data Sheet 1'!$I$4)","v":""},{"$f":"IF(('Data Sheet 1'!$B359)=\"\",\"\",'Data Sheet 1'!$C359)","v":""},{"$f":"IF(('Data Sheet 1'!$B359)=\"\",\"\",'Data Sheet 1'!$D359)","v":""},{"$f":"IF(('Data Sheet 1'!$B359)=\"\",\"\",'Data Sheet 1'!$B359)","v":""},{"$f":"IF(('Data Sheet 1'!$B359)=\"\",\"\",'Data Sheet 1'!$E359)","v":""},{"$f":"IF(('Data Sheet 1'!$B359)=\"\",\"\",'Data Sheet 1'!$F359)","v":""},{"$f":"IF(('Data Sheet 1'!$B359)=\"\",\"\",'Data Sheet 1'!$G359)","v":""},{"$f":"IF(('Data Sheet 1'!$B359)=\"\",\"\",'Data Sheet 1'!$H359)","v":""}]
[{"$f":"IF(('Data Sheet 1'!$B360)=\"\",\"\",'Data Sheet 1'!$C$2)","v":""},{"$f":"IF(('Data Sheet 1'!$B360)=\"\",\"\",'Data Sheet 1'!$D$4)","v":""},{"$f":"IF(('Data Sheet 1'!$B360)=\"\",\"\",'Data Sheet 1'!$I$4)","v":""},{"$f":"IF(('Data Sheet 1'!$B360)=\"\",\"\",'Data Sheet 1'!$C360)","v":""},{"$f":"IF(('Data Sheet 1'!$B360)=\"\",\"\",'Data Sheet 1'!$D360)","v":""},{"$f":"IF(('Data Sheet 1'!$B360)=\"\",\"\",'Data Sheet 1'!$B360)","v":""},{"$f":"IF(('Data Sheet 1'!$B360)=\"\",\"\",'Data Sheet 1'!$E360)","v":""},{"$f":"IF(('Data Sheet 1'!$B360)=\"\",\"\",'Data Sheet 1'!$F360)","v":""},{"$f":"IF(('Data Sheet 1'!$B360)=\"\",\"\",'Data Sheet 1'!$G360)","v":""},{"$f":"IF(('Data Sheet 1'!$B360)=\"\",\"\",'Data Sheet 1'!$H360)","v":""}]
[{"$f":"IF(('Data Sheet 1'!$B361)=\"\",\"\",'Data Sheet 1'!$C$2)","v":""},{"$f":"IF(('Data Sheet 1'!$B361)=\"\",\"\",'Data Sheet 1'!$D$4)","v":""},{"$f":"IF(('Data Sheet 1'!$B361)=\"\",\"\",'Data Sheet 1'!$I$4)","v":""},{"$f":"IF(('Data Sheet 1'!$B361)=\"\",\"\",'Data Sheet 1'!$C361)","v":""},{"$f":"IF(('Data Sheet 1'!$B361)=\"\",\"\",'Data Sheet 1'!$D361)","v":""},{"$f":"IF(('Data Sheet 1'!$B361)=\"\",\"\",'Data Sheet 1'!$B361)","v":""},{"$f":"IF(('Data Sheet 1'!$B361)=\"\",\"\",'Data Sheet 1'!$E361)","v":""},{"$f":"IF(('Data Sheet 1'!$B361)=\"\",\"\",'Data Sheet 1'!$F361)","v":""},{"$f":"IF(('Data Sheet 1'!$B361)=\"\",\"\",'Data Sheet 1'!$G361)","v":""},{"$f":"IF(('Data Sheet 1'!$B361)=\"\",\"\",'Data Sheet 1'!$H361)","v":""}]
[{"$f":"IF(('Data Sheet 1'!$B362)=\"\",\"\",'Data Sheet 1'!$C$2)","v":""},{"$f":"IF(('Data Sheet 1'!$B362)=\"\",\"\",'Data Sheet 1'!$D$4)","v":""},{"$f":"IF(('Data Sheet 1'!$B362)=\"\",\"\",'Data Sheet 1'!$I$4)","v":""},{"$f":"IF(('Data Sheet 1'!$B362)=\"\",\"\",'Data Sheet 1'!$C362)","v":""},{"$f":"IF(('Data Sheet 1'!$B362)=\"\",\"\",'Data Sheet 1'!$D362)","v":""},{"$f":"IF(('Data Sheet 1'!$B362)=\"\",\"\",'Data Sheet 1'!$B362)","v":""},{"$f":"IF(('Data Sheet 1'!$B362)=\"\",\"\",'Data Sheet 1'!$E362)","v":""},{"$f":"IF(('Data Sheet 1'!$B362)=\"\",\"\",'Data Sheet 1'!$F362)","v":""},{"$f":"IF(('Data Sheet 1'!$B362)=\"\",\"\",'Data Sheet 1'!$G362)","v":""},{"$f":"IF(('Data Sheet 1'!$B362)=\"\",\"\",'Data Sheet 1'!$H362)","v":""}]
[{"$f":"IF(('Data Sheet 1'!$B363)=\"\",\"\",'Data Sheet 1'!$C$2)","v":""},{"$f":"IF(('Data Sheet 1'!$B363)=\"\",\"\",'Data Sheet 1'!$D$4)","v":""},{"$f":"IF(('Data Sheet 1'!$B363)=\"\",\"\",'Data Sheet 1'!$I$4)","v":""},{"$f":"IF(('Data Sheet 1'!$B363)=\"\",\"\",'Data Sheet 1'!$C363)","v":""},{"$f":"IF(('Data Sheet 1'!$B363)=\"\",\"\",'Data Sheet 1'!$D363)","v":""},{"$f":"IF(('Data Sheet 1'!$B363)=\"\",\"\",'Data Sheet 1'!$B363)","v":""},{"$f":"IF(('Data Sheet 1'!$B363)=\"\",\"\",'Data Sheet 1'!$E363)","v":""},{"$f":"IF(('Data Sheet 1'!$B363)=\"\",\"\",'Data Sheet 1'!$F363)","v":""},{"$f":"IF(('Data Sheet 1'!$B363)=\"\",\"\",'Data Sheet 1'!$G363)","v":""},{"$f":"IF(('Data Sheet 1'!$B363)=\"\",\"\",'Data Sheet 1'!$H363)","v":""}]
[{"$f":"IF(('Data Sheet 1'!$B364)=\"\",\"\",'Data Sheet 1'!$C$2)","v":""},{"$f":"IF(('Data Sheet 1'!$B364)=\"\",\"\",'Data Sheet 1'!$D$4)","v":""},{"$f":"IF(('Data Sheet 1'!$B364)=\"\",\"\",'Data Sheet 1'!$I$4)","v":""},{"$f":"IF(('Data Sheet 1'!$B364)=\"\",\"\",'Data Sheet 1'!$C364)","v":""},{"$f":"IF(('Data Sheet 1'!$B364)=\"\",\"\",'Data Sheet 1'!$D364)","v":""},{"$f":"IF(('Data Sheet 1'!$B364)=\"\",\"\",'Data Sheet 1'!$B364)","v":""},{"$f":"IF(('Data Sheet 1'!$B364)=\"\",\"\",'Data Sheet 1'!$E364)","v":""},{"$f":"IF(('Data Sheet 1'!$B364)=\"\",\"\",'Data Sheet 1'!$F364)","v":""},{"$f":"IF(('Data Sheet 1'!$B364)=\"\",\"\",'Data Sheet 1'!$G364)","v":""},{"$f":"IF(('Data Sheet 1'!$B364)=\"\",\"\",'Data Sheet 1'!$H364)","v":""}]
[{"$f":"IF(('Data Sheet 1'!$B365)=\"\",\"\",'Data Sheet 1'!$C$2)","v":""},{"$f":"IF(('Data Sheet 1'!$B365)=\"\",\"\",'Data Sheet 1'!$D$4)","v":""},{"$f":"IF(('Data Sheet 1'!$B365)=\"\",\"\",'Data Sheet 1'!$I$4)","v":""},{"$f":"IF(('Data Sheet 1'!$B365)=\"\",\"\",'Data Sheet 1'!$C365)","v":""},{"$f":"IF(('Data Sheet 1'!$B365)=\"\",\"\",'Data Sheet 1'!$D365)","v":""},{"$f":"IF(('Data Sheet 1'!$B365)=\"\",\"\",'Data Sheet 1'!$B365)","v":""},{"$f":"IF(('Data Sheet 1'!$B365)=\"\",\"\",'Data Sheet 1'!$E365)","v":""},{"$f":"IF(('Data Sheet 1'!$B365)=\"\",\"\",'Data Sheet 1'!$F365)","v":""},{"$f":"IF(('Data Sheet 1'!$B365)=\"\",\"\",'Data Sheet 1'!$G365)","v":""},{"$f":"IF(('Data Sheet 1'!$B365)=\"\",\"\",'Data Sheet 1'!$H365)","v":""}]
[{"$f":"IF(('Data Sheet 1'!$B366)=\"\",\"\",'Data Sheet 1'!$C$2)","v":""},{"$f":"IF(('Data Sheet 1'!$B366)=\"\",\"\",'Data Sheet 1'!$D$4)","v":""},{"$f":"IF(('Data Sheet 1'!$B366)=\"\",\"\",'Data Sheet 1'!$I$4)","v":""},{"$f":"IF(('Data Sheet 1'!$B366)=\"\",\"\",'Data Sheet 1'!$C366)","v":""},{"$f":"IF(('Data Sheet 1'!$B366)=\"\",\"\",'Data Sheet 1'!$D366)","v":""},{"$f":"IF(('Data Sheet 1'!$B366)=\"\",\"\",'Data Sheet 1'!$B366)","v":""},{"$f":"IF(('Data Sheet 1'!$B366)=\"\",\"\",'Data Sheet 1'!$E366)","v":""},{"$f":"IF(('Data Sheet 1'!$B366)=\"\",\"\",'Data Sheet 1'!$F366)","v":""},{"$f":"IF(('Data Sheet 1'!$B366)=\"\",\"\",'Data Sheet 1'!$G366)","v":""},{"$f":"IF(('Data Sheet 1'!$B366)=\"\",\"\",'Data Sheet 1'!$H366)","v":""}]
[{"$f":"IF(('Data Sheet 1'!$B367)=\"\",\"\",'Data Sheet 1'!$C$2)","v":""},{"$f":"IF(('Data Sheet 1'!$B367)=\"\",\"\",'Data Sheet 1'!$D$4)","v":""},{"$f":"IF(('Data Sheet 1'!$B367)=\"\",\"\",'Data Sheet 1'!$I$4)","v":""},{"$f":"IF(('Data Sheet 1'!$B367)=\"\",\"\",'Data Sheet 1'!$C367)","v":""},{"$f":"IF(('Data Sheet 1'!$B367)=\"\",\"\",'Data Sheet 1'!$D367)","v":""},{"$f":"IF(('Data Sheet 1'!$B367)=\"\",\"\",'Data Sheet 1'!$B367)","v":""},{"$f":"IF(('Data Sheet 1'!$B367)=\"\",\"\",'Data Sheet 1'!$E367)","v":""},{"$f":"IF(('Data Sheet 1'!$B367)=\"\",\"\",'Data Sheet 1'!$F367)","v":""},{"$f":"IF(('Data Sheet 1'!$B367)=\"\",\"\",'Data Sheet 1'!$G367)","v":""},{"$f":"IF(('Data Sheet 1'!$B367)=\"\",\"\",'Data Sheet 1'!$H367)","v":""}]
[{"$f":"IF(('Data Sheet 1'!$B368)=\"\",\"\",'Data Sheet 1'!$C$2)","v":""},{"$f":"IF(('Data Sheet 1'!$B368)=\"\",\"\",'Data Sheet 1'!$D$4)","v":""},{"$f":"IF(('Data Sheet 1'!$B368)=\"\",\"\",'Data Sheet 1'!$I$4)","v":""},{"$f":"IF(('Data Sheet 1'!$B368)=\"\",\"\",'Data Sheet 1'!$C368)","v":""},{"$f":"IF(('Data Sheet 1'!$B368)=\"\",\"\",'Data Sheet 1'!$D368)","v":""},{"$f":"IF(('Data Sheet 1'!$B368)=\"\",\"\",'Data Sheet 1'!$B368)","v":""},{"$f":"IF(('Data Sheet 1'!$B368)=\"\",\"\",'Data Sheet 1'!$E368)","v":""},{"$f":"IF(('Data Sheet 1'!$B368)=\"\",\"\",'Data Sheet 1'!$F368)","v":""},{"$f":"IF(('Data Sheet 1'!$B368)=\"\",\"\",'Data Sheet 1'!$G368)","v":""},{"$f":"IF(('Data Sheet 1'!$B368)=\"\",\"\",'Data Sheet 1'!$H368)","v":""}]
[{"$f":"IF(('Data Sheet 1'!$B369)=\"\",\"\",'Data Sheet 1'!$C$2)","v":""},{"$f":"IF(('Data Sheet 1'!$B369)=\"\",\"\",'Data Sheet 1'!$D$4)","v":""},{"$f":"IF(('Data Sheet 1'!$B369)=\"\",\"\",'Data Sheet 1'!$I$4)","v":""},{"$f":"IF(('Data Sheet 1'!$B369)=\"\",\"\",'Data Sheet 1'!$C369)","v":""},{"$f":"IF(('Data Sheet 1'!$B369)=\"\",\"\",'Data Sheet 1'!$D369)","v":""},{"$f":"IF(('Data Sheet 1'!$B369)=\"\",\"\",'Data Sheet 1'!$B369)","v":""},{"$f":"IF(('Data Sheet 1'!$B369)=\"\",\"\",'Data Sheet 1'!$E369)","v":""},{"$f":"IF(('Data Sheet 1'!$B369)=\"\",\"\",'Data Sheet 1'!$F369)","v":""},{"$f":"IF(('Data Sheet 1'!$B369)=\"\",\"\",'Data Sheet 1'!$G369)","v":""},{"$f":"IF(('Data Sheet 1'!$B369)=\"\",\"\",'Data Sheet 1'!$H369)","v":""}]
[{"$f":"IF(('Data Sheet 1'!$B370)=\"\",\"\",'Data Sheet 1'!$C$2)","v":""},{"$f":"IF(('Data Sheet 1'!$B370)=\"\",\"\",'Data Sheet 1'!$D$4)","v":""},{"$f":"IF(('Data Sheet 1'!$B370)=\"\",\"\",'Data Sheet 1'!$I$4)","v":""},{"$f":"IF(('Data Sheet 1'!$B370)=\"\",\"\",'Data Sheet 1'!$C370)","v":""},{"$f":"IF(('Data Sheet 1'!$B370)=\"\",\"\",'Data Sheet 1'!$D370)","v":""},{"$f":"IF(('Data Sheet 1'!$B370)=\"\",\"\",'Data Sheet 1'!$B370)","v":""},{"$f":"IF(('Data Sheet 1'!$B370)=\"\",\"\",'Data Sheet 1'!$E370)","v":""},{"$f":"IF(('Data Sheet 1'!$B370)=\"\",\"\",'Data Sheet 1'!$F370)","v":""},{"$f":"IF(('Data Sheet 1'!$B370)=\"\",\"\",'Data Sheet 1'!$G370)","v":""},{"$f":"IF(('Data Sheet 1'!$B370)=\"\",\"\",'Data Sheet 1'!$H370)","v":""}]
[{"$f":"IF(('Data Sheet 1'!$B371)=\"\",\"\",'Data Sheet 1'!$C$2)","v":""},{"$f":"IF(('Data Sheet 1'!$B371)=\"\",\"\",'Data Sheet 1'!$D$4)","v":""},{"$f":"IF(('Data Sheet 1'!$B371)=\"\",\"\",'Data Sheet 1'!$I$4)","v":""},{"$f":"IF(('Data Sheet 1'!$B371)=\"\",\"\",'Data Sheet 1'!$C371)","v":""},{"$f":"IF(('Data Sheet 1'!$B371)=\"\",\"\",'Data Sheet 1'!$D371)","v":""},{"$f":"IF(('Data Sheet 1'!$B371)=\"\",\"\",'Data Sheet 1'!$B371)","v":""},{"$f":"IF(('Data Sheet 1'!$B371)=\"\",\"\",'Data Sheet 1'!$E371)","v":""},{"$f":"IF(('Data Sheet 1'!$B371)=\"\",\"\",'Data Sheet 1'!$F371)","v":""},{"$f":"IF(('Data Sheet 1'!$B371)=\"\",\"\",'Data Sheet 1'!$G371)","v":""},{"$f":"IF(('Data Sheet 1'!$B371)=\"\",\"\",'Data Sheet 1'!$H371)","v":""}]
[{"$f":"IF(('Data Sheet 1'!$B372)=\"\",\"\",'Data Sheet 1'!$C$2)","v":""},{"$f":"IF(('Data Sheet 1'!$B372)=\"\",\"\",'Data Sheet 1'!$D$4)","v":""},{"$f":"IF(('Data Sheet 1'!$B372)=\"\",\"\",'Data Sheet 1'!$I$4)","v":""},{"$f":"IF(('Data Sheet 1'!$B372)=\"\",\"\",'Data Sheet 1'!$C372)","v":""},{"$f":"IF(('Data Sheet 1'!$B372)=\"\",\"\",'Data Sheet 1'!$D372)","v":""},{"$f":"IF(('Data Sheet 1'!$B372)=\"\",\"\",'Data Sheet 1'!$B372)","v":""},{"$f":"IF(('Data Sheet 1'!$B372)=\"\",\"\",'Data Sheet 1'!$E372)","v":""},{"$f":"IF(('Data Sheet 1'!$B372)=\"\",\"\",'Data Sheet 1'!$F372)","v":""},{"$f":"IF(('Data Sheet 1'!$B372)=\"\",\"\",'Data Sheet 1'!$G372)","v":""},{"$f":"IF(('Data Sheet 1'!$B372)=\"\",\"\",'Data Sheet 1'!$H372)","v":""}]
[{"$f":"IF(('Data Sheet 1'!$B373)=\"\",\"\",'Data Sheet 1'!$C$2)","v":""},{"$f":"IF(('Data Sheet 1'!$B373)=\"\",\"\",'Data Sheet 1'!$D$4)","v":""},{"$f":"IF(('Data Sheet 1'!$B373)=\"\",\"\",'Data Sheet 1'!$I$4)","v":""},{"$f":"IF(('Data Sheet 1'!$B373)=\"\",\"\",'Data Sheet 1'!$C373)","v":""},{"$f":"IF(('Data Sheet 1'!$B373)=\"\",\"\",'Data Sheet 1'!$D373)","v":""},{"$f":"IF(('Data Sheet 1'!$B373)=\"\",\"\",'Data Sheet 1'!$B373)","v":""},{"$f":"IF(('Data Sheet 1'!$B373)=\"\",\"\",'Data Sheet 1'!$E373)","v":""},{"$f":"IF(('Data Sheet 1'!$B373)=\"\",\"\",'Data Sheet 1'!$F373)","v":""},{"$f":"IF(('Data Sheet 1'!$B373)=\"\",\"\",'Data Sheet 1'!$G373)","v":""},{"$f":"IF(('Data Sheet 1'!$B373)=\"\",\"\",'Data Sheet 1'!$H373)","v":""}]
[{"$f":"IF(('Data Sheet 1'!$B374)=\"\",\"\",'Data Sheet 1'!$C$2)","v":""},{"$f":"IF(('Data Sheet 1'!$B374)=\"\",\"\",'Data Sheet 1'!$D$4)","v":""},{"$f":"IF(('Data Sheet 1'!$B374)=\"\",\"\",'Data Sheet 1'!$I$4)","v":""},{"$f":"IF(('Data Sheet 1'!$B374)=\"\",\"\",'Data Sheet 1'!$C374)","v":""},{"$f":"IF(('Data Sheet 1'!$B374)=\"\",\"\",'Data Sheet 1'!$D374)","v":""},{"$f":"IF(('Data Sheet 1'!$B374)=\"\",\"\",'Data Sheet 1'!$B374)","v":""},{"$f":"IF(('Data Sheet 1'!$B374)=\"\",\"\",'Data Sheet 1'!$E374)","v":""},{"$f":"IF(('Data Sheet 1'!$B374)=\"\",\"\",'Data Sheet 1'!$F374)","v":""},{"$f":"IF(('Data Sheet 1'!$B374)=\"\",\"\",'Data Sheet 1'!$G374)","v":""},{"$f":"IF(('Data Sheet 1'!$B374)=\"\",\"\",'Data Sheet 1'!$H374)","v":""}]
[{"$f":"IF(('Data Sheet 1'!$B375)=\"\",\"\",'Data Sheet 1'!$C$2)","v":""},{"$f":"IF(('Data Sheet 1'!$B375)=\"\",\"\",'Data Sheet 1'!$D$4)","v":""},{"$f":"IF(('Data Sheet 1'!$B375)=\"\",\"\",'Data Sheet 1'!$I$4)","v":""},{"$f":"IF(('Data Sheet 1'!$B375)=\"\",\"\",'Data Sheet 1'!$C375)","v":""},{"$f":"IF(('Data Sheet 1'!$B375)=\"\",\"\",'Data Sheet 1'!$D375)","v":""},{"$f":"IF(('Data Sheet 1'!$B375)=\"\",\"\",'Data Sheet 1'!$B375)","v":""},{"$f":"IF(('Data Sheet 1'!$B375)=\"\",\"\",'Data Sheet 1'!$E375)","v":""},{"$f":"IF(('Data Sheet 1'!$B375)=\"\",\"\",'Data Sheet 1'!$F375)","v":""},{"$f":"IF(('Data Sheet 1'!$B375)=\"\",\"\",'Data Sheet 1'!$G375)","v":""},{"$f":"IF(('Data Sheet 1'!$B375)=\"\",\"\",'Data Sheet 1'!$H375)","v":""}]
[{"$f":"IF(('Data Sheet 1'!$B376)=\"\",\"\",'Data Sheet 1'!$C$2)","v":""},{"$f":"IF(('Data Sheet 1'!$B376)=\"\",\"\",'Data Sheet 1'!$D$4)","v":""},{"$f":"IF(('Data Sheet 1'!$B376)=\"\",\"\",'Data Sheet 1'!$I$4)","v":""},{"$f":"IF(('Data Sheet 1'!$B376)=\"\",\"\",'Data Sheet 1'!$C376)","v":""},{"$f":"IF(('Data Sheet 1'!$B376)=\"\",\"\",'Data Sheet 1'!$D376)","v":""},{"$f":"IF(('Data Sheet 1'!$B376)=\"\",\"\",'Data Sheet 1'!$B376)","v":""},{"$f":"IF(('Data Sheet 1'!$B376)=\"\",\"\",'Data Sheet 1'!$E376)","v":""},{"$f":"IF(('Data Sheet 1'!$B376)=\"\",\"\",'Data Sheet 1'!$F376)","v":""},{"$f":"IF(('Data Sheet 1'!$B376)=\"\",\"\",'Data Sheet 1'!$G376)","v":""},{"$f":"IF(('Data Sheet 1'!$B376)=\"\",\"\",'Data Sheet 1'!$H376)","v":""}]
[{"$f":"IF(('Data Sheet 1'!$B377)=\"\",\"\",'Data Sheet 1'!$C$2)","v":""},{"$f":"IF(('Data Sheet 1'!$B377)=\"\",\"\",'Data Sheet 1'!$D$4)","v":""},{"$f":"IF(('Data Sheet 1'!$B377)=\"\",\"\",'Data Sheet 1'!$I$4)","v":""},{"$f":"IF(('Data Sheet 1'!$B377)=\"\",\"\",'Data Sheet 1'!$C377)","v":""},{"$f":"IF(('Data Sheet 1'!$B377)=\"\",\"\",'Data Sheet 1'!$D377)","v":""},{"$f":"IF(('Data Sheet 1'!$B377)=\"\",\"\",'Data Sheet 1'!$B377)","v":""},{"$f":"IF(('Data Sheet 1'!$B377)=\"\",\"\",'Data Sheet 1'!$E377)","v":""},{"$f":"IF(('Data Sheet 1'!$B377)=\"\",\"\",'Data Sheet 1'!$F377)","v":""},{"$f":"IF(('Data Sheet 1'!$B377)=\"\",\"\",'Data Sheet 1'!$G377)","v":""},{"$f":"IF(('Data Sheet 1'!$B377)=\"\",\"\",'Data Sheet 1'!$H377)","v":""}]
[{"$f":"IF(('Data Sheet 1'!$B378)=\"\",\"\",'Data Sheet 1'!$C$2)","v":""},{"$f":"IF(('Data Sheet 1'!$B378)=\"\",\"\",'Data Sheet 1'!$D$4)","v":""},{"$f":"IF(('Data Sheet 1'!$B378)=\"\",\"\",'Data Sheet 1'!$I$4)","v":""},{"$f":"IF(('Data Sheet 1'!$B378)=\"\",\"\",'Data Sheet 1'!$C378)","v":""},{"$f":"IF(('Data Sheet 1'!$B378)=\"\",\"\",'Data Sheet 1'!$D378)","v":""},{"$f":"IF(('Data Sheet 1'!$B378)=\"\",\"\",'Data Sheet 1'!$B378)","v":""},{"$f":"IF(('Data Sheet 1'!$B378)=\"\",\"\",'Data Sheet 1'!$E378)","v":""},{"$f":"IF(('Data Sheet 1'!$B378)=\"\",\"\",'Data Sheet 1'!$F378)","v":""},{"$f":"IF(('Data Sheet 1'!$B378)=\"\",\"\",'Data Sheet 1'!$G378)","v":""},{"$f":"IF(('Data Sheet 1'!$B378)=\"\",\"\",'Data Sheet 1'!$H378)","v":""}]
[{"$f":"IF(('Data Sheet 1'!$B379)=\"\",\"\",'Data Sheet 1'!$C$2)","v":""},{"$f":"IF(('Data Sheet 1'!$B379)=\"\",\"\",'Data Sheet 1'!$D$4)","v":""},{"$f":"IF(('Data Sheet 1'!$B379)=\"\",\"\",'Data Sheet 1'!$I$4)","v":""},{"$f":"IF(('Data Sheet 1'!$B379)=\"\",\"\",'Data Sheet 1'!$C379)","v":""},{"$f":"IF(('Data Sheet 1'!$B379)=\"\",\"\",'Data Sheet 1'!$D379)","v":""},{"$f":"IF(('Data Sheet 1'!$B379)=\"\",\"\",'Data Sheet 1'!$B379)","v":""},{"$f":"IF(('Data Sheet 1'!$B379)=\"\",\"\",'Data Sheet 1'!$E379)","v":""},{"$f":"IF(('Data Sheet 1'!$B379)=\"\",\"\",'Data Sheet 1'!$F379)","v":""},{"$f":"IF(('Data Sheet 1'!$B379)=\"\",\"\",'Data Sheet 1'!$G379)","v":""},{"$f":"IF(('Data Sheet 1'!$B379)=\"\",\"\",'Data Sheet 1'!$H379)","v":""}]
[{"$f":"IF(('Data Sheet 1'!$B380)=\"\",\"\",'Data Sheet 1'!$C$2)","v":""},{"$f":"IF(('Data Sheet 1'!$B380)=\"\",\"\",'Data Sheet 1'!$D$4)","v":""},{"$f":"IF(('Data Sheet 1'!$B380)=\"\",\"\",'Data Sheet 1'!$I$4)","v":""},{"$f":"IF(('Data Sheet 1'!$B380)=\"\",\"\",'Data Sheet 1'!$C380)","v":""},{"$f":"IF(('Data Sheet 1'!$B380)=\"\",\"\",'Data Sheet 1'!$D380)","v":""},{"$f":"IF(('Data Sheet 1'!$B380)=\"\",\"\",'Data Sheet 1'!$B380)","v":""},{"$f":"IF(('Data Sheet 1'!$B380)=\"\",\"\",'Data Sheet 1'!$E380)","v":""},{"$f":"IF(('Data Sheet 1'!$B380)=\"\",\"\",'Data Sheet 1'!$F380)","v":""},{"$f":"IF(('Data Sheet 1'!$B380)=\"\",\"\",'Data Sheet 1'!$G380)","v":""},{"$f":"IF(('Data Sheet 1'!$B380)=\"\",\"\",'Data Sheet 1'!$H380)","v":""}]
[{"$f":"IF(('Data Sheet 1'!$B381)=\"\",\"\",'Data Sheet 1'!$C$2)","v":""},{"$f":"IF(('Data Sheet 1'!$B381)=\"\",\"\",'Data Sheet 1'!$D$4)","v":""},{"$f":"IF(('Data Sheet 1'!$B381)=\"\",\"\",'Data Sheet 1'!$I$4)","v":""},{"$f":"IF(('Data Sheet 1'!$B381)=\"\",\"\",'Data Sheet 1'!$C381)","v":""},{"$f":"IF(('Data Sheet 1'!$B381)=\"\",\"\",'Data Sheet 1'!$D381)","v":""},{"$f":"IF(('Data Sheet 1'!$B381)=\"\",\"\",'Data Sheet 1'!$B381)","v":""},{"$f":"IF(('Data Sheet 1'!$B381)=\"\",\"\",'Data Sheet 1'!$E381)","v":""},{"$f":"IF(('Data Sheet 1'!$B381)=\"\",\"\",'Data Sheet 1'!$F381)","v":""},{"$f":"IF(('Data Sheet 1'!$B381)=\"\",\"\",'Data Sheet 1'!$G381)","v":""},{"$f":"IF(('Data Sheet 1'!$B381)=\"\",\"\",'Data Sheet 1'!$H381)","v":""}]
[{"$f":"IF(('Data Sheet 1'!$B382)=\"\",\"\",'Data Sheet 1'!$C$2)","v":""},{"$f":"IF(('Data Sheet 1'!$B382)=\"\",\"\",'Data Sheet 1'!$D$4)","v":""},{"$f":"IF(('Data Sheet 1'!$B382)=\"\",\"\",'Data Sheet 1'!$I$4)","v":""},{"$f":"IF(('Data Sheet 1'!$B382)=\"\",\"\",'Data Sheet 1'!$C382)","v":""},{"$f":"IF(('Data Sheet 1'!$B382)=\"\",\"\",'Data Sheet 1'!$D382)","v":""},{"$f":"IF(('Data Sheet 1'!$B382)=\"\",\"\",'Data Sheet 1'!$B382)","v":""},{"$f":"IF(('Data Sheet 1'!$B382)=\"\",\"\",'Data Sheet 1'!$E382)","v":""},{"$f":"IF(('Data Sheet 1'!$B382)=\"\",\"\",'Data Sheet 1'!$F382)","v":""},{"$f":"IF(('Data Sheet 1'!$B382)=\"\",\"\",'Data Sheet 1'!$G382)","v":""},{"$f":"IF(('Data Sheet 1'!$B382)=\"\",\"\",'Data Sheet 1'!$H382)","v":""}]
[{"$f":"IF(('Data Sheet 1'!$B383)=\"\",\"\",'Data Sheet 1'!$C$2)","v":""},{"$f":"IF(('Data Sheet 1'!$B383)=\"\",\"\",'Data Sheet 1'!$D$4)","v":""},{"$f":"IF(('Data Sheet 1'!$B383)=\"\",\"\",'Data Sheet 1'!$I$4)","v":""},{"$f":"IF(('Data Sheet 1'!$B383)=\"\",\"\",'Data Sheet 1'!$C383)","v":""},{"$f":"IF(('Data Sheet 1'!$B383)=\"\",\"\",'Data Sheet 1'!$D383)","v":""},{"$f":"IF(('Data Sheet 1'!$B383)=\"\",\"\",'Data Sheet 1'!$B383)","v":""},{"$f":"IF(('Data Sheet 1'!$B383)=\"\",\"\",'Data Sheet 1'!$E383)","v":""},{"$f":"IF(('Data Sheet 1'!$B383)=\"\",\"\",'Data Sheet 1'!$F383)","v":""},{"$f":"IF(('Data Sheet 1'!$B383)=\"\",\"\",'Data Sheet 1'!$G383)","v":""},{"$f":"IF(('Data Sheet 1'!$B383)=\"\",\"\",'Data Sheet 1'!$H383)","v":""}]
[{"$f":"IF(('Data Sheet 1'!$B384)=\"\",\"\",'Data Sheet 1'!$C$2)","v":""},{"$f":"IF(('Data Sheet 1'!$B384)=\"\",\"\",'Data Sheet 1'!$D$4)","v":""},{"$f":"IF(('Data Sheet 1'!$B384)=\"\",\"\",'Data Sheet 1'!$I$4)","v":""},{"$f":"IF(('Data Sheet 1'!$B384)=\"\",\"\",'Data Sheet 1'!$C384)","v":""},{"$f":"IF(('Data Sheet 1'!$B384)=\"\",\"\",'Data Sheet 1'!$D384)","v":""},{"$f":"IF(('Data Sheet 1'!$B384)=\"\",\"\",'Data Sheet 1'!$B384)","v":""},{"$f":"IF(('Data Sheet 1'!$B384)=\"\",\"\",'Data Sheet 1'!$E384)","v":""},{"$f":"IF(('Data Sheet 1'!$B384)=\"\",\"\",'Data Sheet 1'!$F384)","v":""},{"$f":"IF(('Data Sheet 1'!$B384)=\"\",\"\",'Data Sheet 1'!$G384)","v":""},{"$f":"IF(('Data Sheet 1'!$B384)=\"\",\"\",'Data Sheet 1'!$H384)","v":""}]
[{"$f":"IF(('Data Sheet 1'!$B385)=\"\",\"\",'Data Sheet 1'!$C$2)","v":""},{"$f":"IF(('Data Sheet 1'!$B385)=\"\",\"\",'Data Sheet 1'!$D$4)","v":""},{"$f":"IF(('Data Sheet 1'!$B385)=\"\",\"\",'Data Sheet 1'!$I$4)","v":""},{"$f":"IF(('Data Sheet 1'!$B385)=\"\",\"\",'Data Sheet 1'!$C385)","v":""},{"$f":"IF(('Data Sheet 1'!$B385)=\"\",\"\",'Data Sheet 1'!$D385)","v":""},{"$f":"IF(('Data Sheet 1'!$B385)=\"\",\"\",'Data Sheet 1'!$B385)","v":""},{"$f":"IF(('Data Sheet 1'!$B385)=\"\",\"\",'Data Sheet 1'!$E385)","v":""},{"$f":"IF(('Data Sheet 1'!$B385)=\"\",\"\",'Data Sheet 1'!$F385)","v":""},{"$f":"IF(('Data Sheet 1'!$B385)=\"\",\"\",'Data Sheet 1'!$G385)","v":""},{"$f":"IF(('Data Sheet 1'!$B385)=\"\",\"\",'Data Sheet 1'!$H385)","v":""}]
[{"$f":"IF(('Data Sheet 1'!$B386)=\"\",\"\",'Data Sheet 1'!$C$2)","v":""},{"$f":"IF(('Data Sheet 1'!$B386)=\"\",\"\",'Data Sheet 1'!$D$4)","v":""},{"$f":"IF(('Data Sheet 1'!$B386)=\"\",\"\",'Data Sheet 1'!$I$4)","v":""},{"$f":"IF(('Data Sheet 1'!$B386)=\"\",\"\",'Data Sheet 1'!$C386)","v":""},{"$f":"IF(('Data Sheet 1'!$B386)=\"\",\"\",'Data Sheet 1'!$D386)","v":""},{"$f":"IF(('Data Sheet 1'!$B386)=\"\",\"\",'Data Sheet 1'!$B386)","v":""},{"$f":"IF(('Data Sheet 1'!$B386)=\"\",\"\",'Data Sheet 1'!$E386)","v":""},{"$f":"IF(('Data Sheet 1'!$B386)=\"\",\"\",'Data Sheet 1'!$F386)","v":""},{"$f":"IF(('Data Sheet 1'!$B386)=\"\",\"\",'Data Sheet 1'!$G386)","v":""},{"$f":"IF(('Data Sheet 1'!$B386)=\"\",\"\",'Data Sheet 1'!$H386)","v":""}]
[{"$f":"IF(('Data Sheet 1'!$B387)=\"\",\"\",'Data Sheet 1'!$C$2)","v":""},{"$f":"IF(('Data Sheet 1'!$B387)=\"\",\"\",'Data Sheet 1'!$D$4)","v":""},{"$f":"IF(('Data Sheet 1'!$B387)=\"\",\"\",'Data Sheet 1'!$I$4)","v":""},{"$f":"IF(('Data Sheet 1'!$B387)=\"\",\"\",'Data Sheet 1'!$C387)","v":""},{"$f":"IF(('Data Sheet 1'!$B387)=\"\",\"\",'Data Sheet 1'!$D387)","v":""},{"$f":"IF(('Data Sheet 1'!$B387)=\"\",\"\",'Data Sheet 1'!$B387)","v":""},{"$f":"IF(('Data Sheet 1'!$B387)=\"\",\"\",'Data Sheet 1'!$E387)","v":""},{"$f":"IF(('Data Sheet 1'!$B387)=\"\",\"\",'Data Sheet 1'!$F387)","v":""},{"$f":"IF(('Data Sheet 1'!$B387)=\"\",\"\",'Data Sheet 1'!$G387)","v":""},{"$f":"IF(('Data Sheet 1'!$B387)=\"\",\"\",'Data Sheet 1'!$H387)","v":""}]
[{"$f":"IF(('Data Sheet 1'!$B388)=\"\",\"\",'Data Sheet 1'!$C$2)","v":""},{"$f":"IF(('Data Sheet 1'!$B388)=\"\",\"\",'Data Sheet 1'!$D$4)","v":""},{"$f":"IF(('Data Sheet 1'!$B388)=\"\",\"\",'Data Sheet 1'!$I$4)","v":""},{"$f":"IF(('Data Sheet 1'!$B388)=\"\",\"\",'Data Sheet 1'!$C388)","v":""},{"$f":"IF(('Data Sheet 1'!$B388)=\"\",\"\",'Data Sheet 1'!$D388)","v":""},{"$f":"IF(('Data Sheet 1'!$B388)=\"\",\"\",'Data Sheet 1'!$B388)","v":""},{"$f":"IF(('Data Sheet 1'!$B388)=\"\",\"\",'Data Sheet 1'!$E388)","v":""},{"$f":"IF(('Data Sheet 1'!$B388)=\"\",\"\",'Data Sheet 1'!$F388)","v":""},{"$f":"IF(('Data Sheet 1'!$B388)=\"\",\"\",'Data Sheet 1'!$G388)","v":""},{"$f":"IF(('Data Sheet 1'!$B388)=\"\",\"\",'Data Sheet 1'!$H388)","v":""}]
[{"$f":"IF(('Data Sheet 1'!$B389)=\"\",\"\",'Data Sheet 1'!$C$2)","v":""},{"$f":"IF(('Data Sheet 1'!$B389)=\"\",\"\",'Data Sheet 1'!$D$4)","v":""},{"$f":"IF(('Data Sheet 1'!$B389)=\"\",\"\",'Data Sheet 1'!$I$4)","v":""},{"$f":"IF(('Data Sheet 1'!$B389)=\"\",\"\",'Data Sheet 1'!$C389)","v":""},{"$f":"IF(('Data Sheet 1'!$B389)=\"\",\"\",'Data Sheet 1'!$D389)","v":""},{"$f":"IF(('Data Sheet 1'!$B389)=\"\",\"\",'Data Sheet 1'!$B389)","v":""},{"$f":"IF(('Data Sheet 1'!$B389)=\"\",\"\",'Data Sheet 1'!$E389)","v":""},{"$f":"IF(('Data Sheet 1'!$B389)=\"\",\"\",'Data Sheet 1'!$F389)","v":""},{"$f":"IF(('Data Sheet 1'!$B389)=\"\",\"\",'Data Sheet 1'!$G389)","v":""},{"$f":"IF(('Data Sheet 1'!$B389)=\"\",\"\",'Data Sheet 1'!$H389)","v":""}]
[{"$f":"IF(('Data Sheet 1'!$B390)=\"\",\"\",'Data Sheet 1'!$C$2)","v":""},{"$f":"IF(('Data Sheet 1'!$B390)=\"\",\"\",'Data Sheet 1'!$D$4)","v":""},{"$f":"IF(('Data Sheet 1'!$B390)=\"\",\"\",'Data Sheet 1'!$I$4)","v":""},{"$f":"IF(('Data Sheet 1'!$B390)=\"\",\"\",'Data Sheet 1'!$C390)","v":""},{"$f":"IF(('Data Sheet 1'!$B390)=\"\",\"\",'Data Sheet 1'!$D390)","v":""},{"$f":"IF(('Data Sheet 1'!$B390)=\"\",\"\",'Data Sheet 1'!$B390)","v":""},{"$f":"IF(('Data Sheet 1'!$B390)=\"\",\"\",'Data Sheet 1'!$E390)","v":""},{"$f":"IF(('Data Sheet 1'!$B390)=\"\",\"\",'Data Sheet 1'!$F390)","v":""},{"$f":"IF(('Data Sheet 1'!$B390)=\"\",\"\",'Data Sheet 1'!$G390)","v":""},{"$f":"IF(('Data Sheet 1'!$B390)=\"\",\"\",'Data Sheet 1'!$H390)","v":""}]
[{"$f":"IF(('Data Sheet 1'!$B391)=\"\",\"\",'Data Sheet 1'!$C$2)","v":""},{"$f":"IF(('Data Sheet 1'!$B391)=\"\",\"\",'Data Sheet 1'!$D$4)","v":""},{"$f":"IF(('Data Sheet 1'!$B391)=\"\",\"\",'Data Sheet 1'!$I$4)","v":""},{"$f":"IF(('Data Sheet 1'!$B391)=\"\",\"\",'Data Sheet 1'!$C391)","v":""},{"$f":"IF(('Data Sheet 1'!$B391)=\"\",\"\",'Data Sheet 1'!$D391)","v":""},{"$f":"IF(('Data Sheet 1'!$B391)=\"\",\"\",'Data Sheet 1'!$B391)","v":""},{"$f":"IF(('Data Sheet 1'!$B391)=\"\",\"\",'Data Sheet 1'!$E391)","v":""},{"$f":"IF(('Data Sheet 1'!$B391)=\"\",\"\",'Data Sheet 1'!$F391)","v":""},{"$f":"IF(('Data Sheet 1'!$B391)=\"\",\"\",'Data Sheet 1'!$G391)","v":""},{"$f":"IF(('Data Sheet 1'!$B391)=\"\",\"\",'Data Sheet 1'!$H391)","v":""}]
[{"$f":"IF(('Data Sheet 1'!$B392)=\"\",\"\",'Data Sheet 1'!$C$2)","v":""},{"$f":"IF(('Data Sheet 1'!$B392)=\"\",\"\",'Data Sheet 1'!$D$4)","v":""},{"$f":"IF(('Data Sheet 1'!$B392)=\"\",\"\",'Data Sheet 1'!$I$4)","v":""},{"$f":"IF(('Data Sheet 1'!$B392)=\"\",\"\",'Data Sheet 1'!$C392)","v":""},{"$f":"IF(('Data Sheet 1'!$B392)=\"\",\"\",'Data Sheet 1'!$D392)","v":""},{"$f":"IF(('Data Sheet 1'!$B392)=\"\",\"\",'Data Sheet 1'!$B392)","v":""},{"$f":"IF(('Data Sheet 1'!$B392)=\"\",\"\",'Data Sheet 1'!$E392)","v":""},{"$f":"IF(('Data Sheet 1'!$B392)=\"\",\"\",'Data Sheet 1'!$F392)","v":""},{"$f":"IF(('Data Sheet 1'!$B392)=\"\",\"\",'Data Sheet 1'!$G392)","v":""},{"$f":"IF(('Data Sheet 1'!$B392)=\"\",\"\",'Data Sheet 1'!$H392)","v":""}]
[{"$f":"IF(('Data Sheet 1'!$B393)=\"\",\"\",'Data Sheet 1'!$C$2)","v":""},{"$f":"IF(('Data Sheet 1'!$B393)=\"\",\"\",'Data Sheet 1'!$D$4)","v":""},{"$f":"IF(('Data Sheet 1'!$B393)=\"\",\"\",'Data Sheet 1'!$I$4)","v":""},{"$f":"IF(('Data Sheet 1'!$B393)=\"\",\"\",'Data Sheet 1'!$C393)","v":""},{"$f":"IF(('Data Sheet 1'!$B393)=\"\",\"\",'Data Sheet 1'!$D393)","v":""},{"$f":"IF(('Data Sheet 1'!$B393)=\"\",\"\",'Data Sheet 1'!$B393)","v":""},{"$f":"IF(('Data Sheet 1'!$B393)=\"\",\"\",'Data Sheet 1'!$E393)","v":""},{"$f":"IF(('Data Sheet 1'!$B393)=\"\",\"\",'Data Sheet 1'!$F393)","v":""},{"$f":"IF(('Data Sheet 1'!$B393)=\"\",\"\",'Data Sheet 1'!$G393)","v":""},{"$f":"IF(('Data Sheet 1'!$B393)=\"\",\"\",'Data Sheet 1'!$H393)","v":""}]
[{"$f":"IF(('Data Sheet 1'!$B394)=\"\",\"\",'Data Sheet 1'!$C$2)","v":""},{"$f":"IF(('Data Sheet 1'!$B394)=\"\",\"\",'Data Sheet 1'!$D$4)","v":""},{"$f":"IF(('Data Sheet 1'!$B394)=\"\",\"\",'Data Sheet 1'!$I$4)","v":""},{"$f":"IF(('Data Sheet 1'!$B394)=\"\",\"\",'Data Sheet 1'!$C394)","v":""},{"$f":"IF(('Data Sheet 1'!$B394)=\"\",\"\",'Data Sheet 1'!$D394)","v":""},{"$f":"IF(('Data Sheet 1'!$B394)=\"\",\"\",'Data Sheet 1'!$B394)","v":""},{"$f":"IF(('Data Sheet 1'!$B394)=\"\",\"\",'Data Sheet 1'!$E394)","v":""},{"$f":"IF(('Data Sheet 1'!$B394)=\"\",\"\",'Data Sheet 1'!$F394)","v":""},{"$f":"IF(('Data Sheet 1'!$B394)=\"\",\"\",'Data Sheet 1'!$G394)","v":""},{"$f":"IF(('Data Sheet 1'!$B394)=\"\",\"\",'Data Sheet 1'!$H394)","v":""}]
[{"$f":"IF(('Data Sheet 1'!$B395)=\"\",\"\",'Data Sheet 1'!$C$2)","v":""},{"$f":"IF(('Data Sheet 1'!$B395)=\"\",\"\",'Data Sheet 1'!$D$4)","v":""},{"$f":"IF(('Data Sheet 1'!$B395)=\"\",\"\",'Data Sheet 1'!$I$4)","v":""},{"$f":"IF(('Data Sheet 1'!$B395)=\"\",\"\",'Data Sheet 1'!$C395)","v":""},{"$f":"IF(('Data Sheet 1'!$B395)=\"\",\"\",'Data Sheet 1'!$D395)","v":""},{"$f":"IF(('Data Sheet 1'!$B395)=\"\",\"\",'Data Sheet 1'!$B395)","v":""},{"$f":"IF(('Data Sheet 1'!$B395)=\"\",\"\",'Data Sheet 1'!$E395)","v":""},{"$f":"IF(('Data Sheet 1'!$B395)=\"\",\"\",'Data Sheet 1'!$F395)","v":""},{"$f":"IF(('Data Sheet 1'!$B395)=\"\",\"\",'Data Sheet 1'!$G395)","v":""},{"$f":"IF(('Data Sheet 1'!$B395)=\"\",\"\",'Data Sheet 1'!$H395)","v":""}]
[{"$f":"IF(('Data Sheet 1'!$B396)=\"\",\"\",'Data Sheet 1'!$C$2)","v":""},{"$f":"IF(('Data Sheet 1'!$B396)=\"\",\"\",'Data Sheet 1'!$D$4)","v":""},{"$f":"IF(('Data Sheet 1'!$B396)=\"\",\"\",'Data Sheet 1'!$I$4)","v":""},{"$f":"IF(('Data Sheet 1'!$B396)=\"\",\"\",'Data Sheet 1'!$C396)","v":""},{"$f":"IF(('Data Sheet 1'!$B396)=\"\",\"\",'Data Sheet 1'!$D396)","v":""},{"$f":"IF(('Data Sheet 1'!$B396)=\"\",\"\",'Data Sheet 1'!$B396)","v":""},{"$f":"IF(('Data Sheet 1'!$B396)=\"\",\"\",'Data Sheet 1'!$E396)","v":""},{"$f":"IF(('Data Sheet 1'!$B396)=\"\",\"\",'Data Sheet 1'!$F396)","v":""},{"$f":"IF(('Data Sheet 1'!$B396)=\"\",\"\",'Data Sheet 1'!$G396)","v":""},{"$f":"IF(('Data Sheet 1'!$B396)=\"\",\"\",'Data Sheet 1'!$H396)","v":""}]
[{"$f":"IF(('Data Sheet 1'!$B397)=\"\",\"\",'Data Sheet 1'!$C$2)","v":""},{"$f":"IF(('Data Sheet 1'!$B397)=\"\",\"\",'Data Sheet 1'!$D$4)","v":""},{"$f":"IF(('Data Sheet 1'!$B397)=\"\",\"\",'Data Sheet 1'!$I$4)","v":""},{"$f":"IF(('Data Sheet 1'!$B397)=\"\",\"\",'Data Sheet 1'!$C397)","v":""},{"$f":"IF(('Data Sheet 1'!$B397)=\"\",\"\",'Data Sheet 1'!$D397)","v":""},{"$f":"IF(('Data Sheet 1'!$B397)=\"\",\"\",'Data Sheet 1'!$B397)","v":""},{"$f":"IF(('Data Sheet 1'!$B397)=\"\",\"\",'Data Sheet 1'!$E397)","v":""},{"$f":"IF(('Data Sheet 1'!$B397)=\"\",\"\",'Data Sheet 1'!$F397)","v":""},{"$f":"IF(('Data Sheet 1'!$B397)=\"\",\"\",'Data Sheet 1'!$G397)","v":""},{"$f":"IF(('Data Sheet 1'!$B397)=\"\",\"\",'Data Sheet 1'!$H397)","v":""}]
[{"$f":"IF(('Data Sheet 1'!$B398)=\"\",\"\",'Data Sheet 1'!$C$2)","v":""},{"$f":"IF(('Data Sheet 1'!$B398)=\"\",\"\",'Data Sheet 1'!$D$4)","v":""},{"$f":"IF(('Data Sheet 1'!$B398)=\"\",\"\",'Data Sheet 1'!$I$4)","v":""},{"$f":"IF(('Data Sheet 1'!$B398)=\"\",\"\",'Data Sheet 1'!$C398)","v":""},{"$f":"IF(('Data Sheet 1'!$B398)=\"\",\"\",'Data Sheet 1'!$D398)","v":""},{"$f":"IF(('Data Sheet 1'!$B398)=\"\",\"\",'Data Sheet 1'!$B398)","v":""},{"$f":"IF(('Data Sheet 1'!$B398)=\"\",\"\",'Data Sheet 1'!$E398)","v":""},{"$f":"IF(('Data Sheet 1'!$B398)=\"\",\"\",'Data Sheet 1'!$F398)","v":""},{"$f":"IF(('Data Sheet 1'!$B398)=\"\",\"\",'Data Sheet 1'!$G398)","v":""},{"$f":"IF(('Data Sheet 1'!$B398)=\"\",\"\",'Data Sheet 1'!$H398)","v":""}]
[{"$f":"IF(('Data Sheet 1'!$B399)=\"\",\"\",'Data Sheet 1'!$C$2)","v":""},{"$f":"IF(('Data Sheet 1'!$B399)=\"\",\"\",'Data Sheet 1'!$D$4)","v":""},{"$f":"IF(('Data Sheet 1'!$B399)=\"\",\"\",'Data Sheet 1'!$I$4)","v":""},{"$f":"IF(('Data Sheet 1'!$B399)=\"\",\"\",'Data Sheet 1'!$C399)","v":""},{"$f":"IF(('Data Sheet 1'!$B399)=\"\",\"\",'Data Sheet 1'!$D399)","v":""},{"$f":"IF(('Data Sheet 1'!$B399)=\"\",\"\",'Data Sheet 1'!$B399)","v":""},{"$f":"IF(('Data Sheet 1'!$B399)=\"\",\"\",'Data Sheet 1'!$E399)","v":""},{"$f":"IF(('Data Sheet 1'!$B399)=\"\",\"\",'Data Sheet 1'!$F399)","v":""},{"$f":"IF(('Data Sheet 1'!$B399)=\"\",\"\",'Data Sheet 1'!$G399)","v":""},{"$f":"IF(('Data Sheet 1'!$B399)=\"\",\"\",'Data Sheet 1'!$H399)","v":""}]
[{"$f":"IF(('Data Sheet 1'!$B400)=\"\",\"\",'Data Sheet 1'!$C$2)","v":""},{"$f":"IF(('Data Sheet 1'!$B400)=\"\",\"\",'Data Sheet 1'!$D$4)","v":""},{"$f":"IF(('Data Sheet 1'!$B400)=\"\",\"\",'Data Sheet 1'!$I$4)","v":""},{"$f":"IF(('Data Sheet 1'!$B400)=\"\",\"\",'Data Sheet 1'!$C400)","v":""},{"$f":"IF(('Data Sheet 1'!$B400)=\"\",\"\",'Data Sheet 1'!$D400)","v":""},{"$f":"IF(('Data Sheet 1'!$B400)=\"\",\"\",'Data Sheet 1'!$B400)","v":""},{"$f":"IF(('Data Sheet 1'!$B400)=\"\",\"\",'Data Sheet 1'!$E400)","v":""},{"$f":"IF(('Data Sheet 1'!$B400)=\"\",\"\",'Data Sheet 1'!$F400)","v":""},{"$f":"IF(('Data Sheet 1'!$B400)=\"\",\"\",'Data Sheet 1'!$G400)","v":""},{"$f":"IF(('Data Sheet 1'!$B400)=\"\",\"\",'Data Sheet 1'!$H400)","v":""}]
[{"$f":"IF(('Data Sheet 1'!$B401)=\"\",\"\",'Data Sheet 1'!$C$2)","v":""},{"$f":"IF(('Data Sheet 1'!$B401)=\"\",\"\",'Data Sheet 1'!$D$4)","v":""},{"$f":"IF(('Data Sheet 1'!$B401)=\"\",\"\",'Data Sheet 1'!$I$4)","v":""},{"$f":"IF(('Data Sheet 1'!$B401)=\"\",\"\",'Data Sheet 1'!$C401)","v":""},{"$f":"IF(('Data Sheet 1'!$B401)=\"\",\"\",'Data Sheet 1'!$D401)","v":""},{"$f":"IF(('Data Sheet 1'!$B401)=\"\",\"\",'Data Sheet 1'!$B401)","v":""},{"$f":"IF(('Data Sheet 1'!$B401)=\"\",\"\",'Data Sheet 1'!$E401)","v":""},{"$f":"IF(('Data Sheet 1'!$B401)=\"\",\"\",'Data Sheet 1'!$F401)","v":""},{"$f":"IF(('Data Sheet 1'!$B401)=\"\",\"\",'Data Sheet 1'!$G401)","v":""},{"$f":"IF(('Data Sheet 1'!$B401)=\"\",\"\",'Data Sheet 1'!$H401)","v":""}]
[{"$f":"IF(('Data Sheet 1'!$B402)=\"\",\"\",'Data Sheet 1'!$C$2)","v":""},{"$f":"IF(('Data Sheet 1'!$B402)=\"\",\"\",'Data Sheet 1'!$D$4)","v":""},{"$f":"IF(('Data Sheet 1'!$B402)=\"\",\"\",'Data Sheet 1'!$I$4)","v":""},{"$f":"IF(('Data Sheet 1'!$B402)=\"\",\"\",'Data Sheet 1'!$C402)","v":""},{"$f":"IF(('Data Sheet 1'!$B402)=\"\",\"\",'Data Sheet 1'!$D402)","v":""},{"$f":"IF(('Data Sheet 1'!$B402)=\"\",\"\",'Data Sheet 1'!$B402)","v":""},{"$f":"IF(('Data Sheet 1'!$B402)=\"\",\"\",'Data Sheet 1'!$E402)","v":""},{"$f":"IF(('Data Sheet 1'!$B402)=\"\",\"\",'Data Sheet 1'!$F402)","v":""},{"$f":"IF(('Data Sheet 1'!$B402)=\"\",\"\",'Data Sheet 1'!$G402)","v":""},{"$f":"IF(('Data Sheet 1'!$B402)=\"\",\"\",'Data Sheet 1'!$H402)","v":""}]
[{"$f":"IF(('Data Sheet 1'!$B403)=\"\",\"\",'Data Sheet 1'!$C$2)","v":""},{"$f":"IF(('Data Sheet 1'!$B403)=\"\",\"\",'Data Sheet 1'!$D$4)","v":""},{"$f":"IF(('Data Sheet 1'!$B403)=\"\",\"\",'Data Sheet 1'!$I$4)","v":""},{"$f":"IF(('Data Sheet 1'!$B403)=\"\",\"\",'Data Sheet 1'!$C403)","v":""},{"$f":"IF(('Data Sheet 1'!$B403)=\"\",\"\",'Data Sheet 1'!$D403)","v":""},{"$f":"IF(('Data Sheet 1'!$B403)=\"\",\"\",'Data Sheet 1'!$B403)","v":""},{"$f":"IF(('Data Sheet 1'!$B403)=\"\",\"\",'Data Sheet 1'!$E403)","v":""},{"$f":"IF(('Data Sheet 1'!$B403)=\"\",\"\",'Data Sheet 1'!$F403)","v":""},{"$f":"IF(('Data Sheet 1'!$B403)=\"\",\"\",'Data Sheet 1'!$G403)","v":""},{"$f":"IF(('Data Sheet 1'!$B403)=\"\",\"\",'Data Sheet 1'!$H403)","v":""}]
[{"$f":"IF(('Data Sheet 1'!$B404)=\"\",\"\",'Data Sheet 1'!$C$2)","v":""},{"$f":"IF(('Data Sheet 1'!$B404)=\"\",\"\",'Data Sheet 1'!$D$4)","v":""},{"$f":"IF(('Data Sheet 1'!$B404)=\"\",\"\",'Data Sheet 1'!$I$4)","v":""},{"$f":"IF(('Data Sheet 1'!$B404)=\"\",\"\",'Data Sheet 1'!$C404)","v":""},{"$f":"IF(('Data Sheet 1'!$B404)=\"\",\"\",'Data Sheet 1'!$D404)","v":""},{"$f":"IF(('Data Sheet 1'!$B404)=\"\",\"\",'Data Sheet 1'!$B404)","v":""},{"$f":"IF(('Data Sheet 1'!$B404)=\"\",\"\",'Data Sheet 1'!$E404)","v":""},{"$f":"IF(('Data Sheet 1'!$B404)=\"\",\"\",'Data Sheet 1'!$F404)","v":""},{"$f":"IF(('Data Sheet 1'!$B404)=\"\",\"\",'Data Sheet 1'!$G404)","v":""},{"$f":"IF(('Data Sheet 1'!$B404)=\"\",\"\",'Data Sheet 1'!$H404)","v":""}]
[{"$f":"IF(('Data Sheet 1'!$B405)=\"\",\"\",'Data Sheet 1'!$C$2)","v":""},{"$f":"IF(('Data Sheet 1'!$B405)=\"\",\"\",'Data Sheet 1'!$D$4)","v":""},{"$f":"IF(('Data Sheet 1'!$B405)=\"\",\"\",'Data Sheet 1'!$I$4)","v":""},{"$f":"IF(('Data Sheet 1'!$B405)=\"\",\"\",'Data Sheet 1'!$C405)","v":""},{"$f":"IF(('Data Sheet 1'!$B405)=\"\",\"\",'Data Sheet 1'!$D405)","v":""},{"$f":"IF(('Data Sheet 1'!$B405)=\"\",\"\",'Data Sheet 1'!$B405)","v":""},{"$f":"IF(('Data Sheet 1'!$B405)=\"\",\"\",'Data Sheet 1'!$E405)","v":""},{"$f":"IF(('Data Sheet 1'!$B405)=\"\",\"\",'Data Sheet 1'!$F405)","v":""},{"$f":"IF(('Data Sheet 1'!$B405)=\"\",\"\",'Data Sheet 1'!$G405)","v":""},{"$f":"IF(('Data Sheet 1'!$B405)=\"\",\"\",'Data Sheet 1'!$H405)","v":""}]
[{"$f":"IF(('Data Sheet 1'!$B406)=\"\",\"\",'Data Sheet 1'!$C$2)","v":""},{"$f":"IF(('Data Sheet 1'!$B406)=\"\",\"\",'Data Sheet 1'!$D$4)","v":""},{"$f":"IF(('Data Sheet 1'!$B406)=\"\",\"\",'Data Sheet 1'!$I$4)","v":""},{"$f":"IF(('Data Sheet 1'!$B406)=\"\",\"\",'Data Sheet 1'!$C406)","v":""},{"$f":"IF(('Data Sheet 1'!$B406)=\"\",\"\",'Data Sheet 1'!$D406)","v":""},{"$f":"IF(('Data Sheet 1'!$B406)=\"\",\"\",'Data Sheet 1'!$B406)","v":""},{"$f":"IF(('Data Sheet 1'!$B406)=\"\",\"\",'Data Sheet 1'!$E406)","v":""},{"$f":"IF(('Data Sheet 1'!$B406)=\"\",\"\",'Data Sheet 1'!$F406)","v":""},{"$f":"IF(('Data Sheet 1'!$B406)=\"\",\"\",'Data Sheet 1'!$G406)","v":""},{"$f":"IF(('Data Sheet 1'!$B406)=\"\",\"\",'Data Sheet 1'!$H406)","v":""}]
[{"$f":"IF(('Data Sheet 1'!$B407)=\"\",\"\",'Data Sheet 1'!$C$2)","v":""},{"$f":"IF(('Data Sheet 1'!$B407)=\"\",\"\",'Data Sheet 1'!$D$4)","v":""},{"$f":"IF(('Data Sheet 1'!$B407)=\"\",\"\",'Data Sheet 1'!$I$4)","v":""},{"$f":"IF(('Data Sheet 1'!$B407)=\"\",\"\",'Data Sheet 1'!$C407)","v":""},{"$f":"IF(('Data Sheet 1'!$B407)=\"\",\"\",'Data Sheet 1'!$D407)","v":""},{"$f":"IF(('Data Sheet 1'!$B407)=\"\",\"\",'Data Sheet 1'!$B407)","v":""},{"$f":"IF(('Data Sheet 1'!$B407)=\"\",\"\",'Data Sheet 1'!$E407)","v":""},{"$f":"IF(('Data Sheet 1'!$B407)=\"\",\"\",'Data Sheet 1'!$F407)","v":""},{"$f":"IF(('Data Sheet 1'!$B407)=\"\",\"\",'Data Sheet 1'!$G407)","v":""},{"$f":"IF(('Data Sheet 1'!$B407)=\"\",\"\",'Data Sheet 1'!$H407)","v":""}]
[{"$f":"IF(('Data Sheet 1'!$B408)=\"\",\"\",'Data Sheet 1'!$C$2)","v":""},{"$f":"IF(('Data Sheet 1'!$B408)=\"\",\"\",'Data Sheet 1'!$D$4)","v":""},{"$f":"IF(('Data Sheet 1'!$B408)=\"\",\"\",'Data Sheet 1'!$I$4)","v":""},{"$f":"IF(('Data Sheet 1'!$B408)=\"\",\"\",'Data Sheet 1'!$C408)","v":""},{"$f":"IF(('Data Sheet 1'!$B408)=\"\",\"\",'Data Sheet 1'!$D408)","v":""},{"$f":"IF(('Data Sheet 1'!$B408)=\"\",\"\",'Data Sheet 1'!$B408)","v":""},{"$f":"IF(('Data Sheet 1'!$B408)=\"\",\"\",'Data Sheet 1'!$E408)","v":""},{"$f":"IF(('Data Sheet 1'!$B408)=\"\",\"\",'Data Sheet 1'!$F408)","v":""},{"$f":"IF(('Data Sheet 1'!$B408)=\"\",\"\",'Data Sheet 1'!$G408)","v":""},{"$f":"IF(('Data Sheet 1'!$B408)=\"\",\"\",'Data Sheet 1'!$H408)","v":""}]
[{"$f":"IF(('Data Sheet 1'!$B409)=\"\",\"\",'Data Sheet 1'!$C$2)","v":""},{"$f":"IF(('Data Sheet 1'!$B409)=\"\",\"\",'Data Sheet 1'!$D$4)","v":""},{"$f":"IF(('Data Sheet 1'!$B409)=\"\",\"\",'Data Sheet 1'!$I$4)","v":""},{"$f":"IF(('Data Sheet 1'!$B409)=\"\",\"\",'Data Sheet 1'!$C409)","v":""},{"$f":"IF(('Data Sheet 1'!$B409)=\"\",\"\",'Data Sheet 1'!$D409)","v":""},{"$f":"IF(('Data Sheet 1'!$B409)=\"\",\"\",'Data Sheet 1'!$B409)","v":""},{"$f":"IF(('Data Sheet 1'!$B409)=\"\",\"\",'Data Sheet 1'!$E409)","v":""},{"$f":"IF(('Data Sheet 1'!$B409)=\"\",\"\",'Data Sheet 1'!$F409)","v":""},{"$f":"IF(('Data Sheet 1'!$B409)=\"\",\"\",'Data Sheet 1'!$G409)","v":""},{"$f":"IF(('Data Sheet 1'!$B409)=\"\",\"\",'Data Sheet 1'!$H409)","v":""}]
[{"$f":"IF(('Data Sheet 1'!$B410)=\"\",\"\",'Data Sheet 1'!$C$2)","v":""},{"$f":"IF(('Data Sheet 1'!$B410)=\"\",\"\",'Data Sheet 1'!$D$4)","v":""},{"$f":"IF(('Data Sheet 1'!$B410)=\"\",\"\",'Data Sheet 1'!$I$4)","v":""},{"$f":"IF(('Data Sheet 1'!$B410)=\"\",\"\",'Data Sheet 1'!$C410)","v":""},{"$f":"IF(('Data Sheet 1'!$B410)=\"\",\"\",'Data Sheet 1'!$D410)","v":""},{"$f":"IF(('Data Sheet 1'!$B410)=\"\",\"\",'Data Sheet 1'!$B410)","v":""},{"$f":"IF(('Data Sheet 1'!$B410)=\"\",\"\",'Data Sheet 1'!$E410)","v":""},{"$f":"IF(('Data Sheet 1'!$B410)=\"\",\"\",'Data Sheet 1'!$F410)","v":""},{"$f":"IF(('Data Sheet 1'!$B410)=\"\",\"\",'Data Sheet 1'!$G410)","v":""},{"$f":"IF(('Data Sheet 1'!$B410)=\"\",\"\",'Data Sheet 1'!$H410)","v":""}]
[{"$f":"IF(('Data Sheet 1'!$B411)=\"\",\"\",'Data Sheet 1'!$C$2)","v":""},{"$f":"IF(('Data Sheet 1'!$B411)=\"\",\"\",'Data Sheet 1'!$D$4)","v":""},{"$f":"IF(('Data Sheet 1'!$B411)=\"\",\"\",'Data Sheet 1'!$I$4)","v":""},{"$f":"IF(('Data Sheet 1'!$B411)=\"\",\"\",'Data Sheet 1'!$C411)","v":""},{"$f":"IF(('Data Sheet 1'!$B411)=\"\",\"\",'Data Sheet 1'!$D411)","v":""},{"$f":"IF(('Data Sheet 1'!$B411)=\"\",\"\",'Data Sheet 1'!$B411)","v":""},{"$f":"IF(('Data Sheet 1'!$B411)=\"\",\"\",'Data Sheet 1'!$E411)","v":""},{"$f":"IF(('Data Sheet 1'!$B411)=\"\",\"\",'Data Sheet 1'!$F411)","v":""},{"$f":"IF(('Data Sheet 1'!$B411)=\"\",\"\",'Data Sheet 1'!$G411)","v":""},{"$f":"IF(('Data Sheet 1'!$B411)=\"\",\"\",'Data Sheet 1'!$H411)","v":""}]
[{"$f":"IF(('Data Sheet 1'!$B412)=\"\",\"\",'Data Sheet 1'!$C$2)","v":""},{"$f":"IF(('Data Sheet 1'!$B412)=\"\",\"\",'Data Sheet 1'!$D$4)","v":""},{"$f":"IF(('Data Sheet 1'!$B412)=\"\",\"\",'Data Sheet 1'!$I$4)","v":""},{"$f":"IF(('Data Sheet 1'!$B412)=\"\",\"\",'Data Sheet 1'!$C412)","v":""},{"$f":"IF(('Data Sheet 1'!$B412)=\"\",\"\",'Data Sheet 1'!$D412)","v":""},{"$f":"IF(('Data Sheet 1'!$B412)=\"\",\"\",'Data Sheet 1'!$B412)","v":""},{"$f":"IF(('Data Sheet 1'!$B412)=\"\",\"\",'Data Sheet 1'!$E412)","v":""},{"$f":"IF(('Data Sheet 1'!$B412)=\"\",\"\",'Data Sheet 1'!$F412)","v":""},{"$f":"IF(('Data Sheet 1'!$B412)=\"\",\"\",'Data Sheet 1'!$G412)","v":""},{"$f":"IF(('Data Sheet 1'!$B412)=\"\",\"\",'Data Sheet 1'!$H412)","v":""}]
[{"$f":"IF(('Data Sheet 1'!$B413)=\"\",\"\",'Data Sheet 1'!$C$2)","v":""},{"$f":"IF(('Data Sheet 1'!$B413)=\"\",\"\",'Data Sheet 1'!$D$4)","v":""},{"$f":"IF(('Data Sheet 1'!$B413)=\"\",\"\",'Data Sheet 1'!$I$4)","v":""},{"$f":"IF(('Data Sheet 1'!$B413)=\"\",\"\",'Data Sheet 1'!$C413)","v":""},{"$f":"IF(('Data Sheet 1'!$B413)=\"\",\"\",'Data Sheet 1'!$D413)","v":""},{"$f":"IF(('Data Sheet 1'!$B413)=\"\",\"\",'Data Sheet 1'!$B413)","v":""},{"$f":"IF(('Data Sheet 1'!$B413)=\"\",\"\",'Data Sheet 1'!$E413)","v":""},{"$f":"IF(('Data Sheet 1'!$B413)=\"\",\"\",'Data Sheet 1'!$F413)","v":""},{"$f":"IF(('Data Sheet 1'!$B413)=\"\",\"\",'Data Sheet 1'!$G413)","v":""},{"$f":"IF(('Data Sheet 1'!$B413)=\"\",\"\",'Data Sheet 1'!$H413)","v":""}]
[{"$f":"IF(('Data Sheet 1'!$B414)=\"\",\"\",'Data Sheet 1'!$C$2)","v":""},{"$f":"IF(('Data Sheet 1'!$B414)=\"\",\"\",'Data Sheet 1'!$D$4)","v":""},{"$f":"IF(('Data Sheet 1'!$B414)=\"\",\"\",'Data Sheet 1'!$I$4)","v":""},{"$f":"IF(('Data Sheet 1'!$B414)=\"\",\"\",'Data Sheet 1'!$C414)","v":""},{"$f":"IF(('Data Sheet 1'!$B414)=\"\",\"\",'Data Sheet 1'!$D414)","v":""},{"$f":"IF(('Data Sheet 1'!$B414)=\"\",\"\",'Data Sheet 1'!$B414)","v":""},{"$f":"IF(('Data Sheet 1'!$B414)=\"\",\"\",'Data Sheet 1'!$E414)","v":""},{"$f":"IF(('Data Sheet 1'!$B414)=\"\",\"\",'Data Sheet 1'!$F414)","v":""},{"$f":"IF(('Data Sheet 1'!$B414)=\"\",\"\",'Data Sheet 1'!$G414)","v":""},{"$f":"IF(('Data Sheet 1'!$B414)=\"\",\"\",'Data Sheet 1'!$H414)","v":""}]
[{"$f":"IF(('Data Sheet 1'!$B415)=\"\",\"\",'Data Sheet 1'!$C$2)","v":""},{"$f":"IF(('Data Sheet 1'!$B415)=\"\",\"\",'Data Sheet 1'!$D$4)","v":""},{"$f":"IF(('Data Sheet 1'!$B415)=\"\",\"\",'Data Sheet 1'!$I$4)","v":""},{"$f":"IF(('Data Sheet 1'!$B415)=\"\",\"\",'Data Sheet 1'!$C415)","v":""},{"$f":"IF(('Data Sheet 1'!$B415)=\"\",\"\",'Data Sheet 1'!$D415)","v":""},{"$f":"IF(('Data Sheet 1'!$B415)=\"\",\"\",'Data Sheet 1'!$B415)","v":""},{"$f":"IF(('Data Sheet 1'!$B415)=\"\",\"\",'Data Sheet 1'!$E415)","v":""},{"$f":"IF(('Data Sheet 1'!$B415)=\"\",\"\",'Data Sheet 1'!$F415)","v":""},{"$f":"IF(('Data Sheet 1'!$B415)=\"\",\"\",'Data Sheet 1'!$G415)","v":""},{"$f":"IF(('Data Sheet 1'!$B415)=\"\",\"\",'Data Sheet 1'!$H415)","v":""}]
[{"$f":"IF(('Data Sheet 1'!$B416)=\"\",\"\",'Data Sheet 1'!$C$2)","v":""},{"$f":"IF(('Data Sheet 1'!$B416)=\"\",\"\",'Data Sheet 1'!$D$4)","v":""},{"$f":"IF(('Data Sheet 1'!$B416)=\"\",\"\",'Data Sheet 1'!$I$4)","v":""},{"$f":"IF(('Data Sheet 1'!$B416)=\"\",\"\",'Data Sheet 1'!$C416)","v":""},{"$f":"IF(('Data Sheet 1'!$B416)=\"\",\"\",'Data Sheet 1'!$D416)","v":""},{"$f":"IF(('Data Sheet 1'!$B416)=\"\",\"\",'Data Sheet 1'!$B416)","v":""},{"$f":"IF(('Data Sheet 1'!$B416)=\"\",\"\",'Data Sheet 1'!$E416)","v":""},{"$f":"IF(('Data Sheet 1'!$B416)=\"\",\"\",'Data Sheet 1'!$F416)","v":""},{"$f":"IF(('Data Sheet 1'!$B416)=\"\",\"\",'Data Sheet 1'!$G416)","v":""},{"$f":"IF(('Data Sheet 1'!$B416)=\"\",\"\",'Data Sheet 1'!$H416)","v":""}]
[{"$f":"IF(('Data Sheet 1'!$B417)=\"\",\"\",'Data Sheet 1'!$C$2)","v":""},{"$f":"IF(('Data Sheet 1'!$B417)=\"\",\"\",'Data Sheet 1'!$D$4)","v":""},{"$f":"IF(('Data Sheet 1'!$B417)=\"\",\"\",'Data Sheet 1'!$I$4)","v":""},{"$f":"IF(('Data Sheet 1'!$B417)=\"\",\"\",'Data Sheet 1'!$C417)","v":""},{"$f":"IF(('Data Sheet 1'!$B417)=\"\",\"\",'Data Sheet 1'!$D417)","v":""},{"$f":"IF(('Data Sheet 1'!$B417)=\"\",\"\",'Data Sheet 1'!$B417)","v":""},{"$f":"IF(('Data Sheet 1'!$B417)=\"\",\"\",'Data Sheet 1'!$E417)","v":""},{"$f":"IF(('Data Sheet 1'!$B417)=\"\",\"\",'Data Sheet 1'!$F417)","v":""},{"$f":"IF(('Data Sheet 1'!$B417)=\"\",\"\",'Data Sheet 1'!$G417)","v":""},{"$f":"IF(('Data Sheet 1'!$B417)=\"\",\"\",'Data Sheet 1'!$H417)","v":""}]
[{"$f":"IF(('Data Sheet 1'!$B418)=\"\",\"\",'Data Sheet 1'!$C$2)","v":""},{"$f":"IF(('Data Sheet 1'!$B418)=\"\",\"\",'Data Sheet 1'!$D$4)","v":""},{"$f":"IF(('Data Sheet 1'!$B418)=\"\",\"\",'Data Sheet 1'!$I$4)","v":""},{"$f":"IF(('Data Sheet 1'!$B418)=\"\",\"\",'Data Sheet 1'!$C418)","v":""},{"$f":"IF(('Data Sheet 1'!$B418)=\"\",\"\",'Data Sheet 1'!$D418)","v":""},{"$f":"IF(('Data Sheet 1'!$B418)=\"\",\"\",'Data Sheet 1'!$B418)","v":""},{"$f":"IF(('Data Sheet 1'!$B418)=\"\",\"\",'Data Sheet 1'!$E418)","v":""},{"$f":"IF(('Data Sheet 1'!$B418)=\"\",\"\",'Data Sheet 1'!$F418)","v":""},{"$f":"IF(('Data Sheet 1'!$B418)=\"\",\"\",'Data Sheet 1'!$G418)","v":""},{"$f":"IF(('Data Sheet 1'!$B418)=\"\",\"\",'Data Sheet 1'!$H418)","v":""}]
[{"$f":"IF(('Data Sheet 1'!$B419)=\"\",\"\",'Data Sheet 1'!$C$2)","v":""},{"$f":"IF(('Data Sheet 1'!$B419)=\"\",\"\",'Data Sheet 1'!$D$4)","v":""},{"$f":"IF(('Data Sheet 1'!$B419)=\"\",\"\",'Data Sheet 1'!$I$4)","v":""},{"$f":"IF(('Data Sheet 1'!$B419)=\"\",\"\",'Data Sheet 1'!$C419)","v":""},{"$f":"IF(('Data Sheet 1'!$B419)=\"\",\"\",'Data Sheet 1'!$D419)","v":""},{"$f":"IF(('Data Sheet 1'!$B419)=\"\",\"\",'Data Sheet 1'!$B419)","v":""},{"$f":"IF(('Data Sheet 1'!$B419)=\"\",\"\",'Data Sheet 1'!$E419)","v":""},{"$f":"IF(('Data Sheet 1'!$B419)=\"\",\"\",'Data Sheet 1'!$F419)","v":""},{"$f":"IF(('Data Sheet 1'!$B419)=\"\",\"\",'Data Sheet 1'!$G419)","v":""},{"$f":"IF(('Data Sheet 1'!$B419)=\"\",\"\",'Data Sheet 1'!$H419)","v":""}]
[{"$f":"IF(('Data Sheet 1'!$B420)=\"\",\"\",'Data Sheet 1'!$C$2)","v":""},{"$f":"IF(('Data Sheet 1'!$B420)=\"\",\"\",'Data Sheet 1'!$D$4)","v":""},{"$f":"IF(('Data Sheet 1'!$B420)=\"\",\"\",'Data Sheet 1'!$I$4)","v":""},{"$f":"IF(('Data Sheet 1'!$B420)=\"\",\"\",'Data Sheet 1'!$C420)","v":""},{"$f":"IF(('Data Sheet 1'!$B420)=\"\",\"\",'Data Sheet 1'!$D420)","v":""},{"$f":"IF(('Data Sheet 1'!$B420)=\"\",\"\",'Data Sheet 1'!$B420)","v":""},{"$f":"IF(('Data Sheet 1'!$B420)=\"\",\"\",'Data Sheet 1'!$E420)","v":""},{"$f":"IF(('Data Sheet 1'!$B420)=\"\",\"\",'Data Sheet 1'!$F420)","v":""},{"$f":"IF(('Data Sheet 1'!$B420)=\"\",\"\",'Data Sheet 1'!$G420)","v":""},{"$f":"IF(('Data Sheet 1'!$B420)=\"\",\"\",'Data Sheet 1'!$H420)","v":""}]
[{"$f":"IF(('Data Sheet 1'!$B421)=\"\",\"\",'Data Sheet 1'!$C$2)","v":""},{"$f":"IF(('Data Sheet 1'!$B421)=\"\",\"\",'Data Sheet 1'!$D$4)","v":""},{"$f":"IF(('Data Sheet 1'!$B421)=\"\",\"\",'Data Sheet 1'!$I$4)","v":""},{"$f":"IF(('Data Sheet 1'!$B421)=\"\",\"\",'Data Sheet 1'!$C421)","v":""},{"$f":"IF(('Data Sheet 1'!$B421)=\"\",\"\",'Data Sheet 1'!$D421)","v":""},{"$f":"IF(('Data Sheet 1'!$B421)=\"\",\"\",'Data Sheet 1'!$B421)","v":""},{"$f":"IF(('Data Sheet 1'!$B421)=\"\",\"\",'Data Sheet 1'!$E421)","v":""},{"$f":"IF(('Data Sheet 1'!$B421)=\"\",\"\",'Data Sheet 1'!$F421)","v":""},{"$f":"IF(('Data Sheet 1'!$B421)=\"\",\"\",'Data Sheet 1'!$G421)","v":""},{"$f":"IF(('Data Sheet 1'!$B421)=\"\",\"\",'Data Sheet 1'!$H421)","v":""}]
[{"$f":"IF(('Data Sheet 1'!$B422)=\"\",\"\",'Data Sheet 1'!$C$2)","v":""},{"$f":"IF(('Data Sheet 1'!$B422)=\"\",\"\",'Data Sheet 1'!$D$4)","v":""},{"$f":"IF(('Data Sheet 1'!$B422)=\"\",\"\",'Data Sheet 1'!$I$4)","v":""},{"$f":"IF(('Data Sheet 1'!$B422)=\"\",\"\",'Data Sheet 1'!$C422)","v":""},{"$f":"IF(('Data Sheet 1'!$B422)=\"\",\"\",'Data Sheet 1'!$D422)","v":""},{"$f":"IF(('Data Sheet 1'!$B422)=\"\",\"\",'Data Sheet 1'!$B422)","v":""},{"$f":"IF(('Data Sheet 1'!$B422)=\"\",\"\",'Data Sheet 1'!$E422)","v":""},{"$f":"IF(('Data Sheet 1'!$B422)=\"\",\"\",'Data Sheet 1'!$F422)","v":""},{"$f":"IF(('Data Sheet 1'!$B422)=\"\",\"\",'Data Sheet 1'!$G422)","v":""},{"$f":"IF(('Data Sheet 1'!$B422)=\"\",\"\",'Data Sheet 1'!$H422)","v":""}]
[{"$f":"IF(('Data Sheet 1'!$B423)=\"\",\"\",'Data Sheet 1'!$C$2)","v":""},{"$f":"IF(('Data Sheet 1'!$B423)=\"\",\"\",'Data Sheet 1'!$D$4)","v":""},{"$f":"IF(('Data Sheet 1'!$B423)=\"\",\"\",'Data Sheet 1'!$I$4)","v":""},{"$f":"IF(('Data Sheet 1'!$B423)=\"\",\"\",'Data Sheet 1'!$C423)","v":""},{"$f":"IF(('Data Sheet 1'!$B423)=\"\",\"\",'Data Sheet 1'!$D423)","v":""},{"$f":"IF(('Data Sheet 1'!$B423)=\"\",\"\",'Data Sheet 1'!$B423)","v":""},{"$f":"IF(('Data Sheet 1'!$B423)=\"\",\"\",'Data Sheet 1'!$E423)","v":""},{"$f":"IF(('Data Sheet 1'!$B423)=\"\",\"\",'Data Sheet 1'!$F423)","v":""},{"$f":"IF(('Data Sheet 1'!$B423)=\"\",\"\",'Data Sheet 1'!$G423)","v":""},{"$f":"IF(('Data Sheet 1'!$B423)=\"\",\"\",'Data Sheet 1'!$H423)","v":""}]
[{"$f":"IF(('Data Sheet 1'!$B424)=\"\",\"\",'Data Sheet 1'!$C$2)","v":""},{"$f":"IF(('Data Sheet 1'!$B424)=\"\",\"\",'Data Sheet 1'!$D$4)","v":""},{"$f":"IF(('Data Sheet 1'!$B424)=\"\",\"\",'Data Sheet 1'!$I$4)","v":""},{"$f":"IF(('Data Sheet 1'!$B424)=\"\",\"\",'Data Sheet 1'!$C424)","v":""},{"$f":"IF(('Data Sheet 1'!$B424)=\"\",\"\",'Data Sheet 1'!$D424)","v":""},{"$f":"IF(('Data Sheet 1'!$B424)=\"\",\"\",'Data Sheet 1'!$B424)","v":""},{"$f":"IF(('Data Sheet 1'!$B424)=\"\",\"\",'Data Sheet 1'!$E424)","v":""},{"$f":"IF(('Data Sheet 1'!$B424)=\"\",\"\",'Data Sheet 1'!$F424)","v":""},{"$f":"IF(('Data Sheet 1'!$B424)=\"\",\"\",'Data Sheet 1'!$G424)","v":""},{"$f":"IF(('Data Sheet 1'!$B424)=\"\",\"\",'Data Sheet 1'!$H424)","v":""}]
[{"$f":"IF(('Data Sheet 1'!$B425)=\"\",\"\",'Data Sheet 1'!$C$2)","v":""},{"$f":"IF(('Data Sheet 1'!$B425)=\"\",\"\",'Data Sheet 1'!$D$4)","v":""},{"$f":"IF(('Data Sheet 1'!$B425)=\"\",\"\",'Data Sheet 1'!$I$4)","v":""},{"$f":"IF(('Data Sheet 1'!$B425)=\"\",\"\",'Data Sheet 1'!$C425)","v":""},{"$f":"IF(('Data Sheet 1'!$B425)=\"\",\"\",'Data Sheet 1'!$D425)","v":""},{"$f":"IF(('Data Sheet 1'!$B425)=\"\",\"\",'Data Sheet 1'!$B425)","v":""},{"$f":"IF(('Data Sheet 1'!$B425)=\"\",\"\",'Data Sheet 1'!$E425)","v":""},{"$f":"IF(('Data Sheet 1'!$B425)=\"\",\"\",'Data Sheet 1'!$F425)","v":""},{"$f":"IF(('Data Sheet 1'!$B425)=\"\",\"\",'Data Sheet 1'!$G425)","v":""},{"$f":"IF(('Data Sheet 1'!$B425)=\"\",\"\",'Data Sheet 1'!$H425)","v":""}]
[{"$f":"IF(('Data Sheet 1'!$B426)=\"\",\"\",'Data Sheet 1'!$C$2)","v":""},{"$f":"IF(('Data Sheet 1'!$B426)=\"\",\"\",'Data Sheet 1'!$D$4)","v":""},{"$f":"IF(('Data Sheet 1'!$B426)=\"\",\"\",'Data Sheet 1'!$I$4)","v":""},{"$f":"IF(('Data Sheet 1'!$B426)=\"\",\"\",'Data Sheet 1'!$C426)","v":""},{"$f":"IF(('Data Sheet 1'!$B426)=\"\",\"\",'Data Sheet 1'!$D426)","v":""},{"$f":"IF(('Data Sheet 1'!$B426)=\"\",\"\",'Data Sheet 1'!$B426)","v":""},{"$f":"IF(('Data Sheet 1'!$B426)=\"\",\"\",'Data Sheet 1'!$E426)","v":""},{"$f":"IF(('Data Sheet 1'!$B426)=\"\",\"\",'Data Sheet 1'!$F426)","v":""},{"$f":"IF(('Data Sheet 1'!$B426)=\"\",\"\",'Data Sheet 1'!$G426)","v":""},{"$f":"IF(('Data Sheet 1'!$B426)=\"\",\"\",'Data Sheet 1'!$H426)","v":""}]
[{"$f":"IF(('Data Sheet 1'!$B427)=\"\",\"\",'Data Sheet 1'!$C$2)","v":""},{"$f":"IF(('Data Sheet 1'!$B427)=\"\",\"\",'Data Sheet 1'!$D$4)","v":""},{"$f":"IF(('Data Sheet 1'!$B427)=\"\",\"\",'Data Sheet 1'!$I$4)","v":""},{"$f":"IF(('Data Sheet 1'!$B427)=\"\",\"\",'Data Sheet 1'!$C427)","v":""},{"$f":"IF(('Data Sheet 1'!$B427)=\"\",\"\",'Data Sheet 1'!$D427)","v":""},{"$f":"IF(('Data Sheet 1'!$B427)=\"\",\"\",'Data Sheet 1'!$B427)","v":""},{"$f":"IF(('Data Sheet 1'!$B427)=\"\",\"\",'Data Sheet 1'!$E427)","v":""},{"$f":"IF(('Data Sheet 1'!$B427)=\"\",\"\",'Data Sheet 1'!$F427)","v":""},{"$f":"IF(('Data Sheet 1'!$B427)=\"\",\"\",'Data Sheet 1'!$G427)","v":""},{"$f":"IF(('Data Sheet 1'!$B427)=\"\",\"\",'Data Sheet 1'!$H427)","v":""}]
[{"$f":"IF(('Data Sheet 1'!$B428)=\"\",\"\",'Data Sheet 1'!$C$2)","v":""},{"$f":"IF(('Data Sheet 1'!$B428)=\"\",\"\",'Data Sheet 1'!$D$4)","v":""},{"$f":"IF(('Data Sheet 1'!$B428)=\"\",\"\",'Data Sheet 1'!$I$4)","v":""},{"$f":"IF(('Data Sheet 1'!$B428)=\"\",\"\",'Data Sheet 1'!$C428)","v":""},{"$f":"IF(('Data Sheet 1'!$B428)=\"\",\"\",'Data Sheet 1'!$D428)","v":""},{"$f":"IF(('Data Sheet 1'!$B428)=\"\",\"\",'Data Sheet 1'!$B428)","v":""},{"$f":"IF(('Data Sheet 1'!$B428)=\"\",\"\",'Data Sheet 1'!$E428)","v":""},{"$f":"IF(('Data Sheet 1'!$B428)=\"\",\"\",'Data Sheet 1'!$F428)","v":""},{"$f":"IF(('Data Sheet 1'!$B428)=\"\",\"\",'Data Sheet 1'!$G428)","v":""},{"$f":"IF(('Data Sheet 1'!$B428)=\"\",\"\",'Data Sheet 1'!$H428)","v":""}]
[{"$f":"IF(('Data Sheet 1'!$B429)=\"\",\"\",'Data Sheet 1'!$C$2)","v":""},{"$f":"IF(('Data Sheet 1'!$B429)=\"\",\"\",'Data Sheet 1'!$D$4)","v":""},{"$f":"IF(('Data Sheet 1'!$B429)=\"\",\"\",'Data Sheet 1'!$I$4)","v":""},{"$f":"IF(('Data Sheet 1'!$B429)=\"\",\"\",'Data Sheet 1'!$C429)","v":""},{"$f":"IF(('Data Sheet 1'!$B429)=\"\",\"\",'Data Sheet 1'!$D429)","v":""},{"$f":"IF(('Data Sheet 1'!$B429)=\"\",\"\",'Data Sheet 1'!$B429)","v":""},{"$f":"IF(('Data Sheet 1'!$B429)=\"\",\"\",'Data Sheet 1'!$E429)","v":""},{"$f":"IF(('Data Sheet 1'!$B429)=\"\",\"\",'Data Sheet 1'!$F429)","v":""},{"$f":"IF(('Data Sheet 1'!$B429)=\"\",\"\",'Data Sheet 1'!$G429)","v":""},{"$f":"IF(('Data Sheet 1'!$B429)=\"\",\"\",'Data Sheet 1'!$H429)","v":""}]
[{"$f":"IF(('Data Sheet 1'!$B430)=\"\",\"\",'Data Sheet 1'!$C$2)","v":""},{"$f":"IF(('Data Sheet 1'!$B430)=\"\",\"\",'Data Sheet 1'!$D$4)","v":""},{"$f":"IF(('Data Sheet 1'!$B430)=\"\",\"\",'Data Sheet 1'!$I$4)","v":""},{"$f":"IF(('Data Sheet 1'!$B430)=\"\",\"\",'Data Sheet 1'!$C430)","v":""},{"$f":"IF(('Data Sheet 1'!$B430)=\"\",\"\",'Data Sheet 1'!$D430)","v":""},{"$f":"IF(('Data Sheet 1'!$B430)=\"\",\"\",'Data Sheet 1'!$B430)","v":""},{"$f":"IF(('Data Sheet 1'!$B430)=\"\",\"\",'Data Sheet 1'!$E430)","v":""},{"$f":"IF(('Data Sheet 1'!$B430)=\"\",\"\",'Data Sheet 1'!$F430)","v":""},{"$f":"IF(('Data Sheet 1'!$B430)=\"\",\"\",'Data Sheet 1'!$G430)","v":""},{"$f":"IF(('Data Sheet 1'!$B430)=\"\",\"\",'Data Sheet 1'!$H430)","v":""}]
[{"$f":"IF(('Data Sheet 1'!$B431)=\"\",\"\",'Data Sheet 1'!$C$2)","v":""},{"$f":"IF(('Data Sheet 1'!$B431)=\"\",\"\",'Data Sheet 1'!$D$4)","v":""},{"$f":"IF(('Data Sheet 1'!$B431)=\"\",\"\",'Data Sheet 1'!$I$4)","v":""},{"$f":"IF(('Data Sheet 1'!$B431)=\"\",\"\",'Data Sheet 1'!$C431)","v":""},{"$f":"IF(('Data Sheet 1'!$B431)=\"\",\"\",'Data Sheet 1'!$D431)","v":""},{"$f":"IF(('Data Sheet 1'!$B431)=\"\",\"\",'Data Sheet 1'!$B431)","v":""},{"$f":"IF(('Data Sheet 1'!$B431)=\"\",\"\",'Data Sheet 1'!$E431)","v":""},{"$f":"IF(('Data Sheet 1'!$B431)=\"\",\"\",'Data Sheet 1'!$F431)","v":""},{"$f":"IF(('Data Sheet 1'!$B431)=\"\",\"\",'Data Sheet 1'!$G431)","v":""},{"$f":"IF(('Data Sheet 1'!$B431)=\"\",\"\",'Data Sheet 1'!$H431)","v":""}]
[{"$f":"IF(('Data Sheet 1'!$B432)=\"\",\"\",'Data Sheet 1'!$C$2)","v":""},{"$f":"IF(('Data Sheet 1'!$B432)=\"\",\"\",'Data Sheet 1'!$D$4)","v":""},{"$f":"IF(('Data Sheet 1'!$B432)=\"\",\"\",'Data Sheet 1'!$I$4)","v":""},{"$f":"IF(('Data Sheet 1'!$B432)=\"\",\"\",'Data Sheet 1'!$C432)","v":""},{"$f":"IF(('Data Sheet 1'!$B432)=\"\",\"\",'Data Sheet 1'!$D432)","v":""},{"$f":"IF(('Data Sheet 1'!$B432)=\"\",\"\",'Data Sheet 1'!$B432)","v":""},{"$f":"IF(('Data Sheet 1'!$B432)=\"\",\"\",'Data Sheet 1'!$E432)","v":""},{"$f":"IF(('Data Sheet 1'!$B432)=\"\",\"\",'Data Sheet 1'!$F432)","v":""},{"$f":"IF(('Data Sheet 1'!$B432)=\"\",\"\",'Data Sheet 1'!$G432)","v":""},{"$f":"IF(('Data Sheet 1'!$B432)=\"\",\"\",'Data Sheet 1'!$H432)","v":""}]
[{"$f":"IF(('Data Sheet 1'!$B433)=\"\",\"\",'Data Sheet 1'!$C$2)","v":""},{"$f":"IF(('Data Sheet 1'!$B433)=\"\",\"\",'Data Sheet 1'!$D$4)","v":""},{"$f":"IF(('Data Sheet 1'!$B433)=\"\",\"\",'Data Sheet 1'!$I$4)","v":""},{"$f":"IF(('Data Sheet 1'!$B433)=\"\",\"\",'Data Sheet 1'!$C433)","v":""},{"$f":"IF(('Data Sheet 1'!$B433)=\"\",\"\",'Data Sheet 1'!$D433)","v":""},{"$f":"IF(('Data Sheet 1'!$B433)=\"\",\"\",'Data Sheet 1'!$B433)","v":""},{"$f":"IF(('Data Sheet 1'!$B433)=\"\",\"\",'Data Sheet 1'!$E433)","v":""},{"$f":"IF(('Data Sheet 1'!$B433)=\"\",\"\",'Data Sheet 1'!$F433)","v":""},{"$f":"IF(('Data Sheet 1'!$B433)=\"\",\"\",'Data Sheet 1'!$G433)","v":""},{"$f":"IF(('Data Sheet 1'!$B433)=\"\",\"\",'Data Sheet 1'!$H433)","v":""}]
[{"$f":"IF(('Data Sheet 1'!$B434)=\"\",\"\",'Data Sheet 1'!$C$2)","v":""},{"$f":"IF(('Data Sheet 1'!$B434)=\"\",\"\",'Data Sheet 1'!$D$4)","v":""},{"$f":"IF(('Data Sheet 1'!$B434)=\"\",\"\",'Data Sheet 1'!$I$4)","v":""},{"$f":"IF(('Data Sheet 1'!$B434)=\"\",\"\",'Data Sheet 1'!$C434)","v":""},{"$f":"IF(('Data Sheet 1'!$B434)=\"\",\"\",'Data Sheet 1'!$D434)","v":""},{"$f":"IF(('Data Sheet 1'!$B434)=\"\",\"\",'Data Sheet 1'!$B434)","v":""},{"$f":"IF(('Data Sheet 1'!$B434)=\"\",\"\",'Data Sheet 1'!$E434)","v":""},{"$f":"IF(('Data Sheet 1'!$B434)=\"\",\"\",'Data Sheet 1'!$F434)","v":""},{"$f":"IF(('Data Sheet 1'!$B434)=\"\",\"\",'Data Sheet 1'!$G434)","v":""},{"$f":"IF(('Data Sheet 1'!$B434)=\"\",\"\",'Data Sheet 1'!$H434)","v":""}]
[{"$f":"IF(('Data Sheet 1'!$B435)=\"\",\"\",'Data Sheet 1'!$C$2)","v":""},{"$f":"IF(('Data Sheet 1'!$B435)=\"\",\"\",'Data Sheet 1'!$D$4)","v":""},{"$f":"IF(('Data Sheet 1'!$B435)=\"\",\"\",'Data Sheet 1'!$I$4)","v":""},{"$f":"IF(('Data Sheet 1'!$B435)=\"\",\"\",'Data Sheet 1'!$C435)","v":""},{"$f":"IF(('Data Sheet 1'!$B435)=\"\",\"\",'Data Sheet 1'!$D435)","v":""},{"$f":"IF(('Data Sheet 1'!$B435)=\"\",\"\",'Data Sheet 1'!$B435)","v":""},{"$f":"IF(('Data Sheet 1'!$B435)=\"\",\"\",'Data Sheet 1'!$E435)","v":""},{"$f":"IF(('Data Sheet 1'!$B435)=\"\",\"\",'Data Sheet 1'!$F435)","v":""},{"$f":"IF(('Data Sheet 1'!$B435)=\"\",\"\",'Data Sheet 1'!$G435)","v":""},{"$f":"IF(('Data Sheet 1'!$B435)=\"\",\"\",'Data Sheet 1'!$H435)","v":""}]
[{"$f":"IF(('Data Sheet 1'!$B436)=\"\",\"\",'Data Sheet 1'!$C$2)","v":""},{"$f":"IF(('Data Sheet 1'!$B436)=\"\",\"\",'Data Sheet 1'!$D$4)","v":""},{"$f":"IF(('Data Sheet 1'!$B436)=\"\",\"\",'Data Sheet 1'!$I$4)","v":""},{"$f":"IF(('Data Sheet 1'!$B436)=\"\",\"\",'Data Sheet 1'!$C436)","v":""},{"$f":"IF(('Data Sheet 1'!$B436)=\"\",\"\",'Data Sheet 1'!$D436)","v":""},{"$f":"IF(('Data Sheet 1'!$B436)=\"\",\"\",'Data Sheet 1'!$B436)","v":""},{"$f":"IF(('Data Sheet 1'!$B436)=\"\",\"\",'Data Sheet 1'!$E436)","v":""},{"$f":"IF(('Data Sheet 1'!$B436)=\"\",\"\",'Data Sheet 1'!$F436)","v":""},{"$f":"IF(('Data Sheet 1'!$B436)=\"\",\"\",'Data Sheet 1'!$G436)","v":""},{"$f":"IF(('Data Sheet 1'!$B436)=\"\",\"\",'Data Sheet 1'!$H436)","v":""}]
[{"$f":"IF(('Data Sheet 1'!$B437)=\"\",\"\",'Data Sheet 1'!$C$2)","v":""},{"$f":"IF(('Data Sheet 1'!$B437)=\"\",\"\",'Data Sheet 1'!$D$4)","v":""},{"$f":"IF(('Data Sheet 1'!$B437)=\"\",\"\",'Data Sheet 1'!$I$4)","v":""},{"$f":"IF(('Data Sheet 1'!$B437)=\"\",\"\",'Data Sheet 1'!$C437)","v":""},{"$f":"IF(('Data Sheet 1'!$B437)=\"\",\"\",'Data Sheet 1'!$D437)","v":""},{"$f":"IF(('Data Sheet 1'!$B437)=\"\",\"\",'Data Sheet 1'!$B437)","v":""},{"$f":"IF(('Data Sheet 1'!$B437)=\"\",\"\",'Data Sheet 1'!$E437)","v":""},{"$f":"IF(('Data Sheet 1'!$B437)=\"\",\"\",'Data Sheet 1'!$F437)","v":""},{"$f":"IF(('Data Sheet 1'!$B437)=\"\",\"\",'Data Sheet 1'!$G437)","v":""},{"$f":"IF(('Data Sheet 1'!$B437)=\"\",\"\",'Data Sheet 1'!$H437)","v":""}]
[{"$f":"IF(('Data Sheet 1'!$B438)=\"\",\"\",'Data Sheet 1'!$C$2)","v":""},{"$f":"IF(('Data Sheet 1'!$B438)=\"\",\"\",'Data Sheet 1'!$D$4)","v":""},{"$f":"IF(('Data Sheet 1'!$B438)=\"\",\"\",'Data Sheet 1'!$I$4)","v":""},{"$f":"IF(('Data Sheet 1'!$B438)=\"\",\"\",'Data Sheet 1'!$C438)","v":""},{"$f":"IF(('Data Sheet 1'!$B438)=\"\",\"\",'Data Sheet 1'!$D438)","v":""},{"$f":"IF(('Data Sheet 1'!$B438)=\"\",\"\",'Data Sheet 1'!$B438)","v":""},{"$f":"IF(('Data Sheet 1'!$B438)=\"\",\"\",'Data Sheet 1'!$E438)","v":""},{"$f":"IF(('Data Sheet 1'!$B438)=\"\",\"\",'Data Sheet 1'!$F438)","v":""},{"$f":"IF(('Data Sheet 1'!$B438)=\"\",\"\",'Data Sheet 1'!$G438)","v":""},{"$f":"IF(('Data Sheet 1'!$B438)=\"\",\"\",'Data Sheet 1'!$H438)","v":""}]
[{"$f":"IF(('Data Sheet 1'!$B439)=\"\",\"\",'Data Sheet 1'!$C$2)","v":""},{"$f":"IF(('Data Sheet 1'!$B439)=\"\",\"\",'Data Sheet 1'!$D$4)","v":""},{"$f":"IF(('Data Sheet 1'!$B439)=\"\",\"\",'Data Sheet 1'!$I$4)","v":""},{"$f":"IF(('Data Sheet 1'!$B439)=\"\",\"\",'Data Sheet 1'!$C439)","v":""},{"$f":"IF(('Data Sheet 1'!$B439)=\"\",\"\",'Data Sheet 1'!$D439)","v":""},{"$f":"IF(('Data Sheet 1'!$B439)=\"\",\"\",'Data Sheet 1'!$B439)","v":""},{"$f":"IF(('Data Sheet 1'!$B439)=\"\",\"\",'Data Sheet 1'!$E439)","v":""},{"$f":"IF(('Data Sheet 1'!$B439)=\"\",\"\",'Data Sheet 1'!$F439)","v":""},{"$f":"IF(('Data Sheet 1'!$B439)=\"\",\"\",'Data Sheet 1'!$G439)","v":""},{"$f":"IF(('Data Sheet 1'!$B439)=\"\",\"\",'Data Sheet 1'!$H439)","v":""}]
[{"$f":"IF(('Data Sheet 1'!$B440)=\"\",\"\",'Data Sheet 1'!$C$2)","v":""},{"$f":"IF(('Data Sheet 1'!$B440)=\"\",\"\",'Data Sheet 1'!$D$4)","v":""},{"$f":"IF(('Data Sheet 1'!$B440)=\"\",\"\",'Data Sheet 1'!$I$4)","v":""},{"$f":"IF(('Data Sheet 1'!$B440)=\"\",\"\",'Data Sheet 1'!$C440)","v":""},{"$f":"IF(('Data Sheet 1'!$B440)=\"\",\"\",'Data Sheet 1'!$D440)","v":""},{"$f":"IF(('Data Sheet 1'!$B440)=\"\",\"\",'Data Sheet 1'!$B440)","v":""},{"$f":"IF(('Data Sheet 1'!$B440)=\"\",\"\",'Data Sheet 1'!$E440)","v":""},{"$f":"IF(('Data Sheet 1'!$B440)=\"\",\"\",'Data Sheet 1'!$F440)","v":""},{"$f":"IF(('Data Sheet 1'!$B440)=\"\",\"\",'Data Sheet 1'!$G440)","v":""},{"$f":"IF(('Data Sheet 1'!$B440)=\"\",\"\",'Data Sheet 1'!$H440)","v":""}]
[{"$f":"IF(('Data Sheet 1'!$B441)=\"\",\"\",'Data Sheet 1'!$C$2)","v":""},{"$f":"IF(('Data Sheet 1'!$B441)=\"\",\"\",'Data Sheet 1'!$D$4)","v":""},{"$f":"IF(('Data Sheet 1'!$B441)=\"\",\"\",'Data Sheet 1'!$I$4)","v":""},{"$f":"IF(('Data Sheet 1'!$B441)=\"\",\"\",'Data Sheet 1'!$C441)","v":""},{"$f":"IF(('Data Sheet 1'!$B441)=\"\",\"\",'Data Sheet 1'!$D441)","v":""},{"$f":"IF(('Data Sheet 1'!$B441)=\"\",\"\",'Data Sheet 1'!$B441)","v":""},{"$f":"IF(('Data Sheet 1'!$B441)=\"\",\"\",'Data Sheet 1'!$E441)","v":""},{"$f":"IF(('Data Sheet 1'!$B441)=\"\",\"\",'Data Sheet 1'!$F441)","v":""},{"$f":"IF(('Data Sheet 1'!$B441)=\"\",\"\",'Data Sheet 1'!$G441)","v":""},{"$f":"IF(('Data Sheet 1'!$B441)=\"\",\"\",'Data Sheet 1'!$H441)","v":""}]
[{"$f":"IF(('Data Sheet 1'!$B442)=\"\",\"\",'Data Sheet 1'!$C$2)","v":""},{"$f":"IF(('Data Sheet 1'!$B442)=\"\",\"\",'Data Sheet 1'!$D$4)","v":""},{"$f":"IF(('Data Sheet 1'!$B442)=\"\",\"\",'Data Sheet 1'!$I$4)","v":""},{"$f":"IF(('Data Sheet 1'!$B442)=\"\",\"\",'Data Sheet 1'!$C442)","v":""},{"$f":"IF(('Data Sheet 1'!$B442)=\"\",\"\",'Data Sheet 1'!$D442)","v":""},{"$f":"IF(('Data Sheet 1'!$B442)=\"\",\"\",'Data Sheet 1'!$B442)","v":""},{"$f":"IF(('Data Sheet 1'!$B442)=\"\",\"\",'Data Sheet 1'!$E442)","v":""},{"$f":"IF(('Data Sheet 1'!$B442)=\"\",\"\",'Data Sheet 1'!$F442)","v":""},{"$f":"IF(('Data Sheet 1'!$B442)=\"\",\"\",'Data Sheet 1'!$G442)","v":""},{"$f":"IF(('Data Sheet 1'!$B442)=\"\",\"\",'Data Sheet 1'!$H442)","v":""}]
[{"$f":"IF(('Data Sheet 1'!$B443)=\"\",\"\",'Data Sheet 1'!$C$2)","v":""},{"$f":"IF(('Data Sheet 1'!$B443)=\"\",\"\",'Data Sheet 1'!$D$4)","v":""},{"$f":"IF(('Data Sheet 1'!$B443)=\"\",\"\",'Data Sheet 1'!$I$4)","v":""},{"$f":"IF(('Data Sheet 1'!$B443)=\"\",\"\",'Data Sheet 1'!$C443)","v":""},{"$f":"IF(('Data Sheet 1'!$B443)=\"\",\"\",'Data Sheet 1'!$D443)","v":""},{"$f":"IF(('Data Sheet 1'!$B443)=\"\",\"\",'Data Sheet 1'!$B443)","v":""},{"$f":"IF(('Data Sheet 1'!$B443)=\"\",\"\",'Data Sheet 1'!$E443)","v":""},{"$f":"IF(('Data Sheet 1'!$B443)=\"\",\"\",'Data Sheet 1'!$F443)","v":""},{"$f":"IF(('Data Sheet 1'!$B443)=\"\",\"\",'Data Sheet 1'!$G443)","v":""},{"$f":"IF(('Data Sheet 1'!$B443)=\"\",\"\",'Data Sheet 1'!$H443)","v":""}]
[{"$f":"IF(('Data Sheet 1'!$B444)=\"\",\"\",'Data Sheet 1'!$C$2)","v":""},{"$f":"IF(('Data Sheet 1'!$B444)=\"\",\"\",'Data Sheet 1'!$D$4)","v":""},{"$f":"IF(('Data Sheet 1'!$B444)=\"\",\"\",'Data Sheet 1'!$I$4)","v":""},{"$f":"IF(('Data Sheet 1'!$B444)=\"\",\"\",'Data Sheet 1'!$C444)","v":""},{"$f":"IF(('Data Sheet 1'!$B444)=\"\",\"\",'Data Sheet 1'!$D444)","v":""},{"$f":"IF(('Data Sheet 1'!$B444)=\"\",\"\",'Data Sheet 1'!$B444)","v":""},{"$f":"IF(('Data Sheet 1'!$B444)=\"\",\"\",'Data Sheet 1'!$E444)","v":""},{"$f":"IF(('Data Sheet 1'!$B444)=\"\",\"\",'Data Sheet 1'!$F444)","v":""},{"$f":"IF(('Data Sheet 1'!$B444)=\"\",\"\",'Data Sheet 1'!$G444)","v":""},{"$f":"IF(('Data Sheet 1'!$B444)=\"\",\"\",'Data Sheet 1'!$H444)","v":""}]
[{"$f":"IF(('Data Sheet 1'!$B445)=\"\",\"\",'Data Sheet 1'!$C$2)","v":""},{"$f":"IF(('Data Sheet 1'!$B445)=\"\",\"\",'Data Sheet 1'!$D$4)","v":""},{"$f":"IF(('Data Sheet 1'!$B445)=\"\",\"\",'Data Sheet 1'!$I$4)","v":""},{"$f":"IF(('Data Sheet 1'!$B445)=\"\",\"\",'Data Sheet 1'!$C445)","v":""},{"$f":"IF(('Data Sheet 1'!$B445)=\"\",\"\",'Data Sheet 1'!$D445)","v":""},{"$f":"IF(('Data Sheet 1'!$B445)=\"\",\"\",'Data Sheet 1'!$B445)","v":""},{"$f":"IF(('Data Sheet 1'!$B445)=\"\",\"\",'Data Sheet 1'!$E445)","v":""},{"$f":"IF(('Data Sheet 1'!$B445)=\"\",\"\",'Data Sheet 1'!$F445)","v":""},{"$f":"IF(('Data Sheet 1'!$B445)=\"\",\"\",'Data Sheet 1'!$G445)","v":""},{"$f":"IF(('Data Sheet 1'!$B445)=\"\",\"\",'Data Sheet 1'!$H445)","v":""}]
[{"$f":"IF(('Data Sheet 1'!$B446)=\"\",\"\",'Data Sheet 1'!$C$2)","v":""},{"$f":"IF(('Data Sheet 1'!$B446)=\"\",\"\",'Data Sheet 1'!$D$4)","v":""},{"$f":"IF(('Data Sheet 1'!$B446)=\"\",\"\",'Data Sheet 1'!$I$4)","v":""},{"$f":"IF(('Data Sheet 1'!$B446)=\"\",\"\",'Data Sheet 1'!$C446)","v":""},{"$f":"IF(('Data Sheet 1'!$B446)=\"\",\"\",'Data Sheet 1'!$D446)","v":""},{"$f":"IF(('Data Sheet 1'!$B446)=\"\",\"\",'Data Sheet 1'!$B446)","v":""},{"$f":"IF(('Data Sheet 1'!$B446)=\"\",\"\",'Data Sheet 1'!$E446)","v":""},{"$f":"IF(('Data Sheet 1'!$B446)=\"\",\"\",'Data Sheet 1'!$F446)","v":""},{"$f":"IF(('Data Sheet 1'!$B446)=\"\",\"\",'Data Sheet 1'!$G446)","v":""},{"$f":"IF(('Data Sheet 1'!$B446)=\"\",\"\",'Data Sheet 1'!$H446)","v":""}]
[{"$f":"IF(('Data Sheet 1'!$B447)=\"\",\"\",'Data Sheet 1'!$C$2)","v":""},{"$f":"IF(('Data Sheet 1'!$B447)=\"\",\"\",'Data Sheet 1'!$D$4)","v":""},{"$f":"IF(('Data Sheet 1'!$B447)=\"\",\"\",'Data Sheet 1'!$I$4)","v":""},{"$f":"IF(('Data Sheet 1'!$B447)=\"\",\"\",'Data Sheet 1'!$C447)","v":""},{"$f":"IF(('Data Sheet 1'!$B447)=\"\",\"\",'Data Sheet 1'!$D447)","v":""},{"$f":"IF(('Data Sheet 1'!$B447)=\"\",\"\",'Data Sheet 1'!$B447)","v":""},{"$f":"IF(('Data Sheet 1'!$B447)=\"\",\"\",'Data Sheet 1'!$E447)","v":""},{"$f":"IF(('Data Sheet 1'!$B447)=\"\",\"\",'Data Sheet 1'!$F447)","v":""},{"$f":"IF(('Data Sheet 1'!$B447)=\"\",\"\",'Data Sheet 1'!$G447)","v":""},{"$f":"IF(('Data Sheet 1'!$B447)=\"\",\"\",'Data Sheet 1'!$H447)","v":""}]
[{"$f":"IF(('Data Sheet 1'!$B448)=\"\",\"\",'Data Sheet 1'!$C$2)","v":""},{"$f":"IF(('Data Sheet 1'!$B448)=\"\",\"\",'Data Sheet 1'!$D$4)","v":""},{"$f":"IF(('Data Sheet 1'!$B448)=\"\",\"\",'Data Sheet 1'!$I$4)","v":""},{"$f":"IF(('Data Sheet 1'!$B448)=\"\",\"\",'Data Sheet 1'!$C448)","v":""},{"$f":"IF(('Data Sheet 1'!$B448)=\"\",\"\",'Data Sheet 1'!$D448)","v":""},{"$f":"IF(('Data Sheet 1'!$B448)=\"\",\"\",'Data Sheet 1'!$B448)","v":""},{"$f":"IF(('Data Sheet 1'!$B448)=\"\",\"\",'Data Sheet 1'!$E448)","v":""},{"$f":"IF(('Data Sheet 1'!$B448)=\"\",\"\",'Data Sheet 1'!$F448)","v":""},{"$f":"IF(('Data Sheet 1'!$B448)=\"\",\"\",'Data Sheet 1'!$G448)","v":""},{"$f":"IF(('Data Sheet 1'!$B448)=\"\",\"\",'Data Sheet 1'!$H448)","v":""}]
[{"$f":"IF(('Data Sheet 1'!$B449)=\"\",\"\",'Data Sheet 1'!$C$2)","v":""},{"$f":"IF(('Data Sheet 1'!$B449)=\"\",\"\",'Data Sheet 1'!$D$4)","v":""},{"$f":"IF(('Data Sheet 1'!$B449)=\"\",\"\",'Data Sheet 1'!$I$4)","v":""},{"$f":"IF(('Data Sheet 1'!$B449)=\"\",\"\",'Data Sheet 1'!$C449)","v":""},{"$f":"IF(('Data Sheet 1'!$B449)=\"\",\"\",'Data Sheet 1'!$D449)","v":""},{"$f":"IF(('Data Sheet 1'!$B449)=\"\",\"\",'Data Sheet 1'!$B449)","v":""},{"$f":"IF(('Data Sheet 1'!$B449)=\"\",\"\",'Data Sheet 1'!$E449)","v":""},{"$f":"IF(('Data Sheet 1'!$B449)=\"\",\"\",'Data Sheet 1'!$F449)","v":""},{"$f":"IF(('Data Sheet 1'!$B449)=\"\",\"\",'Data Sheet 1'!$G449)","v":""},{"$f":"IF(('Data Sheet 1'!$B449)=\"\",\"\",'Data Sheet 1'!$H449)","v":""}]
[{"$f":"IF(('Data Sheet 1'!$B450)=\"\",\"\",'Data Sheet 1'!$C$2)","v":""},{"$f":"IF(('Data Sheet 1'!$B450)=\"\",\"\",'Data Sheet 1'!$D$4)","v":""},{"$f":"IF(('Data Sheet 1'!$B450)=\"\",\"\",'Data Sheet 1'!$I$4)","v":""},{"$f":"IF(('Data Sheet 1'!$B450)=\"\",\"\",'Data Sheet 1'!$C450)","v":""},{"$f":"IF(('Data Sheet 1'!$B450)=\"\",\"\",'Data Sheet 1'!$D450)","v":""},{"$f":"IF(('Data Sheet 1'!$B450)=\"\",\"\",'Data Sheet 1'!$B450)","v":""},{"$f":"IF(('Data Sheet 1'!$B450)=\"\",\"\",'Data Sheet 1'!$E450)","v":""},{"$f":"IF(('Data Sheet 1'!$B450)=\"\",\"\",'Data Sheet 1'!$F450)","v":""},{"$f":"IF(('Data Sheet 1'!$B450)=\"\",\"\",'Data Sheet 1'!$G450)","v":""},{"$f":"IF(('Data Sheet 1'!$B450)=\"\",\"\",'Data Sheet 1'!$H450)","v":""}]
[{"$f":"IF(('Data Sheet 1'!$B451)=\"\",\"\",'Data Sheet 1'!$C$2)","v":""},{"$f":"IF(('Data Sheet 1'!$B451)=\"\",\"\",'Data Sheet 1'!$D$4)","v":""},{"$f":"IF(('Data Sheet 1'!$B451)=\"\",\"\",'Data Sheet 1'!$I$4)","v":""},{"$f":"IF(('Data Sheet 1'!$B451)=\"\",\"\",'Data Sheet 1'!$C451)","v":""},{"$f":"IF(('Data Sheet 1'!$B451)=\"\",\"\",'Data Sheet 1'!$D451)","v":""},{"$f":"IF(('Data Sheet 1'!$B451)=\"\",\"\",'Data Sheet 1'!$B451)","v":""},{"$f":"IF(('Data Sheet 1'!$B451)=\"\",\"\",'Data Sheet 1'!$E451)","v":""},{"$f":"IF(('Data Sheet 1'!$B451)=\"\",\"\",'Data Sheet 1'!$F451)","v":""},{"$f":"IF(('Data Sheet 1'!$B451)=\"\",\"\",'Data Sheet 1'!$G451)","v":""},{"$f":"IF(('Data Sheet 1'!$B451)=\"\",\"\",'Data Sheet 1'!$H451)","v":""}]
[{"$f":"IF(('Data Sheet 1'!$B452)=\"\",\"\",'Data Sheet 1'!$C$2)","v":""},{"$f":"IF(('Data Sheet 1'!$B452)=\"\",\"\",'Data Sheet 1'!$D$4)","v":""},{"$f":"IF(('Data Sheet 1'!$B452)=\"\",\"\",'Data Sheet 1'!$I$4)","v":""},{"$f":"IF(('Data Sheet 1'!$B452)=\"\",\"\",'Data Sheet 1'!$C452)","v":""},{"$f":"IF(('Data Sheet 1'!$B452)=\"\",\"\",'Data Sheet 1'!$D452)","v":""},{"$f":"IF(('Data Sheet 1'!$B452)=\"\",\"\",'Data Sheet 1'!$B452)","v":""},{"$f":"IF(('Data Sheet 1'!$B452)=\"\",\"\",'Data Sheet 1'!$E452)","v":""},{"$f":"IF(('Data Sheet 1'!$B452)=\"\",\"\",'Data Sheet 1'!$F452)","v":""},{"$f":"IF(('Data Sheet 1'!$B452)=\"\",\"\",'Data Sheet 1'!$G452)","v":""},{"$f":"IF(('Data Sheet 1'!$B452)=\"\",\"\",'Data Sheet 1'!$H452)","v":""}]
[{"$f":"IF(('Data Sheet 1'!$B453)=\"\",\"\",'Data Sheet 1'!$C$2)","v":""},{"$f":"IF(('Data Sheet 1'!$B453)=\"\",\"\",'Data Sheet 1'!$D$4)","v":""},{"$f":"IF(('Data Sheet 1'!$B453)=\"\",\"\",'Data Sheet 1'!$I$4)","v":""},{"$f":"IF(('Data Sheet 1'!$B453)=\"\",\"\",'Data Sheet 1'!$C453)","v":""},{"$f":"IF(('Data Sheet 1'!$B453)=\"\",\"\",'Data Sheet 1'!$D453)","v":""},{"$f":"IF(('Data Sheet 1'!$B453)=\"\",\"\",'Data Sheet 1'!$B453)","v":""},{"$f":"IF(('Data Sheet 1'!$B453)=\"\",\"\",'Data Sheet 1'!$E453)","v":""},{"$f":"IF(('Data Sheet 1'!$B453)=\"\",\"\",'Data Sheet 1'!$F453)","v":""},{"$f":"IF(('Data Sheet 1'!$B453)=\"\",\"\",'Data Sheet 1'!$G453)","v":""},{"$f":"IF(('Data Sheet 1'!$B453)=\"\",\"\",'Data Sheet 1'!$H453)","v":""}]
[{"$f":"IF(('Data Sheet 1'!$B454)=\"\",\"\",'Data Sheet 1'!$C$2)","v":""},{"$f":"IF(('Data Sheet 1'!$B454)=\"\",\"\",'Data Sheet 1'!$D$4)","v":""},{"$f":"IF(('Data Sheet 1'!$B454)=\"\",\"\",'Data Sheet 1'!$I$4)","v":""},{"$f":"IF(('Data Sheet 1'!$B454)=\"\",\"\",'Data Sheet 1'!$C454)","v":""},{"$f":"IF(('Data Sheet 1'!$B454)=\"\",\"\",'Data Sheet 1'!$D454)","v":""},{"$f":"IF(('Data Sheet 1'!$B454)=\"\",\"\",'Data Sheet 1'!$B454)","v":""},{"$f":"IF(('Data Sheet 1'!$B454)=\"\",\"\",'Data Sheet 1'!$E454)","v":""},{"$f":"IF(('Data Sheet 1'!$B454)=\"\",\"\",'Data Sheet 1'!$F454)","v":""},{"$f":"IF(('Data Sheet 1'!$B454)=\"\",\"\",'Data Sheet 1'!$G454)","v":""},{"$f":"IF(('Data Sheet 1'!$B454)=\"\",\"\",'Data Sheet 1'!$H454)","v":""}]
[{"$f":"IF(('Data Sheet 1'!$B455)=\"\",\"\",'Data Sheet 1'!$C$2)","v":""},{"$f":"IF(('Data Sheet 1'!$B455)=\"\",\"\",'Data Sheet 1'!$D$4)","v":""},{"$f":"IF(('Data Sheet 1'!$B455)=\"\",\"\",'Data Sheet 1'!$I$4)","v":""},{"$f":"IF(('Data Sheet 1'!$B455)=\"\",\"\",'Data Sheet 1'!$C455)","v":""},{"$f":"IF(('Data Sheet 1'!$B455)=\"\",\"\",'Data Sheet 1'!$D455)","v":""},{"$f":"IF(('Data Sheet 1'!$B455)=\"\",\"\",'Data Sheet 1'!$B455)","v":""},{"$f":"IF(('Data Sheet 1'!$B455)=\"\",\"\",'Data Sheet 1'!$E455)","v":""},{"$f":"IF(('Data Sheet 1'!$B455)=\"\",\"\",'Data Sheet 1'!$F455)","v":""},{"$f":"IF(('Data Sheet 1'!$B455)=\"\",\"\",'Data Sheet 1'!$G455)","v":""},{"$f":"IF(('Data Sheet 1'!$B455)=\"\",\"\",'Data Sheet 1'!$H455)","v":""}]
[{"$f":"IF(('Data Sheet 1'!$B456)=\"\",\"\",'Data Sheet 1'!$C$2)","v":""},{"$f":"IF(('Data Sheet 1'!$B456)=\"\",\"\",'Data Sheet 1'!$D$4)","v":""},{"$f":"IF(('Data Sheet 1'!$B456)=\"\",\"\",'Data Sheet 1'!$I$4)","v":""},{"$f":"IF(('Data Sheet 1'!$B456)=\"\",\"\",'Data Sheet 1'!$C456)","v":""},{"$f":"IF(('Data Sheet 1'!$B456)=\"\",\"\",'Data Sheet 1'!$D456)","v":""},{"$f":"IF(('Data Sheet 1'!$B456)=\"\",\"\",'Data Sheet 1'!$B456)","v":""},{"$f":"IF(('Data Sheet 1'!$B456)=\"\",\"\",'Data Sheet 1'!$E456)","v":""},{"$f":"IF(('Data Sheet 1'!$B456)=\"\",\"\",'Data Sheet 1'!$F456)","v":""},{"$f":"IF(('Data Sheet 1'!$B456)=\"\",\"\",'Data Sheet 1'!$G456)","v":""},{"$f":"IF(('Data Sheet 1'!$B456)=\"\",\"\",'Data Sheet 1'!$H456)","v":""}]
[{"$f":"IF(('Data Sheet 1'!$B457)=\"\",\"\",'Data Sheet 1'!$C$2)","v":""},{"$f":"IF(('Data Sheet 1'!$B457)=\"\",\"\",'Data Sheet 1'!$D$4)","v":""},{"$f":"IF(('Data Sheet 1'!$B457)=\"\",\"\",'Data Sheet 1'!$I$4)","v":""},{"$f":"IF(('Data Sheet 1'!$B457)=\"\",\"\",'Data Sheet 1'!$C457)","v":""},{"$f":"IF(('Data Sheet 1'!$B457)=\"\",\"\",'Data Sheet 1'!$D457)","v":""},{"$f":"IF(('Data Sheet 1'!$B457)=\"\",\"\",'Data Sheet 1'!$B457)","v":""},{"$f":"IF(('Data Sheet 1'!$B457)=\"\",\"\",'Data Sheet 1'!$E457)","v":""},{"$f":"IF(('Data Sheet 1'!$B457)=\"\",\"\",'Data Sheet 1'!$F457)","v":""},{"$f":"IF(('Data Sheet 1'!$B457)=\"\",\"\",'Data Sheet 1'!$G457)","v":""},{"$f":"IF(('Data Sheet 1'!$B457)=\"\",\"\",'Data Sheet 1'!$H457)","v":""}]
[{"$f":"IF(('Data Sheet 1'!$B458)=\"\",\"\",'Data Sheet 1'!$C$2)","v":""},{"$f":"IF(('Data Sheet 1'!$B458)=\"\",\"\",'Data Sheet 1'!$D$4)","v":""},{"$f":"IF(('Data Sheet 1'!$B458)=\"\",\"\",'Data Sheet 1'!$I$4)","v":""},{"$f":"IF(('Data Sheet 1'!$B458)=\"\",\"\",'Data Sheet 1'!$C458)","v":""},{"$f":"IF(('Data Sheet 1'!$B458)=\"\",\"\",'Data Sheet 1'!$D458)","v":""},{"$f":"IF(('Data Sheet 1'!$B458)=\"\",\"\",'Data Sheet 1'!$B458)","v":""},{"$f":"IF(('Data Sheet 1'!$B458)=\"\",\"\",'Data Sheet 1'!$E458)","v":""},{"$f":"IF(('Data Sheet 1'!$B458)=\"\",\"\",'Data Sheet 1'!$F458)","v":""},{"$f":"IF(('Data Sheet 1'!$B458)=\"\",\"\",'Data Sheet 1'!$G458)","v":""},{"$f":"IF(('Data Sheet 1'!$B458)=\"\",\"\",'Data Sheet 1'!$H458)","v":""}]
[{"$f":"IF(('Data Sheet 1'!$B459)=\"\",\"\",'Data Sheet 1'!$C$2)","v":""},{"$f":"IF(('Data Sheet 1'!$B459)=\"\",\"\",'Data Sheet 1'!$D$4)","v":""},{"$f":"IF(('Data Sheet 1'!$B459)=\"\",\"\",'Data Sheet 1'!$I$4)","v":""},{"$f":"IF(('Data Sheet 1'!$B459)=\"\",\"\",'Data Sheet 1'!$C459)","v":""},{"$f":"IF(('Data Sheet 1'!$B459)=\"\",\"\",'Data Sheet 1'!$D459)","v":""},{"$f":"IF(('Data Sheet 1'!$B459)=\"\",\"\",'Data Sheet 1'!$B459)","v":""},{"$f":"IF(('Data Sheet 1'!$B459)=\"\",\"\",'Data Sheet 1'!$E459)","v":""},{"$f":"IF(('Data Sheet 1'!$B459)=\"\",\"\",'Data Sheet 1'!$F459)","v":""},{"$f":"IF(('Data Sheet 1'!$B459)=\"\",\"\",'Data Sheet 1'!$G459)","v":""},{"$f":"IF(('Data Sheet 1'!$B459)=\"\",\"\",'Data Sheet 1'!$H459)","v":""}]
[{"$f":"IF(('Data Sheet 1'!$B460)=\"\",\"\",'Data Sheet 1'!$C$2)","v":""},{"$f":"IF(('Data Sheet 1'!$B460)=\"\",\"\",'Data Sheet 1'!$D$4)","v":""},{"$f":"IF(('Data Sheet 1'!$B460)=\"\",\"\",'Data Sheet 1'!$I$4)","v":""},{"$f":"IF(('Data Sheet 1'!$B460)=\"\",\"\",'Data Sheet 1'!$C460)","v":""},{"$f":"IF(('Data Sheet 1'!$B460)=\"\",\"\",'Data Sheet 1'!$D460)","v":""},{"$f":"IF(('Data Sheet 1'!$B460)=\"\",\"\",'Data Sheet 1'!$B460)","v":""},{"$f":"IF(('Data Sheet 1'!$B460)=\"\",\"\",'Data Sheet 1'!$E460)","v":""},{"$f":"IF(('Data Sheet 1'!$B460)=\"\",\"\",'Data Sheet 1'!$F460)","v":""},{"$f":"IF(('Data Sheet 1'!$B460)=\"\",\"\",'Data Sheet 1'!$G460)","v":""},{"$f":"IF(('Data Sheet 1'!$B460)=\"\",\"\",'Data Sheet 1'!$H460)","v":""}]
[{"$f":"IF(('Data Sheet 1'!$B461)=\"\",\"\",'Data Sheet 1'!$C$2)","v":""},{"$f":"IF(('Data Sheet 1'!$B461)=\"\",\"\",'Data Sheet 1'!$D$4)","v":""},{"$f":"IF(('Data Sheet 1'!$B461)=\"\",\"\",'Data Sheet 1'!$I$4)","v":""},{"$f":"IF(('Data Sheet 1'!$B461)=\"\",\"\",'Data Sheet 1'!$C461)","v":""},{"$f":"IF(('Data Sheet 1'!$B461)=\"\",\"\",'Data Sheet 1'!$D461)","v":""},{"$f":"IF(('Data Sheet 1'!$B461)=\"\",\"\",'Data Sheet 1'!$B461)","v":""},{"$f":"IF(('Data Sheet 1'!$B461)=\"\",\"\",'Data Sheet 1'!$E461)","v":""},{"$f":"IF(('Data Sheet 1'!$B461)=\"\",\"\",'Data Sheet 1'!$F461)","v":""},{"$f":"IF(('Data Sheet 1'!$B461)=\"\",\"\",'Data Sheet 1'!$G461)","v":""},{"$f":"IF(('Data Sheet 1'!$B461)=\"\",\"\",'Data Sheet 1'!$H461)","v":""}]
[{"$f":"IF(('Data Sheet 1'!$B462)=\"\",\"\",'Data Sheet 1'!$C$2)","v":""},{"$f":"IF(('Data Sheet 1'!$B462)=\"\",\"\",'Data Sheet 1'!$D$4)","v":""},{"$f":"IF(('Data Sheet 1'!$B462)=\"\",\"\",'Data Sheet 1'!$I$4)","v":""},{"$f":"IF(('Data Sheet 1'!$B462)=\"\",\"\",'Data Sheet 1'!$C462)","v":""},{"$f":"IF(('Data Sheet 1'!$B462)=\"\",\"\",'Data Sheet 1'!$D462)","v":""},{"$f":"IF(('Data Sheet 1'!$B462)=\"\",\"\",'Data Sheet 1'!$B462)","v":""},{"$f":"IF(('Data Sheet 1'!$B462)=\"\",\"\",'Data Sheet 1'!$E462)","v":""},{"$f":"IF(('Data Sheet 1'!$B462)=\"\",\"\",'Data Sheet 1'!$F462)","v":""},{"$f":"IF(('Data Sheet 1'!$B462)=\"\",\"\",'Data Sheet 1'!$G462)","v":""},{"$f":"IF(('Data Sheet 1'!$B462)=\"\",\"\",'Data Sheet 1'!$H462)","v":""}]
[{"$f":"IF(('Data Sheet 1'!$B463)=\"\",\"\",'Data Sheet 1'!$C$2)","v":""},{"$f":"IF(('Data Sheet 1'!$B463)=\"\",\"\",'Data Sheet 1'!$D$4)","v":""},{"$f":"IF(('Data Sheet 1'!$B463)=\"\",\"\",'Data Sheet 1'!$I$4)","v":""},{"$f":"IF(('Data Sheet 1'!$B463)=\"\",\"\",'Data Sheet 1'!$C463)","v":""},{"$f":"IF(('Data Sheet 1'!$B463)=\"\",\"\",'Data Sheet 1'!$D463)","v":""},{"$f":"IF(('Data Sheet 1'!$B463)=\"\",\"\",'Data Sheet 1'!$B463)","v":""},{"$f":"IF(('Data Sheet 1'!$B463)=\"\",\"\",'Data Sheet 1'!$E463)","v":""},{"$f":"IF(('Data Sheet 1'!$B463)=\"\",\"\",'Data Sheet 1'!$F463)","v":""},{"$f":"IF(('Data Sheet 1'!$B463)=\"\",\"\",'Data Sheet 1'!$G463)","v":""},{"$f":"IF(('Data Sheet 1'!$B463)=\"\",\"\",'Data Sheet 1'!$H463)","v":""}]
[{"$f":"IF(('Data Sheet 1'!$B464)=\"\",\"\",'Data Sheet 1'!$C$2)","v":""},{"$f":"IF(('Data Sheet 1'!$B464)=\"\",\"\",'Data Sheet 1'!$D$4)","v":""},{"$f":"IF(('Data Sheet 1'!$B464)=\"\",\"\",'Data Sheet 1'!$I$4)","v":""},{"$f":"IF(('Data Sheet 1'!$B464)=\"\",\"\",'Data Sheet 1'!$C464)","v":""},{"$f":"IF(('Data Sheet 1'!$B464)=\"\",\"\",'Data Sheet 1'!$D464)","v":""},{"$f":"IF(('Data Sheet 1'!$B464)=\"\",\"\",'Data Sheet 1'!$B464)","v":""},{"$f":"IF(('Data Sheet 1'!$B464)=\"\",\"\",'Data Sheet 1'!$E464)","v":""},{"$f":"IF(('Data Sheet 1'!$B464)=\"\",\"\",'Data Sheet 1'!$F464)","v":""},{"$f":"IF(('Data Sheet 1'!$B464)=\"\",\"\",'Data Sheet 1'!$G464)","v":""},{"$f":"IF(('Data Sheet 1'!$B464)=\"\",\"\",'Data Sheet 1'!$H464)","v":""}]
[{"$f":"IF(('Data Sheet 1'!$B465)=\"\",\"\",'Data Sheet 1'!$C$2)","v":""},{"$f":"IF(('Data Sheet 1'!$B465)=\"\",\"\",'Data Sheet 1'!$D$4)","v":""},{"$f":"IF(('Data Sheet 1'!$B465)=\"\",\"\",'Data Sheet 1'!$I$4)","v":""},{"$f":"IF(('Data Sheet 1'!$B465)=\"\",\"\",'Data Sheet 1'!$C465)","v":""},{"$f":"IF(('Data Sheet 1'!$B465)=\"\",\"\",'Data Sheet 1'!$D465)","v":""},{"$f":"IF(('Data Sheet 1'!$B465)=\"\",\"\",'Data Sheet 1'!$B465)","v":""},{"$f":"IF(('Data Sheet 1'!$B465)=\"\",\"\",'Data Sheet 1'!$E465)","v":""},{"$f":"IF(('Data Sheet 1'!$B465)=\"\",\"\",'Data Sheet 1'!$F465)","v":""},{"$f":"IF(('Data Sheet 1'!$B465)=\"\",\"\",'Data Sheet 1'!$G465)","v":""},{"$f":"IF(('Data Sheet 1'!$B465)=\"\",\"\",'Data Sheet 1'!$H465)","v":""}]
[{"$f":"IF(('Data Sheet 1'!$B466)=\"\",\"\",'Data Sheet 1'!$C$2)","v":""},{"$f":"IF(('Data Sheet 1'!$B466)=\"\",\"\",'Data Sheet 1'!$D$4)","v":""},{"$f":"IF(('Data Sheet 1'!$B466)=\"\",\"\",'Data Sheet 1'!$I$4)","v":""},{"$f":"IF(('Data Sheet 1'!$B466)=\"\",\"\",'Data Sheet 1'!$C466)","v":""},{"$f":"IF(('Data Sheet 1'!$B466)=\"\",\"\",'Data Sheet 1'!$D466)","v":""},{"$f":"IF(('Data Sheet 1'!$B466)=\"\",\"\",'Data Sheet 1'!$B466)","v":""},{"$f":"IF(('Data Sheet 1'!$B466)=\"\",\"\",'Data Sheet 1'!$E466)","v":""},{"$f":"IF(('Data Sheet 1'!$B466)=\"\",\"\",'Data Sheet 1'!$F466)","v":""},{"$f":"IF(('Data Sheet 1'!$B466)=\"\",\"\",'Data Sheet 1'!$G466)","v":""},{"$f":"IF(('Data Sheet 1'!$B466)=\"\",\"\",'Data Sheet 1'!$H466)","v":""}]
[{"$f":"IF(('Data Sheet 1'!$B467)=\"\",\"\",'Data Sheet 1'!$C$2)","v":""},{"$f":"IF(('Data Sheet 1'!$B467)=\"\",\"\",'Data Sheet 1'!$D$4)","v":""},{"$f":"IF(('Data Sheet 1'!$B467)=\"\",\"\",'Data Sheet 1'!$I$4)","v":""},{"$f":"IF(('Data Sheet 1'!$B467)=\"\",\"\",'Data Sheet 1'!$C467)","v":""},{"$f":"IF(('Data Sheet 1'!$B467)=\"\",\"\",'Data Sheet 1'!$D467)","v":""},{"$f":"IF(('Data Sheet 1'!$B467)=\"\",\"\",'Data Sheet 1'!$B467)","v":""},{"$f":"IF(('Data Sheet 1'!$B467)=\"\",\"\",'Data Sheet 1'!$E467)","v":""},{"$f":"IF(('Data Sheet 1'!$B467)=\"\",\"\",'Data Sheet 1'!$F467)","v":""},{"$f":"IF(('Data Sheet 1'!$B467)=\"\",\"\",'Data Sheet 1'!$G467)","v":""},{"$f":"IF(('Data Sheet 1'!$B467)=\"\",\"\",'Data Sheet 1'!$H467)","v":""}]
[{"$f":"IF(('Data Sheet 1'!$B468)=\"\",\"\",'Data Sheet 1'!$C$2)","v":""},{"$f":"IF(('Data Sheet 1'!$B468)=\"\",\"\",'Data Sheet 1'!$D$4)","v":""},{"$f":"IF(('Data Sheet 1'!$B468)=\"\",\"\",'Data Sheet 1'!$I$4)","v":""},{"$f":"IF(('Data Sheet 1'!$B468)=\"\",\"\",'Data Sheet 1'!$C468)","v":""},{"$f":"IF(('Data Sheet 1'!$B468)=\"\",\"\",'Data Sheet 1'!$D468)","v":""},{"$f":"IF(('Data Sheet 1'!$B468)=\"\",\"\",'Data Sheet 1'!$B468)","v":""},{"$f":"IF(('Data Sheet 1'!$B468)=\"\",\"\",'Data Sheet 1'!$E468)","v":""},{"$f":"IF(('Data Sheet 1'!$B468)=\"\",\"\",'Data Sheet 1'!$F468)","v":""},{"$f":"IF(('Data Sheet 1'!$B468)=\"\",\"\",'Data Sheet 1'!$G468)","v":""},{"$f":"IF(('Data Sheet 1'!$B468)=\"\",\"\",'Data Sheet 1'!$H468)","v":""}]
[{"$f":"IF(('Data Sheet 1'!$B469)=\"\",\"\",'Data Sheet 1'!$C$2)","v":""},{"$f":"IF(('Data Sheet 1'!$B469)=\"\",\"\",'Data Sheet 1'!$D$4)","v":""},{"$f":"IF(('Data Sheet 1'!$B469)=\"\",\"\",'Data Sheet 1'!$I$4)","v":""},{"$f":"IF(('Data Sheet 1'!$B469)=\"\",\"\",'Data Sheet 1'!$C469)","v":""},{"$f":"IF(('Data Sheet 1'!$B469)=\"\",\"\",'Data Sheet 1'!$D469)","v":""},{"$f":"IF(('Data Sheet 1'!$B469)=\"\",\"\",'Data Sheet 1'!$B469)","v":""},{"$f":"IF(('Data Sheet 1'!$B469)=\"\",\"\",'Data Sheet 1'!$E469)","v":""},{"$f":"IF(('Data Sheet 1'!$B469)=\"\",\"\",'Data Sheet 1'!$F469)","v":""},{"$f":"IF(('Data Sheet 1'!$B469)=\"\",\"\",'Data Sheet 1'!$G469)","v":""},{"$f":"IF(('Data Sheet 1'!$B469)=\"\",\"\",'Data Sheet 1'!$H469)","v":""}]
[{"$f":"IF(('Data Sheet 1'!$B470)=\"\",\"\",'Data Sheet 1'!$C$2)","v":""},{"$f":"IF(('Data Sheet 1'!$B470)=\"\",\"\",'Data Sheet 1'!$D$4)","v":""},{"$f":"IF(('Data Sheet 1'!$B470)=\"\",\"\",'Data Sheet 1'!$I$4)","v":""},{"$f":"IF(('Data Sheet 1'!$B470)=\"\",\"\",'Data Sheet 1'!$C470)","v":""},{"$f":"IF(('Data Sheet 1'!$B470)=\"\",\"\",'Data Sheet 1'!$D470)","v":""},{"$f":"IF(('Data Sheet 1'!$B470)=\"\",\"\",'Data Sheet 1'!$B470)","v":""},{"$f":"IF(('Data Sheet 1'!$B470)=\"\",\"\",'Data Sheet 1'!$E470)","v":""},{"$f":"IF(('Data Sheet 1'!$B470)=\"\",\"\",'Data Sheet 1'!$F470)","v":""},{"$f":"IF(('Data Sheet 1'!$B470)=\"\",\"\",'Data Sheet 1'!$G470)","v":""},{"$f":"IF(('Data Sheet 1'!$B470)=\"\",\"\",'Data Sheet 1'!$H470)","v":""}]
[{"$f":"IF(('Data Sheet 1'!$B471)=\"\",\"\",'Data Sheet 1'!$C$2)","v":""},{"$f":"IF(('Data Sheet 1'!$B471)=\"\",\"\",'Data Sheet 1'!$D$4)","v":""},{"$f":"IF(('Data Sheet 1'!$B471)=\"\",\"\",'Data Sheet 1'!$I$4)","v":""},{"$f":"IF(('Data Sheet 1'!$B471)=\"\",\"\",'Data Sheet 1'!$C471)","v":""},{"$f":"IF(('Data Sheet 1'!$B471)=\"\",\"\",'Data Sheet 1'!$D471)","v":""},{"$f":"IF(('Data Sheet 1'!$B471)=\"\",\"\",'Data Sheet 1'!$B471)","v":""},{"$f":"IF(('Data Sheet 1'!$B471)=\"\",\"\",'Data Sheet 1'!$E471)","v":""},{"$f":"IF(('Data Sheet 1'!$B471)=\"\",\"\",'Data Sheet 1'!$F471)","v":""},{"$f":"IF(('Data Sheet 1'!$B471)=\"\",\"\",'Data Sheet 1'!$G471)","v":""},{"$f":"IF(('Data Sheet 1'!$B471)=\"\",\"\",'Data Sheet 1'!$H471)","v":""}]
[{"$f":"IF(('Data Sheet 1'!$B472)=\"\",\"\",'Data Sheet 1'!$C$2)","v":""},{"$f":"IF(('Data Sheet 1'!$B472)=\"\",\"\",'Data Sheet 1'!$D$4)","v":""},{"$f":"IF(('Data Sheet 1'!$B472)=\"\",\"\",'Data Sheet 1'!$I$4)","v":""},{"$f":"IF(('Data Sheet 1'!$B472)=\"\",\"\",'Data Sheet 1'!$C472)","v":""},{"$f":"IF(('Data Sheet 1'!$B472)=\"\",\"\",'Data Sheet 1'!$D472)","v":""},{"$f":"IF(('Data Sheet 1'!$B472)=\"\",\"\",'Data Sheet 1'!$B472)","v":""},{"$f":"IF(('Data Sheet 1'!$B472)=\"\",\"\",'Data Sheet 1'!$E472)","v":""},{"$f":"IF(('Data Sheet 1'!$B472)=\"\",\"\",'Data Sheet 1'!$F472)","v":""},{"$f":"IF(('Data Sheet 1'!$B472)=\"\",\"\",'Data Sheet 1'!$G472)","v":""},{"$f":"IF(('Data Sheet 1'!$B472)=\"\",\"\",'Data Sheet 1'!$H472)","v":""}]
[{"$f":"IF(('Data Sheet 1'!$B473)=\"\",\"\",'Data Sheet 1'!$C$2)","v":""},{"$f":"IF(('Data Sheet 1'!$B473)=\"\",\"\",'Data Sheet 1'!$D$4)","v":""},{"$f":"IF(('Data Sheet 1'!$B473)=\"\",\"\",'Data Sheet 1'!$I$4)","v":""},{"$f":"IF(('Data Sheet 1'!$B473)=\"\",\"\",'Data Sheet 1'!$C473)","v":""},{"$f":"IF(('Data Sheet 1'!$B473)=\"\",\"\",'Data Sheet 1'!$D473)","v":""},{"$f":"IF(('Data Sheet 1'!$B473)=\"\",\"\",'Data Sheet 1'!$B473)","v":""},{"$f":"IF(('Data Sheet 1'!$B473)=\"\",\"\",'Data Sheet 1'!$E473)","v":""},{"$f":"IF(('Data Sheet 1'!$B473)=\"\",\"\",'Data Sheet 1'!$F473)","v":""},{"$f":"IF(('Data Sheet 1'!$B473)=\"\",\"\",'Data Sheet 1'!$G473)","v":""},{"$f":"IF(('Data Sheet 1'!$B473)=\"\",\"\",'Data Sheet 1'!$H473)","v":""}]
[{"$f":"IF(('Data Sheet 1'!$B474)=\"\",\"\",'Data Sheet 1'!$C$2)","v":""},{"$f":"IF(('Data Sheet 1'!$B474)=\"\",\"\",'Data Sheet 1'!$D$4)","v":""},{"$f":"IF(('Data Sheet 1'!$B474)=\"\",\"\",'Data Sheet 1'!$I$4)","v":""},{"$f":"IF(('Data Sheet 1'!$B474)=\"\",\"\",'Data Sheet 1'!$C474)","v":""},{"$f":"IF(('Data Sheet 1'!$B474)=\"\",\"\",'Data Sheet 1'!$D474)","v":""},{"$f":"IF(('Data Sheet 1'!$B474)=\"\",\"\",'Data Sheet 1'!$B474)","v":""},{"$f":"IF(('Data Sheet 1'!$B474)=\"\",\"\",'Data Sheet 1'!$E474)","v":""},{"$f":"IF(('Data Sheet 1'!$B474)=\"\",\"\",'Data Sheet 1'!$F474)","v":""},{"$f":"IF(('Data Sheet 1'!$B474)=\"\",\"\",'Data Sheet 1'!$G474)","v":""},{"$f":"IF(('Data Sheet 1'!$B474)=\"\",\"\",'Data Sheet 1'!$H474)","v":""}]
[{"$f":"IF(('Data Sheet 1'!$B475)=\"\",\"\",'Data Sheet 1'!$C$2)","v":""},{"$f":"IF(('Data Sheet 1'!$B475)=\"\",\"\",'Data Sheet 1'!$D$4)","v":""},{"$f":"IF(('Data Sheet 1'!$B475)=\"\",\"\",'Data Sheet 1'!$I$4)","v":""},{"$f":"IF(('Data Sheet 1'!$B475)=\"\",\"\",'Data Sheet 1'!$C475)","v":""},{"$f":"IF(('Data Sheet 1'!$B475)=\"\",\"\",'Data Sheet 1'!$D475)","v":""},{"$f":"IF(('Data Sheet 1'!$B475)=\"\",\"\",'Data Sheet 1'!$B475)","v":""},{"$f":"IF(('Data Sheet 1'!$B475)=\"\",\"\",'Data Sheet 1'!$E475)","v":""},{"$f":"IF(('Data Sheet 1'!$B475)=\"\",\"\",'Data Sheet 1'!$F475)","v":""},{"$f":"IF(('Data Sheet 1'!$B475)=\"\",\"\",'Data Sheet 1'!$G475)","v":""},{"$f":"IF(('Data Sheet 1'!$B475)=\"\",\"\",'Data Sheet 1'!$H475)","v":""}]
[{"$f":"IF(('Data Sheet 1'!$B476)=\"\",\"\",'Data Sheet 1'!$C$2)","v":""},{"$f":"IF(('Data Sheet 1'!$B476)=\"\",\"\",'Data Sheet 1'!$D$4)","v":""},{"$f":"IF(('Data Sheet 1'!$B476)=\"\",\"\",'Data Sheet 1'!$I$4)","v":""},{"$f":"IF(('Data Sheet 1'!$B476)=\"\",\"\",'Data Sheet 1'!$C476)","v":""},{"$f":"IF(('Data Sheet 1'!$B476)=\"\",\"\",'Data Sheet 1'!$D476)","v":""},{"$f":"IF(('Data Sheet 1'!$B476)=\"\",\"\",'Data Sheet 1'!$B476)","v":""},{"$f":"IF(('Data Sheet 1'!$B476)=\"\",\"\",'Data Sheet 1'!$E476)","v":""},{"$f":"IF(('Data Sheet 1'!$B476)=\"\",\"\",'Data Sheet 1'!$F476)","v":""},{"$f":"IF(('Data Sheet 1'!$B476)=\"\",\"\",'Data Sheet 1'!$G476)","v":""},{"$f":"IF(('Data Sheet 1'!$B476)=\"\",\"\",'Data Sheet 1'!$H476)","v":""}]
[{"$f":"IF(('Data Sheet 1'!$B477)=\"\",\"\",'Data Sheet 1'!$C$2)","v":""},{"$f":"IF(('Data Sheet 1'!$B477)=\"\",\"\",'Data Sheet 1'!$D$4)","v":""},{"$f":"IF(('Data Sheet 1'!$B477)=\"\",\"\",'Data Sheet 1'!$I$4)","v":""},{"$f":"IF(('Data Sheet 1'!$B477)=\"\",\"\",'Data Sheet 1'!$C477)","v":""},{"$f":"IF(('Data Sheet 1'!$B477)=\"\",\"\",'Data Sheet 1'!$D477)","v":""},{"$f":"IF(('Data Sheet 1'!$B477)=\"\",\"\",'Data Sheet 1'!$B477)","v":""},{"$f":"IF(('Data Sheet 1'!$B477)=\"\",\"\",'Data Sheet 1'!$E477)","v":""},{"$f":"IF(('Data Sheet 1'!$B477)=\"\",\"\",'Data Sheet 1'!$F477)","v":""},{"$f":"IF(('Data Sheet 1'!$B477)=\"\",\"\",'Data Sheet 1'!$G477)","v":""},{"$f":"IF(('Data Sheet 1'!$B477)=\"\",\"\",'Data Sheet 1'!$H477)","v":""}]
[{"$f":"IF(('Data Sheet 1'!$B478)=\"\",\"\",'Data Sheet 1'!$C$2)","v":""},{"$f":"IF(('Data Sheet 1'!$B478)=\"\",\"\",'Data Sheet 1'!$D$4)","v":""},{"$f":"IF(('Data Sheet 1'!$B478)=\"\",\"\",'Data Sheet 1'!$I$4)","v":""},{"$f":"IF(('Data Sheet 1'!$B478)=\"\",\"\",'Data Sheet 1'!$C478)","v":""},{"$f":"IF(('Data Sheet 1'!$B478)=\"\",\"\",'Data Sheet 1'!$D478)","v":""},{"$f":"IF(('Data Sheet 1'!$B478)=\"\",\"\",'Data Sheet 1'!$B478)","v":""},{"$f":"IF(('Data Sheet 1'!$B478)=\"\",\"\",'Data Sheet 1'!$E478)","v":""},{"$f":"IF(('Data Sheet 1'!$B478)=\"\",\"\",'Data Sheet 1'!$F478)","v":""},{"$f":"IF(('Data Sheet 1'!$B478)=\"\",\"\",'Data Sheet 1'!$G478)","v":""},{"$f":"IF(('Data Sheet 1'!$B478)=\"\",\"\",'Data Sheet 1'!$H478)","v":""}]
[{"$f":"IF(('Data Sheet 1'!$B479)=\"\",\"\",'Data Sheet 1'!$C$2)","v":""},{"$f":"IF(('Data Sheet 1'!$B479)=\"\",\"\",'Data Sheet 1'!$D$4)","v":""},{"$f":"IF(('Data Sheet 1'!$B479)=\"\",\"\",'Data Sheet 1'!$I$4)","v":""},{"$f":"IF(('Data Sheet 1'!$B479)=\"\",\"\",'Data Sheet 1'!$C479)","v":""},{"$f":"IF(('Data Sheet 1'!$B479)=\"\",\"\",'Data Sheet 1'!$D479)","v":""},{"$f":"IF(('Data Sheet 1'!$B479)=\"\",\"\",'Data Sheet 1'!$B479)","v":""},{"$f":"IF(('Data Sheet 1'!$B479)=\"\",\"\",'Data Sheet 1'!$E479)","v":""},{"$f":"IF(('Data Sheet 1'!$B479)=\"\",\"\",'Data Sheet 1'!$F479)","v":""},{"$f":"IF(('Data Sheet 1'!$B479)=\"\",\"\",'Data Sheet 1'!$G479)","v":""},{"$f":"IF(('Data Sheet 1'!$B479)=\"\",\"\",'Data Sheet 1'!$H479)","v":""}]
[{"$f":"IF(('Data Sheet 1'!$B480)=\"\",\"\",'Data Sheet 1'!$C$2)","v":""},{"$f":"IF(('Data Sheet 1'!$B480)=\"\",\"\",'Data Sheet 1'!$D$4)","v":""},{"$f":"IF(('Data Sheet 1'!$B480)=\"\",\"\",'Data Sheet 1'!$I$4)","v":""},{"$f":"IF(('Data Sheet 1'!$B480)=\"\",\"\",'Data Sheet 1'!$C480)","v":""},{"$f":"IF(('Data Sheet 1'!$B480)=\"\",\"\",'Data Sheet 1'!$D480)","v":""},{"$f":"IF(('Data Sheet 1'!$B480)=\"\",\"\",'Data Sheet 1'!$B480)","v":""},{"$f":"IF(('Data Sheet 1'!$B480)=\"\",\"\",'Data Sheet 1'!$E480)","v":""},{"$f":"IF(('Data Sheet 1'!$B480)=\"\",\"\",'Data Sheet 1'!$F480)","v":""},{"$f":"IF(('Data Sheet 1'!$B480)=\"\",\"\",'Data Sheet 1'!$G480)","v":""},{"$f":"IF(('Data Sheet 1'!$B480)=\"\",\"\",'Data Sheet 1'!$H480)","v":""}]
[{"$f":"IF(('Data Sheet 1'!$B481)=\"\",\"\",'Data Sheet 1'!$C$2)","v":""},{"$f":"IF(('Data Sheet 1'!$B481)=\"\",\"\",'Data Sheet 1'!$D$4)","v":""},{"$f":"IF(('Data Sheet 1'!$B481)=\"\",\"\",'Data Sheet 1'!$I$4)","v":""},{"$f":"IF(('Data Sheet 1'!$B481)=\"\",\"\",'Data Sheet 1'!$C481)","v":""},{"$f":"IF(('Data Sheet 1'!$B481)=\"\",\"\",'Data Sheet 1'!$D481)","v":""},{"$f":"IF(('Data Sheet 1'!$B481)=\"\",\"\",'Data Sheet 1'!$B481)","v":""},{"$f":"IF(('Data Sheet 1'!$B481)=\"\",\"\",'Data Sheet 1'!$E481)","v":""},{"$f":"IF(('Data Sheet 1'!$B481)=\"\",\"\",'Data Sheet 1'!$F481)","v":""},{"$f":"IF(('Data Sheet 1'!$B481)=\"\",\"\",'Data Sheet 1'!$G481)","v":""},{"$f":"IF(('Data Sheet 1'!$B481)=\"\",\"\",'Data Sheet 1'!$H481)","v":""}]
[{"$f":"IF(('Data Sheet 1'!$B482)=\"\",\"\",'Data Sheet 1'!$C$2)","v":""},{"$f":"IF(('Data Sheet 1'!$B482)=\"\",\"\",'Data Sheet 1'!$D$4)","v":""},{"$f":"IF(('Data Sheet 1'!$B482)=\"\",\"\",'Data Sheet 1'!$I$4)","v":""},{"$f":"IF(('Data Sheet 1'!$B482)=\"\",\"\",'Data Sheet 1'!$C482)","v":""},{"$f":"IF(('Data Sheet 1'!$B482)=\"\",\"\",'Data Sheet 1'!$D482)","v":""},{"$f":"IF(('Data Sheet 1'!$B482)=\"\",\"\",'Data Sheet 1'!$B482)","v":""},{"$f":"IF(('Data Sheet 1'!$B482)=\"\",\"\",'Data Sheet 1'!$E482)","v":""},{"$f":"IF(('Data Sheet 1'!$B482)=\"\",\"\",'Data Sheet 1'!$F482)","v":""},{"$f":"IF(('Data Sheet 1'!$B482)=\"\",\"\",'Data Sheet 1'!$G482)","v":""},{"$f":"IF(('Data Sheet 1'!$B482)=\"\",\"\",'Data Sheet 1'!$H482)","v":""}]
[{"$f":"IF(('Data Sheet 1'!$B483)=\"\",\"\",'Data Sheet 1'!$C$2)","v":""},{"$f":"IF(('Data Sheet 1'!$B483)=\"\",\"\",'Data Sheet 1'!$D$4)","v":""},{"$f":"IF(('Data Sheet 1'!$B483)=\"\",\"\",'Data Sheet 1'!$I$4)","v":""},{"$f":"IF(('Data Sheet 1'!$B483)=\"\",\"\",'Data Sheet 1'!$C483)","v":""},{"$f":"IF(('Data Sheet 1'!$B483)=\"\",\"\",'Data Sheet 1'!$D483)","v":""},{"$f":"IF(('Data Sheet 1'!$B483)=\"\",\"\",'Data Sheet 1'!$B483)","v":""},{"$f":"IF(('Data Sheet 1'!$B483)=\"\",\"\",'Data Sheet 1'!$E483)","v":""},{"$f":"IF(('Data Sheet 1'!$B483)=\"\",\"\",'Data Sheet 1'!$F483)","v":""},{"$f":"IF(('Data Sheet 1'!$B483)=\"\",\"\",'Data Sheet 1'!$G483)","v":""},{"$f":"IF(('Data Sheet 1'!$B483)=\"\",\"\",'Data Sheet 1'!$H483)","v":""}]
[{"$f":"IF(('Data Sheet 1'!$B484)=\"\",\"\",'Data Sheet 1'!$C$2)","v":""},{"$f":"IF(('Data Sheet 1'!$B484)=\"\",\"\",'Data Sheet 1'!$D$4)","v":""},{"$f":"IF(('Data Sheet 1'!$B484)=\"\",\"\",'Data Sheet 1'!$I$4)","v":""},{"$f":"IF(('Data Sheet 1'!$B484)=\"\",\"\",'Data Sheet 1'!$C484)","v":""},{"$f":"IF(('Data Sheet 1'!$B484)=\"\",\"\",'Data Sheet 1'!$D484)","v":""},{"$f":"IF(('Data Sheet 1'!$B484)=\"\",\"\",'Data Sheet 1'!$B484)","v":""},{"$f":"IF(('Data Sheet 1'!$B484)=\"\",\"\",'Data Sheet 1'!$E484)","v":""},{"$f":"IF(('Data Sheet 1'!$B484)=\"\",\"\",'Data Sheet 1'!$F484)","v":""},{"$f":"IF(('Data Sheet 1'!$B484)=\"\",\"\",'Data Sheet 1'!$G484)","v":""},{"$f":"IF(('Data Sheet 1'!$B484)=\"\",\"\",'Data Sheet 1'!$H484)","v":""}]
[{"$f":"IF(('Data Sheet 1'!$B485)=\"\",\"\",'Data Sheet 1'!$C$2)","v":""},{"$f":"IF(('Data Sheet 1'!$B485)=\"\",\"\",'Data Sheet 1'!$D$4)","v":""},{"$f":"IF(('Data Sheet 1'!$B485)=\"\",\"\",'Data Sheet 1'!$I$4)","v":""},{"$f":"IF(('Data Sheet 1'!$B485)=\"\",\"\",'Data Sheet 1'!$C485)","v":""},{"$f":"IF(('Data Sheet 1'!$B485)=\"\",\"\",'Data Sheet 1'!$D485)","v":""},{"$f":"IF(('Data Sheet 1'!$B485)=\"\",\"\",'Data Sheet 1'!$B485)","v":""},{"$f":"IF(('Data Sheet 1'!$B485)=\"\",\"\",'Data Sheet 1'!$E485)","v":""},{"$f":"IF(('Data Sheet 1'!$B485)=\"\",\"\",'Data Sheet 1'!$F485)","v":""},{"$f":"IF(('Data Sheet 1'!$B485)=\"\",\"\",'Data Sheet 1'!$G485)","v":""},{"$f":"IF(('Data Sheet 1'!$B485)=\"\",\"\",'Data Sheet 1'!$H485)","v":""}]
[{"$f":"IF(('Data Sheet 1'!$B486)=\"\",\"\",'Data Sheet 1'!$C$2)","v":""},{"$f":"IF(('Data Sheet 1'!$B486)=\"\",\"\",'Data Sheet 1'!$D$4)","v":""},{"$f":"IF(('Data Sheet 1'!$B486)=\"\",\"\",'Data Sheet 1'!$I$4)","v":""},{"$f":"IF(('Data Sheet 1'!$B486)=\"\",\"\",'Data Sheet 1'!$C486)","v":""},{"$f":"IF(('Data Sheet 1'!$B486)=\"\",\"\",'Data Sheet 1'!$D486)","v":""},{"$f":"IF(('Data Sheet 1'!$B486)=\"\",\"\",'Data Sheet 1'!$B486)","v":""},{"$f":"IF(('Data Sheet 1'!$B486)=\"\",\"\",'Data Sheet 1'!$E486)","v":""},{"$f":"IF(('Data Sheet 1'!$B486)=\"\",\"\",'Data Sheet 1'!$F486)","v":""},{"$f":"IF(('Data Sheet 1'!$B486)=\"\",\"\",'Data Sheet 1'!$G486)","v":""},{"$f":"IF(('Data Sheet 1'!$B486)=\"\",\"\",'Data Sheet 1'!$H486)","v":""}]
[{"$f":"IF(('Data Sheet 1'!$B487)=\"\",\"\",'Data Sheet 1'!$C$2)","v":""},{"$f":"IF(('Data Sheet 1'!$B487)=\"\",\"\",'Data Sheet 1'!$D$4)","v":""},{"$f":"IF(('Data Sheet 1'!$B487)=\"\",\"\",'Data Sheet 1'!$I$4)","v":""},{"$f":"IF(('Data Sheet 1'!$B487)=\"\",\"\",'Data Sheet 1'!$C487)","v":""},{"$f":"IF(('Data Sheet 1'!$B487)=\"\",\"\",'Data Sheet 1'!$D487)","v":""},{"$f":"IF(('Data Sheet 1'!$B487)=\"\",\"\",'Data Sheet 1'!$B487)","v":""},{"$f":"IF(('Data Sheet 1'!$B487)=\"\",\"\",'Data Sheet 1'!$E487)","v":""},{"$f":"IF(('Data Sheet 1'!$B487)=\"\",\"\",'Data Sheet 1'!$F487)","v":""},{"$f":"IF(('Data Sheet 1'!$B487)=\"\",\"\",'Data Sheet 1'!$G487)","v":""},{"$f":"IF(('Data Sheet 1'!$B487)=\"\",\"\",'Data Sheet 1'!$H487)","v":""}]
[{"$f":"IF(('Data Sheet 1'!$B488)=\"\",\"\",'Data Sheet 1'!$C$2)","v":""},{"$f":"IF(('Data Sheet 1'!$B488)=\"\",\"\",'Data Sheet 1'!$D$4)","v":""},{"$f":"IF(('Data Sheet 1'!$B488)=\"\",\"\",'Data Sheet 1'!$I$4)","v":""},{"$f":"IF(('Data Sheet 1'!$B488)=\"\",\"\",'Data Sheet 1'!$C488)","v":""},{"$f":"IF(('Data Sheet 1'!$B488)=\"\",\"\",'Data Sheet 1'!$D488)","v":""},{"$f":"IF(('Data Sheet 1'!$B488)=\"\",\"\",'Data Sheet 1'!$B488)","v":""},{"$f":"IF(('Data Sheet 1'!$B488)=\"\",\"\",'Data Sheet 1'!$E488)","v":""},{"$f":"IF(('Data Sheet 1'!$B488)=\"\",\"\",'Data Sheet 1'!$F488)","v":""},{"$f":"IF(('Data Sheet 1'!$B488)=\"\",\"\",'Data Sheet 1'!$G488)","v":""},{"$f":"IF(('Data Sheet 1'!$B488)=\"\",\"\",'Data Sheet 1'!$H488)","v":""}]
[{"$f":"IF(('Data Sheet 1'!$B489)=\"\",\"\",'Data Sheet 1'!$C$2)","v":""},{"$f":"IF(('Data Sheet 1'!$B489)=\"\",\"\",'Data Sheet 1'!$D$4)","v":""},{"$f":"IF(('Data Sheet 1'!$B489)=\"\",\"\",'Data Sheet 1'!$I$4)","v":""},{"$f":"IF(('Data Sheet 1'!$B489)=\"\",\"\",'Data Sheet 1'!$C489)","v":""},{"$f":"IF(('Data Sheet 1'!$B489)=\"\",\"\",'Data Sheet 1'!$D489)","v":""},{"$f":"IF(('Data Sheet 1'!$B489)=\"\",\"\",'Data Sheet 1'!$B489)","v":""},{"$f":"IF(('Data Sheet 1'!$B489)=\"\",\"\",'Data Sheet 1'!$E489)","v":""},{"$f":"IF(('Data Sheet 1'!$B489)=\"\",\"\",'Data Sheet 1'!$F489)","v":""},{"$f":"IF(('Data Sheet 1'!$B489)=\"\",\"\",'Data Sheet 1'!$G489)","v":""},{"$f":"IF(('Data Sheet 1'!$B489)=\"\",\"\",'Data Sheet 1'!$H489)","v":""}]
[{"$f":"IF(('Data Sheet 1'!$B490)=\"\",\"\",'Data Sheet 1'!$C$2)","v":""},{"$f":"IF(('Data Sheet 1'!$B490)=\"\",\"\",'Data Sheet 1'!$D$4)","v":""},{"$f":"IF(('Data Sheet 1'!$B490)=\"\",\"\",'Data Sheet 1'!$I$4)","v":""},{"$f":"IF(('Data Sheet 1'!$B490)=\"\",\"\",'Data Sheet 1'!$C490)","v":""},{"$f":"IF(('Data Sheet 1'!$B490)=\"\",\"\",'Data Sheet 1'!$D490)","v":""},{"$f":"IF(('Data Sheet 1'!$B490)=\"\",\"\",'Data Sheet 1'!$B490)","v":""},{"$f":"IF(('Data Sheet 1'!$B490)=\"\",\"\",'Data Sheet 1'!$E490)","v":""},{"$f":"IF(('Data Sheet 1'!$B490)=\"\",\"\",'Data Sheet 1'!$F490)","v":""},{"$f":"IF(('Data Sheet 1'!$B490)=\"\",\"\",'Data Sheet 1'!$G490)","v":""},{"$f":"IF(('Data Sheet 1'!$B490)=\"\",\"\",'Data Sheet 1'!$H490)","v":""}]
[{"$f":"IF(('Data Sheet 1'!$B491)=\"\",\"\",'Data Sheet 1'!$C$2)","v":""},{"$f":"IF(('Data Sheet 1'!$B491)=\"\",\"\",'Data Sheet 1'!$D$4)","v":""},{"$f":"IF(('Data Sheet 1'!$B491)=\"\",\"\",'Data Sheet 1'!$I$4)","v":""},{"$f":"IF(('Data Sheet 1'!$B491)=\"\",\"\",'Data Sheet 1'!$C491)","v":""},{"$f":"IF(('Data Sheet 1'!$B491)=\"\",\"\",'Data Sheet 1'!$D491)","v":""},{"$f":"IF(('Data Sheet 1'!$B491)=\"\",\"\",'Data Sheet 1'!$B491)","v":""},{"$f":"IF(('Data Sheet 1'!$B491)=\"\",\"\",'Data Sheet 1'!$E491)","v":""},{"$f":"IF(('Data Sheet 1'!$B491)=\"\",\"\",'Data Sheet 1'!$F491)","v":""},{"$f":"IF(('Data Sheet 1'!$B491)=\"\",\"\",'Data Sheet 1'!$G491)","v":""},{"$f":"IF(('Data Sheet 1'!$B491)=\"\",\"\",'Data Sheet 1'!$H491)","v":""}]
[{"$f":"IF(('Data Sheet 1'!$B492)=\"\",\"\",'Data Sheet 1'!$C$2)","v":""},{"$f":"IF(('Data Sheet 1'!$B492)=\"\",\"\",'Data Sheet 1'!$D$4)","v":""},{"$f":"IF(('Data Sheet 1'!$B492)=\"\",\"\",'Data Sheet 1'!$I$4)","v":""},{"$f":"IF(('Data Sheet 1'!$B492)=\"\",\"\",'Data Sheet 1'!$C492)","v":""},{"$f":"IF(('Data Sheet 1'!$B492)=\"\",\"\",'Data Sheet 1'!$D492)","v":""},{"$f":"IF(('Data Sheet 1'!$B492)=\"\",\"\",'Data Sheet 1'!$B492)","v":""},{"$f":"IF(('Data Sheet 1'!$B492)=\"\",\"\",'Data Sheet 1'!$E492)","v":""},{"$f":"IF(('Data Sheet 1'!$B492)=\"\",\"\",'Data Sheet 1'!$F492)","v":""},{"$f":"IF(('Data Sheet 1'!$B492)=\"\",\"\",'Data Sheet 1'!$G492)","v":""},{"$f":"IF(('Data Sheet 1'!$B492)=\"\",\"\",'Data Sheet 1'!$H492)","v":""}]
[{"$f":"IF(('Data Sheet 1'!$B493)=\"\",\"\",'Data Sheet 1'!$C$2)","v":""},{"$f":"IF(('Data Sheet 1'!$B493)=\"\",\"\",'Data Sheet 1'!$D$4)","v":""},{"$f":"IF(('Data Sheet 1'!$B493)=\"\",\"\",'Data Sheet 1'!$I$4)","v":""},{"$f":"IF(('Data Sheet 1'!$B493)=\"\",\"\",'Data Sheet 1'!$C493)","v":""},{"$f":"IF(('Data Sheet 1'!$B493)=\"\",\"\",'Data Sheet 1'!$D493)","v":""},{"$f":"IF(('Data Sheet 1'!$B493)=\"\",\"\",'Data Sheet 1'!$B493)","v":""},{"$f":"IF(('Data Sheet 1'!$B493)=\"\",\"\",'Data Sheet 1'!$E493)","v":""},{"$f":"IF(('Data Sheet 1'!$B493)=\"\",\"\",'Data Sheet 1'!$F493)","v":""},{"$f":"IF(('Data Sheet 1'!$B493)=\"\",\"\",'Data Sheet 1'!$G493)","v":""},{"$f":"IF(('Data Sheet 1'!$B493)=\"\",\"\",'Data Sheet 1'!$H493)","v":""}]
[{"$f":"IF(('Data Sheet 1'!$B494)=\"\",\"\",'Data Sheet 1'!$C$2)","v":""},{"$f":"IF(('Data Sheet 1'!$B494)=\"\",\"\",'Data Sheet 1'!$D$4)","v":""},{"$f":"IF(('Data Sheet 1'!$B494)=\"\",\"\",'Data Sheet 1'!$I$4)","v":""},{"$f":"IF(('Data Sheet 1'!$B494)=\"\",\"\",'Data Sheet 1'!$C494)","v":""},{"$f":"IF(('Data Sheet 1'!$B494)=\"\",\"\",'Data Sheet 1'!$D494)","v":""},{"$f":"IF(('Data Sheet 1'!$B494)=\"\",\"\",'Data Sheet 1'!$B494)","v":""},{"$f":"IF(('Data Sheet 1'!$B494)=\"\",\"\",'Data Sheet 1'!$E494)","v":""},{"$f":"IF(('Data Sheet 1'!$B494)=\"\",\"\",'Data Sheet 1'!$F494)","v":""},{"$f":"IF(('Data Sheet 1'!$B494)=\"\",\"\",'Data Sheet 1'!$G494)","v":""},{"$f":"IF(('Data Sheet 1'!$B494)=\"\",\"\",'Data Sheet 1'!$H494)","v":""}]
[{"$f":"IF(('Data Sheet 1'!$B495)=\"\",\"\",'Data Sheet 1'!$C$2)","v":""},{"$f":"IF(('Data Sheet 1'!$B495)=\"\",\"\",'Data Sheet 1'!$D$4)","v":""},{"$f":"IF(('Data Sheet 1'!$B495)=\"\",\"\",'Data Sheet 1'!$I$4)","v":""},{"$f":"IF(('Data Sheet 1'!$B495)=\"\",\"\",'Data Sheet 1'!$C495)","v":""},{"$f":"IF(('Data Sheet 1'!$B495)=\"\",\"\",'Data Sheet 1'!$D495)","v":""},{"$f":"IF(('Data Sheet 1'!$B495)=\"\",\"\",'Data Sheet 1'!$B495)","v":""},{"$f":"IF(('Data Sheet 1'!$B495)=\"\",\"\",'Data Sheet 1'!$E495)","v":""},{"$f":"IF(('Data Sheet 1'!$B495)=\"\",\"\",'Data Sheet 1'!$F495)","v":""},{"$f":"IF(('Data Sheet 1'!$B495)=\"\",\"\",'Data Sheet 1'!$G495)","v":""},{"$f":"IF(('Data Sheet 1'!$B495)=\"\",\"\",'Data Sheet 1'!$H495)","v":""}]
[{"$f":"IF(('Data Sheet 1'!$B496)=\"\",\"\",'Data Sheet 1'!$C$2)","v":""},{"$f":"IF(('Data Sheet 1'!$B496)=\"\",\"\",'Data Sheet 1'!$D$4)","v":""},{"$f":"IF(('Data Sheet 1'!$B496)=\"\",\"\",'Data Sheet 1'!$I$4)","v":""},{"$f":"IF(('Data Sheet 1'!$B496)=\"\",\"\",'Data Sheet 1'!$C496)","v":""},{"$f":"IF(('Data Sheet 1'!$B496)=\"\",\"\",'Data Sheet 1'!$D496)","v":""},{"$f":"IF(('Data Sheet 1'!$B496)=\"\",\"\",'Data Sheet 1'!$B496)","v":""},{"$f":"IF(('Data Sheet 1'!$B496)=\"\",\"\",'Data Sheet 1'!$E496)","v":""},{"$f":"IF(('Data Sheet 1'!$B496)=\"\",\"\",'Data Sheet 1'!$F496)","v":""},{"$f":"IF(('Data Sheet 1'!$B496)=\"\",\"\",'Data Sheet 1'!$G496)","v":""},{"$f":"IF(('Data Sheet 1'!$B496)=\"\",\"\",'Data Sheet 1'!$H496)","v":""}]
[{"$f":"IF(('Data Sheet 1'!$B497)=\"\",\"\",'Data Sheet 1'!$C$2)","v":""},{"$f":"IF(('Data Sheet 1'!$B497)=\"\",\"\",'Data Sheet 1'!$D$4)","v":""},{"$f":"IF(('Data Sheet 1'!$B497)=\"\",\"\",'Data Sheet 1'!$I$4)","v":""},{"$f":"IF(('Data Sheet 1'!$B497)=\"\",\"\",'Data Sheet 1'!$C497)","v":""},{"$f":"IF(('Data Sheet 1'!$B497)=\"\",\"\",'Data Sheet 1'!$D497)","v":""},{"$f":"IF(('Data Sheet 1'!$B497)=\"\",\"\",'Data Sheet 1'!$B497)","v":""},{"$f":"IF(('Data Sheet 1'!$B497)=\"\",\"\",'Data Sheet 1'!$E497)","v":""},{"$f":"IF(('Data Sheet 1'!$B497)=\"\",\"\",'Data Sheet 1'!$F497)","v":""},{"$f":"IF(('Data Sheet 1'!$B497)=\"\",\"\",'Data Sheet 1'!$G497)","v":""},{"$f":"IF(('Data Sheet 1'!$B497)=\"\",\"\",'Data Sheet 1'!$H497)","v":""}]
[{"$f":"IF(('Data Sheet 1'!$B498)=\"\",\"\",'Data Sheet 1'!$C$2)","v":""},{"$f":"IF(('Data Sheet 1'!$B498)=\"\",\"\",'Data Sheet 1'!$D$4)","v":""},{"$f":"IF(('Data Sheet 1'!$B498)=\"\",\"\",'Data Sheet 1'!$I$4)","v":""},{"$f":"IF(('Data Sheet 1'!$B498)=\"\",\"\",'Data Sheet 1'!$C498)","v":""},{"$f":"IF(('Data Sheet 1'!$B498)=\"\",\"\",'Data Sheet 1'!$D498)","v":""},{"$f":"IF(('Data Sheet 1'!$B498)=\"\",\"\",'Data Sheet 1'!$B498)","v":""},{"$f":"IF(('Data Sheet 1'!$B498)=\"\",\"\",'Data Sheet 1'!$E498)","v":""},{"$f":"IF(('Data Sheet 1'!$B498)=\"\",\"\",'Data Sheet 1'!$F498)","v":""},{"$f":"IF(('Data Sheet 1'!$B498)=\"\",\"\",'Data Sheet 1'!$G498)","v":""},{"$f":"IF(('Data Sheet 1'!$B498)=\"\",\"\",'Data Sheet 1'!$H498)","v":""}]
[{"$f":"IF(('Data Sheet 1'!$B499)=\"\",\"\",'Data Sheet 1'!$C$2)","v":""},{"$f":"IF(('Data Sheet 1'!$B499)=\"\",\"\",'Data Sheet 1'!$D$4)","v":""},{"$f":"IF(('Data Sheet 1'!$B499)=\"\",\"\",'Data Sheet 1'!$I$4)","v":""},{"$f":"IF(('Data Sheet 1'!$B499)=\"\",\"\",'Data Sheet 1'!$C499)","v":""},{"$f":"IF(('Data Sheet 1'!$B499)=\"\",\"\",'Data Sheet 1'!$D499)","v":""},{"$f":"IF(('Data Sheet 1'!$B499)=\"\",\"\",'Data Sheet 1'!$B499)","v":""},{"$f":"IF(('Data Sheet 1'!$B499)=\"\",\"\",'Data Sheet 1'!$E499)","v":""},{"$f":"IF(('Data Sheet 1'!$B499)=\"\",\"\",'Data Sheet 1'!$F499)","v":""},{"$f":"IF(('Data Sheet 1'!$B499)=\"\",\"\",'Data Sheet 1'!$G499)","v":""},{"$f":"IF(('Data Sheet 1'!$B499)=\"\",\"\",'Data Sheet 1'!$H499)","v":""}]
[{"$f":"IF(('Data Sheet 1'!$B500)=\"\",\"\",'Data Sheet 1'!$C$2)","v":""},{"$f":"IF(('Data Sheet 1'!$B500)=\"\",\"\",'Data Sheet 1'!$D$4)","v":""},{"$f":"IF(('Data Sheet 1'!$B500)=\"\",\"\",'Data Sheet 1'!$I$4)","v":""},{"$f":"IF(('Data Sheet 1'!$B500)=\"\",\"\",'Data Sheet 1'!$C500)","v":""},{"$f":"IF(('Data Sheet 1'!$B500)=\"\",\"\",'Data Sheet 1'!$D500)","v":""},{"$f":"IF(('Data Sheet 1'!$B500)=\"\",\"\",'Data Sheet 1'!$B500)","v":""},{"$f":"IF(('Data Sheet 1'!$B500)=\"\",\"\",'Data Sheet 1'!$E500)","v":""},{"$f":"IF(('Data Sheet 1'!$B500)=\"\",\"\",'Data Sheet 1'!$F500)","v":""},{"$f":"IF(('Data Sheet 1'!$B500)=\"\",\"\",'Data Sheet 1'!$G500)","v":""},{"$f":"IF(('Data Sheet 1'!$B500)=\"\",\"\",'Data Sheet 1'!$H500)","v":""}]
[{"$f":"IF(('Data Sheet 1'!$B501)=\"\",\"\",'Data Sheet 1'!$C$2)","v":""},{"$f":"IF(('Data Sheet 1'!$B501)=\"\",\"\",'Data Sheet 1'!$D$4)","v":""},{"$f":"IF(('Data Sheet 1'!$B501)=\"\",\"\",'Data Sheet 1'!$I$4)","v":""},{"$f":"IF(('Data Sheet 1'!$B501)=\"\",\"\",'Data Sheet 1'!$C501)","v":""},{"$f":"IF(('Data Sheet 1'!$B501)=\"\",\"\",'Data Sheet 1'!$D501)","v":""},{"$f":"IF(('Data Sheet 1'!$B501)=\"\",\"\",'Data Sheet 1'!$B501)","v":""},{"$f":"IF(('Data Sheet 1'!$B501)=\"\",\"\",'Data Sheet 1'!$E501)","v":""},{"$f":"IF(('Data Sheet 1'!$B501)=\"\",\"\",'Data Sheet 1'!$F501)","v":""},{"$f":"IF(('Data Sheet 1'!$B501)=\"\",\"\",'Data Sheet 1'!$G501)","v":""},{"$f":"IF(('Data Sheet 1'!$B501)=\"\",\"\",'Data Sheet 1'!$H501)","v":""}]
[{"$f":"IF(('Data Sheet 1'!$B502)=\"\",\"\",'Data Sheet 1'!$C$2)","v":""},{"$f":"IF(('Data Sheet 1'!$B502)=\"\",\"\",'Data Sheet 1'!$D$4)","v":""},{"$f":"IF(('Data Sheet 1'!$B502)=\"\",\"\",'Data Sheet 1'!$I$4)","v":""},{"$f":"IF(('Data Sheet 1'!$B502)=\"\",\"\",'Data Sheet 1'!$C502)","v":""},{"$f":"IF(('Data Sheet 1'!$B502)=\"\",\"\",'Data Sheet 1'!$D502)","v":""},{"$f":"IF(('Data Sheet 1'!$B502)=\"\",\"\",'Data Sheet 1'!$B502)","v":""},{"$f":"IF(('Data Sheet 1'!$B502)=\"\",\"\",'Data Sheet 1'!$E502)","v":""},{"$f":"IF(('Data Sheet 1'!$B502)=\"\",\"\",'Data Sheet 1'!$F502)","v":""},{"$f":"IF(('Data Sheet 1'!$B502)=\"\",\"\",'Data Sheet 1'!$G502)","v":""},{"$f":"IF(('Data Sheet 1'!$B502)=\"\",\"\",'Data Sheet 1'!$H502)","v":""}]
[{"$f":"IF(('Data Sheet 1'!$B503)=\"\",\"\",'Data Sheet 1'!$C$2)","v":""},{"$f":"IF(('Data Sheet 1'!$B503)=\"\",\"\",'Data Sheet 1'!$D$4)","v":""},{"$f":"IF(('Data Sheet 1'!$B503)=\"\",\"\",'Data Sheet 1'!$I$4)","v":""},{"$f":"IF(('Data Sheet 1'!$B503)=\"\",\"\",'Data Sheet 1'!$C503)","v":""},{"$f":"IF(('Data Sheet 1'!$B503)=\"\",\"\",'Data Sheet 1'!$D503)","v":""},{"$f":"IF(('Data Sheet 1'!$B503)=\"\",\"\",'Data Sheet 1'!$B503)","v":""},{"$f":"IF(('Data Sheet 1'!$B503)=\"\",\"\",'Data Sheet 1'!$E503)","v":""},{"$f":"IF(('Data Sheet 1'!$B503)=\"\",\"\",'Data Sheet 1'!$F503)","v":""},{"$f":"IF(('Data Sheet 1'!$B503)=\"\",\"\",'Data Sheet 1'!$G503)","v":""},{"$f":"IF(('Data Sheet 1'!$B503)=\"\",\"\",'Data Sheet 1'!$H503)","v":""}]
[{"$f":"IF(('Data Sheet 1'!$B504)=\"\",\"\",'Data Sheet 1'!$C$2)","v":""},{"$f":"IF(('Data Sheet 1'!$B504)=\"\",\"\",'Data Sheet 1'!$D$4)","v":""},{"$f":"IF(('Data Sheet 1'!$B504)=\"\",\"\",'Data Sheet 1'!$I$4)","v":""},{"$f":"IF(('Data Sheet 1'!$B504)=\"\",\"\",'Data Sheet 1'!$C504)","v":""},{"$f":"IF(('Data Sheet 1'!$B504)=\"\",\"\",'Data Sheet 1'!$D504)","v":""},{"$f":"IF(('Data Sheet 1'!$B504)=\"\",\"\",'Data Sheet 1'!$B504)","v":""},{"$f":"IF(('Data Sheet 1'!$B504)=\"\",\"\",'Data Sheet 1'!$E504)","v":""},{"$f":"IF(('Data Sheet 1'!$B504)=\"\",\"\",'Data Sheet 1'!$F504)","v":""},{"$f":"IF(('Data Sheet 1'!$B504)=\"\",\"\",'Data Sheet 1'!$G504)","v":""},{"$f":"IF(('Data Sheet 1'!$B504)=\"\",\"\",'Data Sheet 1'!$H504)","v":""}]
[{"$f":"IF(('Data Sheet 1'!$B505)=\"\",\"\",'Data Sheet 1'!$C$2)","v":""},{"$f":"IF(('Data Sheet 1'!$B505)=\"\",\"\",'Data Sheet 1'!$D$4)","v":""},{"$f":"IF(('Data Sheet 1'!$B505)=\"\",\"\",'Data Sheet 1'!$I$4)","v":""},{"$f":"IF(('Data Sheet 1'!$B505)=\"\",\"\",'Data Sheet 1'!$C505)","v":""},{"$f":"IF(('Data Sheet 1'!$B505)=\"\",\"\",'Data Sheet 1'!$D505)","v":""},{"$f":"IF(('Data Sheet 1'!$B505)=\"\",\"\",'Data Sheet 1'!$B505)","v":""},{"$f":"IF(('Data Sheet 1'!$B505)=\"\",\"\",'Data Sheet 1'!$E505)","v":""},{"$f":"IF(('Data Sheet 1'!$B505)=\"\",\"\",'Data Sheet 1'!$F505)","v":""},{"$f":"IF(('Data Sheet 1'!$B505)=\"\",\"\",'Data Sheet 1'!$G505)","v":""},{"$f":"IF(('Data Sheet 1'!$B505)=\"\",\"\",'Data Sheet 1'!$H505)","v":""}]