{"text_format":"1","workbook":"xlsx","n_sheets":12,"sheets":["Cover Page","ReadMe","Release Summary","QC Sheet","Release Point Summary","Release Parameters","Release Calcs","Release Results","Scenario 1_Static_OH","Scenario 1_Static","Scenario 2_Static_OH","Scenario 2_Static"],"not_rendered":{"charts":0,"images":1,"macros":1,"external_links":5,"defined_names":246,"comments":0,"pivot_tables":0},"unopened":[],"bounds":{"document_bytes":16777216,"sheet_cells":100000,"rows_first":2000,"rows_last":500,"rows_between":2000,"halvings":0,"cell_chars":16384,"cell_head_chars":4096},"cells_cut":0,"cells_raw":0,"read":"whole","date_system":"1900"}

{"sheet":"Cover Page","index":0,"n_rows":11,"n_cols":2,"rows_kept":11,"cut":false,"hidden":false,"merged":[]}
[]
[]
[]
[]
[null,"Risk Evaluation for 1,1-Dichloroethane  -"]
[]
[null,"Supplemental Information File:"]
[]
[null,"Repackaging Environmental Release Modeling Results"]
[]
[null,"CASRN: 75-34-3"]

{"sheet":"ReadMe","index":1,"n_rows":19,"n_cols":3,"rows_kept":19,"cut":false,"hidden":false,"merged":[[18,1,18,2],[3,1,3,2],[17,1,17,2],[16,1,16,2],[15,1,15,2],[14,1,14,2]]}
[]
[null,"Instructions for Using this Spreadsheet"]
[]
[null,"Table of Contents"]
[null,"Worksheet","Description"]
[null,"Instructions (this worksheet)","Provides instructions to the user on the use of this spreadsheet"]
[null,"Release Point Summary","Summarizes the Release Points and associated parameters used to calculate the amount of annual release from each Release Point"]
[null,"Release Parameters","A list of parameters for the release calculations. Allows an advanced user to select between performing a deterministic or Monte Carlo simulation. Monte Carlo formulas on this worksheet are based on the Monte Carlo simulator @Risk. Certain cells will appear with the \"#NAME?\" error indicator if a user does not have the program @Risk. The user must not alter parameters in this worksheet. Turn Monte Carlo \"Off\" using the toggle at the top of the sheet to view deterministic calculations (@Risk not needed for this)."]
[null,"Release Calcs","Performs the release calculations. This worksheet contains @Risk formulas to capture results during a Monte Carlo simulation iteration. Certain cells will appear with the \"#NAME?\" error indicator if a user does not have the program @Risk. The user must not alter this worksheet."]
[null,"Release Results","Provides the release results for the baseline scenario from the Monte Carlo simulation. The user must not alter this worksheet."]
[null,"Scenario 1_Static","Scenario 1: Fixed number of sites, PV=5,000 lbs\n\nProvides static release results from running the simulation with the specified parameters for the given scenario. @Risk not needed to view."]
[null,"Scenario 2_Static","Scenario 2: Fixed number of sites, PV=50,000 lbs\n\nProvides static release results from running the simulation with the specified parameters for the given scenario. @Risk not needed to view."]
[]
[]
[null,"General Notes/Assumptions"]
[null,"Assume 1,1-Dichloroethane (1,1-DCA) imported in pure form, which would be liquid form."]
[null,"Applied ESD on Transport and Storage of Chemicals to address importing pure 1,1-Dichloroethane in containers."]
[null,"Potential for 1,1-Dichloroethane to be imported and stored in drums, which would only constitute repackaging into smaller containers; conservative estimate that 1,1-Dichloroethane imported in larger quantity and transferred to drums first."]
[null,"Assume one imported container unloaded per day for repackaging, so number of containers unloaded per year is equal to number of release days per year. Note that the annual production volume per site that is selected for the simulation should not exceed 35,000 kg/site-yr, or the number of release days will begin to approach 365 days/year. "]

{"sheet":"Release Summary","index":2,"n_rows":23,"n_cols":19,"rows_kept":23,"cut":false,"hidden":false,"merged":[[4,5,5,5],[6,3,10,3],[4,3,5,3],[15,3,16,3],[4,0,5,0],[4,1,5,1],[22,0,23,5],[4,13,4,18],[15,7,15,12],[15,13,15,18],[4,2,5,2],[15,2,16,2],[4,4,5,4],[15,4,16,4],[11,0,12,5],[15,5,16,5],[15,6,16,6],[17,3,21,3],[4,7,4,12],[15,0,16,0],[15,1,16,1],[4,6,5,6]]}
["Release Summary - 50th and 95th Percentile estimates"]
[{"$f":"\"Scenario 2: PV = \" & 'Scenario 2_Static'!B2 & \" kg/yr\"","v":"Scenario 2: PV = 22680 kg/yr"}]
[]
["50th Percentile"]
["Release Source","Media of Release","Daily Release (kg/site-day)","Days per Year","Annual Release (kg/site-yr)","Release Duration (hr/day)","Release Pattern","Daily Release Estimate by Media (kg/site-day)",null,null,null,null,null,"Annual Release Estimate by Media (kg/site-yr)"]
[null,null,null,null,null,null,null,"Water (Direct)","Water (Indirect)","Hazardous Waste Incineration","Hazardous Waste Landfill","Stack Air","Fugitive Air","Water (Direct)","Water (Indirect)","Hazardous Waste Incineration","Hazardous Waste Landfill","Stack Air","Fugitive Air"]
["1. Emptying (drums)","Fugitive or Stack Air",{"$f":"INDEX('Scenario 2_Static'!$B$43:$I$49,MATCH(A$4,'Scenario 2_Static'!$A$43:$A$49, 0), MATCH($A7, 'Scenario 2_Static'!$B$30:$F$30, 0))","v":0.20339540721804897},{"$f":"'Scenario 2_Static'!$F$12","v":26},{"$f":"INDEX('Scenario 2_Static'!$B$34:$I$40,MATCH(A$4,'Scenario 2_Static'!$A$43:$A$49, 0), MATCH($A7, 'Scenario 2_Static'!$B$30:$F$30, 0))","v":9.2345840022479848},"mean: 2.4\nrange: 1.3 to 6.4","unknown - see operating days",null,null,null,null,{"$f":"C7","v":0.20339540721804897},{"$f":"C7","v":0.20339540721804897},null,null,null,null,{"$f":"E7","v":9.2345840022479848},{"$f":"E7","v":9.2345840022479848}]
["2. Storage","N/A","n/a",null,{"$f":"INDEX('Scenario 2_Static'!$B$34:$I$40,MATCH(A$4,'Scenario 2_Static'!$A$43:$A$49, 0), MATCH($A8, 'Scenario 2_Static'!$B$30:$F$30, 0))","v":"-"},"N/A","unknown - see operating days"]
["3. Filling (small containers)","Fugitive or Stack Air",{"$f":"INDEX('Scenario 2_Static'!$B$43:$I$49,MATCH(A$4,'Scenario 2_Static'!$A$43:$A$49, 0), MATCH($A9, 'Scenario 2_Static'!$B$30:$F$30, 0))","v":3.3718187214541756E-2},null,{"$f":"INDEX('Scenario 2_Static'!$B$34:$I$40,MATCH(A$4,'Scenario 2_Static'!$A$43:$A$49, 0), MATCH($A9, 'Scenario 2_Static'!$B$30:$F$30, 0))","v":1.5553780218495301},"mean: 4.8\nrange: 2.1 to 8.5","unknown - see operating days",null,null,null,null,{"$f":"C9","v":3.3718187214541756E-2},{"$f":"C9","v":3.3718187214541756E-2},null,null,null,null,{"$f":"E9","v":1.5553780218495301},{"$f":"E9","v":1.5553780218495301}]
["4. Open Surface Losses to Air During Container Cleaning","Fugitive or Stack Air",{"$f":"INDEX('Scenario 2_Static'!$B$43:$I$49,MATCH(A$4,'Scenario 2_Static'!$A$43:$A$49, 0), MATCH($A10, 'Scenario 2_Static'!$B$30:$F$30, 0))","v":2.6052098468059585E-3},null,{"$f":"INDEX('Scenario 2_Static'!$B$34:$I$40,MATCH(A$4,'Scenario 2_Static'!$A$43:$A$49, 0), MATCH($A10, 'Scenario 2_Static'!$B$30:$F$30, 0))","v":0.11838213841245621},"mean: 2.4\nrange: 1.3 to 6.4","unknown - see operating days",null,null,null,null,{"$f":"C10","v":2.6052098468059585E-3},{"$f":"C10","v":2.6052098468059585E-3},null,null,null,null,{"$f":"E10","v":0.11838213841245621},{"$f":"E10","v":0.11838213841245621}]
["5. Container Cleaning (drums)","Hazardous Waste Landfill or Hazardous Waste Incineration*",{"$f":"INDEX('Scenario 2_Static'!$B$43:$I$49,MATCH(A$4,'Scenario 2_Static'!$A$43:$A$49, 0), MATCH($A11, 'Scenario 2_Static'!$B$30:$F$30, 0))","v":5.9958922002900641},null,{"$f":"INDEX('Scenario 2_Static'!$B$34:$I$40,MATCH(A$4,'Scenario 2_Static'!$A$43:$A$49, 0), MATCH($A11, 'Scenario 2_Static'!$B$30:$F$30, 0))","v":274.54931043622059},"N/A","unknown - see operating days",null,null,{"$f":"C11","v":5.9958922002900641},{"$f":"C11","v":5.9958922002900641},null,null,null,null,{"$f":"E11","v":274.54931043622059},{"$f":"E11","v":274.54931043622059}]
["* Note that incineration release estimates represent the amount of chemical sent for incineration and do not account for destruction efficiency. Water releases are not expected as 1,1-Dichloroethane is classified as hazardous by RCRA; according to the GS hazardous wastes are likely sent to hazardous landfill or incineration - water releases are not expected.",null,null,null,null,null,"Total Releases by Media:",{"$f":"IF(SUM(H7:H11)>0, SUM(H7:H11), \"\")","v":""},{"$f":"IF(SUM(I7:I11)>0, SUM(I7:I11), \"\")","v":""},5.9958922002900641,5.9958922002900641,0.23971880427939668,0.23971880427939668,{"$f":"IF(SUM(N7:N11)>0, SUM(N7:N11), \"\")","v":""},{"$f":"IF(SUM(O7:O11)>0, SUM(O7:O11), \"\")","v":""},{"$f":"IF(SUM(P7:P11)>0, SUM(P7:P11), \"\")","v":274.54931043622059},{"$f":"IF(SUM(Q7:Q11)>0, SUM(Q7:Q11), \"\")","v":274.54931043622059},{"$f":"IF(SUM(R7:R11)>0, SUM(R7:R11), \"\")","v":10.908344162509971},{"$f":"IF(SUM(S7:S11)>0, SUM(S7:S11), \"\")","v":10.908344162509971}]
[]
[]
["95th Percentile"]
["Release Source","Media of Release","Daily Release (kg/site-day)","Days per Year","Annual Release (kg/site-yr)","Release Duration (hr/day)","Release Pattern","Daily Release Estimate by Media (kg/site-day)",null,null,null,null,null,"Annual Release Estimate by Media (kg/site-yr)"]
[null,null,null,null,null,null,null,"Water (Direct)","Water (Indirect)","Hazardous Waste Incineration","Hazardous Waste Landfill","Stack Air","Fugitive Air","Water (Direct)","Water (Indirect)","Hazardous Waste Incineration","Hazardous Waste Landfill","Stack Air","Fugitive Air"]
["1. Emptying (drums)","Fugitive or Stack Air",{"$f":"INDEX('Scenario 2_Static'!$B$43:$I$49,MATCH(A$15,'Scenario 2_Static'!$A$43:$A$49, 0), MATCH($A18, 'Scenario 2_Static'!$B$30:$F$30, 0))","v":0.38461870241703655},{"$f":"'Scenario 2_Static'!F11","v":129},{"$f":"INDEX('Scenario 2_Static'!$B$34:$I$40,MATCH(A$15,'Scenario 2_Static'!$A$43:$A$49, 0), MATCH($A18, 'Scenario 2_Static'!$B$30:$F$30, 0))","v":14.681184582122686},"mean: 2.4\nrange: 1.3 to 6.4","unknown - see operating days",null,null,null,null,{"$f":"C18","v":0.38461870241703655},{"$f":"C18","v":0.38461870241703655},null,null,null,null,{"$f":"E18","v":14.681184582122686},{"$f":"E18","v":14.681184582122686}]
["2. Storage","N/A","n/a",null,"n/a","N/A","unknown - see operating days"]
["3. Filling (small containers)","Fugitive or Stack Air",{"$f":"INDEX('Scenario 2_Static'!$B$43:$I$49,MATCH(A$15,'Scenario 2_Static'!$A$43:$A$49, 0), MATCH($A20, 'Scenario 2_Static'!$B$30:$F$30, 0))","v":7.1443532861551973E-2},null,{"$f":"INDEX('Scenario 2_Static'!$B$34:$I$40,MATCH(A$15,'Scenario 2_Static'!$A$43:$A$49, 0), MATCH($A20, 'Scenario 2_Static'!$B$30:$F$30, 0))","v":3.8769865334947209},"mean: 4.8\nrange: 2.1 to 8.5","unknown - see operating days",null,null,null,null,{"$f":"C20","v":7.1443532861551973E-2},{"$f":"C20","v":7.1443532861551973E-2},null,null,null,null,{"$f":"E20","v":3.8769865334947209},{"$f":"E20","v":3.8769865334947209}]
["4. Open Surface Losses to Air During Container Cleaning","Fugitive or Stack Air",{"$f":"INDEX('Scenario 2_Static'!$B$43:$I$49,MATCH(A$15,'Scenario 2_Static'!$A$43:$A$49, 0), MATCH($A21, 'Scenario 2_Static'!$B$30:$F$30, 0))","v":4.3375356820206101E-3},null,{"$f":"INDEX('Scenario 2_Static'!$B$34:$I$40,MATCH(A$15,'Scenario 2_Static'!$A$43:$A$49, 0), MATCH($A21, 'Scenario 2_Static'!$B$30:$F$30, 0))","v":0.25033651476701352},"mean: 2.4\nrange: 1.3 to 6.4","unknown - see operating days",null,null,null,null,{"$f":"C21","v":4.3375356820206101E-3},{"$f":"C21","v":4.3375356820206101E-3},null,null,null,null,{"$f":"E21","v":0.25033651476701352},{"$f":"E21","v":0.25033651476701352}]
["5. Container Cleaning (drums)","Hazardous Waste Landfill or Hazardous Waste Incineration*",{"$f":"INDEX('Scenario 2_Static'!$B$43:$I$49,MATCH(A$15,'Scenario 2_Static'!$A$43:$A$49, 0), MATCH($A22, 'Scenario 2_Static'!$B$30:$F$30, 0))","v":9.3580199135326136},null,{"$f":"INDEX('Scenario 2_Static'!$B$34:$I$40,MATCH(A$15,'Scenario 2_Static'!$A$43:$A$49, 0), MATCH($A22, 'Scenario 2_Static'!$B$30:$F$30, 0))","v":319.75028924505489},"N/A","unknown - see operating days",null,null,{"$f":"C22","v":9.3580199135326136},{"$f":"C22","v":9.3580199135326136},null,null,null,null,{"$f":"E22","v":319.75028924505489},{"$f":"E22","v":319.75028924505489}]
[10,null,null,null,null,null,"Total Releases by Media:",{"$f":"IF(SUM(H18:H22)>0, SUM(H18:H22), \"\")","v":""},{"$f":"IF(SUM(I18:I22)>0, SUM(I18:I22), \"\")","v":""},{"$f":"IF(SUM(J18:J22)>0, SUM(J18:J22), \"\")","v":9.3580199135326136},{"$f":"IF(SUM(K18:K22)>0, SUM(K18:K22), \"\")","v":9.3580199135326136},{"$f":"IF(SUM(L18:L22)>0, SUM(L18:L22), \"\")","v":0.46039977096060913},{"$f":"IF(SUM(M18:M22)>0, SUM(M18:M22), \"\")","v":0.46039977096060913},{"$f":"IF(SUM(N18:N22)>0, SUM(N18:N22), \"\")","v":""},{"$f":"IF(SUM(O18:O22)>0, SUM(O18:O22), \"\")","v":""},{"$f":"IF(SUM(P18:P22)>0, SUM(P18:P22), \"\")","v":319.75028924505489},{"$f":"IF(SUM(Q18:Q22)>0, SUM(Q18:Q22), \"\")","v":319.75028924505489},{"$f":"IF(SUM(R18:R22)>0, SUM(R18:R22), \"\")","v":18.808507630384419},{"$f":"IF(SUM(S18:S22)>0, SUM(S18:S22), \"\")","v":18.808507630384419}]

{"sheet":"QC Sheet","index":3,"n_rows":31,"n_cols":10,"rows_kept":31,"cut":false,"hidden":false,"merged":[[11,0,11,9],[16,0,16,9],[21,0,21,9],[26,0,26,9]]}
[]
[]
[]
[]
[]
[]
[]
[]
[]
[]
[]
["Scenario 1 (1,1-DCA)"]
["Annual Emissions","Total Fugitive or stack air","Total Release to Hazardous Landfill or Incineration",null,"1. Emptying (drums)","2. Storage","3. Filling (small containers)","4. Open Surface Losses to Air During Container Cleaning","5. Container Cleaning (drums)","Yearly Use Rate/Site (kg/site-yr)"]
[null,null,null,null,"Fugitive or Stack Air","Not expected to lead to significant losses to the environment","Fugitive or Stack Air","Fugitive or Stack Air","Landfill or incineration"]
["Kilograms/site-yr",{"$f":"'Scenario 1_Static'!B11*2","v":6.1446358040325801},{"$f":"'Scenario 1_Static'!C11*2","v":67.998174405483326},null,{"$f":"'Scenario 1_Static'!B34*2","v":4.4270672569758949},null,{"$f":"'Scenario 1_Static'!D34*2","v":2.6908908581393183},{"$f":"'Scenario 1_Static'!E34*2","v":0.12430511568866727},{"$f":"'Scenario 1_Static'!F34*2","v":67.998174405483326},2268]
["Percent of Annual Use Rate",{"$f":"(B15/$J$15)","v":2.7092750458697443E-3},{"$f":"(C15/$J$15)","v":2.9981558379842736E-2},null,1.9519696900246451E-3,0,1.1864598139944085E-3,5.480825206731361E-5,2.9981558379842736E-2]
["Scenario 1 (TCEP)"]
["Annual Emissions","Total Fugitive or stack air","Total Release to Hazardous Landfill or Incineration",null,"1. Emptying (drums)","2. Storage","3. Filling (small containers)","4. Open Surface Losses to Air During Container Cleaning","5. Container Cleaning (drums)","Yearly Use Rate/Site (kg/site-yr)"]
[null,2.0568974683443019E-3,33.998019449994324,null,"Fugitive or Stack Air","Not expected to lead to significant losses to the environment","Fugitive or Stack Air","Fugitive or Stack Air","Wastewater to onsite treatment or discharge to POTW (with or without pretreatment)"]
["Kilograms/site-yr",2.0568974683443002E-3,33.998019449994302,null,1.4477830687040093E-3,null,9.0025168030925698E-4,3.3309429567557024E-5,33.998019449994324,1134]
["Percent of Annual Use Rate",{"$f":"(B20/$J$20)","v":1.8138425646775134E-6},{"$f":"(C20/$J$20)","v":2.9980616798936776E-2},null,1.2767046461234649E-6,0,7.9387273395878043E-7,2.9373394680385383E-8,2.9980616798936793E-2]
["Scenario 2 (1,1-DCA)"]
["Annual Emissions","Total Fugitive or stack air","Total Release to Hazardous Landfill or Incineration",null,"1. Emptying (drums)","2. Storage","3. Filling (small containers)","4. Open Surface Losses to Air During Container Cleaning","5. Container Cleaning (drums)","Yearly Use Rate/Site (kg/site-yr)"]
[null,null,null,null,"Fugitive or Stack Air","Not expected to lead to significant losses to the environment","Fugitive or Stack Air","Fugitive or Stack Air","Landfill or incineration"]
["Kilograms/site-yr",{"$f":"'Scenario 2_Static'!B11*2","v":55.84023638681677},{"$f":"'Scenario 2_Static'!C11*2","v":680.0174119270954},null,{"$f":"'Scenario 2_Static'!B34*2","v":34.800336591844463},null,{"$f":"'Scenario 2_Static'!D34*2","v":24.669618136609856},{"$f":"'Scenario 2_Static'!E34*2","v":1.1583767580847655},{"$f":"'Scenario 2_Static'!F34*2","v":680.0174119270954},22680]
["Percent of Annual Use Rate",{"$f":"(B25/$J$25)","v":2.4620915514469476E-3},{"$f":"(C25/$J$25)","v":2.9983131037349887E-2},null,{"$f":"(E25/$J$25)","v":1.5344063753017841E-3},0,1.0877256673990235E-3,5.1074812966700421E-5,2.9983131037349887E-2]
["Scenario 2 (TCEP)"]
["Annual Emissions","Total Fugitive or stack air","Total Release to Hazardous Landfill or Incineration",null,"1. Emptying (drums)","2. Storage","3. Filling (small containers)","4. Open Surface Losses to Air During Container Cleaning","5. Container Cleaning (drums)","Yearly Use Rate/Site (kg/site-yr)"]
[null,null,null,null,"Fugitive or Stack Air","Not expected to lead to significant losses to the environment","Fugitive or Stack Air","Fugitive or Stack Air","Wastewater to onsite treatment or discharge to POTW (with or without pretreatment)"]
["Kilograms/site-yr",1.9619131543997935E-2,340.00121861749278,null,1.1499640183681928E-2,null,8.5553001907185677E-3,3.1345695859258155E-4,340.00121861749278,11340]
["Percent of Annual Use Rate",{"$f":"(B30/$J$30)","v":1.7300821467370313E-6},{"$f":"(C30/$J$30)","v":2.9982470777556683E-2},null,1.0140776176086355E-6,0,7.5443564292050865E-7,2.7641707106929591E-8,2.9982470777556683E-2]

{"sheet":"Release Point Summary","index":4,"n_rows":20,"n_cols":18,"rows_kept":20,"cut":false,"hidden":false,"merged":[[0,16,0,17],[1,12,1,13],[1,6,1,7],[1,4,1,5],[1,8,1,9],[1,10,1,11],[0,0,0,1],[0,3,0,13],[2,4,2,5],[2,6,2,7],[2,8,2,9],[2,10,2,11],[2,12,2,13]]}
["Parameter Definition",null,null,"Release Points (from ESD/GS)",null,null,null,null,null,null,null,null,null,null,null,null,"General Parameters"]
["Possible Parameters","Variable",null,"Release Point","1. Emptying (drums)",null,"2. Storage",null,"3. Filling (small containers)",null,"4. Open Surface Losses to Air During Container Cleaning",null,"5. Container Cleaning (drums)",null,null,null,"Number of Sites","Ns"]
["Saturation Factor Unloading","Fsaturation_unloading",null,"Expected/Conservative Release Media","fugitive air or stack air",null,"Not expected to lead to significant losses to the environment",null,"fugitive air or stack air",null,"fugitive air or stack air",null,"wastewater to onsite treatment or discharge to POTW (with or without pretreatment)",null,null,null,"Production Volume","PV"]
["1,1-DCA Molecular Weight","MW",null,"Input Parameters:","Saturation Factor Unloading","Fsaturation_unloading","-","-","Saturation Factor Loading","Fsaturation_loading","1,1-DCA Molecular Weight","MW","Container Loss Fraction","Floss_cont"]
["Import Container Volume","Vimport_cont",null,null,"1,1-DCA  Molecular Weight","MW",null,null,"1,1-DCA Molecular Weight","MW","1,1-DCA Mass Fraction/VP Correction Factor","F11DCA","Production Volume","PV"]
["Fill Rate of Drum","RATEfill_drum",null,null,"Import Container Volume","Vimport_cont",null,null,"Small Container Volume","Vfill_cont","1,1-DCA Vapor Pressure","VP"]
["1,1-DCA Vapor Pressure","VP",null,null,"Fill Rate of Drum","RATEfill_drum",null,null,"Fill Rate of Small Container","RATEfill_smallcont","Air Speed","RATEair_speed"]
["Gas Constant","R",null,null,"1,1-DCA Vapor Pressure","VP",null,null,"1,1-DCA Vapor Pressure","VP","Diameter of Opening for Container Cleaning","Dopening_cont-cleaning"]
["Temperature","T",null,null,"Gas Constant","R",null,null,"Gas Constant","R","Temperature","T"]
["Production Volume","PV",null,null,"Temperature","T",null,null,"Temperature","T","Pressure","P"]
["1,1-DCA Density","r",null,null,"Production Volume","PV",null,null,"Production Volume","PV","Fill Rate of Drum","RATEfill_drum"]
["Saturation Factor Loading","Fsaturation_loading",null,null,"1,1-DCA Density","r",null,null,"1,1-DCA Density","r","Import Container Volume","Vimport_cont"]
["Small Container Volume","Vfill_cont",null,null,null,null,null,null,null,null,"Production Volume","PV"]
["Fill Rate of Small Container","RATEfill_smallcont",null,null,null,null,null,null,null,null,"1,1-DCA Density","r"]
["1,1-DCA Mass Fraction/VP Correction Factor","F11-DCA"]
["Air Speed","RATEair_speed"]
["Diameter of Opening for Container Cleaning","Dopening_cont-cleaning"]
["Pressure","P"]
["Container Loss Fraction","Floss_cont"]
["Number of Sites","Ns"]

{"sheet":"Release Parameters","index":5,"n_rows":31,"n_cols":16,"rows_kept":31,"cut":false,"hidden":false,"merged":[[3,9,4,9],[3,11,4,11],[3,12,4,12],[10,1,11,1],[10,2,11,2],[10,12,11,12],[3,1,4,1],[3,3,4,3],[3,2,4,2],[3,6,3,8],[3,4,3,5]]}
[]
[null,"Turn Monte Carlo On or Off","On"]
[]
[null,"Input Parameter","Symbol","Unit","Deterministic Values",null,"Uncertainty Analysis Distribution Parameters",null,null,"Distribution Type",null,"Selected Value (Deterministic or @Risk Formula)","Notes/Comments"]
[null,null,null,null,"Value","Basis","Lower Bound","Upper Bound","Mode",null,"@Risk Formulas",null,null,null,null,"On/Off Drop Down"]
[null,"Container Loss Fraction","Floss_cont","kg/kg",2.5000000000000001E-2,"Typical",1.7000000000000001E-2,0.03,2.5000000000000001E-2,"Triangular",2.5000000000000001E-2,{"$f":"IF($C$2=$P$6, K6, E6)","v":2.5000000000000001E-2},"Loss fractions for container residual are consistent with EPA/OPPT Drum residual Model using 0.03 loss fraction as high-end and 0.025 as central tendency. Minimum of 0.017 is per review of data used to develop drum model and preliminary EPA guidance on 5/25/2022.",null,null,"On"]
[null,"Saturation Factor Unloading","Fsaturation_unloading","kg/kg",0.5,"Typical",0.5,1.45,0.5,"Triangular",0.5,0.5,"AP-42 provided values",null,null,"Off"]
[null,"Saturation Factor Loading","Fsaturation_loading","kg/kg",0.5,"Typical",0.5,1.45,0.5,"Triangular",0.5,0.5,"AP-42 provided values"]
[null,"Import Container Volume","Vimport_cont","gal/container",55,"Typical",20,100,55,"Triangular",55,{"$f":"IF($C$2=$P$6, K9, E9)","v":55},"Standard EPA values for Vapor Generation Rate/Volatile Air Release Models given as 20 to <100 gallons for drum volume, with 55 gallons as default value. Typically use drums for given throughput as suggested in ESD on Transport and Storage (HERO ID 6393282)."]
[null,"Small Container Volume","Vfill_cont","gal/container",5,"Typical",5,20,5,"Triangular",5,5,"Standard EPA values for Vapor Generation Rate/Volatile Air Release Models given as 5 to <20 gallons for small container volume, with 5 gallons as default value. "]
[null,"Air Speed","RATEair_speed","cm/s",10,"50th percentile",1.3,202.2,"—","Lognormal",10,{"$f":"IF($C$2=$P$6, K11, E11)","v":10},"Distribution using EPA's air speed model for industrial uses; converted to ft/min for model use. For industrial facilities, it’s a lognormal distribution with mean of 22.414 cm/s, standard deviation of 19.958 cm/s, max truncated at 202.2 cm/s."]
[null,null,null,"ft/min",{"$f":"E11*ft_per_cm*60","v":19.684799999999999},"50th percentile",{"$f":"G11*ft_per_cm*60","v":2.559024},{"$f":"H11*ft_per_cm*60","v":398.02665599999995},"—","Lognormal",19.684799999999999,{"$f":"IF($C$2=$P$6, K12, E12)","v":19.684799999999999}]
[]
[null,"Constants and Unit Conversions","Symbol","Value","Unit","Notes/Comments"]
[null,"Number of Sites","Ns",2,"sites","what-if scenario "]
[null,"Production Volume Assessed","PV_lbs",50000,"lbs/yr","what-if scenario"]
[null,"Production Volume","PV",{"$f":"D16/lbs_per_kg","v":22679.645471781987},"kg/yr","used for calcs"]
[null,"1,1-DCA Import Mass Fraction","F11DCA",1,"kg/kg","also use for vapor pressure correction factor"]
[null,"1,1-DCA Molecular Weight","MW",98.95,"g/mol"]
[null,"Fill Rate of Drum","RATEfill_drum",20,"containers/hr"]
[null,"Fill Rate of Small Container","RATEfill_smallcont",60,"containers/hr"]
[null,"Diameter of Opening for Container Cleaning","Dopening_cont-cleaning",5.08,"cm"]
[null,"1,1-DCA Vapor Pressure","VP",227,"Torr","Final Scope (mmHg)"]
[null,"1,1-DCA Density","rho11DCA",1168,"kg/m^3"]
[null,"Gas Constant","R",62.363669999999999,"L*torr/mol-K"]
[null,"Temperature","T",298,"K"]
[null,"Pressure","P",760,"torr"]
[null,"lb/kg","—",2.2046199999999998,"lb/kg"]
[null,"ft/cm","—",3.2807999999999997E-2,"ft/cm"]
[null,"m^3/gal","—",3.7854099999999999E-3,"m^3/gal"]
[null,"L/gal","—",3.7854000000000001,"L/gal"]

{"sheet":"Release Calcs","index":6,"n_rows":30,"n_cols":6,"rows_kept":30,"cut":false,"hidden":false,"merged":[]}
[]
[null,"Calculation of Baseline Releases"]
[]
[null,"Parameter Name","Symbol","Equation","Stochastic Value","Unit"]
[null,"Facility Production Rate","PVsite","PV/Ns",11339.822735890993,"kg/site-year"]
[null,"Release Days per site/Number of Import Containers","RD","(PVsite/(rho11DCA*0.00378541 m3/gal*Vimport_cont)",47,"days"]
[null,"Facility Daily Production Rate","Qchem_site_day","PV/(Nsites * RD)",241.27282416789348,"kg/site-day"]
[null,"Facility Annual Production Rate","Qchem_site_yr","PV/(Nsites)",11339.822735890993,"kg/site-day"]
[null,"Mass of Chemical in Unloaded Container","Qproc_container_unload","Vimport_container * RHO12DCA * m^3_per_gal",243.1747384,"kg chemical/unload container"]
[null,"Mass of Chemical in Filled Container","Qproc_container_fill","Vsmall_container * RHO12DCA * m^3_per_gal",22.106794399999998,"kg chemical/fill container"]
[null,"Number of Transport Containers Unloaded Daily per Site","Ncont_unload_day","(Qchem_site_day * RD)/(Fchem * Qproc_cont_unload)",46.632404379265878,"containers unloaded/day"]
[null,"Number of Transport Containers Unloaded Annually per Site","Ncont_unload_yr","(Qchem_site_yr * RD)/(Fchem * Qproc_cont_unload)",2191.7230058254963,"containers unloaded/day"]
[null,"Number of Transport Containers Unloaded Daily per Site","Ncont_load_day","(Qchem_site_day * RD)/(Fchem * Qproc_cont_fill)",512.95644817192465,"containers loaded/day"]
[null,"Number of Transport Containers Unloaded Annually per Site","Ncont_load_yr","(Qchem_site_yr * RD)/(Fchem * Qproc_cont_fill)",24108.953064080459,"containers loaded/day"]
[null,"Daily Hours Spent Unloading Containers","OHunload_day","Ncont_unload_day/RATEfill_drum",2.3316202189632937,"hours/day"]
[null,"Daily Hours Spent Filling Containers","OHload_day","Ncont_fill_day/RATEfill_smallcont",8.5492741361987434,"hours/day"]
[null,"Annual Hours Spent Unloading Containers","OHunload_yr","Ncont_unload_yr/RATEfill_drum",109.58615029127482,"hours/yr"]
[null,"Annual Hours Spent Filling Containers","OHload_yr","Ncont_fill_yr/RATEfill_smallcont",401.81588440134095,"hours/yr"]
[null,"Release Point 1 annual release per site (Emptying drums)","Release_YearRP1","(RD/RATEfill_drum)*(3600 s/hr)*(0.001 kg/g)*[Fsaturation_unloading*MW11DCA*(Vimport_cont*(3.7854 L/gal))*(RATEfill_drum/(3600 s/hr))*F11DCA*(VP)]/(R*T)",5.9133836533436872,"kg/site-yr"]
[null,"Release Point 3 annual release per site (Filling small containers)","Release_YearRP3","(RD/RATEfill_smallcont)*(3600 s/hr)*(0.001 kg/g)*[Fsaturation_loading*MW11DCA*(Vfill_cont*(3.7854 L/gal))*(RATEfill_smallcont/(3600 s/hr))*F11DCA*(VP)]/(R*T)",0.53758033212215328,"kg/site-yr"]
[null,"Release Point 4 annual release per site (Open surface losses during container cleaning)","Release_YearRP4","Penetration Model (if air speed <= 100 ft/min):\n(RD/RATEfill_drum*(3600 s/hr))*(0.001 kg/g)*[[(8.24E-8*(MW11DCA^0.835)*F11DCA*VP*((1/29+1/MW11DCA)^0.25)*(RATEair_speed^0.5)*(0.25*pi*Dopening_cont-cleaning^2)]/(T^0.05*Dopening_cont-cleaning^0.5*P^0.5)]\n\nMass Transfer Coefficient Model (if air speed >100 ft/min):\n(RD/RATEfill_drum*(3600 s/hr))*(0.001 kg/g)*[[(1.93E-7*(MW11DCA^0.78)*F11DCA*VP*((1/29+1/MW11DCA)^0.33)*(RATEair_speed^0.78)*(0.25*pi*Dopening_cont-cleaning^2)]/(T^0.4*Dopening_cont-cleaning^0.11*(T^0.5-5.87)^(2/3)]",0.10116781890836821,"kg/site-yr"]
[null,"Release Point 5 annual release per site (Drum cleaning)","Release_YearRP5","PVsite*Floss_cont",283.49556839727484,"kg/site-yr"]
[null,"Release Point 1 site release per release day (Emptying drums)","Release_per DayRP1","Release_YearRP1/RD",0.1258166734753976,"kg/site-day"]
[null,"Release Point 3 site release per release day (Filling small containers)","Release_per DayRP3","Release_YearRP3/RD",1.1437879406854324E-2,"kg/site-day"]
[null,"Release Point 4 site release per release day (Open surface losses during container cleaning)","Release_per DayRP4","Release_YearRP4/RD",2.1525067852844301E-3,"kg/site-day"]
[null,"Release Point 5 site release per release day (Drum cleaning)","Release_per DayRP5","Release_YearRP5/RD",6.0318206041973372,"kg/site-day"]
[null,"Total Annual Release to fugitive or stack air","Release_totalair","Release_YearRP1 + Release_YearRP3 + Release_YearRP4",6.5521318043742083,"kg/site-yr"]
[null,"Total Annual Releaseto landfill or incineration","Release_total land_inc","Release_YearRP5 ",283.49556839727484,"kg/site-yr"]
[null,"Total Daily Release to fugitive or stack air","Release_airday","Release_totalair/RD",0.13940705966753636,"kg/site-day"]
[null,"Total Daily Release to landfill or incineration","Release_land_inc_day","Release_totalwater/RD",6.0318206041973372,"kg/site-day"]

{"sheet":"Release Results","index":7,"n_rows":67,"n_cols":6,"rows_kept":67,"cut":false,"hidden":false,"merged":[[4,0,4,1],[0,0,0,1],[8,1,8,2],[28,1,28,5]]}
["What-If Scenario"]
["Production Volume Assessed (kg/yr)",22680]
["Number of Sites",2]
[]
["Monte Carlo Simulation Parameters"]
["Number of Iterations",100000]
["Sampling Method","Latin Hypercube"]
[]
[null,"Release Media"]
["Total Annual Release (kg/site-yr)","fugitive air or stack air","hazardous landfill or incineration",null,"Release Days (days/yr)","RD"]
["Maximum",6.5521318043742083,283.49556839727484,null,"Maximum",47]
["99th Percentile",6.5521318043742083,283.49556839727484,null,"Minimum",47]
["95th Percentile",6.5521318043742083,283.49556839727484]
["50th Percentile",6.5521318043742083,283.49556839727484]
["5th Percentile",6.5521318043742083,283.49556839727484]
["Minimum",6.5521318043742083,283.49556839727484]
["Mean",6.5521318043742083,283.49556839727484]
[]
["Total Release per-Day (kg/site-day)"]
["Maximum",0.13940705966753636,6.0318206041973372]
["99th Percentile",0.13940705966753636,6.0318206041973372]
["95th Percentile",0.13940705966753636,6.0318206041973372]
["50th Percentile",0.13940705966753636,6.0318206041973372]
["5th Percentile",0.13940705966753636,6.0318206041973372]
["Minimum",0.13940705966753636,6.0318206041973372]
["Mean",0.13940705966753636,6.0318206041973372]
[]
[]
[null,"Release Point"]
["Release Point","1. Emptying (drums)","2. Storage","3. Filling (small containers)","4. Open Surface Losses to Air During Container Cleaning","5. Container Cleaning (drums)"]
["Expected/Conservative Release Media","fugitive air or stack air","Not expected to lead to significant losses to the environment","fugitive air or stack air","fugitive air or stack air","landfill or incineration"]
[]
["Release (kg/site-yr)","Release_YearRP1","-","Release_YearRP3","Release_YearRP4","Release_YearRP5"]
["Maximum",5.9133836533436872,"-",0.53758033212215328,0.10116781890836821,283.49556839727484]
["99th Percentile",5.9133836533436872,"-",0.53758033212215328,0.10116781890836821,283.49556839727484]
["95th Percentile",5.9133836533436872,"-",0.53758033212215328,0.10116781890836821,283.49556839727484]
["50th Percentile",5.9133836533436872,"-",0.53758033212215328,0.10116781890836821,283.49556839727484]
["5th Percentile",5.9133836533436872,"-",0.53758033212215328,0.10116781890836821,283.49556839727484]
["Minimum",5.9133836533436872,"-",0.53758033212215328,0.10116781890836821,283.49556839727484]
["Mean",5.9133836533436872,"-",0.53758033212215328,0.10116781890836821,283.49556839727484]
[]
["Release (kg/site-day)","Release_per DayRP1","-","Release_per DayRP3","Release_per DayRP4","Release_per DayRP5"]
["Maximum",0.1258166734753976,"-",1.1437879406854324E-2,2.1525067852844301E-3,6.0318206041973372]
["99th Percentile",0.1258166734753976,"-",1.1437879406854324E-2,2.1525067852844301E-3,6.0318206041973372]
["95th Percentile",0.1258166734753976,"-",1.1437879406854324E-2,2.1525067852844301E-3,6.0318206041973372]
["50th Percentile",0.1258166734753976,"-",1.1437879406854324E-2,2.1525067852844301E-3,6.0318206041973372]
["5th Percentile",0.1258166734753976,"-",1.1437879406854324E-2,2.1525067852844301E-3,6.0318206041973372]
["Minimum",0.1258166734753976,"-",1.1437879406854324E-2,2.1525067852844301E-3,6.0318206041973372]
["Mean",0.1258166734753976,"-",1.1437879406854324E-2,2.1525067852844301E-3,6.0318206041973372]
[]
["Daily Release Duration (hours/day)","Release_Duration per Day_RP1","-","Release_Duration per Day_RP3","Release_Duration per Day_RP4","Release_Duration per Day_RP5"]
["Maximum",2.3316202189632937,"-",8.5492741361987434,2.3316202189632937,"-"]
["99th Percentile",2.3316202189632937,"-",8.5492741361987434,2.3316202189632937,"-"]
["95th Percentile",2.3316202189632937,"-",8.5492741361987434,2.3316202189632937,"-"]
["50th Percentile",2.3316202189632937,"-",8.5492741361987434,2.3316202189632937,"-"]
["5th Percentile",2.3316202189632937,"-",8.5492741361987434,2.3316202189632937,"-"]
["Minimum",2.3316202189632937,"-",8.5492741361987434,2.3316202189632937,"-"]
["Mean",2.3316202189632937,"-",8.5492741361987434,2.3316202189632937,"-"]
[]
["Annual Release Duration (hours/yr)","Release_Duration per Year_RP1","-","Release_Duration per Year_RP3","Release_Duration per Year_RP4","Release_Duration per Year_RP5"]
["Maximum",109.58615029127482,"-",401.81588440134095,109.58615029127482,"-"]
["99th Percentile",109.58615029127482,"-",401.81588440134095,109.58615029127482,"-"]
["95th Percentile",109.58615029127482,"-",401.81588440134095,109.58615029127482,"-"]
["50th Percentile",109.58615029127482,"-",401.81588440134095,109.58615029127482,"-"]
["5th Percentile",109.58615029127482,"-",401.81588440134095,109.58615029127482,"-"]
["Minimum",109.58615029127482,"-",401.81588440134095,109.58615029127482,"-"]
["Mean",109.58615029127482,"-",401.81588440134095,109.58615029127482,"-"]

{"sheet":"Scenario 1_Static_OH","index":8,"n_rows":67,"n_cols":6,"rows_kept":67,"cut":false,"hidden":false,"merged":[[0,0,0,1],[4,0,4,1],[8,1,8,2],[28,1,28,5]]}
["What-If Scenario"]
["Production Volume Assessed (kg/yr)",2268]
["Number of Sites",2]
[]
["Monte Carlo Simulation Parameters"]
["Number of Iterations",100000]
["Sampling Method","Latin Hypercube"]
[]
[null,"Release Media"]
["Total Annual Release (kg/site-yr)","fugitive air or stack air","hazardous landfill or incineration",null,"Release Days (days/yr)","RD"]
["Maximum",2.881210779649662,34.009808252079829,null,"Maximum",13]
["99th Percentile",2.2237119772414435,33.105051042015219,null,"Minimum",3]
["95th Percentile",1.9645407897323091,31.9751001436202]
["50th Percentile",1.2174522871701883,27.454956720057002]
["5th Percentile",0.79950872750227364,21.863475095235298]
["Minimum",0.64044988142597148,19.311311714814924]
["Mean",1.2794698823411874,27.215574536304722]
[]
["Total Release per-Day (kg/site-day)"]
["Maximum",0.72983727664343256,11.311499816434017]
["99th Percentile",0.53386745515216705,10.09546368365362]
["95th Percentile",0.44103561710887379,8.2261661418205598]
["50th Percentile",0.24154499655974226,5.4497142903009816]
["5th Percentile",0.13053841181116102,3.057298105464723]
["Minimum",6.5256392286071399E-2,1.5889137751348545]
["Mean",0.25802709901912463,5.5463223242878099]
[]
[]
[null,"Release Point"]
["Release Point","1. Emptying (drums)","2. Storage","3. Filling (small containers)","4. Open Surface Losses to Air During Container Cleaning","5. Container Cleaning (drums)"]
["Expected/Conservative Release Media","fugitive air or stack air","Not expected to lead to significant losses to the environment","fugitive air or stack air","fugitive air or stack air","landfill or incineration"]
[]
["Release (kg/site-yr)","Release_YearRP1","-","Release_YearRP3","Release_YearRP4","Release_YearRP5"]
["Maximum",2.2305205843731888,"-",1.3174634756462777,6.1880585600767084E-2,34.009808252079829]
["99th Percentile",1.8341806611190725,"-",0.58285736888964257,3.6177684450765163E-2,33.105051042015219]
["95th Percentile",1.6306049825973736,"-",0.41510647315013122,2.6981639100828604E-2,31.9751001436202]
["50th Percentile",1.0143109892285078,"-",0.17126158007408976,1.3031134699742042E-2,27.454956720057002]
["5th Percentile",0.67213906668877754,"-",7.3605156198130822E-2,6.1749203331162997E-3,21.863475095235298]
["Minimum",0.58695357305468132,"-",3.5352220490500977E-2,2.3321671430855859E-3,19.311311714814924]
["Mean",1.066834370843055,"-",0.1983259918734423,1.4309519624706725E-2,27.215574536304722]
[]
["Release (kg/site-day)","Release_per DayRP1","-","Release_per DayRP3","Release_per DayRP4","Release_per DayRP5"]
["Maximum",0.63104995342644821,"-",0.12399040459126087,4.8514585954429817E-3,11.311499816434017]
["99th Percentile",0.47276908848302784,"-",8.9502375988428973E-2,4.7262125014353546E-3,10.09546368365362]
["95th Percentile",0.38533207793409818,"-",7.1160842654173412E-2,4.3374097160377859E-3,8.2261661418205598]
["50th Percentile",0.20336770573275892,"-",3.3748325723487189E-2,2.6051796313180651E-3,5.4497142903009816]
["5th Percentile",0.10102517345564012,"-",1.6324249990260813E-2,1.3775680550803348E-3,3.057298105464723]
["Minimum",4.8609888854258237E-2,"-",1.1490774427218148E-2,7.7738904769519531E-4,1.5889137751348545]
["Mean",0.21797640197272733,"-",3.7356236584371247E-2,2.6944604620269133E-3,5.5463223242878099]
[]
["Daily Release Duration (hours/day)","Release_Duration per Day_RP1","-","Release_Duration per Day_RP3","Release_Duration per Day_RP4","Release_Duration per Day_RP5"]
["Maximum",0.63761260581097745,"-",0.85492650825682104,0.63761260581097745,"-"]
["99th Percentile",0.50700521659781972,"-",0.84225933143176412,0.50700521659781972,"-"]
["95th Percentile",0.40284909639003919,"-",0.79456004676023306,0.40284909639003919,"-"]
["50th Percentile",0.22273859123714246,"-",0.45506819324320574,0.22273859123714246,"-"]
["5th Percentile",0.14810962339062644,"-",0.2567933377561657,0.14810962339062644,"-"]
["Minimum",0.1284744381437756,"-",0.21420053706316872,0.1284744381437756,"-"]
["Mean",0.24059867012684735,"-",0.48354265398045465,0.24059867012684735,"-"]
[]
["Annual Release Duration (hours/yr)","Release_Duration per Year_RP1","-","Release_Duration per Year_RP3","Release_Duration per Year_RP4","Release_Duration per Year_RP5"]
["Maximum",8.2889638755427075,"-",10.855798024996057,8.2889638755427075,"-"]
["99th Percentile",5.5770573825760161,"-",6.5892740505698706,5.5770573825760161,"-"]
["95th Percentile",3.6256418675103532,"-",4.9251434173008306,3.6256418675103532,"-"]
["50th Percentile",1.1136929561857125,"-",2.3088705346881522,1.1136929561857125,"-"]
["5th Percentile",0.44432887017187939,"-",1.122206758824954,0.44432887017187939,"-"]
["Minimum",0.38542331443132677,"-",0.64703871558182258,0.38542331443132677,"-"]
["Mean",1.4043507391032961,"-",2.5688449082863456,1.4043507391032961,"-"]

{"sheet":"Scenario 1_Static","index":9,"n_rows":49,"n_cols":6,"rows_kept":49,"cut":false,"hidden":false,"merged":[[0,0,0,1],[4,0,4,1],[8,1,8,2],[28,1,28,5]]}
["What-If Scenario"]
["Production Volume Assessed (kg/yr)",2268]
["Number of Sites",2]
[]
["Monte Carlo Simulation Parameters"]
["Number of Iterations",100000]
["Sampling Method","Latin Hypercube"]
[]
[null,"Release Media"]
["Total Annual Release (kg/site-yr)","fugitive air or stack air","hazardous landfill or incineration",null,"Release Days (days/yr)","RD"]
["Maximum",3.0723179020162901,33.999087202741663,null,"Maximum",13]
["99th Percentile",2.2267355404304987,33.105210870776389,null,"Minimum",3]
["95th Percentile",1.9641645657470921,31.974960497144597]
["50th Percentile",1.2157820284539287,27.454950301583601]
["5th Percentile",0.80052088680925304,21.863497109873606]
["Minimum",0.64145405070239836,19.30594049818805]
["Mean",1.2795447741885841,27.215574881223958]
[]
["Total Release per-Day (kg/site-day)"]
["Maximum",0.74380476538207574,11.313708865366571]
["99th Percentile",0.5325752382697696,10.097351398951021]
["95th Percentile",0.44028887515380344,8.2411827709462813]
["50th Percentile",0.24144633289165254,5.4565159823131779]
["5th Percentile",0.13100244109144304,3.0584789129592336]
["Minimum",6.7173994335893314E-2,1.5102839163003892]
["Mean",0.25799791409326556,5.5471484475271344]
[]
[]
[null,"Release Point"]
["Release Point","1. Emptying (drums)","2. Storage","3. Filling (small containers)","4. Open Surface Losses to Air During Container Cleaning","5. Container Cleaning (drums)"]
["Expected/Conservative Release Media","fugitive air or stack air","Not expected to lead to significant losses to the environment","fugitive air or stack air","fugitive air or stack air","landfill or incineration"]
[]
["Release (kg/site-yr)","Release_YearRP1","-","Release_YearRP3","Release_YearRP4","Release_YearRP5"]
["Maximum",2.2135336284879474,"-",1.3454454290696591,6.2152557844333635E-2,33.999087202741663]
["99th Percentile",1.8296275250845855,"-",0.58910435330218991,3.5947664302202031E-2,33.105210870776389]
["95th Percentile",1.6309640751772494,"-",0.41737251102785572,2.6902808225373276E-2,31.974960497144597]
["50th Percentile",1.014721533965137,"-",0.17089658037949784,1.3038413505758623E-2,27.454950301583601]
["5th Percentile",0.67141286666019684,"-",7.4001408367228932E-2,6.1445478738490792E-3,21.863497109873606]
["Minimum",0.58754932834373841,"-",3.4875644883065895E-2,2.4643255920222076E-3,19.30594049818805]
["Mean",1.0668500657640585,"-",0.19838301823312915,1.4311690191389984E-2,27.215574881223958]
[]
["Release (kg/site-day)","Release_per DayRP1","-","Release_per DayRP3","Release_per DayRP4","Release_per DayRP5"]
["Maximum",0.63044024114114905,"-",0.12254070884061496,4.8514632212285844E-3,11.313708865366571]
["99th Percentile",0.47094368301399908,"-",9.0006562112816282E-2,4.7261886056870145E-3,10.097351398951021]
["95th Percentile",0.38477576178678968,"-",7.1182100645615462E-2,4.3374825684057801E-3,8.2411827709462813]
["50th Percentile",0.20334342490918011,"-",3.3733056045650529E-2,2.6051660100058819E-3,5.4565159823131779]
["5th Percentile",0.10125082053359095,"-",1.6336350101048065E-2,1.3775582418039773E-3,3.0584789129592336]
["Minimum",4.9277309994921782E-2,"-",1.1475088887250087E-2,7.7780390091663511E-4,1.5102839163003892]
["Mean",0.21795214400977678,"-",3.7351309611904901E-2,2.6944604715855168E-3,5.5471484475271344]

{"sheet":"Scenario 2_Static_OH","index":10,"n_rows":67,"n_cols":6,"rows_kept":67,"cut":false,"hidden":false,"merged":[[0,0,0,1],[4,0,4,1],[8,1,8,2],[28,1,28,5]]}
["What-If Scenario"]
["Production Volume Assessed (kg/yr)",22680]
["Number of Sites",2]
[]
["Monte Carlo Simulation Parameters"]
["Number of Iterations",100000]
["Sampling Method","Latin Hypercube"]
[]
[null,"Release Media"]
["Total Annual Release (kg/site-yr)","fugitive air or stack air","hazardous landfill or incineration",null,"Release Days (days/yr)","RD"]
["Maximum",29.402576079305248,340.0643145739935,null,"Maximum",128]
["99th Percentile",20.065606785884345,331.04791109933092,null,"Minimum",26]
["95th Percentile",17.784440718262978,319.75097494741948]
["50th Percentile",11.062528814968326,274.54931669336764]
["5th Percentile",7.3449482453771626,218.63550928509008]
["Minimum",6.3732742246367726,192.99572914479768]
["Mean",11.639289764419678,272.15574232296507]
[]
["Total Release per-Day (kg/site-day)"]
["Maximum",0.71424057522599094,12.506951748397617]
["99th Percentile",0.53260946600972048,10.542771980336111]
["95th Percentile",0.44114252730973219,9.3574225266338367]
["50th Percentile",0.24198914358165446,5.9962329138155264]
["5th Percentile",0.13031983359120297,3.2585152499845935]
["Minimum",6.602005256903197E-2,1.6232342225118013]
["Mean",0.25803049618734725,6.1152867413912437]
[]
[]
[null,"Release Point"]
["Release Point","1. Emptying (drums)","2. Storage","3. Filling (small containers)","4. Open Surface Losses to Air During Container Cleaning","5. Container Cleaning (drums)"]
["Expected/Conservative Release Media","fugitive air or stack air","Not expected to lead to significant losses to the environment","fugitive air or stack air","fugitive air or stack air","landfill or incineration"]
[]
["Release (kg/site-yr)","Release_YearRP1","-","Release_YearRP3","Release_YearRP4","Release_YearRP5"]
["Maximum",17.428835120594083,"-",12.889222798841631,0.58380705122478016,340.0643145739935]
["99th Percentile",16.083842077995083,"-",5.5324419856057965,0.34167562491357567,331.04791109933092]
["95th Percentile",14.686598812041598,"-",3.8560089583694572,0.25165756704869235,319.75097494741948]
["50th Percentile",9.2356935234470559,"-",1.5530674421479407,0.11817974448281243,274.54931669336764]
["5th Percentile",6.2193607088829772,"-",0.66456967309563875,5.5235572208629805E-2,218.63550928509008]
["Minimum",5.8692626370865231,"-",0.32118276222381115,2.3035534179392275E-2,192.99572914479768]
["Mean",9.6920133541777904,"-",1.8162304555834521,0.13104595465849303,272.15574232296507]
[]
["Release (kg/site-day)","Release_per DayRP1","-","Release_per DayRP3","Release_per DayRP4","Release_per DayRP5"]
["Maximum",0.64391684823281903,"-",0.12649408373983478,4.8514246285769553E-3,12.506951748397617]
["99th Percentile",0.47099140979317328,"-",9.0113719383138197E-2,4.7261804374995921E-3,10.542771980336111]
["95th Percentile",0.38445334524368985,"-",7.148891401678141E-2,4.3374829904418068E-3,9.3574225266338367]
["50th Percentile",0.20364964461499155,"-",3.3723370327271594E-2,2.6051685462191881E-3,5.9962329138155264]
["5th Percentile",0.10093101656674991,"-",1.6265255028019832E-2,1.3775696202845958E-3,3.2585152499845935]
["Minimum",4.895688757510186E-2,"-",1.1486357394190063E-2,7.7697031727892924E-4,1.6232342225118013]
["Mean",0.21795897625287788,"-",3.7377059322917947E-2,2.6944606115504094E-3,6.1152867413912437]
[]
["Daily Release Duration (hours/day)","Release_Duration per Day_RP1","-","Release_Duration per Day_RP3","Release_Duration per Day_RP4","Release_Duration per Day_RP5"]
["Maximum",6.3592082121024518,"-",8.5491498976141642,6.3592082121024518,"-"]
["99th Percentile",5.070320257089298,"-",8.422602322394912,5.070320257089298,"-"]
["95th Percentile",4.0285487035370497,"-",7.945627593437302,4.0285487035370497,"-"]
["50th Percentile",2.2273823358469405,"-",4.550657972235034,2.2273823358469405,"-"]
["5th Percentile",1.4811009489397144,"-",2.5679548213109697,1.4811009489397144,"-"]
["Minimum",1.283423766928077,"-",2.1418102687863407,1.283423766928077,"-"]
["Mean",2.4059868053350906,"-",4.8354264794477224,2.4059868053350906,"-"]
[]
["Annual Release Duration (hours/yr)","Release_Duration per Year_RP1","-","Release_Duration per Year_RP3","Release_Duration per Year_RP4","Release_Duration per Year_RP5"]
["Maximum",813.97865114911383,"-",1058.5325017379059,813.97865114911383,"-"]
["99th Percentile",517.17266622310831,"-",624.20504140664161,517.17266622310831,"-"]
["95th Percentile",326.31244498650096,"-",455.76529197467045,326.31244498650096,"-"]
["50th Percentile",100.23220511311231,"-",210.53430018268753,100.23220511311231,"-"]
["5th Percentile",44.433028468191438,"-",99.973546707543449,44.433028468191438,"-"]
["Minimum",33.369017940130007,"-",60.098005690186248,33.369017940130007,"-"]
["Mean",129.62113850994319,"-",235.16805315385,129.62113850994319,"-"]

{"sheet":"Scenario 2_Static","index":11,"n_rows":49,"n_cols":6,"rows_kept":49,"cut":false,"hidden":false,"merged":[[0,0,0,1],[4,0,4,1],[8,1,8,2],[28,1,28,5]]}
["What-If Scenario"]
["Production Volume Assessed (kg/yr)",22680]
["Number of Sites",2]
[]
["Monte Carlo Simulation Parameters"]
["Number of Iterations",100000]
["Sampling Method","Latin Hypercube"]
[]
[null,"Release Media"]
["Total Annual Release (kg/site-yr)","fugitive air or stack air","hazardous landfill or incineration",null,"Release Days (days/yr)","RD"]
["Maximum",27.920118193408385,340.0087059635477,null,"Maximum",129]
["99th Percentile",20.125624815221702,331.04827971380257,null,"Minimum",26]
["95th Percentile",17.79037939822355,319.75028924505489]
["50th Percentile",11.074060477301018,274.54931043622059]
["5th Percentile",7.3341709260821046,218.63354920030272]
["Minimum",6.3251562857455479,192.8671744187362]
["Mean",11.641235763940617,272.15574583253442]
[]
["Total Release per-Day (kg/site-day)"]
["Maximum",0.75006944774939222,12.730415862314064]
["99th Percentile",0.53225594848453206,10.521674405747403]
["95th Percentile",0.43924356914367502,9.3580199135326136]
["50th Percentile",0.24157401471758619,5.9958922002900641]
["5th Percentile",0.13058209009660002,3.2627613706503147]
["Minimum",6.3270225201248795E-2,1.6530545135388282]
["Mean",0.25800902948362081,6.1152777051644458]
[]
[]
[null,"Release Point"]
["Release Point","1. Emptying (drums)","2. Storage","3. Filling (small containers)","4. Open Surface Losses to Air During Container Cleaning","5. Container Cleaning (drums)"]
["Expected/Conservative Release Media","fugitive air or stack air","Not expected to lead to significant losses to the environment","fugitive air or stack air","fugitive air or stack air","landfill or incineration"]
[]
["Release (kg/site-yr)","Release_YearRP1","-","Release_YearRP3","Release_YearRP4","Release_YearRP5"]
["Maximum",17.400168295922231,"-",12.334809068304928,0.57918837904238274,340.0087059635477]
["99th Percentile",16.087474091491362,"-",5.5605359051075753,0.34113380307320013,331.04827971380257]
["95th Percentile",14.681184582122686,"-",3.8769865334947209,0.25033651476701352,319.75028924505489]
["50th Percentile",9.2345840022479848,"-",1.5553780218495301,0.11838213841245621,274.54931043622059]
["5th Percentile",6.2217483844558235,"-",0.66349922059476707,5.5163490643823421E-2,218.63354920030272]
["Minimum",5.869144074399534,"-",0.32638460634701222,2.34444182027445E-2,192.8671744187362]
["Mean",9.6919605640138116,"-",1.8182662321615051,0.13100896776518089,272.15574583253442]
[]
["Release (kg/site-day)","Release_per DayRP1","-","Release_per DayRP3","Release_per DayRP4","Release_per DayRP5"]
["Maximum",0.639477723625543,"-",0.12250132400108303,4.851533049945303E-3,12.730415862314064]
["99th Percentile",0.46958668943025167,"-",9.009495835198994E-2,4.7263513534512649E-3,10.521674405747403]
["95th Percentile",0.38461870241703655,"-",7.1443532861551973E-2,4.3375356820206101E-3,9.3580199135326136]
["50th Percentile",0.20339540721804897,"-",3.3718187214541756E-2,2.6052098468059585E-3,5.9958922002900641]
["5th Percentile",0.10116150239079187,"-",1.6294467651091472E-2,1.3775773741039209E-3,3.2627613706503147]
["Minimum",4.8052458910220079E-2,"-",1.1496246560276096E-2,7.765776583329091E-4,1.6530545135388282]
["Mean",0.21791861315991293,"-",3.7395920305386306E-2,2.6944960183211005E-3,6.1152777051644458]