{"text_format":"1","workbook":"xlsx","n_sheets":17,"sheets":["to BMDS","Dose metrics (exposure 1)","Dose metrics (exposure 2)","Dose metrics (exposure 3)","Dose metrics (exposure 4)","Dose metrics (exposure 5)","MPPD report (exposure 1)","MPPD exposure data (exposure 1)","MPPD report (exposure 2)","MPPD exposure data (exposure 2)","MPPD report (exposure 3)","MPPD exposure data (exposure 3)","MPPD report (exposure 4)","MPPD exposure data (exposure 4)","MPPD report (exposure 5)","MPPD exposure data (exposure 5)","dropdown lists"],"not_rendered":{"charts":0,"images":0,"macros":0,"external_links":0,"defined_names":10,"comments":0,"pivot_tables":0},"unopened":[],"bounds":{"document_bytes":16777216,"sheet_cells":100000,"rows_first":2000,"rows_last":500,"rows_between":2000,"halvings":0,"cell_chars":16384,"cell_head_chars":4096},"cells_cut":0,"cells_raw":0,"read":"whole","date_system":"1900"}

{"sheet":"to BMDS","index":0,"n_rows":8,"n_cols":6,"rows_kept":8,"cut":false,"hidden":false,"merged":[[0,0,0,1],[0,3,0,6]]}
["Input parameters",null,null,"Summarized Dose Metrics"]
[]
["Select experimental variable:",null,null,null,"Experiment","Dose"]
["Select  number of experimental groups:",null,null,null,{"$f":"IF($B$5=\"Yes\",\"control\",INDIRECT(CONCATENATE(\"'Dose metrics (exposure 1)'!\",'dropdown lists'!$A$16)))","v":{"$error":"#N/A"}},{"$f":"IF($B$5=\"Yes\",0,INDIRECT(CONCATENATE(\"'Dose metrics (exposure 1)'!\",'dropdown lists'!$A$10)))","v":{"$error":"#N/A"}}]
["Is there an additional control group (no exposure)?",null,null,null,{"$f":"IF($B$5=\"Yes\",INDIRECT(CONCATENATE(\"'Dose metrics (exposure 1)'!\",'dropdown lists'!$A$16)),INDIRECT(CONCATENATE(\"'Dose metrics (exposure 2)'!\",'dropdown lists'!$A$16)))","v":{"$error":"#N/A"}},{"$f":"IF($B$5=\"Yes\",INDIRECT(CONCATENATE(\"'Dose metrics (exposure 1)'!\",'dropdown lists'!$A$10)),INDIRECT(CONCATENATE(\"'Dose metrics (exposure 2)'!\",'dropdown lists'!$A$10)))","v":{"$error":"#N/A"}}]
["Select dose metrics:",null,null,null,{"$f":"IF($B$5=\"Yes\",IF($B$4>1,INDIRECT(CONCATENATE(\"'Dose metrics (exposure 2)'!\",'dropdown lists'!$A$16)),\" \"),IF($B$4>2,INDIRECT(CONCATENATE(\"'Dose metrics (exposure 3)'!\",'dropdown lists'!$A$16)),\" \"))","v":" "},{"$f":"IF($B$5=\"Yes\",IF($B$4>1,INDIRECT(CONCATENATE(\"'Dose metrics (exposure 2)'!\",'dropdown lists'!$A$10)),\" \"),IF($B$4>2,INDIRECT(CONCATENATE(\"'Dose metrics (exposure 3)'!\",'dropdown lists'!$A$10)),\" \"))","v":" "}]
[null,null,null,null,{"$f":"IF($B$5=\"Yes\",IF($B$4>2,INDIRECT(CONCATENATE(\"'Dose metrics (exposure 3)'!\",'dropdown lists'!$A$16)),\" \"),IF($B$4>3,INDIRECT(CONCATENATE(\"'Dose metrics (exposure 4)'!\",'dropdown lists'!$A$16)),\" \"))","v":" "},{"$f":"IF($B$5=\"Yes\",IF($B$4>2,INDIRECT(CONCATENATE(\"'Dose metrics (exposure 3)'!\",'dropdown lists'!$A$10)),\" \"),IF($B$4>3,INDIRECT(CONCATENATE(\"'Dose metrics (exposure 4)'!\",'dropdown lists'!$A$10)),\" \"))","v":" "}]
[null,null,null,null,{"$f":"IF($B$5=\"Yes\",\" \",IF($B$4=5,INDIRECT(CONCATENATE(\"'Dose metrics (exposure 5)'!\",'dropdown lists'!$A$16)),\" \"))","v":" "},{"$f":"IF($B$5=\"Yes\",\" \",IF($B$4=5,INDIRECT(CONCATENATE(\"'Dose metrics (exposure 5)'!\",'dropdown lists'!$A$10)),\" \"))","v":" "}]

{"sheet":"Dose metrics (exposure 1)","index":1,"n_rows":29,"n_cols":10,"rows_kept":29,"cut":false,"hidden":false,"merged":[[0,0,0,2],[0,4,0,9],[8,0,8,2],[15,0,15,2],[21,0,21,2]]}
["Population considerations",null,null,null,"Dose metrics"]
[]
["Lung geometry:",{"$f":"CONCATENATE(VLOOKUP(\"Geometry:\",'MPPD report (exposure 1)'!$B:$F,2,FALSE),\" \",VLOOKUP(\"Geometry:\",'MPPD report (exposure 1)'!$B:$F,3,FALSE),\" \",VLOOKUP(\"Geometry:\",'MPPD report (exposure 1)'!$B:$F,4,FALSE))","v":{"$error":"#N/A"}},null,null,"Region","ET","TB","PU","TB+PU","ET+TB+PU"]
["Model:",{"$f":"CONCATENATE(VLOOKUP(\"Strain:\",'MPPD report (exposure 1)'!$A:$F,2,FALSE),\" \",VLOOKUP(\"Strain:\",'MPPD report (exposure 1)'!$A:$F,3,FALSE),\" \",VLOOKUP(\"Strain:\",'MPPD report (exposure 1)'!$A:$F,4,FALSE))","v":{"$error":"#N/A"}},null,null,"Deposition fraction",{"$f":"VLOOKUP(\"ET\",'MPPD report (exposure 1)'!$B$1:$E$100,4,FALSE)","v":{"$error":"#N/A"}},{"$f":"VLOOKUP(\"TB\",'MPPD report (exposure 1)'!$B$1:$E$100,4,FALSE)","v":{"$error":"#N/A"}},{"$f":"VLOOKUP(\"pulmonary\",'MPPD report (exposure 1)'!$B$1:$E$100,4,FALSE)","v":{"$error":"#N/A"}},{"$f":"G4+H4","v":{"$error":"#N/A"}},{"$f":"SUM(F4:H4)","v":{"$error":"#N/A"}}]
["TLC (ml):",{"$f":"VLOOKUP(\"TLC\",'MPPD report (exposure 1)'!$A:$F,3,FALSE)","v":{"$error":"#N/A"}},null,null,"Daily deposited mass (mg/day)",{"$f":"$B$11/1000000*$B$13*$B$12*$B$24*60*F4","v":{"$error":"#N/A"}},{"$f":"$B$11/1000000*$B$13*$B$12*$B$24*60*G4","v":{"$error":"#N/A"}},{"$error":"#N/A"},{"$f":"G5+H5","v":{"$error":"#N/A"}},{"$f":"SUM(F5:H5)","v":{"$error":"#N/A"}}]
["FRC (ml):",{"$f":"VLOOKUP(\"FRC\",'MPPD report (exposure 1)'!$A:$F,3,FALSE)","v":{"$error":"#N/A"}},null,null,"Surface area SA (cm2)-normalizing factor",{"$f":"INDIRECT(CONCATENATE(\"'MPPD report (exposure 1)'!\",ADDRESS(CELL(\"row\",INDEX('MPPD report (exposure 1)'!$A$1:$A$100,MATCH(\"Extrathoracic\",'MPPD report (exposure 1)'!$A$1:$A$100,0))),4)))","v":{"$error":"#N/A"}},{"$f":"INDIRECT(CONCATENATE(\"'MPPD report (exposure 1)'!\",ADDRESS(CELL(\"row\",INDEX('MPPD report (exposure 1)'!$A$1:$A$100,MATCH(\"Extrathoracic\",'MPPD report (exposure 1)'!$A$1:$A$100,0)))+1,4)))","v":{"$error":"#N/A"}},{"$f":"INDIRECT(CONCATENATE(\"'MPPD report (exposure 1)'!\",ADDRESS(CELL(\"row\",INDEX('MPPD report (exposure 1)'!$A$1:$A$100,MATCH(\"Extrathoracic\",'MPPD report (exposure 1)'!$A$1:$A$100,0)))+2,4)))","v":{"$error":"#N/A"}},{"$f":"G6+H6","v":{"$error":"#N/A"}},{"$f":"SUM(F6:H6)","v":{"$error":"#N/A"}}]
["Body weight (g)",{"$f":"VLOOKUP(\"Weight:\",'MPPD report (exposure 1)'!$B:$F,2,FALSE)","v":{"$error":"#N/A"}},null,null,"Daily deposited mass per regional SA (mg/day/m2)",{"$f":"F5/(F6*0.0001)","v":{"$error":"#N/A"}},{"$f":"G5/(G6*0.0001)","v":{"$error":"#N/A"}},{"$error":"#N/A"},{"$error":"#N/A"},{"$error":"#N/A"}]
[null,null,null,null,"Deposited dose (mg)",{"$f":" INDEX('MPPD exposure data (exposure 1)'!$E:$E, COUNTA('MPPD exposure data (exposure 1)'!$E:$E ) )","v":{"$error":"#VALUE!"}},{"$f":" INDEX('MPPD exposure data (exposure 1)'!$F:$F, COUNTA('MPPD exposure data (exposure 1)'!$F:$F ) )","v":{"$error":"#VALUE!"}},{"$f":" INDEX('MPPD exposure data (exposure 1)'!$G:$G, COUNTA('MPPD exposure data (exposure 1)'!$G:$G ) )","v":{"$error":"#VALUE!"}},{"$f":"G8+H8","v":{"$error":"#VALUE!"}},{"$f":"SUM(F8:H8)","v":{"$error":"#VALUE!"}}]
["Exposure conditions and activity characteristics",null,null,null,"Deposited dose per SA (mg/cm2)",{"$f":"F8/F6","v":{"$error":"#VALUE!"}},{"$f":"G8/G6","v":{"$error":"#VALUE!"}},{"$f":"H8/H6","v":{"$error":"#VALUE!"}},{"$f":"I8/I6","v":{"$error":"#VALUE!"}},{"$error":"#VALUE!"}]
[null,null,null,null,"Retained dose (mg)",{"$f":" INDEX('MPPD exposure data (exposure 1)'!$M:$M, COUNTA('MPPD exposure data (exposure 1)'!$M:$M ) )","v":{"$error":"#VALUE!"}},{"$f":" INDEX('MPPD exposure data (exposure 1)'!$I:$I, COUNTA('MPPD exposure data (exposure 1)'!$I:$I ) )","v":{"$error":"#VALUE!"}},{"$f":" INDEX('MPPD exposure data (exposure 1)'!$K:$K, COUNTA('MPPD exposure data (exposure 1)'!$K:$K) )","v":{"$error":"#VALUE!"}},{"$f":"G10+H10","v":{"$error":"#VALUE!"}},{"$f":"SUM(F10:H10)","v":{"$error":"#VALUE!"}}]
["Aerosol conc. (mg/m3):",{"$f":"VLOOKUP(\"Aerosol\",'MPPD report (exposure 1)'!$A1:$F50,3,FALSE)","v":{"$error":"#N/A"}},null,null,"Retained dose per SA (mg/cm2)",{"$f":"F10/F6","v":{"$error":"#VALUE!"}},{"$f":"G10/G6","v":{"$error":"#VALUE!"}},{"$f":"H10/H6","v":{"$error":"#VALUE!"}},{"$f":"I10/I6","v":{"$error":"#VALUE!"}},{"$f":"J10/J6","v":{"$error":"#VALUE!"}}]
["Breathing frequency (/min):",{"$f":"VLOOKUP(\"Frequency:\",'MPPD report (exposure 1)'!$B1:$D50,2,FALSE)","v":{"$error":"#N/A"}}]
["Tidal volume (ml):",{"$f":"VLOOKUP(\"Tidal\",'MPPD report (exposure 1)'!$E2:$G51,3,FALSE)","v":{"$error":"#N/A"}},null,null,"Systemic dose (mg)",{"$f":" INDEX('MPPD exposure data (exposure 1)'!$S:$S, COUNTA('MPPD exposure data (exposure 1)'!$S:$S ) )","v":{"$error":"#VALUE!"}}]
["Breathing scenario:",{"$f":"CONCATENATE(VLOOKUP(\"scenario:\",'MPPD report (exposure 1)'!$B3:$D52,2,FALSE),\" \",VLOOKUP(\"scenario:\",'MPPD report (exposure 1)'!$B3:$D52,3,FALSE))","v":{"$error":"#N/A"}},null,null,"HEC (manually enter if available):"]
[]
["Particle properties",null,null,null,"Software version:    ",{"$f":"IF(ISBLANK('MPPD report (exposure 1)'!A1),CONCATENATE('MPPD report (exposure 1)'!A2,\" \",'MPPD report (exposure 1)'!B2,\" \",'MPPD report (exposure 1)'!C2,\" \",'MPPD report (exposure 1)'!D2),CONCATENATE('MPPD report (exposure 1)'!A1,\" \",'MPPD report (exposure 1)'!B1,\" \",'MPPD report (exposure 1)'!C1,\" \",'MPPD report (exposure 1)'!D1))","v":"   "}]
[]
["Mass density (g/cm3):",{"$f":"VLOOKUP(\"density:\",'MPPD report (exposure 1)'!$B7:$C56,2,FALSE)","v":{"$error":"#N/A"}}]
["Diameter (µm):",{"$f":"VLOOKUP(\"Diameter:\",'MPPD report (exposure 1)'!$A8:$B57,2,FALSE)","v":{"$error":"#N/A"}}]
["GSD:",{"$f":"VLOOKUP(\"(GSD):\",'MPPD report (exposure 1)'!$B9:$C58,2,FALSE)","v":{"$error":"#N/A"}}]
[]
["Exposure time settings"]
[]
["Hours/day:",{"$f":"VLOOKUP(\"Hours\",'MPPD report (exposure 1)'!$C:$G,4,FALSE)","v":{"$error":"#N/A"}}]
["Days/week:",{"$f":"VLOOKUP(\"Days\",'MPPD report (exposure 1)'!$C:$G,4,FALSE)","v":{"$error":"#N/A"}}]
["Number of weeks:",{"$f":"VLOOKUP(\"Weeks:\",'MPPD report (exposure 1)'!$C:$D,2,FALSE)","v":{"$error":"#N/A"}}]
["Post-exposure days:",{"$f":"VLOOKUP(\"Post-Exposure\",'MPPD report (exposure 1)'!$A:$C,3,FALSE)","v":{"$error":"#N/A"}}]
[]
["Total exposure (hours)",{"$f":"B24*B25*B26","v":{"$error":"#N/A"}}]

{"sheet":"Dose metrics (exposure 2)","index":2,"n_rows":29,"n_cols":10,"rows_kept":29,"cut":false,"hidden":false,"merged":[[0,0,0,2],[0,4,0,9],[8,0,8,2],[15,0,15,2],[21,0,21,2]]}
["Population considerations",null,null,null,"Dose metrics"]
[]
["Lung geometry:",{"$f":"CONCATENATE(VLOOKUP(\"Geometry:\",'MPPD report (exposure 2)'!$B:$F,2,FALSE),\" \",VLOOKUP(\"Geometry:\",'MPPD report (exposure 2)'!$B:$F,3,FALSE),\" \",VLOOKUP(\"Geometry:\",'MPPD report (exposure 2)'!$B:$F,4,FALSE))","v":{"$error":"#N/A"}},null,null,"Region","ET","TB","PU","TB+PU","ET+TB+PU"]
["Model:",{"$f":"CONCATENATE(VLOOKUP(\"Strain:\",'MPPD report (exposure 2)'!$A:$F,2,FALSE),\" \",VLOOKUP(\"Strain:\",'MPPD report (exposure 2)'!$A:$F,3,FALSE),\" \",VLOOKUP(\"Strain:\",'MPPD report (exposure 2)'!$A:$F,4,FALSE))","v":{"$error":"#N/A"}},null,null,"Deposition fraction",{"$f":"VLOOKUP(\"ET\",'MPPD report (exposure 2)'!$B$1:$E$100,4,FALSE)","v":{"$error":"#N/A"}},{"$f":"VLOOKUP(\"TB\",'MPPD report (exposure 2)'!$B$1:$E$100,4,FALSE)","v":{"$error":"#N/A"}},{"$f":"VLOOKUP(\"pulmonary\",'MPPD report (exposure 2)'!$B$1:$E$100,4,FALSE)","v":{"$error":"#N/A"}},{"$f":"G4+H4","v":{"$error":"#N/A"}},{"$f":"SUM(F4:H4)","v":{"$error":"#N/A"}}]
["TLC (ml):",{"$f":"VLOOKUP(\"TLC\",'MPPD report (exposure 2)'!$A:$F,3,FALSE)","v":{"$error":"#N/A"}},null,null,"Daily deposited mass (mg/day)",{"$f":"$B$11/1000000*$B$13*$B$12*$B$24*60*F4","v":{"$error":"#N/A"}},{"$f":"$B$11/1000000*$B$13*$B$12*$B$24*60*G4","v":{"$error":"#N/A"}},{"$error":"#N/A"},{"$f":"G5+H5","v":{"$error":"#N/A"}},{"$f":"SUM(F5:H5)","v":{"$error":"#N/A"}}]
["FRC (ml):",{"$f":"VLOOKUP(\"FRC\",'MPPD report (exposure 2)'!$A:$F,3,FALSE)","v":{"$error":"#N/A"}},null,null,"Surface area SA (cm2)-normalizing factor",{"$f":"INDIRECT(CONCATENATE(\"'MPPD report (exposure 2)'!\",ADDRESS(CELL(\"row\",INDEX('MPPD report (exposure 2)'!$A$1:$A$100,MATCH(\"Extrathoracic\",'MPPD report (exposure 2)'!$A$1:$A$100,0))),4)))","v":{"$error":"#N/A"}},{"$f":"INDIRECT(CONCATENATE(\"'MPPD report (exposure 2)'!\",ADDRESS(CELL(\"row\",INDEX('MPPD report (exposure 2)'!$A$1:$A$100,MATCH(\"Extrathoracic\",'MPPD report (exposure 2)'!$A$1:$A$100,0)))+1,4)))","v":{"$error":"#N/A"}},{"$f":"INDIRECT(CONCATENATE(\"'MPPD report (exposure 2)'!\",ADDRESS(CELL(\"row\",INDEX('MPPD report (exposure 2)'!$A$1:$A$100,MATCH(\"Extrathoracic\",'MPPD report (exposure 2)'!$A$1:$A$100,0)))+2,4)))","v":{"$error":"#N/A"}},{"$f":"G6+H6","v":{"$error":"#N/A"}},{"$f":"SUM(F6:H6)","v":{"$error":"#N/A"}}]
["Body weight (g)",{"$f":"VLOOKUP(\"Weight:\",'MPPD report (exposure 2)'!$B:$F,2,FALSE)","v":{"$error":"#N/A"}},null,null,"Daily deposited mass per regional SA (mg/day/m2)",{"$f":"F5/(F6*0.0001)","v":{"$error":"#N/A"}},{"$f":"G5/(G6*0.0001)","v":{"$error":"#N/A"}},{"$error":"#N/A"},{"$error":"#N/A"},{"$error":"#N/A"}]
[null,null,null,null,"Deposited dose (mg)",{"$f":" INDEX('MPPD exposure data (exposure 2)'!$E:$E, COUNTA('MPPD exposure data (exposure 2)'!$E:$E ) )","v":{"$error":"#VALUE!"}},{"$f":" INDEX('MPPD exposure data (exposure 2)'!$F:$F, COUNTA('MPPD exposure data (exposure 2)'!$F:$F ) )","v":{"$error":"#VALUE!"}},{"$f":" INDEX('MPPD exposure data (exposure 2)'!$G:$G, COUNTA('MPPD exposure data (exposure 2)'!$G:$G ) )","v":{"$error":"#VALUE!"}},{"$f":"G8+H8","v":{"$error":"#VALUE!"}},{"$f":"SUM(F8:H8)","v":{"$error":"#VALUE!"}}]
["Exposure conditions and activity characteristics",null,null,null,"Deposited dose per SA (mg/cm2)",{"$f":"F8/F6","v":{"$error":"#VALUE!"}},{"$f":"G8/G6","v":{"$error":"#VALUE!"}},{"$f":"H8/H6","v":{"$error":"#VALUE!"}},{"$f":"I8/I6","v":{"$error":"#VALUE!"}},{"$error":"#VALUE!"}]
[null,null,null,null,"Retained dose (mg)",{"$f":" INDEX('MPPD exposure data (exposure 2)'!$M:$M, COUNTA('MPPD exposure data (exposure 2)'!$M:$M ) )","v":{"$error":"#VALUE!"}},{"$f":" INDEX('MPPD exposure data (exposure 2)'!$I:$I, COUNTA('MPPD exposure data (exposure 2)'!$I:$I ) )","v":{"$error":"#VALUE!"}},{"$f":" INDEX('MPPD exposure data (exposure 2)'!$K:$K, COUNTA('MPPD exposure data (exposure 2)'!$K:$K) )","v":{"$error":"#VALUE!"}},{"$f":"G10+H10","v":{"$error":"#VALUE!"}},{"$f":"SUM(F10:H10)","v":{"$error":"#VALUE!"}}]
["Aerosol conc. (mg/m3):",{"$f":"VLOOKUP(\"Aerosol\",'MPPD report (exposure 2)'!$A1:$F50,3,FALSE)","v":{"$error":"#N/A"}},null,null,"Retained dose per SA (mg/cm2)",{"$f":"F10/F6","v":{"$error":"#VALUE!"}},{"$f":"G10/G6","v":{"$error":"#VALUE!"}},{"$f":"H10/H6","v":{"$error":"#VALUE!"}},{"$f":"I10/I6","v":{"$error":"#VALUE!"}},{"$f":"J10/J6","v":{"$error":"#VALUE!"}}]
["Breathing frequency (/min):",{"$f":"VLOOKUP(\"Frequency:\",'MPPD report (exposure 2)'!$B1:$D50,2,FALSE)","v":{"$error":"#N/A"}}]
["Tidal volume (ml):",{"$f":"VLOOKUP(\"Tidal\",'MPPD report (exposure 2)'!$E2:$G51,3,FALSE)","v":{"$error":"#N/A"}},null,null,"Systemic dose (mg)",{"$f":" INDEX('MPPD exposure data (exposure 2)'!$S:$S, COUNTA('MPPD exposure data (exposure 2)'!$S:$S ) )","v":{"$error":"#VALUE!"}}]
["Breathing scenario:",{"$f":"CONCATENATE(VLOOKUP(\"scenario:\",'MPPD report (exposure 2)'!$B3:$D52,2,FALSE),\" \",VLOOKUP(\"scenario:\",'MPPD report (exposure 2)'!$B3:$D52,3,FALSE))","v":{"$error":"#N/A"}},null,null,"HEC (manually enter if available):"]
[]
["Particle properties",null,null,null,"Software version:    ",{"$f":"IF(ISBLANK('MPPD report (exposure 2)'!A1),CONCATENATE('MPPD report (exposure 2)'!A2,\" \",'MPPD report (exposure 2)'!B2,\" \",'MPPD report (exposure 2)'!C2,\" \",'MPPD report (exposure 2)'!D2),CONCATENATE('MPPD report (exposure 2)'!A1,\" \",'MPPD report (exposure 2)'!B1,\" \",'MPPD report (exposure 2)'!C1,\" \",'MPPD report (exposure 2)'!D1))","v":"   "}]
[]
["Mass density (g/cm3):",{"$f":"VLOOKUP(\"density:\",'MPPD report (exposure 2)'!$B7:$C56,2,FALSE)","v":{"$error":"#N/A"}}]
["Diameter (µm):",{"$f":"VLOOKUP(\"Diameter:\",'MPPD report (exposure 2)'!$A8:$B57,2,FALSE)","v":{"$error":"#N/A"}}]
["GSD:",{"$f":"VLOOKUP(\"(GSD):\",'MPPD report (exposure 2)'!$B9:$C58,2,FALSE)","v":{"$error":"#N/A"}}]
[]
["Exposure time settings"]
[]
["Hours/day:",{"$f":"VLOOKUP(\"Hours\",'MPPD report (exposure 2)'!$C:$G,4,FALSE)","v":{"$error":"#N/A"}}]
["Days/week:",{"$f":"VLOOKUP(\"Days\",'MPPD report (exposure 2)'!$C:$G,4,FALSE)","v":{"$error":"#N/A"}}]
["Number of weeks:",{"$f":"VLOOKUP(\"Weeks:\",'MPPD report (exposure 2)'!$C:$D,2,FALSE)","v":{"$error":"#N/A"}}]
["Post-exposure days:",{"$f":"VLOOKUP(\"Post-Exposure\",'MPPD report (exposure 2)'!$A:$C,3,FALSE)","v":{"$error":"#N/A"}}]
[]
["Total exposure (hours)",{"$f":"B24*B25*B26","v":{"$error":"#N/A"}}]

{"sheet":"Dose metrics (exposure 3)","index":3,"n_rows":29,"n_cols":10,"rows_kept":29,"cut":false,"hidden":false,"merged":[[0,0,0,2],[0,4,0,9],[8,0,8,2],[15,0,15,2],[21,0,21,2]]}
["Population considerations",null,null,null,"Dose metrics"]
[]
["Lung geometry:",{"$f":"CONCATENATE(VLOOKUP(\"Geometry:\",'MPPD report (exposure 3)'!$B:$F,2,FALSE),\" \",VLOOKUP(\"Geometry:\",'MPPD report (exposure 3)'!$B:$F,3,FALSE),\" \",VLOOKUP(\"Geometry:\",'MPPD report (exposure 3)'!$B:$F,4,FALSE))","v":{"$error":"#N/A"}},null,null,"Region","ET","TB","PU","TB+PU","ET+TB+PU"]
["Model:",{"$f":"CONCATENATE(VLOOKUP(\"Strain:\",'MPPD report (exposure 3)'!$A:$F,2,FALSE),\" \",VLOOKUP(\"Strain:\",'MPPD report (exposure 3)'!$A:$F,3,FALSE),\" \",VLOOKUP(\"Strain:\",'MPPD report (exposure 3)'!$A:$F,4,FALSE))","v":{"$error":"#N/A"}},null,null,"Deposition fraction",{"$f":"VLOOKUP(\"ET\",'MPPD report (exposure 3)'!$B$1:$E$100,4,FALSE)","v":{"$error":"#N/A"}},{"$f":"VLOOKUP(\"TB\",'MPPD report (exposure 3)'!$B$1:$E$100,4,FALSE)","v":{"$error":"#N/A"}},{"$f":"VLOOKUP(\"pulmonary\",'MPPD report (exposure 3)'!$B$1:$E$100,4,FALSE)","v":{"$error":"#N/A"}},{"$f":"G4+H4","v":{"$error":"#N/A"}},{"$f":"SUM(F4:H4)","v":{"$error":"#N/A"}}]
["TLC (ml):",{"$f":"VLOOKUP(\"TLC\",'MPPD report (exposure 3)'!$A:$F,3,FALSE)","v":{"$error":"#N/A"}},null,null,"Daily deposited mass (mg/day)",{"$f":"$B$11/1000000*$B$13*$B$12*$B$24*60*F4","v":{"$error":"#N/A"}},{"$f":"$B$11/1000000*$B$13*$B$12*$B$24*60*G4","v":{"$error":"#N/A"}},{"$error":"#N/A"},{"$f":"G5+H5","v":{"$error":"#N/A"}},{"$f":"SUM(F5:H5)","v":{"$error":"#N/A"}}]
["FRC (ml):",{"$f":"VLOOKUP(\"FRC\",'MPPD report (exposure 3)'!$A:$F,3,FALSE)","v":{"$error":"#N/A"}},null,null,"Surface area SA (cm2)-normalizing factor",{"$f":"INDIRECT(CONCATENATE(\"'MPPD report (exposure 3)'!\",ADDRESS(CELL(\"row\",INDEX('MPPD report (exposure 3)'!$A$1:$A$100,MATCH(\"Extrathoracic\",'MPPD report (exposure 3)'!$A$1:$A$100,0))),4)))","v":{"$error":"#N/A"}},{"$f":"INDIRECT(CONCATENATE(\"'MPPD report (exposure 3)'!\",ADDRESS(CELL(\"row\",INDEX('MPPD report (exposure 3)'!$A$1:$A$100,MATCH(\"Extrathoracic\",'MPPD report (exposure 3)'!$A$1:$A$100,0)))+1,4)))","v":{"$error":"#N/A"}},{"$f":"INDIRECT(CONCATENATE(\"'MPPD report (exposure 3)'!\",ADDRESS(CELL(\"row\",INDEX('MPPD report (exposure 3)'!$A$1:$A$100,MATCH(\"Extrathoracic\",'MPPD report (exposure 3)'!$A$1:$A$100,0)))+2,4)))","v":{"$error":"#N/A"}},{"$f":"G6+H6","v":{"$error":"#N/A"}},{"$f":"SUM(F6:H6)","v":{"$error":"#N/A"}}]
["Body weight (g)",{"$f":"VLOOKUP(\"Weight:\",'MPPD report (exposure 3)'!$B:$F,2,FALSE)","v":{"$error":"#N/A"}},null,null,"Daily deposited mass per regional SA (mg/day/m2)",{"$f":"F5/(F6*0.0001)","v":{"$error":"#N/A"}},{"$f":"G5/(G6*0.0001)","v":{"$error":"#N/A"}},{"$error":"#N/A"},{"$error":"#N/A"},{"$error":"#N/A"}]
[null,null,null,null,"Deposited dose (mg)",{"$f":" INDEX('MPPD exposure data (exposure 3)'!$E:$E, COUNTA('MPPD exposure data (exposure 3)'!$E:$E ) )","v":{"$error":"#VALUE!"}},{"$f":" INDEX('MPPD exposure data (exposure 3)'!$F:$F, COUNTA('MPPD exposure data (exposure 3)'!$F:$F ) )","v":{"$error":"#VALUE!"}},{"$f":" INDEX('MPPD exposure data (exposure 3)'!$G:$G, COUNTA('MPPD exposure data (exposure 3)'!$G:$G ) )","v":{"$error":"#VALUE!"}},{"$f":"G8+H8","v":{"$error":"#VALUE!"}},{"$f":"SUM(F8:H8)","v":{"$error":"#VALUE!"}}]
["Exposure conditions and activity characteristics",null,null,null,"Deposited dose per SA (mg/cm2)",{"$f":"F8/F6","v":{"$error":"#VALUE!"}},{"$f":"G8/G6","v":{"$error":"#VALUE!"}},{"$f":"H8/H6","v":{"$error":"#VALUE!"}},{"$f":"I8/I6","v":{"$error":"#VALUE!"}},{"$error":"#VALUE!"}]
[null,null,null,null,"Retained dose (mg)",{"$f":" INDEX('MPPD exposure data (exposure 3)'!$M:$M, COUNTA('MPPD exposure data (exposure 3)'!$M:$M ) )","v":{"$error":"#VALUE!"}},{"$f":" INDEX('MPPD exposure data (exposure 3)'!$I:$I, COUNTA('MPPD exposure data (exposure 3)'!$I:$I ) )","v":{"$error":"#VALUE!"}},{"$f":" INDEX('MPPD exposure data (exposure 3)'!$K:$K, COUNTA('MPPD exposure data (exposure 3)'!$K:$K) )","v":{"$error":"#VALUE!"}},{"$f":"G10+H10","v":{"$error":"#VALUE!"}},{"$f":"SUM(F10:H10)","v":{"$error":"#VALUE!"}}]
["Aerosol conc. (mg/m3):",{"$f":"VLOOKUP(\"Aerosol\",'MPPD report (exposure 3)'!$A1:$F50,3,FALSE)","v":{"$error":"#N/A"}},null,null,"Retained dose per SA (mg/cm2)",{"$f":"F10/F6","v":{"$error":"#VALUE!"}},{"$f":"G10/G6","v":{"$error":"#VALUE!"}},{"$f":"H10/H6","v":{"$error":"#VALUE!"}},{"$f":"I10/I6","v":{"$error":"#VALUE!"}},{"$f":"J10/J6","v":{"$error":"#VALUE!"}}]
["Breathing frequency (/min):",{"$f":"VLOOKUP(\"Frequency:\",'MPPD report (exposure 3)'!$B1:$D50,2,FALSE)","v":{"$error":"#N/A"}}]
["Tidal volume (ml):",{"$f":"VLOOKUP(\"Tidal\",'MPPD report (exposure 3)'!$E2:$G51,3,FALSE)","v":{"$error":"#N/A"}},null,null,"Systemic dose (mg)",{"$f":" INDEX('MPPD exposure data (exposure 3)'!$S:$S, COUNTA('MPPD exposure data (exposure 3)'!$S:$S ) )","v":{"$error":"#VALUE!"}}]
["Breathing scenario:",{"$f":"CONCATENATE(VLOOKUP(\"scenario:\",'MPPD report (exposure 3)'!$B3:$D52,2,FALSE),\" \",VLOOKUP(\"scenario:\",'MPPD report (exposure 3)'!$B3:$D52,3,FALSE))","v":{"$error":"#N/A"}},null,null,"HEC (manually enter if available):"]
[]
["Particle properties",null,null,null,"Software version:    ",{"$f":"IF(ISBLANK('MPPD report (exposure 3)'!A1),CONCATENATE('MPPD report (exposure 3)'!A2,\" \",'MPPD report (exposure 3)'!B2,\" \",'MPPD report (exposure 3)'!C2,\" \",'MPPD report (exposure 3)'!D2),CONCATENATE('MPPD report (exposure 3)'!A1,\" \",'MPPD report (exposure 3)'!B1,\" \",'MPPD report (exposure 3)'!C1,\" \",'MPPD report (exposure 3)'!D1))","v":"   "}]
[]
["Mass density (g/cm3):",{"$f":"VLOOKUP(\"density:\",'MPPD report (exposure 3)'!$B7:$C56,2,FALSE)","v":{"$error":"#N/A"}}]
["Diameter (µm):",{"$f":"VLOOKUP(\"Diameter:\",'MPPD report (exposure 3)'!$A8:$B57,2,FALSE)","v":{"$error":"#N/A"}}]
["GSD:",{"$f":"VLOOKUP(\"(GSD):\",'MPPD report (exposure 3)'!$B9:$C58,2,FALSE)","v":{"$error":"#N/A"}}]
[]
["Exposure time settings"]
[]
["Hours/day:",{"$f":"VLOOKUP(\"Hours\",'MPPD report (exposure 3)'!$C:$G,4,FALSE)","v":{"$error":"#N/A"}}]
["Days/week:",{"$f":"VLOOKUP(\"Days\",'MPPD report (exposure 3)'!$C:$G,4,FALSE)","v":{"$error":"#N/A"}}]
["Number of weeks:",{"$f":"VLOOKUP(\"Weeks:\",'MPPD report (exposure 3)'!$C:$D,2,FALSE)","v":{"$error":"#N/A"}}]
["Post-exposure days:",{"$f":"VLOOKUP(\"Post-Exposure\",'MPPD report (exposure 3)'!$A:$C,3,FALSE)","v":{"$error":"#N/A"}}]
[]
["Total exposure (hours)",{"$f":"B24*B25*B26","v":{"$error":"#N/A"}}]

{"sheet":"Dose metrics (exposure 4)","index":4,"n_rows":29,"n_cols":10,"rows_kept":29,"cut":false,"hidden":false,"merged":[[0,0,0,2],[0,4,0,9],[8,0,8,2],[15,0,15,2],[21,0,21,2]]}
["Population considerations",null,null,null,"Dose metrics"]
[]
["Lung geometry:",{"$f":"CONCATENATE(VLOOKUP(\"Geometry:\",'MPPD report (exposure 4)'!$B:$F,2,FALSE),\" \",VLOOKUP(\"Geometry:\",'MPPD report (exposure 4)'!$B:$F,3,FALSE),\" \",VLOOKUP(\"Geometry:\",'MPPD report (exposure 4)'!$B:$F,4,FALSE))","v":{"$error":"#N/A"}},null,null,"Region","ET","TB","PU","TB+PU","ET+TB+PU"]
["Model:",{"$f":"CONCATENATE(VLOOKUP(\"Strain:\",'MPPD report (exposure 4)'!$A:$F,2,FALSE),\" \",VLOOKUP(\"Strain:\",'MPPD report (exposure 4)'!$A:$F,3,FALSE),\" \",VLOOKUP(\"Strain:\",'MPPD report (exposure 4)'!$A:$F,4,FALSE))","v":{"$error":"#N/A"}},null,null,"Deposition fraction",{"$f":"VLOOKUP(\"ET\",'MPPD report (exposure 4)'!$B$1:$E$100,4,FALSE)","v":{"$error":"#N/A"}},{"$f":"VLOOKUP(\"TB\",'MPPD report (exposure 4)'!$B$1:$E$100,4,FALSE)","v":{"$error":"#N/A"}},{"$f":"VLOOKUP(\"pulmonary\",'MPPD report (exposure 4)'!$B$1:$E$100,4,FALSE)","v":{"$error":"#N/A"}},{"$f":"G4+H4","v":{"$error":"#N/A"}},{"$f":"SUM(F4:H4)","v":{"$error":"#N/A"}}]
["TLC (ml):",{"$f":"VLOOKUP(\"TLC\",'MPPD report (exposure 4)'!$A:$F,3,FALSE)","v":{"$error":"#N/A"}},null,null,"Daily deposited mass (mg/day)",{"$f":"$B$11/1000000*$B$13*$B$12*$B$24*60*F4","v":{"$error":"#N/A"}},{"$f":"$B$11/1000000*$B$13*$B$12*$B$24*60*G4","v":{"$error":"#N/A"}},{"$error":"#N/A"},{"$f":"G5+H5","v":{"$error":"#N/A"}},{"$f":"SUM(F5:H5)","v":{"$error":"#N/A"}}]
["FRC (ml):",{"$f":"VLOOKUP(\"FRC\",'MPPD report (exposure 4)'!$A:$F,3,FALSE)","v":{"$error":"#N/A"}},null,null,"Surface area SA (cm2)-normalizing factor",{"$f":"INDIRECT(CONCATENATE(\"'MPPD report (exposure 4)'!\",ADDRESS(CELL(\"row\",INDEX('MPPD report (exposure 4)'!$A$1:$A$100,MATCH(\"Extrathoracic\",'MPPD report (exposure 4)'!$A$1:$A$100,0))),4)))","v":{"$error":"#N/A"}},{"$f":"INDIRECT(CONCATENATE(\"'MPPD report (exposure 4)'!\",ADDRESS(CELL(\"row\",INDEX('MPPD report (exposure 4)'!$A$1:$A$100,MATCH(\"Extrathoracic\",'MPPD report (exposure 4)'!$A$1:$A$100,0)))+1,4)))","v":{"$error":"#N/A"}},{"$f":"INDIRECT(CONCATENATE(\"'MPPD report (exposure 4)'!\",ADDRESS(CELL(\"row\",INDEX('MPPD report (exposure 4)'!$A$1:$A$100,MATCH(\"Extrathoracic\",'MPPD report (exposure 4)'!$A$1:$A$100,0)))+2,4)))","v":{"$error":"#N/A"}},{"$f":"G6+H6","v":{"$error":"#N/A"}},{"$f":"SUM(F6:H6)","v":{"$error":"#N/A"}}]
["Body weight (g)",{"$f":"VLOOKUP(\"Weight:\",'MPPD report (exposure 4)'!$B:$F,2,FALSE)","v":{"$error":"#N/A"}},null,null,"Daily deposited mass per regional SA (mg/day/m2)",{"$f":"F5/(F6*0.0001)","v":{"$error":"#N/A"}},{"$f":"G5/(G6*0.0001)","v":{"$error":"#N/A"}},{"$error":"#N/A"},{"$error":"#N/A"},{"$error":"#N/A"}]
[null,null,null,null,"Deposited dose (mg)",{"$f":" INDEX('MPPD exposure data (exposure 4)'!$E:$E, COUNTA('MPPD exposure data (exposure 4)'!$E:$E ) )","v":{"$error":"#VALUE!"}},{"$f":" INDEX('MPPD exposure data (exposure 4)'!$F:$F, COUNTA('MPPD exposure data (exposure 4)'!$F:$F ) )","v":{"$error":"#VALUE!"}},{"$f":" INDEX('MPPD exposure data (exposure 4)'!$G:$G, COUNTA('MPPD exposure data (exposure 4)'!$G:$G ) )","v":{"$error":"#VALUE!"}},{"$f":"G8+H8","v":{"$error":"#VALUE!"}},{"$f":"SUM(F8:H8)","v":{"$error":"#VALUE!"}}]
["Exposure conditions and activity characteristics",null,null,null,"Deposited dose per SA (mg/cm2)",{"$f":"F8/F6","v":{"$error":"#VALUE!"}},{"$f":"G8/G6","v":{"$error":"#VALUE!"}},{"$f":"H8/H6","v":{"$error":"#VALUE!"}},{"$f":"I8/I6","v":{"$error":"#VALUE!"}},{"$error":"#VALUE!"}]
[null,null,null,null,"Retained dose (mg)",{"$f":" INDEX('MPPD exposure data (exposure 4)'!$M:$M, COUNTA('MPPD exposure data (exposure 4)'!$M:$M ) )","v":{"$error":"#VALUE!"}},{"$f":" INDEX('MPPD exposure data (exposure 4)'!$I:$I, COUNTA('MPPD exposure data (exposure 4)'!$I:$I ) )","v":{"$error":"#VALUE!"}},{"$f":" INDEX('MPPD exposure data (exposure 4)'!$K:$K, COUNTA('MPPD exposure data (exposure 4)'!$K:$K) )","v":{"$error":"#VALUE!"}},{"$f":"G10+H10","v":{"$error":"#VALUE!"}},{"$f":"SUM(F10:H10)","v":{"$error":"#VALUE!"}}]
["Aerosol conc. (mg/m3):",{"$f":"VLOOKUP(\"Aerosol\",'MPPD report (exposure 4)'!$A1:$F50,3,FALSE)","v":{"$error":"#N/A"}},null,null,"Retained dose per SA (mg/cm2)",{"$f":"F10/F6","v":{"$error":"#VALUE!"}},{"$f":"G10/G6","v":{"$error":"#VALUE!"}},{"$f":"H10/H6","v":{"$error":"#VALUE!"}},{"$f":"I10/I6","v":{"$error":"#VALUE!"}},{"$f":"J10/J6","v":{"$error":"#VALUE!"}}]
["Breathing frequency (/min):",{"$f":"VLOOKUP(\"Frequency:\",'MPPD report (exposure 4)'!$B1:$D50,2,FALSE)","v":{"$error":"#N/A"}}]
["Tidal volume (ml):",{"$f":"VLOOKUP(\"Tidal\",'MPPD report (exposure 4)'!$E2:$G51,3,FALSE)","v":{"$error":"#N/A"}},null,null,"Systemic dose (mg)",{"$f":" INDEX('MPPD exposure data (exposure 4)'!$S:$S, COUNTA('MPPD exposure data (exposure 4)'!$S:$S ) )","v":{"$error":"#VALUE!"}}]
["Breathing scenario:",{"$f":"CONCATENATE(VLOOKUP(\"scenario:\",'MPPD report (exposure 4)'!$B3:$D52,2,FALSE),\" \",VLOOKUP(\"scenario:\",'MPPD report (exposure 4)'!$B3:$D52,3,FALSE))","v":{"$error":"#N/A"}},null,null,"HEC (manually enter if available):"]
[]
["Particle properties",null,null,null,"Software version:    ",{"$f":"IF(ISBLANK('MPPD report (exposure 4)'!A1),CONCATENATE('MPPD report (exposure 4)'!A2,\" \",'MPPD report (exposure 4)'!B2,\" \",'MPPD report (exposure 4)'!C2,\" \",'MPPD report (exposure 4)'!D2),CONCATENATE('MPPD report (exposure 4)'!A1,\" \",'MPPD report (exposure 4)'!B1,\" \",'MPPD report (exposure 4)'!C1,\" \",'MPPD report (exposure 4)'!D1))","v":"   "}]
[]
["Mass density (g/cm3):",{"$f":"VLOOKUP(\"density:\",'MPPD report (exposure 4)'!$B7:$C56,2,FALSE)","v":{"$error":"#N/A"}}]
["Diameter (µm):",{"$f":"VLOOKUP(\"Diameter:\",'MPPD report (exposure 4)'!$A8:$B57,2,FALSE)","v":{"$error":"#N/A"}}]
["GSD:",{"$f":"VLOOKUP(\"(GSD):\",'MPPD report (exposure 4)'!$B9:$C58,2,FALSE)","v":{"$error":"#N/A"}}]
[]
["Exposure time settings"]
[]
["Hours/day:",{"$f":"VLOOKUP(\"Hours\",'MPPD report (exposure 4)'!$C:$G,4,FALSE)","v":{"$error":"#N/A"}}]
["Days/week:",{"$f":"VLOOKUP(\"Days\",'MPPD report (exposure 4)'!$C:$G,4,FALSE)","v":{"$error":"#N/A"}}]
["Number of weeks:",{"$f":"VLOOKUP(\"Weeks:\",'MPPD report (exposure 4)'!$C:$D,2,FALSE)","v":{"$error":"#N/A"}}]
["Post-exposure days:",{"$f":"VLOOKUP(\"Post-Exposure\",'MPPD report (exposure 4)'!$A:$C,3,FALSE)","v":{"$error":"#N/A"}}]
[]
["Total exposure (hours)",{"$f":"B24*B25*B26","v":{"$error":"#N/A"}}]

{"sheet":"Dose metrics (exposure 5)","index":5,"n_rows":29,"n_cols":10,"rows_kept":29,"cut":false,"hidden":false,"merged":[[0,0,0,2],[0,4,0,9],[8,0,8,2],[15,0,15,2],[21,0,21,2]]}
["Population considerations",null,null,null,"Dose metrics"]
[]
["Lung geometry:",{"$f":"CONCATENATE(VLOOKUP(\"Geometry:\",'MPPD report (exposure 5)'!$B:$F,2,FALSE),\" \",VLOOKUP(\"Geometry:\",'MPPD report (exposure 5)'!$B:$F,3,FALSE),\" \",VLOOKUP(\"Geometry:\",'MPPD report (exposure 5)'!$B:$F,4,FALSE))","v":{"$error":"#N/A"}},null,null,"Region","ET","TB","PU","TB+PU","ET+TB+PU"]
["Model:",{"$f":"CONCATENATE(VLOOKUP(\"Strain:\",'MPPD report (exposure 5)'!$A:$F,2,FALSE),\" \",VLOOKUP(\"Strain:\",'MPPD report (exposure 5)'!$A:$F,3,FALSE),\" \",VLOOKUP(\"Strain:\",'MPPD report (exposure 5)'!$A:$F,4,FALSE))","v":{"$error":"#N/A"}},null,null,"Deposition fraction",{"$f":"VLOOKUP(\"ET\",'MPPD report (exposure 5)'!$B$1:$E$100,4,FALSE)","v":{"$error":"#N/A"}},{"$f":"VLOOKUP(\"TB\",'MPPD report (exposure 5)'!$B$1:$E$100,4,FALSE)","v":{"$error":"#N/A"}},{"$f":"VLOOKUP(\"pulmonary\",'MPPD report (exposure 5)'!$B$1:$E$100,4,FALSE)","v":{"$error":"#N/A"}},{"$f":"G4+H4","v":{"$error":"#N/A"}},{"$f":"SUM(F4:H4)","v":{"$error":"#N/A"}}]
["TLC (ml):",{"$f":"VLOOKUP(\"TLC\",'MPPD report (exposure 5)'!$A:$F,3,FALSE)","v":{"$error":"#N/A"}},null,null,"Daily deposited mass (mg/day)",{"$f":"$B$11/1000000*$B$13*$B$12*$B$24*60*F4","v":{"$error":"#N/A"}},{"$f":"$B$11/1000000*$B$13*$B$12*$B$24*60*G4","v":{"$error":"#N/A"}},{"$error":"#N/A"},{"$f":"G5+H5","v":{"$error":"#N/A"}},{"$f":"SUM(F5:H5)","v":{"$error":"#N/A"}}]
["FRC (ml):",{"$f":"VLOOKUP(\"FRC\",'MPPD report (exposure 5)'!$A:$F,3,FALSE)","v":{"$error":"#N/A"}},null,null,"Surface area SA (cm2)-normalizing factor",{"$f":"INDIRECT(CONCATENATE(\"'MPPD report (exposure 5)'!\",ADDRESS(CELL(\"row\",INDEX('MPPD report (exposure 5)'!$A$1:$A$100,MATCH(\"Extrathoracic\",'MPPD report (exposure 5)'!$A$1:$A$100,0))),4)))","v":{"$error":"#N/A"}},{"$f":"INDIRECT(CONCATENATE(\"'MPPD report (exposure 5)'!\",ADDRESS(CELL(\"row\",INDEX('MPPD report (exposure 4)'!$A$1:$A$100,MATCH(\"Extrathoracic\",'MPPD report (exposure 5)'!$A$1:$A$100,0)))+1,4)))","v":{"$error":"#N/A"}},{"$f":"INDIRECT(CONCATENATE(\"'MPPD report (exposure 5)'!\",ADDRESS(CELL(\"row\",INDEX('MPPD report (exposure 5)'!$A$1:$A$100,MATCH(\"Extrathoracic\",'MPPD report (exposure 5)'!$A$1:$A$100,0)))+2,4)))","v":{"$error":"#N/A"}},{"$f":"G6+H6","v":{"$error":"#N/A"}},{"$f":"SUM(F6:H6)","v":{"$error":"#N/A"}}]
["Body weight (g)",{"$f":"VLOOKUP(\"Weight:\",'MPPD report (exposure 5)'!$B:$F,2,FALSE)","v":{"$error":"#N/A"}},null,null,"Daily deposited mass per regional SA (mg/day/m2)",{"$f":"F5/(F6*0.0001)","v":{"$error":"#N/A"}},{"$f":"G5/(G6*0.0001)","v":{"$error":"#N/A"}},{"$error":"#N/A"},{"$error":"#N/A"},{"$error":"#N/A"}]
[null,null,null,null,"Deposited dose (mg)",{"$f":" INDEX('MPPD exposure data (exposure 5)'!$E:$E, COUNTA('MPPD exposure data (exposure 5)'!$E:$E ) )","v":{"$error":"#VALUE!"}},{"$f":" INDEX('MPPD exposure data (exposure 5)'!$F:$F, COUNTA('MPPD exposure data (exposure 5)'!$F:$F ) )","v":{"$error":"#VALUE!"}},{"$f":" INDEX('MPPD exposure data (exposure 5)'!$G:$G, COUNTA('MPPD exposure data (exposure 5)'!$G:$G ) )","v":{"$error":"#VALUE!"}},{"$f":"G8+H8","v":{"$error":"#VALUE!"}},{"$f":"SUM(F8:H8)","v":{"$error":"#VALUE!"}}]
["Exposure conditions and activity characteristics",null,null,null,"Deposited dose per SA (mg/cm2)",{"$f":"F8/F6","v":{"$error":"#VALUE!"}},{"$f":"G8/G6","v":{"$error":"#VALUE!"}},{"$f":"H8/H6","v":{"$error":"#VALUE!"}},{"$f":"I8/I6","v":{"$error":"#VALUE!"}},{"$error":"#VALUE!"}]
[null,null,null,null,"Retained dose (mg)",{"$f":" INDEX('MPPD exposure data (exposure 5)'!$M:$M, COUNTA('MPPD exposure data (exposure 5)'!$M:$M ) )","v":{"$error":"#VALUE!"}},{"$f":" INDEX('MPPD exposure data (exposure 5)'!$I:$I, COUNTA('MPPD exposure data (exposure 5)'!$I:$I ) )","v":{"$error":"#VALUE!"}},{"$f":" INDEX('MPPD exposure data (exposure 5)'!$K:$K, COUNTA('MPPD exposure data (exposure 5)'!$K:$K) )","v":{"$error":"#VALUE!"}},{"$f":"G10+H10","v":{"$error":"#VALUE!"}},{"$f":"SUM(F10:H10)","v":{"$error":"#VALUE!"}}]
["Aerosol conc. (mg/m3):",{"$f":"VLOOKUP(\"Aerosol\",'MPPD report (exposure 5)'!$A1:$F50,3,FALSE)","v":{"$error":"#N/A"}},null,null,"Retained dose per SA (mg/cm2)",{"$f":"F10/F6","v":{"$error":"#VALUE!"}},{"$f":"G10/G6","v":{"$error":"#VALUE!"}},{"$f":"H10/H6","v":{"$error":"#VALUE!"}},{"$f":"I10/I6","v":{"$error":"#VALUE!"}},{"$f":"J10/J6","v":{"$error":"#VALUE!"}}]
["Breathing frequency (/min):",{"$f":"VLOOKUP(\"Frequency:\",'MPPD report (exposure 5)'!$B1:$D50,2,FALSE)","v":{"$error":"#N/A"}}]
["Tidal volume (ml):",{"$f":"VLOOKUP(\"Tidal\",'MPPD report (exposure 5)'!$E2:$G51,3,FALSE)","v":{"$error":"#N/A"}},null,null,"Systemic dose (mg)",{"$f":" INDEX('MPPD exposure data (exposure 5)'!$S:$S, COUNTA('MPPD exposure data (exposure 5)'!$S:$S ) )","v":{"$error":"#VALUE!"}}]
["Breathing scenario:",{"$f":"CONCATENATE(VLOOKUP(\"scenario:\",'MPPD report (exposure 5)'!$B3:$D52,2,FALSE),\" \",VLOOKUP(\"scenario:\",'MPPD report (exposure 4)'!$B3:$D52,3,FALSE))","v":{"$error":"#N/A"}},null,null,"HEC (manually enter if available):"]
[]
["Particle properties",null,null,null,"Software version:    ",{"$f":"IF(ISBLANK('MPPD report (exposure 5)'!A1),CONCATENATE('MPPD report (exposure 5)'!A2,\" \",'MPPD report (exposure 5)'!B2,\" \",'MPPD report (exposure 5)'!C2,\" \",'MPPD report (exposure 5)'!D2),CONCATENATE('MPPD report (exposure 5)'!A1,\" \",'MPPD report (exposure 5)'!B1,\" \",'MPPD report (exposure 5)'!C1,\" \",'MPPD report (exposure 5)'!D1))","v":"   "}]
[]
["Mass density (g/cm3):",{"$f":"VLOOKUP(\"density:\",'MPPD report (exposure 5)'!$B7:$C56,2,FALSE)","v":{"$error":"#N/A"}}]
["Diameter (µm):",{"$f":"VLOOKUP(\"Diameter:\",'MPPD report (exposure 5)'!$A8:$B57,2,FALSE)","v":{"$error":"#N/A"}}]
["GSD:",{"$f":"VLOOKUP(\"(GSD):\",'MPPD report (exposure 5)'!$B9:$C58,2,FALSE)","v":{"$error":"#N/A"}}]
[]
["Exposure time settings"]
[]
["Hours/day:",{"$f":"VLOOKUP(\"Hours\",'MPPD report (exposure 5)'!$C:$G,4,FALSE)","v":{"$error":"#N/A"}}]
["Days/week:",{"$f":"VLOOKUP(\"Days\",'MPPD report (exposure 5)'!$C:$G,4,FALSE)","v":{"$error":"#N/A"}}]
["Number of weeks:",{"$f":"VLOOKUP(\"Weeks:\",'MPPD report (exposure 5)'!$C:$D,2,FALSE)","v":{"$error":"#N/A"}}]
["Post-exposure days:",{"$f":"VLOOKUP(\"Post-Exposure\",'MPPD report (exposure 5)'!$A:$C,3,FALSE)","v":{"$error":"#N/A"}}]
[]
["Total exposure (hours)",{"$f":"B24*B25*B26","v":{"$error":"#N/A"}}]

{"sheet":"MPPD report (exposure 1)","index":6,"n_rows":4632,"n_cols":12,"rows_kept":4632,"cut":false,"hidden":false,"merged":[]}
[]
[]
[]
[]
[]
[]
[]
[]
[]
[]
[]
[]
[]
[]
[]
[]
[]
[]
[]
[]
[]
[]
[]
[]
[]
[]
[]
[]
[]
[]
[]
[]
[]
[]
[]
[]
[]
[]
[]
[]
[]
[]
[]
[]
[]
[]
[]
[]
[]
[]
[]
[]
[]
[]
[]
[]
[]
[]
[]
[]
[]
[]
[]
[]
[]
[]
[]
[]
[]
[]
[]
[]
[]
[]
[]
[]
[]
[]
[]
[]
[]
[]
[]
[]
[]
[]
[]
[]
[]
[]
[]
[]
[]
[]
[]
[]
[]
[]
[]
[]
[]
[]
[]
[]
[]
[]
[]
[]
[]
[]
[]
[]
[]
[]
[]
[]
[]
[]
[]
[]
[]
[]
[]
[]
[]
[]
[]
[]
[]
[]
[]
[]
[]
[]
[]
[]
[]
[]
[]
[]
[]
[]
[]
[]
[]
[]
[]
[]
[]
[]
[]
[]
[]
[]
[]
[]
[]
[]
[]
[]
[]
[]
[]
[]
[]
[]
[]
[]
[]
[]
[]
[]
[]
[]
[]
[]
[]
[]
[]
[]
[]
[]
[]
[]
[]
[]
[]
[]
[]
[]
[]
[]
[]
[]
[]
[]
[]
[]
[]
[]
[]
[]
[]
[]
[]
[]
[]
[]
[]
[]
[]
[]
[]
[]
[]
[]
[]
[]
[]
[]
[]
[]
[]
[]
[]
[]
[]
[]
[]
[]
[]
[]
[]
[]
[]
[]
[]
[]
[]
[]
[]
[]
[]
[]
[]
[]
[]
[]
[]
[]
[]
[]
[]
[]
[]
[]
[]
[]
[]
[]
[]
[]
[]
[]
[]
[]
[]
[]
[]
[]
[]
[]
[]
[]
[]
[]
[]
[]
[]
[]
[]
[]
[]
[]
[]
[]
[]
[]
[]
[]
[]
[]
[]
[]
[]
[]
[]
[]
[]
[]
[]
[]
[]
[]
[]
[]
[]
[]
[]
[]
[]
[]
[]
[]
[]
[]
[]
[]
[]
[]
[]
[]
[]
[]
[]
[]
[]
[]
[]
[]
[]
[]
[]
[]
[]
[]
[]
[]
[]
[]
[]
[]
[]
[]
[]
[]
[]
[]
[]
[]
[]
[]
[]
[]
[]
[]
[]
[]
[]
[]
[]
[]
[]
[]
[]
[]
[]
[]
[]
[]
[]
[]
[]
[]
[]
[]
[]
[]
[]
[]
[]
[]
[]
[]
[]
[]
[]
[]
[]
[]
[]
[]
[]
[]
[]
[]
[]
[]
[]
[]
[]
[]
[]
[]
[]
[]
[]
[]
[]
[]
[]
[]
[]
[]
[]
[]
[]
[]
[]
[]
[]
[]
[]
[]
[]
[]
[]
[]
[]
[]
[]
[]
[]
[]
[]
[]
[]
[]
[]
[]
[]
[]
[]
[]
[]
[]
[]
[]
[]
[]
[]
[]
[]
[]
[]
[]
[]
[]
[]
[]
[]
[]
[]
[]
[]
[]
[]
[]
[]
[]
[]
[]
[]
[]
[]
[]
[]
[]
[]
[]
[]
[]
[]
[]
[]
[]
[]
[]
[]
[]
[]
[]
[]
[]
[]
[]
[]
[]
[]
[]
[]
[]
[]
[]
[]
[]
[]
[]
[]
[]
[]
[]
[]
[]
[]
[]
[]
[]
[]
[]
[]
[]
[]
[]
[]
[]
[]
[]
[]
[]
[]
[]
[]
[]
[]
[]
[]
[]
[]
[]
[]
[]
[]
[]
[]
[]
[]
[]
[]
[]
[]
[]
[]
[]
[]
[]
[]
[]
[]
[]
[]
[]
[]
[]
[]
[]
[]
[]
[]
[]
[]
[]
[]
[]
[]
[]
[]
[]
[]
[]
[]
[]
[]
[]
[]
[]
[]
[]
[]
[]
[]
[]
[]
[]
[]
[]
[]
[]
[]
[]
[]
[]
[]
[]
[]
[]
[]
[]
[]
[]
[]
[]
[]
[]
[]
[]
[]
[]
[]
[]
[]
[]
[]
[]
[]
[]
[]
[]
[]
[]
[]
[]
[]
[]
[]
[]
[]
[]
[]
[]
[]
[]
[]
[]
[]
[]
[]
[]
[]
[]
[]
[]
[]
[]
[]
[]
[]
[]
[]
[]
[]
[]
[]
[]
[]
[]
[]
[]
[]
[]
[]
[]
[]
[]
[]
[]
[]
[]
[]
[]
[]
[]
[]
[]
[]
[]
[]
[]
[]
[]
[]
[]
[]
[]
[]
[]
[]
[]
[]
[]
[]
[]
[]
[]
[]
[]
[]
[]
[]
[]
[]
[]
[]
[]
[]
[]
[]
[]
[]
[]
[]
[]
[]
[]
[]
[]
[]
[]
[]
[]
[]
[]
[]
[]
[]
[]
[]
[]
[]
[]
[]
[]
[]
[]
[]
[]
[]
[]
[]
[]
[]
[]
[]
[]
[]
[]
[]
[]
[]
[]
[]
[]
[]
[]
[]
[]
[]
[]
[]
[]
[]
[]
[]
[]
[]
[]
[]
[]
[]
[]
[]
[]
[]
[]
[]
[]
[]
[]
[]
[]
[]
[]
[]
[]
[]
[]
[]
[]
[]
[]
[]
[]
[]
[]
[]
[]
[]
[]
[]
[]
[]
[]
[]
[]
[]
[]
[]
[]
[]
[]
[]
[]
[]
[]
[]
[]
[]
[]
[]
[]
[]
[]
[]
[]
[]
[]
[]
[]
[]
[]
[]
[]
[]
[]
[]
[]
[]
[]
[]
[]
[]
[]
[]
[]
[]
[]
[]
[]
[]
[]
[]
[]
[]
[]
[]
[]
[]
[]
[]
[]
[]
[]
[]
[]
[]
[]
[]
[]
[]
[]
[]
[]
[]
[]
[]
[]
[]
[]
[]
[]
[]
[]
[]
[]
[]
[]
[]
[]
[]
[]
[]
[]
[]
[]
[]
[]
[]
[]
[]
[]
[]
[]
[]
[]
[]
[]
[]
[]
[]
[]
[]
[]
[]
[]
[]
[]
[]
[]
[]
[]
[]
[]
[]
[]
[]
[]
[]
[]
[]
[]
[]
[]
[]
[]
[]
[]
[]
[]
[]
[]
[]
[]
[]
[]
[]
[]
[]
[]
[]
[]
[]
[]
[]
[]
[]
[]
[]
[]
[]
[]
[]
[]
[]
[]
[]
[]
[]
[]
[]
[]
[]
[]
[]
[]
[]
[]
[]
[]
[]
[]
[]
[]
[]
[]
[]
[]
[]
[]
[]
[]
[]
[]
[]
[]
[]
[]
[]
[]
[]
[]
[]
[]
[]
[]
[]
[]
[]
[]
[]
[]
[]
[]
[]
[]
[]
[]
[]
[]
[]
[]
[]
[]
[]
[]
[]
[]
[]
[]
[]
[]
[]
[]
[]
[]
[]
[]
[]
[]
[]
[]
[]
[]
[]
[]
[]
[]
[]
[]
[]
[]
[]
[]
[]
[]
[]
[]
[]
[]
[]
[]
[]
[]
[]
[]
[]
[]
[]
[]
[]
[]
[]
[]
[]
[]
[]
[]
[]
[]
[]
[]
[]
[]
[]
[]
[]
[]
[]
[]
[]
[]
[]
[]
[]
[]
[]
[]
[]
[]
[]
[]
[]
[]
[]
[]
[]
[]
[]
[]
[]
[]
[]
[]
[]
[]
[]
[]
[]
[]
[]
[]
[]
[]
[]
[]
[]
[]
[]
[]
[]
[]
[]
[]
[]
[]
[]
[]
[]
[]
[]
[]
[]
[]
[]
[]
[]
[]
[]
[]
[]
[]
[]
[]
[]
[]
[]
[]
[]
[]
[]
[]
[]
[]
[]
[]
[]
[]
[]
[]
[]
[]
[]
[]
[]
[]
[]
[]
[]
[]
[]
[]
[]
[]
[]
[]
[]
[]
[]
[]
[]
[]
[]
[]
[]
[]
[]
[]
[]
[]
[]
[]
[]
[]
[]
[]
[]
[]
[]
[]
[]
[]
[]
[]
[]
[]
[]
[]
[]
[]
[]
[]
[]
[]
[]
[]
[]
[]
[]
[]
[]
[]
[]
[]
[]
[]
[]
[]
[]
[]
[]
[]
[]
[]
[]
[]
[]
[]
[]
[]
[]
[]
[]
[]
[]
[]
[]
[]
[]
[]
[]
[]
[]
[]
[]
[]
[]
[]
[]
[]
[]
[]
[]
[]
[]
[]
[]
[]
[]
[]
[]
[]
[]
[]
[]
[]
[]
[]
[]
[]
[]
[]
[]
[]
[]
[]
[]
[]
[]
[]
[]
[]
[]
[]
[]
[]
[]
[]
[]
[]
[]
[]
[]
[]
[]
[]
[]
[]
[]
[]
[]
[]
[]
[]
[]
[]
[]
[]
[]
[]
[]
[]
[]
[]
[]
[]
[]
[]
[]
[]
[]
[]
[]
[]
[]
[]
[]
[]
[]
[]
[]
[]
[]
[]
[]
[]
[]
[]
[]
[]
[]
[]
[]
[]
[]
[]
[]
[]
[]
[]
[]
[]
[]
[]
[]
[]
[]
[]
[]
[]
[]
[]
[]
[]
[]
[]
[]
[]
[]
[]
[]
[]
[]
[]
[]
[]
[]
[]
[]
[]
[]
[]
[]
[]
[]
[]
[]
[]
[]
[]
[]
[]
[]
[]
[]
[]
[]
[]
[]
[]
[]
[]
[]
[]
[]
[]
[]
[]
[]
[]
[]
[]
[]
[]
[]
[]
[]
[]
[]
[]
[]
[]
[]
[]
[]
[]
[]
[]
[]
[]
[]
[]
[]
[]
[]
[]
[]
[]
[]
[]
[]
[]
[]
[]
[]
[]
[]
[]
[]
[]
[]
[]
[]
[]
[]
[]
[]
[]
[]
[]
[]
[]
[]
[]
[]
[]
[]
[]
[]
[]
[]
[]
[]
[]
[]
[]
[]
[]
[]
[]
[]
[]
[]
[]
[]
[]
[]
[]
[]
[]
[]
[]
[]
[]
[]
[]
[]
[]
[]
[]
[]
[]
[]
[]
[]
[]
[]
[]
[]
[]
[]
[]
[]
[]
[]
[]
[]
[]
[]
[]
[]
[]
[]
[]
[]
[]
[]
[]
[]
[]
[]
[]
[]
[]
[]
[]
[]
[]
[]
[]
[]
[]
[]
[]
[]
[]
[]
[]
[]
[]
[]
[]
[]
[]
[]
[]
[]
[]
[]
[]
[]
[]
[]
[]
[]
[]
[]
[]
[]
[]
[]
[]
[]
[]
[]
[]
[]
[]
[]
[]
[]
[]
[]
[]
[]
[]
[]
[]
[]
[]
[]
[]
[]
[]
[]
[]
[]
[]
[]
[]
[]
[]
[]
[]
[]
[]
[]
[]
[]
[]
[]
[]
[]
[]
[]
[]
[]
[]
[]
[]
[]
[]
[]
[]
[]
[]
[]
[]
[]
[]
[]
[]
[]
[]
[]
[]
[]
[]
[]
[]
[]
[]
[]
[]
[]
[]
[]
[]
[]
[]
[]
[]
[]
[]
[]
[]
[]
[]
[]
[]
[]
[]
[]
[]
[]
[]
[]
[]
[]
[]
[]
[]
[]
[]
[]
[]
[]
[]
[]
[]
[]
[]
[]
[]
[]
[]
[]
[]
[]
[]
[]
[]
[]
[]
[]
[]
[]
[]
[]
[]
[]
[]
[]
[]
[]
[]
[]
[]
[]
[]
[]
[]
[]
[]
[]
[]
[]
[]
[]
[]
[]
[]
[]
[]
[]
[]
[]
[]
[]
[]
[]
[]
[]
[]
[]
[]
[]
[]
[]
[]
[]
[]
[]
[]
[]
[]
[]
[]
[]
[]
[]
[]
[]
[]
[]
[]
[]
[]
[]
[]
[]
[]
[]
[]
[]
[]
[]
[]
[]
[]
[]
[]
[]
[]
[]
[]
[]
[]
[]
[]
[]
[]
[]
[]
[]
[]
[]
[]
[]
[]
[]
[]
[]
[]
[]
[]
[]
[]
[]
[]
[]
[]
[]
[]
[]
[]
[]
[]
[]
[]
[]
[]
[]
[]
[]
[]
[]
[]
[]
[]
[]
[]
[]
[]
[]
[]
[]
[]
[]
[]
[]
[]
[]
[]
[]
[]
[]
[]
[]
[]
[]
[]
[]
[]
[]
[]
[]
[]
[]
[]
[]
[]
[]
[]
[]
[]
[]
[]
[]
[]
[]
[]
[]
[]
[]
[]
[]
[]
[]
[]
[]
[]
[]
[]
[]
[]
[]
[]
[]
[]
[]
[]
[]
[]
[]
[]
[]
[]
[]
[]
[]
[]
[]
[]
[]
[]
[]
[]
[]
[]
[]
[]
[]
[]
[]
[]
[]
[]
[]
[]
[]
[]
[]
[]
[]
[]
[]
[]
[]
[]
[]
[]
[]
[]
[]
[]
[]
[]
[]
[]
[]
[]
[]
[]
[]
[]
[]
[]
[]
[]
[]
[]
[]
[]
[]
[]
[]
[]
[]
[]
[]
[]
[]
[]
[]
[]
[]
[]
[]
[]
[]
[]
[]
[]
[]
[]
[]
[]
[]
[]
[]
[]
[]
[]
[]
[]
[]
[]
[]
[]
[]
[]
[]
[]
[]
[]
[]
[]
[]
[]
[]
[]
[]
[]
[]
[]
[]
[]
[]
[]
[]
[]
[]
[]
[]
[]
[]
[]
[]
[]
[]
[]
[]
[]
[]
[]
[]
[]
[]
[]
[]
[]
[]
[]
[]
[]
[]
[]
[]
[]
[]
[]
[]
[]
[]
[]
[]
[]
[]
[]
[]
[]
[]
[]
[]
[]
[]
[]
[]
[]
[]
[]
[]
[]
[]
[]
[]
[]
[]
[]
[]
[]
[]
[]
[]
[]
[]
[]
[]
[]
[]
[]
[]
[]
[]
[]
[]
[]
[]
[]
[]
[]
[]
[]
[]
[]
[]
[]
[]
[]
[]
[]
[]
[]
[]
[]
[]
[]
[]
[]
[]
[]
[]
[]
[]
[]
[]
[]
[]
[]
[]
[]
[]
[]
[]
[]
[]
[]
[]
[]
[]
[]
[]
[]
[]
[]
[]
[]
[]
[]
[]
[]
[]
[]
[]
[]
[]
[]
[]
[]
[]
[]
[]
[]
[]
[]
[]
[]
[]
[]
[]
[]
[]
[]
[]
[]
[]
[]
[]
[]
[]
[]
[]
[]
[]
[]
[]
[]
[]
[]
[]
[]
[]
[]
[]
[]
[]
[]
[]
[]
[]
[]
[]
[]
[]
[]
[]
[]
[]
[]
[]
[]
[]
[]
[]
[]
[]
[]
[]
[]
[]
[]
[]
[]
[]
[]
[]
[]
[]
[]
[]
[]
[]
[]
[]
[]
[]
[]
[]
[]
[]
[]
[]
[]
[]
[]
[]
[]
[]
[]
[]
[]
[]
[]
[]
[]
[]
[]
[]
[]
[]
[]
[]
[]
[]
[]
[]
[]
[]
[]
[]
[]
[]
[]
[]
[]
[]
[]
[]
[]
[]
[]
[]
[]
[]
[]
[]
[]
[]
[]
[]
[]
[]
[]
[]
[]
[]
[]
[]
[]
[]
[]
[]
[]
[]
[]
[]
[]
[]
[]
[]
[]
[]
[]
[]
[]
[]
[]
[]
[]
[]
[]
[]
[]
[]
[]
[]
[]
[]
[]
[]
[]
[]
[]
[]
[]
[]
[]
[]
[]
[]
[]
[]
[]
[]
[]
[]
[]
[]
[]
[]
[]
[]
[]
[]
[]
[]
[]
[]
[]
[]
[]
[]
[]
[]
[]
[]
[]
[]
[]
[]
[]
[]
[]
[]
[]
[]
[]
[]
[]
[]
[]
[]
[]
[]
[]
[]
[]
[]
[]
[]
[]
[]
[]
[]
[]
[]
[]
[]
[]
[]
[]
[]
[]
[]
[]
[]
[]
[]
[]
[]
[]
[]
[]
[]
[]
[]
[]
[]
[]
[]
[]
[]
[]
[]
[]
[]
[]
[]
[]
[]
[]
[]
[]
[]
[]
[]
[]
[]
[]
[]
[]
[]
[]
[]
[]
[]
[]
[]
[]
[]
[]
[]
[]
[]
[]
[]
[]
[]
[]
[]
[]
[]
[]
[]
[]
[]
[]
[]
[]
[]
[]
[]
[]
[]
[]
[]
[]
[]
[]
[]
[]
[]
[]
[]
[]
[]
[]
[]
[]
[]
[]
[]
[]
[]
[]
[]
[]
[]
[]
[]
[]
[]
[]
[]
[]
[]
[]
[]
[]
[]
[]
[]
[]
[]
[]
[]
[]
[]
[]
[]
[]
[]
[]
[]
[]
[]
[]
[]
[]
[]
[]
[]
[]
[]
[]
[]
[]
[]
[]
[]
[]
[]
[]
[]
[]
[]
[]
[]
[]
[]
[]
[]
[]
[]
[]
[]
[]
[]
[]
[]
[]
[]
[]
[]
[]
[]
[]
[]
[]
[]
[]
[]
[]
[]
[]
[]
[]
[]
[]
[]
[]
[]
[]
[]
[]
[]
[]
[]
[]
[]
[]
[]
[]
[]
[]
[]
[]
[]
[]
[]
[]
[]
[]
[]
[]
[]
[]
[]
[]
[]
[]
[]
[]
[]
[]
[]
[]
[]
[]
[]
[]
[]
[]
[]
[]
[]
[]
[]
[]
[]
[]
[]
[]
[]
[]
[]
[]
[]
[]
[]
[]
[]
[]
[]
[]
[]
[]
[]
[]
[]
[]
[]
[]
[]
[]
[]
[]
[]
[]
[]
[]
[]
[]
[]
[]
[]
[]
[]
[]
[]
[]
[]
[]
[]
[]
[]
[]
[]
[]
[]
[]
[]
[]
[]
[]
[]
[]
[]
[]
[]
[]
[]
[]
[]
[]
[]
[]
[]
[]
[]
[]
[]
[]
[]
[]
[]
[]
[]
[]
[]
[]
[]
[]
[]
[]
[]
[]
[]
[]
[]
[]
[]
[]
[]
[]
[]
[]
[]
[]
[]
[]
[]
[]
[]
[]
[]
[]
[]
[]
[]
[]
[]
[]
[]
[]
[]
[]
[]
[]
[]
[]
[]
[]
[]
[]
[]
[]
[]
[]
[]
[]
[]
[]
[]
[]
[]
[]
[]
[]
[]
[]
[]
[]
[]
[]
[]
[]
[]
[]
[]
[]
[]
[]
[]
[]
[]
[]
[]
[]
[]
[]
[]
[]
[]
[]
[]
[]
[]
[]
[]
[]
[]
[]
[]
[]
[]
[]
[]
[]
[]
[]
[]
[]
[]
[]
[]
[]
[]
[]
[]
[]
[]
[]
[]
[]
[]
[]
[]
[]
[]
[]
[]
[]
[]
[]
[]
[]
[]
[]
[]
[]
[]
[]
[]
[]
[]
[]
[]
[]
[]
[]
[]
[]
[]
[]
[]
[]
[]
[]
[]
[]
[]
[]
[]
[]
[]
[]
[]
[]
[]
[]
[]
[]
[]
[]
[]
[]
[]
[]
[]
[]
[]
[]
[]
[]
[]
[]
[]
[]
[]
[]
[]
[]
[]
[]
[]
[]
[]
[]
[]
[]
[]
[]
[]
[]
[]
[]
[]
[]
[]
[]
[]
[]
[]
[]
[]
[]
[]
[]
[]
[]
[]
[]
[]
[]
[]
[]
[]
[]
[]
[]
[]
[]
[]
[]
[]
[]
[]
[]
[]
[]
[]
[]
[]
[]
[]
[]
[]
[]
[]
[]
[]
[]
[]
[]
[]
[]
[]
[]
[]
[]
[]
[]
[]
[]
[]
[]
[]
[]
[]
[]
[]
[]
[]
[]
[]
[]
[]
[]
[]
[]
[]
[]
[]
[]
[]
[]
[]
[]
[]
[]
[]
[]
[]
[]
[]
[]
[]
[]
[]
[]
[]
[]
[]
[]
[]
[]
[]
[]
[]
[]
[]
[]
[]
[]
[]
[]
[]
[]
[]
[]
[]
[]
[]
[]
[]
[]
[]
[]
[]
[]
[]
[]
[]
[]
[]
[]
[]
[]
[]
[]
[]
[]
[]
[]
[]
[]
[]
[]
[]
[]
[]
[]
[]
[]
[]
[]
[]
[]
[]
[]
[]
[]
[]
[]
[]
[]
[]
[]
[]
[]
[]
[]
[]
[]
[]
[]
[]
[]
[]
[]
[]
[]
[]
[]
[]
[]
[]
[]
[]
[]
[]
[]
[]
[]
[]
[]
[]
[]
[]
[]
[]
[]
[]
[]
[]
[]
[]
[]
[]
[]
[]
[]
[]
[]
[]
[]
[]
[]
[]
[]
[]
[]
[]
[]
[]
[]
[]
[]
[]
[]
[]
[]
[]
[]
[]
[]
[]
[]
[]
[]
[]
[]
[]
[]
[]
[]
[]
[]
[]
[]
[]
[]
[]
[]
[]
[]
[]
[]
[]
[]
[]
[]
[]
[]
[]
[]
[]
[]
[]
[]
[]
[]
[]
[]
[]
[]
[]
[]
[]
[]
[]
[]
[]
[]
[]
[]
[]
[]
[]
[]
[]
[]
[]
[]
[]
[]
[]
[]
[]
[]
[]
[]
[]
[]
[]
[]
[]
[]
[]
[]
[]
[]
[]
[]
[]
[]
[]
[]
[]
[]
[]
[]
[]
[]
[]
[]
[]
[]
[]
[]
[]
[]
[]
[]
[]
[]
[]
[]
[]
[]
[]
[]
[]
[]
[]
[]
[]
[]
[]
[]
[]
[]
[]
[]
[]
[]
[]
[]
[]
[]
[]
[]
[]
[]
[]
[]
[]
[]
[]
[]
[]
[]
[]
[]
[]
[]
[]
[]
[]
[]
[]
[]
[]
[]
[]
[]
[]
[]
[]
[]
[]
[]
[]
[]
[]
[]
[]
[]
[]
[]
[]
[]
[]
[]
[]
[]
[]
[]
[]
[]
[]
[]
[]
[]
[]
[]
[]
[]
[]
[]
[]
[]
[]
[]
[]
[]
[]
[]
[]
[]
[]
[]
[]
[]
[]
[]
[]
[]
[]
[]
[]
[]
[]
[]
[]
[]
[]
[]
[]
[]
[]
[]
[]
[]
[]
[]
[]
[]
[]
[]
[]
[]
[]
[]
[]
[]
[]
[]
[]
[]
[]
[]
[]
[]
[]
[]
[]
[]
[]
[]
[]
[]
[]
[]
[]
[]
[]
[]
[]
[]
[]
[]
[]
[]
[]
[]
[]
[]
[]
[]
[]
[]
[]
[]
[]
[]
[]
[]
[]
[]
[]
[]
[]
[]
[]
[]
[]
[]
[]
[]
[]
[]
[]
[]
[]
[]
[]
[]
[]
[]
[]
[]
[]
[]
[]
[]
[]
[]
[]
[]
[]
[]
[]
[]
[]
[]
[]
[]
[]
[]
[]
[]
[]
[]
[]
[]
[]
[]
[]
[]
[]
[]
[]
[]
[]
[]
[]
[]
[]
[]
[]
[]
[]
[]
[]
[]
[]
[]
[]
[]
[]
[]
[]
[]
[]
[]
[]
[]
[]
[]
[]
[]
[]
[]
[]
[]
[]
[]
[]
[]
[]
[]
[]
[]
[]
[]
[]
[]
[]
[]
[]
[]
[]
[]
[]
[]
[]
[]
[]
[]
[]
[]
[]
[]
[]
[]
[]
[]
[]
[]
[]
[]
[]
[]
[]
[]
[]
[]
[]
[]
[]
[]
[]
[]
[]
[]
[]
[]
[]
[]
[]
[]
[]
[]
[]
[]
[]
[]
[]
[]
[]
[]
[]
[]
[]
[]
[]
[]
[]
[]
[]
[]
[]
[]
[]
[]
[]
[]
[]
[]
[]
[]
[]
[]
[]
[]
[]
[]
[]
[]
[]
[]
[]
[]
[]
[]
[]
[]
[]
[]
[]
[]
[]
[]
[]
[]
[]
[]
[]
[]
[]
[]
[]
[]
[]
[]
[]
[]
[]
[]
[]
[]
[]
[]
[]
[]
[]
[]
[]
[]
[]
[]
[]
[]
[]
[]
[]
[]
[]
[]
[]
[]
[]
[]
[]
[]
[]
[]
[]
[]
[]
[]
[]
[]
[]
[]
[]
[]
[]
[]
[]
[]
[]
[]
[]
[]
[]
[]
[]
[]
[]
[]
[]
[]
[]
[]
[]
[]
[]
[]
[]
[]
[]
[]
[]
[]
[]
[]
[]
[]
[]
[]
[]
[]
[]
[]
[]
[]
[]
[]
[]
[]
[]
[]
[]
[]
[]
[]
[]
[]
[]
[]
[]
[]
[]
[]
[]
[]
[]
[]
[]
[]
[]
[]
[]
[]
[]
[]
[]
[]
[]
[]
[]
[]
[]
[]
[]
[]
[]
[]
[]
[]
[]
[]
[]
[]
[]
[]
[]
[]
[]
[]
[]
[]
[]
[]
[]
[]
[]
[]
[]
[]
[]
[]
[]
[]
[]
[]
[]
[]
[]
[]
[]
[]
[]
[]
[]
[]
[]
[]
[]
[]
[]
[]
[]
[]
[]
[]
[]
[]
[]
[]
[]
[]
[]
[]
[]
[]
[]
[]
[]
[]
[]
[]
[]
[]
[]
[]
[]
[]
[]
[]
[]
[]
[]
[]
[]
[]
[]
[]
[]
[]
[]
[]
[]
[]
[]
[]
[]
[]
[]
[]
[]
[]
[]
[]
[]
[]
[]
[]
[]
[]
[]
[]
[]
[]
[]
[]
[]
[]
[]
[]
[]
[]
[]
[]
[]
[]
[]
[]
[]
[]
[]
[]
[]
[]
[]
[]
[]
[]
[]
[]
[]
[]
[]
[]
[]
[]
[]
[]
[]
[]
[]
[]
[]
[]
[]
[]
[]
[]
[]
[]
[]
[]
[]
[]
[]
[]
[]
[]
[]
[]
[]
[]
[]
[]
[]
[]
[]
[]
[]
[]
[]
[]
[]
[]
[]
[]
[]
[]
[]
[]
[]
[]
[]
[]
[]
[]
[]
[]
[]
[]
[]
[]
[]
[]
[]
[]
[]
[]
[]
[]
[]
[]
[]
[]
[]
[]
[]
[]
[]
[]
[]
[]
[]
[]
[]
[]
[]
[]
[]
[]
[]
[]
[]
[]
[]
[]
[]
[]
[]
[]
[]
[]
[]
[]
[]
[]
[]
[]
[]
[]
[]
[]
[]
[]
[]
[]
[]
[]
[]
[]
[]
[]
[]
[]
[]
[]
[]
[]
[]
[]
[]
[]
[]
[]
[]
[]
[]
[]
[]
[]
[]
[]
[]
[]
[]
[]
[]
[]
[]
[]
[]
[]
[]
[]
[]
[]
[]
[]
[]
[]
[]
[]
[]
[]
[]
[]
[]
[]
[]
[]
[]
[]
[]
[]
[]
[]
[]
[]
[]
[]
[]
[]
[]
[]
[]
[]
[]
[]
[]
[]
[]
[]
[]
[]
[]
[]
[]
[]
[]
[]
[]
[]
[]
[]
[]
[]
[]
[]
[]
[]
[]
[]
[]
[]
[]
[]
[]
[]
[]
[]
[]
[]
[]
[]
[]
[]
[]
[]
[]
[]
[]
[]
[]
[]
[]
[]
[]
[]
[]
[]
[]
[]
[]
[]
[]
[]
[]
[]
[]
[]
[]
[]
[]
[]
[]
[]
[]
[]
[]
[]
[]
[]
[]
[]
[]
[]
[]
[]
[]
[]
[]
[]
[]
[]
[]
[]
[]
[]
[]
[]
[]
[]
[]
[]
[]
[]
[]
[]
[]
[]
[]
[]
[]
[]
[]
[]
[]
[]
[]
[]
[]
[]
[]
[]
[]
[]
[]
[]
[]
[]
[]
[]
[]
[]
[]
[]
[]
[]
[]
[]
[]
[]
[]
[]
[]
[]
[]
[]
[]
[]
[]
[]
[]
[]
[]
[]
[]
[]
[]
[]
[]
[]
[]
[]
[]
[]
[]
[]
[]
[]
[]
[]
[]
[]
[]
[]
[]
[]
[]
[]
[]
[]
[]
[]
[]
[]
[]
[]
[]
[]
[]
[]
[]
[]
[]
[]
[]
[]
[]
[]
[]
[]
[]
[]
[]
[]
[]
[]
[]
[]
[]
[]
[]
[]
[]
[]
[]
[]
[]
[]
[]
[]
[]
[]
[]
[]
[]
[]
[]
[]
[]
[]
[]
[]
[]
[]
[]
[]
[]
[]
[]
[]
[]
[]
[]
[]
[]
[]
[]
[]
[]
[]
[]
[]
[]
[]
[]
[]
[]
[]
[]
[]
[]
[]
[]
[]
[]
[]
[]
[]
[]
[]
[]
[]
[]
[]
[]
[]
[]
[]
[]
[]
[]
[]
[]
[]
[]
[]
[]
[]
[]
[]
[]
[]
[]
[]
[]
[]
[]
[]
[]
[]
[]
[]
[]
[]
[]
[]
[]
[]
[]
[]
[]
[]
[]
[]
[]
[]
[]
[]
[]
[]
[]
[]
[]
[]
[]
[]
[]
[]
[]
[]
[]
[]
[]
[]
[]
[]
[]
[null,null,null,null,null,null,null,null,null,null,3.6970000000000002E-3,4.8240000000000003E-7]
[null,null,null,null,null,null,null,null,null,null,3.6240000000000001E-3,3.4429999999999999E-6]
[null,null,null,null,null,null,null,null,null,null,7.2269999999999999E-3,4.8790000000000002E-6]
[null,null,null,null,null,null,null,null,null,null,7.0850000000000002E-3,1.062E-5]
[null,null,null,null,null,null,null,null,null,null,1.0699999999999999E-2,1.2969999999999999E-5]
[null,null,null,null,null,null,null,null,null,null,1.0500000000000001E-2,2.1440000000000001E-5]
[null,null,null,null,null,null,null,null,null,null,1.4E-2,2.4680000000000001E-5]
[null,null,null,null,null,null,null,null,null,null,1.37E-2,3.5809999999999998E-5]
[null,null,null,null,null,null,null,null,null,null,1.7299999999999999E-2,3.9919999999999997E-5]
[null,null,null,null,null,null,null,null,null,null,1.6899999999999998E-2,5.3640000000000001E-5]
[null,null,null,null,null,null,null,null,null,null,1.6500000000000001E-2,7.1390000000000006E-5]
[null,null,null,null,null,null,null,null,null,null,1.61E-2,8.8690000000000006E-5]
[null,null,null,null,null,null,null,null,null,null,1.9599999999999999E-2,9.3419999999999997E-5]
[null,null,null,null,null,null,null,null,null,null,1.9199999999999998E-2,1.0900000000000001E-4]
[null,null,null,null,null,null,null,null,null,null,2.2700000000000001E-2,1.145E-4]
[null,null,null,null,null,null,null,null,null,null,2.23E-2,1.325E-4]
[null,null,null,null,null,null,null,null,null,null,2.58E-2,1.3889999999999999E-4]
[null,null,null,null,null,null,null,null,null,null,2.53E-2,1.5919999999999999E-4]
[null,null,null,null,null,null,null,null,null,null,2.8799999999999999E-2,1.6640000000000001E-4]
[null,null,null,null,null,null,null,null,null,null,2.8199999999999999E-2,1.8909999999999999E-4]
[null,null,null,null,null,null,null,null,null,null,3.1600000000000003E-2,1.9699999999999999E-4]
[null,null,null,null,null,null,null,null,null,null,3.1E-2,2.22E-4]
[null,null,null,null,null,null,null,null,null,null,3.0300000000000001E-2,2.544E-4]
[null,null,null,null,null,null,null,null,null,null,2.9499999999999998E-2,2.8610000000000002E-4]
[null,null,null,null,null,null,null,null,null,null,3.2899999999999999E-2,2.944E-4]
[null,null,null,null,null,null,null,null,null,null,3.2300000000000002E-2,3.2039999999999998E-4]
[null,null,null,null,null,null,null,null,null,null,3.5700000000000003E-2,3.2939999999999998E-4]
[null,null,null,null,null,null,null,null,null,null,3.5099999999999999E-2,3.5750000000000002E-4]
[null,null,null,null,null,null,null,null,null,null,3.85E-2,3.6729999999999998E-4]
[null,null,null,null,null,null,null,null,null,null,3.7699999999999997E-2,3.9760000000000002E-4]
[null,null,null,null,null,null,null,null,null,null,4.1099999999999998E-2,4.08E-4]
[null,null,null,null,null,null,null,null,null,null,4.0399999999999998E-2,4.4040000000000003E-4]
[null,null,null,null,null,null,null,null,null,null,4.3700000000000003E-2,4.5160000000000003E-4]
[null,null,null,null,null,null,null,null,null,null,4.2900000000000001E-2,4.86E-4]
[null,null,null,null,null,null,null,null,null,null,4.1799999999999997E-2,5.3089999999999995E-4]
[null,null,null,null,null,null,null,null,null,null,4.0800000000000003E-2,5.7470000000000004E-4]
[null,null,null,null,null,null,null,null,null,null,4.4200000000000003E-2,5.8600000000000004E-4]
[null,null,null,null,null,null,null,null,null,null,4.3299999999999998E-2,6.2080000000000002E-4]
[null,null,null,null,null,null,null,null,null,null,4.6699999999999998E-2,6.3270000000000004E-4]
[null,null,null,null,null,null,null,null,null,null,4.58E-2,6.6949999999999996E-4]
[null,null,null,null,null,null,null,null,null,null,4.9200000000000001E-2,6.8210000000000005E-4]
[null,null,null,null,null,null,null,null,null,null,4.8300000000000003E-2,7.2079999999999996E-4]
[null,null,null,null,null,null,null,null,null,null,5.16E-2,7.3410000000000001E-4]
[null,null,null,null,null,null,null,null,null,null,5.0599999999999999E-2,7.7470000000000002E-4]
[null,null,null,null,null,null,null,null,null,null,5.3900000000000003E-2,7.8859999999999998E-4]
[null,null,null,null,null,null,null,null,null,null,5.2900000000000003E-2,8.3109999999999998E-4]
[null,null,null,null,null,null,null,null,null,null,5.16E-2,8.8650000000000003E-4]
[null,null,null,null,null,null,null,null,null,null,5.04E-2,9.4059999999999999E-4]
[null,null,null,null,null,null,null,null,null,null,5.3699999999999998E-2,9.544E-4]
[]
[]
[]
[null,null,null,null,null,null,null,null,null,null,5.2699999999999997E-2,9.967000000000001E-4]
[null,null,null,null,null,null,null,null,null,null,5.6000000000000001E-2,1.011E-3]
[null,null,null,null,null,null,null,null,null,null,5.5E-2,1.0549999999999999E-3]
[null,null,null,null,null,null,null,null,null,null,5.8299999999999998E-2,1.07E-3]
[null,null,null,null,null,null,null,null,null,null,5.7200000000000001E-2,1.116E-3]
[null,null,null,null,null,null,null,null,null,null,6.0499999999999998E-2,1.132E-3]
[null,null,null,null,null,null,null,null,null,null,5.9400000000000001E-2,1.1789999999999999E-3]
[null,null,null,null,null,null,null,null,null,null,6.2600000000000003E-2,1.196E-3]
[null,null,null,null,null,null,null,null,null,null,6.1499999999999999E-2,1.245E-3]
[null,null,null,null,null,null,null,null,null,null,0.06,1.3090000000000001E-3]
[null,null,null,null,null,null,null,null,null,null,5.8599999999999999E-2,1.372E-3]
[null,null,null,null,null,null,null,null,null,null,6.1800000000000001E-2,1.3879999999999999E-3]
[null,null,null,null,null,null,null,null,null,null,6.0699999999999997E-2,1.4369999999999999E-3]
[null,null,null,null,null,null,null,null,null,null,6.4000000000000001E-2,1.4530000000000001E-3]
[null,null,null,null,null,null,null,null,null,null,6.2799999999999995E-2,1.5039999999999999E-3]
[null,null,null,null,null,null,null,null,null,null,6.6100000000000006E-2,1.521E-3]
[null,null,null,null,null,null,null,null,null,null,6.4899999999999999E-2,1.573E-3]
[null,null,null,null,null,null,null,null,null,null,6.8099999999999994E-2,1.591E-3]
[null,null,null,null,null,null,null,null,null,null,6.6900000000000001E-2,1.6440000000000001E-3]
[null,null,null,null,null,null,null,null,null,null,7.0099999999999996E-2,1.6620000000000001E-3]
[null,null,null,null,null,null,null,null,null,null,6.8900000000000003E-2,1.7179999999999999E-3]
[null,null,null,null,null,null,null,null,null,null,6.7199999999999996E-2,1.7899999999999999E-3]
[null,null,null,null,null,null,null,null,null,null,6.5600000000000006E-2,1.8600000000000001E-3]
[null,null,null,null,null,null,null,null,null,null,6.8900000000000003E-2,1.8779999999999999E-3]
[null,null,null,null,null,null,null,null,null,null,6.7599999999999993E-2,1.9319999999999999E-3]
[null,null,null,null,null,null,null,null,null,null,7.0900000000000005E-2,1.951E-3]
[null,null,null,null,null,null,null,null,null,null,6.9599999999999995E-2,2.0070000000000001E-3]
[null,null,null,null,null,null,null,null,null,null,7.2800000000000004E-2,2.0249999999999999E-3]
[null,null,null,null,null,null,null,null,null,null,7.1499999999999994E-2,2.0830000000000002E-3]
[null,null,null,null,null,null,null,null,null,null,7.4700000000000003E-2,2.1020000000000001E-3]
[null,null,null,null,null,null,null,null,null,null,7.3400000000000007E-2,2.1610000000000002E-3]
[null,null,null,null,null,null,null,null,null,null,7.6600000000000001E-2,2.1810000000000002E-3]
[null,null,null,null,null,null,null,null,null,null,7.5300000000000006E-2,2.2409999999999999E-3]
[null,null,null,null,null,null,null,null,null,null,7.3499999999999996E-2,2.32E-3]
[null,null,null,null,null,null,null,null,null,null,7.1800000000000003E-2,2.3969999999999998E-3]
[null,null,null,null,null,null,null,null,null,null,7.4999999999999997E-2,2.4169999999999999E-3]
[null,null,null,null,null,null,null,null,null,null,7.3700000000000002E-2,2.4759999999999999E-3]
[null,null,null,null,null,null,null,null,null,null,7.6899999999999996E-2,2.496E-3]
[null,null,null,null,null,null,null,null,null,null,7.5499999999999998E-2,2.5560000000000001E-3]
[null,null,null,null,null,null,null,null,null,null,7.8700000000000006E-2,2.5769999999999999E-3]
[null,null,null,null,null,null,null,null,null,null,7.7299999999999994E-2,2.6389999999999999E-3]
[null,null,null,null,null,null,null,null,null,null,8.0500000000000002E-2,2.66E-3]
[null,null,null,null,null,null,null,null,null,null,7.9100000000000004E-2,2.7230000000000002E-3]
[null,null,null,null,null,null,null,null,null,null,8.2299999999999998E-2,2.745E-3]
[null,null,null,null,null,null,null,null,null,null,8.09E-2,2.8089999999999999E-3]
[null,null,null,null,null,null,null,null,null,null,7.9000000000000001E-2,2.8939999999999999E-3]
[null,null,null,null,null,null,null,null,null,null,7.7200000000000005E-2,2.977E-3]
[null,null,null,null,null,null,null,null,null,null,8.0399999999999999E-2,2.9979999999999998E-3]
[null,null,null,null,null,null,null,null,null,null,7.9000000000000001E-2,3.0609999999999999E-3]
[null,null,null,null,null,null,null,null,null,null,8.2199999999999995E-2,3.0820000000000001E-3]
[]
[]
[]
[null,null,null,null,null,null,null,null,null,null,8.0699999999999994E-2,3.1470000000000001E-3]
[null,null,null,null,null,null,null,null,null,null,8.3900000000000002E-2,3.1689999999999999E-3]
[null,null,null,null,null,null,null,null,null,null,8.2500000000000004E-2,3.235E-3]
[null,null,null,null,null,null,null,null,null,null,8.5599999999999996E-2,3.2569999999999999E-3]
[null,null,null,null,null,null,null,null,null,null,8.4199999999999997E-2,3.3249999999999998E-3]
[null,null,null,null,null,null,null,null,null,null,8.7300000000000003E-2,3.3479999999999998E-3]
[null,null,null,null,null,null,null,null,null,null,8.5800000000000001E-2,3.4160000000000002E-3]
[null,null,null,null,null,null,null,null,null,null,8.3900000000000002E-2,3.506E-3]
[null,null,null,null,null,null,null,null,null,null,8.2000000000000003E-2,3.594E-3]
[null,null,null,null,null,null,null,null,null,null,8.5099999999999995E-2,3.6159999999999999E-3]
[null,null,null,null,null,null,null,null,null,null,8.3699999999999997E-2,3.6840000000000002E-3]
[null,null,null,null,null,null,null,null,null,null,8.6800000000000002E-2,3.7060000000000001E-3]
[null,null,null,null,null,null,null,null,null,null,8.5400000000000004E-2,3.7750000000000001E-3]
[null,null,null,null,null,null,null,null,null,null,8.8499999999999995E-2,3.7980000000000002E-3]
[null,null,null,null,null,null,null,null,null,null,8.6999999999999994E-2,3.8670000000000002E-3]
[null,null,null,null,null,null,null,null,null,null,9.0200000000000002E-2,3.8909999999999999E-3]
[null,null,null,null,null,null,null,null,null,null,8.8599999999999998E-2,3.9620000000000002E-3]
[null,null,null,null,null,null,null,null,null,null,9.1800000000000007E-2,3.986E-3]
[null,null,null,null,null,null,null,null,null,null,9.0200000000000002E-2,4.058E-3]
[null,null,null,null,null,null,null,null,null,null,8.8200000000000001E-2,4.1529999999999996E-3]
[null,null,null,null,null,null,null,null,null,null,8.6199999999999999E-2,4.2449999999999996E-3]
[null,null,null,null,null,null,null,null,null,null,8.9399999999999993E-2,4.2690000000000002E-3]
[null,null,null,null,null,null,null,null,null,null,8.7900000000000006E-2,4.339E-3]
[null,null,null,null,null,null,null,null,null,null,9.11E-2,4.3629999999999997E-3]
[null,null,null,null,null,null,null,null,null,null,8.9499999999999996E-2,4.4349999999999997E-3]
[null,null,null,null,null,null,null,null,null,null,9.2700000000000005E-2,4.4590000000000003E-3]
[null,null,null,null,null,null,null,null,null,null,9.11E-2,4.5319999999999996E-3]
[null,null,null,null,null,null,null,null,null,null,9.4200000000000006E-2,4.5560000000000002E-3]
[null,null,null,null,null,null,null,null,null,null,9.2700000000000005E-2,4.6309999999999997E-3]
[null,null,null,null,null,null,null,null,null,null,9.5799999999999996E-2,4.6560000000000004E-3]
[null,null,null,null,null,null,null,null,null,null,9.4200000000000006E-2,4.731E-3]
[null,null,null,null,null,null,null,null,null,null,9.2100000000000001E-2,4.8300000000000001E-3]
[null,null,null,null,null,null,null,null,null,null,9.01E-2,4.927E-3]
[null,null,null,null,null,null,null,null,null,null,9.3299999999999994E-2,4.9509999999999997E-3]
[null,null,null,null,null,null,null,null,null,null,9.1700000000000004E-2,5.0239999999999998E-3]
[null,null,null,null,null,null,null,null,null,null,9.4899999999999998E-2,5.0489999999999997E-3]
[null,null,null,null,null,null,null,null,null,null,9.3299999999999994E-2,5.1240000000000001E-3]
[null,null,null,null,null,null,null,null,null,null,9.64E-2,5.1489999999999999E-3]
[null,null,null,null,null,null,null,null,null,null,9.4799999999999995E-2,5.2249999999999996E-3]
[null,null,null,null,null,null,null,null,null,null,9.8000000000000004E-2,5.2509999999999996E-3]
[null,null,null,null,null,null,null,null,null,null,9.64E-2,5.3280000000000003E-3]
[null,null,null,null,null,null,null,null,null,null,9.9500000000000005E-2,5.3540000000000003E-3]
[null,null,null,null,null,null,null,null,null,null,9.7799999999999998E-2,5.4320000000000002E-3]
[null,null,null,null,null,null,null,null,null,null,9.5699999999999993E-2,5.535E-3]
[null,null,null,null,null,null,null,null,null,null,9.3700000000000006E-2,5.6350000000000003E-3]
[null,null,null,null,null,null,null,null,null,null,9.6799999999999997E-2,5.6600000000000001E-3]
[null,null,null,null,null,null,null,null,null,null,9.5200000000000007E-2,5.7369999999999999E-3]
[null,null,null,null,null,null,null,null,null,null,9.8299999999999998E-2,5.7619999999999998E-3]
[null,null,null,null,null,null,null,null,null,null,9.6799999999999997E-2,5.8399999999999997E-3]
[null,null,null,null,null,null,null,null,null,null,9.9900000000000003E-2,5.8659999999999997E-3]
[]
[]
[]
[null,null,null,null,null,null,null,null,null,null,9.8299999999999998E-2,5.9449999999999998E-3]
[null,null,null,null,null,null,null,null,null,null,0.1014,5.9709999999999997E-3]
[null,null,null,null,null,null,null,null,null,null,9.9699999999999997E-2,6.051E-3]
[null,null,null,null,null,null,null,null,null,null,0.1028,6.0780000000000001E-3]
[null,null,null,null,null,null,null,null,null,null,0.1027,6.0829999999999999E-3]
[null,null,null,null,null,null,null,null,null,null,0.1026,6.0879999999999997E-3]
[null,null,null,null,null,null,null,null,null,null,0.10249999999999999,6.0930000000000003E-3]
[null,null,null,null,null,null,null,null,null,null,0.1024,6.0980000000000001E-3]
[null,null,null,null,null,null,null,null,null,null,0.1023,6.1019999999999998E-3]
[null,null,null,null,null,null,null,null,null,null,0.1022,6.1069999999999996E-3]
[null,null,null,null,null,null,null,null,null,null,0.1021,6.1120000000000002E-3]
[null,null,null,null,null,null,null,null,null,null,0.10199999999999999,6.117E-3]
[null,null,null,null,null,null,null,null,null,null,0.1019,6.1219999999999998E-3]
[null,null,null,null,null,null,null,null,null,null,0.1018,6.1269999999999996E-3]
[null,null,null,null,null,null,null,null,null,null,0.1017,6.1310000000000002E-3]
[null,null,null,null,null,null,null,null,null,null,0.1016,6.136E-3]
[null,null,null,null,null,null,null,null,null,null,0.10150000000000001,6.1409999999999998E-3]
[null,null,null,null,null,null,null,null,null,null,0.1014,6.1460000000000004E-3]
[null,null,null,null,null,null,null,null,null,null,0.1013,6.1510000000000002E-3]
[null,null,null,null,null,null,null,null,null,null,0.1012,6.1549999999999999E-3]
[null,null,null,null,null,null,null,null,null,null,0.1011,6.1599999999999997E-3]
[null,null,null,null,null,null,null,null,null,0.10100000000000001,6.1650000000000003E-3]
[null,null,null,null,null,null,null,null,null,0.10100000000000001,6.1700000000000001E-3]
[null,null,null,null,null,null,null,null,null,0.1009,6.1749999999999999E-3]
[null,null,null,null,null,null,null,null,null,0.1008,6.1789999999999996E-3]
[null,null,null,null,null,null,null,null,null,0.1007,6.1840000000000003E-3]
[null,null,null,null,null,null,null,null,null,0.10059999999999999,6.1890000000000001E-3]
[null,null,null,null,null,null,null,null,null,0.10050000000000001,6.1939999999999999E-3]
[null,null,null,null,null,null,null,null,null,0.1004,6.1980000000000004E-3]
[null,null,null,null,null,null,null,null,null,0.1003,6.2030000000000002E-3]
[null,null,null,null,null,null,null,null,null,0.1002,6.208E-3]
[null,null,null,null,null,null,null,null,null,0.10009999999999999,6.2129999999999998E-3]
[null,null,null,null,null,null,null,null,null,0.1,6.2170000000000003E-3]
[null,null,null,null,null,null,null,null,null,9.9900000000000003E-2,6.2220000000000001E-3]
[null,null,null,null,null,null,null,null,null,9.98E-2,6.2269999999999999E-3]
[null,null,null,null,null,null,null,null,null,9.9699999999999997E-2,6.2310000000000004E-3]
[null,null,null,null,null,null,null,null,null,9.9599999999999994E-2,6.2360000000000002E-3]
[null,null,null,null,null,null,null,null,null,9.9500000000000005E-2,6.241E-3]
[null,null,null,null,null,null,null,null,null,9.9400000000000002E-2,6.2459999999999998E-3]
[null,null,null,null,null,null,null,null,null,9.9299999999999999E-2,6.2500000000000003E-3]
[null,null,null,null,null,null,null,null,null,9.9199999999999997E-2,6.2550000000000001E-3]
[null,null,null,null,null,null,null,null,null,9.9099999999999994E-2,6.2599999999999999E-3]
[null,null,null,null,null,null,null,null,null,9.9000000000000005E-2,6.2639999999999996E-3]
[null,null,null,null,null,null,null,null,null,9.8900000000000002E-2,6.2690000000000003E-3]
[null,null,null,null,null,null,null,null,null,9.8799999999999999E-2,6.2740000000000001E-3]
[null,null,null,null,null,null,null,null,null,9.8799999999999999E-2,6.2779999999999997E-3]
[null,null,null,null,null,null,null,null,null,9.8699999999999996E-2,6.2830000000000004E-3]
[null,null,null,null,null,null,null,null,null,9.8599999999999993E-2,6.2880000000000002E-3]
[null,null,null,null,null,null,null,null,null,9.8500000000000004E-2,6.2919999999999998E-3]
[null,null,null,null,null,null,null,null,null,9.8400000000000001E-2,6.2969999999999996E-3]
[]
[]
[]
[null,null,null,null,null,null,null,null,null,9.8299999999999998E-2,6.3020000000000003E-3]
[null,null,null,null,null,null,null,null,null,9.8199999999999996E-2,6.306E-3]
[null,null,null,null,null,null,null,null,null,9.8100000000000007E-2,6.3109999999999998E-3]
[null,null,null,null,null,null,null,null,null,9.8000000000000004E-2,6.3150000000000003E-3]
[null,null,null,null,null,null,null,null,null,9.7900000000000001E-2,6.3200000000000001E-3]
[null,null,null,null,null,null,null,null,null,9.7799999999999998E-2,6.3249999999999999E-3]
[null,null,null,null,null,null,null,null,null,9.7699999999999995E-2,6.3290000000000004E-3]
[null,null,null,null,null,null,null,null,null,9.7600000000000006E-2,6.3340000000000002E-3]
[null,null,null,null,null,null,null,null,null,9.7500000000000003E-2,6.339E-3]
[null,null,null,null,null,null,null,null,null,9.7500000000000003E-2,6.3429999999999997E-3]
[null,null,null,null,null,null,null,null,null,9.74E-2,6.3480000000000003E-3]
[null,null,null,null,null,null,null,null,null,9.7299999999999998E-2,6.352E-3]
[null,null,null,null,null,null,null,null,null,9.7199999999999995E-2,6.3569999999999998E-3]
[null,null,null,null,null,null,null,null,null,9.7100000000000006E-2,6.3619999999999996E-3]
[null,null,null,null,null,null,null,null,null,9.7000000000000003E-2,6.3660000000000001E-3]
[null,null,null,null,null,null,null,null,null,9.69E-2,6.3709999999999999E-3]
[null,null,null,null,null,null,null,null,null,9.6799999999999997E-2,6.3749999999999996E-3]
[null,null,null,null,null,null,null,null,null,9.6699999999999994E-2,6.3800000000000003E-3]
[null,null,null,null,null,null,null,null,null,9.6600000000000005E-2,6.3839999999999999E-3]
[null,null,null,null,null,null,null,null,null,9.6500000000000002E-2,6.3889999999999997E-3]

{"sheet":"MPPD exposure data (exposure 1)","index":7,"n_rows":0,"n_cols":0,"rows_kept":0,"cut":false,"hidden":false,"merged":[]}

{"sheet":"MPPD report (exposure 2)","index":8,"n_rows":4628,"n_cols":32,"rows_kept":4628,"cut":false,"hidden":false,"merged":[]}
[]
[]
[]
[]
[]
[]
[]
[]
[]
[]
[]
[]
[]
[]
[]
[]
[]
[]
[]
[]
[]
[]
[]
[]
[]
[]
[]
[]
[]
[]
[]
[]
[]
[]
[]
[]
[]
[]
[]
[]
[]
[]
[]
[]
[]
[]
[]
[]
[]
[]
[]
[]
[]
[]
[]
[]
[]
[]
[]
[]
[]
[]
[]
[]
[]
[]
[]
[]
[]
[]
[]
[]
[]
[]
[]
[]
[]
[]
[]
[]
[]
[]
[]
[]
[]
[]
[]
[]
[]
[]
[]
[]
[]
[]
[]
[]
[]
[]
[]
[]
[]
[]
[]
[]
[]
[]
[]
[]
[]
[]
[]
[]
[]
[]
[]
[]
[]
[]
[]
[]
[]
[]
[]
[]
[]
[]
[]
[]
[]
[]
[]
[]
[]
[]
[]
[]
[]
[]
[]
[]
[]
[]
[]
[]
[]
[]
[]
[]
[]
[]
[]
[]
[]
[]
[]
[]
[]
[]
[]
[]
[]
[]
[]
[]
[]
[]
[]
[]
[]
[]
[]
[]
[]
[]
[]
[]
[]
[]
[]
[]
[]
[]
[]
[]
[]
[]
[]
[]
[]
[]
[]
[]
[]
[]
[]
[]
[]
[]
[]
[]
[]
[]
[]
[]
[]
[]
[]
[]
[]
[]
[]
[]
[]
[]
[]
[]
[]
[]
[]
[]
[]
[]
[]
[]
[]
[]
[]
[]
[]
[]
[]
[]
[]
[]
[]
[]
[]
[]
[]
[]
[]
[]
[]
[]
[]
[]
[]
[]
[]
[]
[]
[]
[]
[]
[]
[]
[]
[]
[]
[]
[]
[]
[]
[]
[]
[]
[]
[]
[]
[]
[]
[]
[]
[]
[]
[]
[]
[]
[]
[]
[]
[]
[]
[]
[]
[]
[]
[]
[]
[]
[]
[]
[]
[]
[]
[]
[]
[]
[]
[]
[]
[]
[]
[]
[]
[]
[]
[]
[]
[]
[]
[]
[]
[]
[]
[]
[]
[]
[]
[]
[]
[]
[]
[]
[]
[]
[]
[]
[]
[]
[]
[]
[]
[]
[]
[]
[]
[]
[]
[]
[]
[]
[]
[]
[]
[]
[]
[]
[]
[]
[]
[]
[]
[]
[]
[]
[]
[]
[]
[]
[]
[]
[]
[]
[]
[]
[]
[]
[]
[]
[]
[]
[]
[]
[]
[]
[]
[]
[]
[]
[]
[]
[]
[]
[]
[]
[]
[]
[]
[]
[]
[]
[]
[]
[]
[]
[]
[]
[]
[]
[]
[]
[]
[]
[]
[]
[]
[]
[]
[]
[]
[]
[]
[]
[]
[]
[]
[]
[]
[]
[]
[]
[]
[]
[]
[]
[]
[]
[]
[]
[]
[]
[]
[]
[]
[]
[]
[]
[]
[]
[]
[]
[]
[]
[]
[]
[]
[]
[]
[]
[]
[]
[]
[]
[]
[]
[]
[]
[]
[]
[]
[]
[]
[]
[]
[]
[]
[]
[]
[]
[]
[]
[]
[]
[]
[]
[]
[]
[]
[]
[]
[]
[]
[]
[]
[]
[]
[]
[]
[]
[]
[]
[]
[]
[]
[]
[]
[]
[]
[]
[]
[]
[]
[]
[]
[]
[]
[]
[]
[]
[]
[]
[]
[]
[]
[]
[]
[]
[]
[]
[]
[]
[]
[]
[]
[]
[]
[]
[]
[]
[]
[]
[]
[]
[]
[]
[]
[]
[]
[]
[]
[]
[]
[]
[]
[]
[]
[]
[]
[]
[]
[]
[]
[]
[]
[]
[]
[]
[]
[]
[]
[]
[]
[]
[]
[]
[]
[]
[]
[]
[]
[]
[]
[]
[]
[]
[]
[]
[]
[]
[]
[]
[]
[]
[]
[]
[]
[]
[]
[]
[]
[]
[]
[]
[]
[]
[]
[]
[]
[]
[]
[]
[]
[]
[]
[]
[]
[]
[]
[]
[]
[]
[]
[]
[]
[]
[]
[]
[]
[]
[]
[]
[]
[]
[]
[]
[]
[]
[]
[]
[]
[]
[]
[]
[]
[]
[]
[]
[]
[]
[]
[]
[]
[]
[]
[]
[]
[]
[]
[]
[]
[]
[]
[]
[]
[]
[]
[]
[]
[]
[]
[]
[]
[]
[]
[]
[]
[]
[]
[]
[]
[]
[]
[]
[]
[]
[]
[]
[]
[]
[]
[]
[]
[]
[]
[]
[]
[]
[]
[]
[]
[]
[]
[]
[]
[]
[]
[]
[]
[]
[]
[]
[]
[]
[]
[]
[]
[]
[]
[]
[]
[]
[]
[]
[]
[]
[]
[]
[]
[]
[]
[]
[]
[]
[]
[]
[]
[]
[]
[]
[]
[]
[]
[]
[]
[]
[]
[]
[]
[]
[]
[]
[]
[]
[]
[]
[]
[]
[]
[]
[]
[]
[]
[]
[]
[]
[]
[]
[]
[]
[]
[]
[]
[]
[]
[]
[]
[]
[]
[]
[]
[]
[]
[]
[]
[]
[]
[]
[]
[]
[]
[]
[]
[]
[]
[]
[]
[]
[]
[]
[]
[]
[]
[]
[]
[]
[]
[]
[]
[]
[]
[]
[]
[]
[]
[]
[]
[]
[]
[]
[]
[]
[]
[]
[]
[]
[]
[]
[]
[]
[]
[]
[]
[]
[]
[]
[]
[]
[]
[]
[]
[]
[]
[]
[]
[]
[]
[]
[]
[]
[]
[]
[]
[]
[]
[]
[]
[]
[]
[]
[]
[]
[]
[]
[]
[]
[]
[]
[]
[]
[]
[]
[]
[]
[]
[]
[]
[]
[]
[]
[]
[]
[]
[]
[]
[]
[]
[]
[]
[]
[]
[]
[]
[]
[]
[]
[]
[]
[]
[]
[]
[]
[]
[]
[]
[]
[]
[]
[]
[]
[]
[]
[]
[]
[]
[]
[]
[]
[]
[]
[]
[]
[]
[]
[]
[]
[]
[]
[]
[]
[]
[]
[]
[]
[]
[]
[]
[]
[]
[]
[]
[]
[]
[]
[]
[]
[]
[]
[]
[]
[]
[]
[]
[]
[]
[]
[]
[]
[]
[]
[]
[]
[]
[]
[]
[]
[]
[]
[]
[]
[]
[]
[]
[]
[]
[]
[]
[]
[]
[]
[]
[]
[]
[]
[]
[]
[]
[]
[]
[]
[]
[]
[]
[]
[]
[]
[]
[]
[]
[]
[]
[]
[]
[]
[]
[]
[]
[]
[]
[]
[]
[]
[]
[]
[]
[]
[]
[]
[]
[]
[]
[]
[]
[]
[]
[]
[]
[]
[]
[]
[]
[]
[]
[]
[]
[]
[]
[]
[]
[]
[]
[]
[]
[]
[]
[]
[]
[]
[]
[]
[]
[]
[]
[]
[]
[]
[]
[]
[]
[]
[]
[]
[]
[]
[]
[]
[]
[]
[]
[]
[]
[]
[]
[]
[]
[]
[]
[]
[]
[]
[]
[]
[]
[]
[]
[]
[]
[]
[]
[]
[]
[]
[]
[]
[]
[]
[]
[]
[]
[]
[]
[]
[]
[]
[]
[]
[]
[]
[]
[]
[]
[]
[]
[]
[]
[]
[]
[]
[]
[]
[]
[]
[]
[]
[]
[]
[]
[]
[]
[]
[]
[]
[]
[]
[]
[]
[]
[]
[]
[]
[]
[]
[]
[]
[]
[]
[]
[]
[]
[]
[]
[]
[]
[]
[]
[]
[]
[]
[]
[]
[]
[]
[]
[]
[]
[]
[]
[]
[]
[]
[]
[]
[]
[]
[]
[]
[]
[]
[]
[]
[]
[]
[]
[]
[]
[]
[]
[]
[]
[]
[]
[]
[]
[]
[]
[]
[]
[]
[]
[]
[]
[]
[]
[]
[]
[]
[]
[]
[]
[]
[]
[]
[]
[]
[]
[]
[]
[]
[]
[]
[]
[]
[]
[]
[]
[]
[]
[]
[]
[]
[]
[]
[]
[]
[]
[]
[]
[]
[]
[]
[]
[]
[]
[]
[]
[]
[]
[]
[]
[]
[]
[]
[]
[]
[]
[]
[]
[]
[]
[]
[]
[]
[]
[]
[]
[]
[]
[]
[]
[]
[]
[]
[]
[]
[]
[]
[]
[]
[]
[]
[]
[]
[]
[]
[]
[]
[]
[]
[]
[]
[]
[]
[]
[]
[]
[]
[]
[]
[]
[]
[]
[]
[]
[]
[]
[]
[]
[]
[]
[]
[]
[]
[]
[]
[]
[]
[]
[]
[]
[]
[]
[]
[]
[]
[]
[]
[]
[]
[]
[]
[]
[]
[]
[]
[]
[]
[]
[]
[]
[]
[]
[]
[]
[]
[]
[]
[]
[]
[]
[]
[]
[]
[]
[]
[]
[]
[]
[]
[]
[]
[]
[]
[]
[]
[]
[]
[]
[]
[]
[]
[]
[]
[]
[]
[]
[]
[]
[]
[]
[]
[]
[]
[]
[]
[]
[]
[]
[]
[]
[]
[]
[]
[]
[]
[]
[]
[]
[]
[]
[]
[]
[]
[]
[]
[]
[]
[]
[]
[]
[]
[]
[]
[]
[]
[]
[]
[]
[]
[]
[]
[]
[]
[]
[]
[]
[]
[]
[]
[]
[]
[]
[]
[]
[]
[]
[]
[]
[]
[]
[]
[]
[]
[]
[]
[]
[]
[]
[]
[]
[]
[]
[]
[]
[]
[]
[]
[]
[]
[]
[]
[]
[]
[]
[]
[]
[]
[]
[]
[]
[]
[]
[]
[]
[]
[]
[]
[]
[]
[]
[]
[]
[]
[]
[]
[]
[]
[]
[]
[]
[]
[]
[]
[]
[]
[]
[]
[]
[]
[]
[]
[]
[]
[]
[]
[]
[]
[]
[]
[]
[]
[]
[]
[]
[]
[]
[]
[]
[]
[]
[]
[]
[]
[]
[]
[]
[]
[]
[]
[]
[]
[]
[]
[]
[]
[]
[]
[]
[]
[]
[]
[]
[]
[]
[]
[]
[]
[]
[]
[]
[]
[]
[]
[]
[]
[]
[]
[]
[]
[]
[]
[]
[]
[]
[]
[]
[]
[]
[]
[]
[]
[]
[]
[]
[]
[]
[]
[]
[]
[]
[]
[]
[]
[]
[]
[]
[]
[]
[]
[]
[]
[]
[]
[]
[]
[]
[]
[]
[]
[]
[]
[]
[]
[]
[]
[]
[]
[]
[]
[]
[]
[]
[]
[]
[]
[]
[]
[]
[]
[]
[]
[]
[]
[]
[]
[]
[]
[]
[]
[]
[]
[]
[]
[]
[]
[]
[]
[]
[]
[]
[]
[]
[]
[]
[]
[]
[]
[]
[]
[]
[]
[]
[]
[]
[]
[]
[]
[]
[]
[]
[]
[]
[]
[]
[]
[]
[]
[]
[]
[]
[]
[]
[]
[]
[]
[]
[]
[]
[]
[]
[]
[]
[]
[]
[]
[]
[]
[]
[]
[]
[]
[]
[]
[]
[]
[]
[]
[]
[]
[]
[]
[]
[]
[]
[]
[]
[]
[]
[]
[]
[]
[]
[]
[]
[]
[]
[]
[]
[]
[]
[]
[]
[]
[]
[]
[]
[]
[]
[]
[]
[]
[]
[]
[]
[]
[]
[]
[]
[]
[]
[]
[]
[]
[]
[]
[]
[]
[]
[]
[]
[]
[]
[]
[]
[]
[]
[]
[]
[]
[]
[]
[]
[]
[]
[]
[]
[]
[]
[]
[]
[]
[]
[]
[]
[]
[]
[]
[]
[]
[]
[]
[]
[]
[]
[]
[]
[]
[]
[]
[]
[]
[]
[]
[]
[]
[]
[]
[]
[]
[]
[]
[]
[]
[]
[]
[]
[]
[]
[]
[]
[]
[]
[]
[]
[]
[]
[]
[]
[]
[]
[]
[]
[]
[]
[]
[]
[]
[]
[]
[]
[]
[]
[]
[]
[]
[]
[]
[]
[]
[]
[]
[]
[]
[]
[]
[]
[]
[]
[]
[]
[]
[]
[]
[]
[]
[]
[]
[]
[]
[]
[]
[]
[]
[]
[]
[]
[]
[]
[]
[]
[]
[]
[]
[]
[]
[]
[]
[]
[]
[]
[]
[]
[]
[]
[]
[]
[]
[]
[]
[]
[]
[]
[]
[]
[]
[]
[]
[]
[]
[]
[]
[]
[]
[]
[]
[]
[]
[]
[]
[]
[]
[]
[]
[]
[]
[]
[]
[]
[]
[]
[]
[]
[]
[]
[]
[]
[]
[]
[]
[]
[]
[]
[]
[]
[]
[]
[]
[]
[]
[]
[]
[]
[]
[]
[]
[]
[]
[]
[]
[]
[]
[]
[]
[]
[]
[]
[]
[]
[]
[]
[]
[]
[]
[]
[]
[]
[]
[]
[]
[]
[]
[]
[]
[]
[]
[]
[]
[]
[]
[]
[]
[]
[]
[]
[]
[]
[]
[]
[]
[]
[]
[]
[]
[]
[]
[]
[]
[]
[]
[]
[]
[]
[]
[]
[]
[]
[]
[]
[]
[]
[]
[]
[]
[]
[]
[]
[]
[]
[]
[]
[]
[]
[]
[]
[]
[]
[]
[]
[]
[]
[]
[]
[]
[]
[]
[]
[]
[]
[]
[]
[]
[]
[]
[]
[]
[]
[]
[]
[]
[]
[]
[]
[]
[]
[]
[]
[]
[]
[]
[]
[]
[]
[]
[]
[]
[]
[]
[]
[]
[]
[]
[]
[]
[]
[]
[]
[]
[]
[]
[]
[]
[]
[]
[]
[]
[]
[]
[]
[]
[]
[]
[]
[]
[]
[]
[]
[]
[]
[]
[]
[]
[]
[]
[]
[]
[]
[]
[]
[]
[]
[]
[]
[]
[]
[]
[]
[]
[]
[]
[]
[]
[]
[]
[]
[]
[]
[]
[]
[]
[]
[]
[]
[]
[]
[]
[]
[]
[]
[]
[]
[]
[]
[]
[]
[]
[]
[]
[]
[]
[]
[]
[]
[]
[]
[]
[]
[]
[]
[]
[]
[]
[]
[]
[]
[]
[]
[]
[]
[]
[]
[]
[]
[]
[]
[]
[]
[]
[]
[]
[]
[]
[]
[]
[]
[]
[]
[]
[]
[]
[]
[]
[]
[]
[]
[]
[]
[]
[]
[]
[]
[]
[]
[]
[]
[]
[]
[]
[]
[]
[]
[]
[]
[]
[]
[]
[]
[]
[]
[]
[]
[]
[]
[]
[]
[]
[]
[]
[]
[]
[]
[]
[]
[]
[]
[]
[]
[]
[]
[]
[]
[]
[]
[]
[]
[]
[]
[]
[]
[]
[]
[]
[]
[]
[]
[]
[]
[]
[]
[]
[]
[]
[]
[]
[]
[]
[]
[]
[]
[]
[]
[]
[]
[]
[]
[]
[]
[]
[]
[]
[]
[]
[]
[]
[]
[]
[]
[]
[]
[]
[]
[]
[]
[]
[]
[]
[]
[]
[]
[]
[]
[]
[]
[]
[]
[]
[]
[]
[]
[]
[]
[]
[]
[]
[]
[]
[]
[]
[]
[]
[]
[]
[]
[]
[]
[]
[]
[]
[]
[]
[]
[]
[]
[]
[]
[]
[]
[]
[]
[]
[]
[]
[]
[]
[]
[]
[]
[]
[]
[]
[]
[]
[]
[]
[]
[]
[]
[]
[]
[]
[]
[]
[]
[]
[]
[]
[]
[]
[]
[]
[]
[]
[]
[]
[]
[]
[]
[]
[]
[]
[]
[]
[]
[]
[]
[]
[]
[]
[]
[]
[]
[]
[]
[]
[]
[]
[]
[]
[]
[]
[]
[]
[]
[]
[]
[]
[]
[]
[]
[]
[]
[]
[]
[]
[]
[]
[]
[]
[]
[]
[]
[]
[]
[]
[]
[]
[]
[]
[]
[]
[]
[]
[]
[]
[]
[]
[]
[]
[]
[]
[]
[]
[]
[]
[]
[]
[]
[]
[]
[]
[]
[]
[]
[]
[]
[]
[]
[]
[]
[]
[]
[]
[]
[]
[]
[]
[]
[]
[]
[]
[]
[]
[]
[]
[]
[]
[]
[]
[]
[]
[]
[]
[]
[]
[]
[]
[]
[]
[]
[]
[]
[]
[]
[]
[]
[]
[]
[]
[]
[]
[]
[]
[]
[]
[]
[]
[]
[]
[]
[]
[]
[]
[]
[]
[]
[]
[]
[]
[]
[]
[]
[]
[]
[]
[]
[]
[]
[]
[]
[]
[]
[]
[]
[]
[]
[]
[]
[]
[]
[]
[]
[]
[]
[]
[]
[]
[]
[]
[]
[]
[]
[]
[]
[]
[]
[]
[]
[]
[]
[]
[]
[]
[]
[]
[]
[]
[]
[]
[]
[]
[]
[]
[]
[]
[]
[]
[]
[]
[]
[]
[]
[]
[]
[]
[]
[]
[]
[]
[]
[]
[]
[]
[]
[]
[]
[]
[]
[]
[]
[]
[]
[]
[]
[]
[]
[]
[]
[]
[]
[]
[]
[]
[]
[]
[]
[]
[]
[]
[]
[]
[]
[]
[]
[]
[]
[]
[]
[]
[]
[]
[]
[]
[]
[]
[]
[]
[]
[]
[]
[]
[]
[]
[]
[]
[]
[]
[]
[]
[]
[]
[]
[]
[]
[]
[]
[]
[]
[]
[]
[]
[]
[]
[]
[]
[]
[]
[]
[]
[]
[]
[]
[]
[]
[]
[]
[]
[]
[]
[]
[]
[]
[]
[]
[]
[]
[]
[]
[]
[]
[]
[]
[]
[]
[]
[]
[]
[]
[]
[]
[]
[]
[]
[]
[]
[]
[]
[]
[]
[]
[]
[]
[]
[]
[]
[]
[]
[]
[]
[]
[]
[]
[]
[]
[]
[]
[]
[]
[]
[]
[]
[]
[]
[]
[]
[]
[]
[]
[]
[]
[]
[]
[]
[]
[]
[]
[]
[]
[]
[]
[]
[]
[]
[]
[]
[]
[]
[]
[]
[]
[]
[]
[]
[]
[]
[]
[]
[]
[]
[]
[]
[]
[]
[]
[]
[]
[]
[]
[]
[]
[]
[]
[]
[]
[]
[]
[]
[]
[]
[]
[]
[]
[]
[]
[]
[]
[]
[]
[]
[]
[]
[]
[]
[]
[]
[]
[]
[]
[]
[]
[]
[]
[]
[]
[]
[]
[]
[]
[]
[]
[]
[]
[]
[]
[]
[]
[]
[]
[]
[]
[]
[]
[]
[]
[]
[]
[]
[]
[]
[]
[]
[]
[]
[]
[]
[]
[]
[]
[]
[]
[]
[]
[]
[]
[]
[]
[]
[]
[]
[]
[]
[]
[]
[]
[]
[]
[]
[]
[]
[]
[]
[]
[]
[]
[]
[]
[]
[]
[]
[]
[]
[]
[]
[]
[]
[]
[]
[]
[]
[]
[]
[]
[]
[]
[]
[]
[]
[]
[]
[]
[]
[]
[]
[]
[]
[]
[]
[]
[]
[]
[]
[]
[]
[]
[]
[]
[]
[]
[]
[]
[]
[]
[]
[]
[]
[]
[]
[]
[]
[]
[]
[]
[]
[]
[]
[]
[]
[]
[]
[]
[]
[]
[]
[]
[]
[]
[]
[]
[]
[]
[]
[]
[]
[]
[]
[]
[]
[]
[]
[]
[]
[]
[]
[]
[]
[]
[]
[]
[]
[]
[]
[]
[]
[]
[]
[]
[]
[]
[]
[]
[]
[]
[]
[]
[]
[]
[]
[]
[]
[]
[]
[]
[]
[]
[]
[]
[]
[]
[]
[]
[]
[]
[]
[]
[]
[]
[]
[]
[]
[]
[]
[]
[]
[]
[]
[]
[]
[]
[]
[]
[]
[]
[]
[]
[]
[]
[]
[]
[]
[]
[]
[]
[]
[]
[]
[]
[]
[]
[]
[]
[]
[]
[]
[]
[]
[]
[]
[]
[]
[]
[]
[]
[]
[]
[]
[]
[]
[]
[]
[]
[]
[]
[]
[]
[]
[]
[]
[]
[]
[]
[]
[]
[]
[]
[]
[]
[]
[]
[]
[]
[]
[]
[]
[]
[]
[]
[]
[]
[]
[]
[]
[]
[]
[]
[]
[]
[]
[]
[]
[]
[]
[]
[]
[]
[]
[]
[]
[]
[]
[]
[]
[]
[]
[]
[]
[]
[]
[]
[]
[]
[]
[]
[]
[]
[]
[]
[]
[]
[]
[]
[]
[]
[]
[]
[]
[]
[]
[]
[]
[]
[]
[]
[]
[]
[]
[]
[]
[]
[]
[]
[]
[]
[]
[]
[]
[]
[]
[]
[]
[]
[]
[]
[]
[]
[]
[]
[]
[]
[]
[]
[]
[]
[]
[]
[]
[]
[]
[]
[]
[]
[]
[]
[]
[]
[]
[]
[]
[]
[]
[]
[]
[]
[]
[]
[]
[]
[]
[]
[]
[]
[]
[]
[]
[]
[]
[]
[]
[]
[]
[]
[]
[]
[]
[]
[]
[]
[]
[]
[]
[]
[]
[]
[]
[]
[]
[]
[]
[]
[]
[]
[]
[]
[]
[]
[]
[]
[]
[]
[]
[]
[]
[]
[]
[]
[]
[]
[]
[]
[]
[]
[]
[]
[]
[]
[]
[]
[]
[]
[]
[]
[]
[]
[]
[]
[]
[]
[]
[]
[]
[]
[]
[]
[]
[]
[]
[]
[]
[]
[]
[]
[]
[]
[]
[]
[]
[]
[]
[]
[]
[]
[]
[]
[]
[]
[]
[]
[]
[]
[]
[]
[]
[]
[]
[]
[]
[]
[]
[]
[]
[]
[]
[]
[]
[]
[]
[]
[]
[]
[]
[]
[]
[]
[]
[]
[]
[]
[]
[]
[]
[]
[]
[]
[]
[]
[]
[]
[]
[]
[]
[]
[]
[]
[]
[]
[]
[]
[]
[]
[]
[]
[]
[]
[]
[]
[]
[]
[]
[]
[]
[]
[]
[]
[]
[]
[]
[]
[]
[]
[]
[]
[]
[]
[]
[]
[]
[]
[]
[]
[]
[]
[]
[]
[]
[]
[]
[]
[]
[]
[]
[]
[]
[]
[]
[]
[]
[]
[]
[]
[]
[]
[]
[]
[]
[]
[]
[]
[]
[]
[]
[]
[]
[]
[]
[]
[]
[]
[]
[]
[]
[]
[]
[]
[]
[]
[]
[]
[]
[]
[]
[]
[]
[]
[]
[]
[]
[]
[]
[]
[]
[]
[]
[]
[]
[]
[]
[]
[]
[]
[]
[]
[]
[]
[]
[]
[]
[]
[]
[]
[]
[]
[]
[]
[]
[]
[]
[]
[]
[]
[]
[]
[]
[]
[]
[]
[]
[]
[]
[]
[]
[]
[]
[]
[]
[]
[]
[]
[]
[]
[]
[]
[]
[]
[]
[]
[]
[]
[]
[]
[]
[]
[]
[]
[]
[]
[]
[]
[]
[]
[]
[]
[]
[]
[]
[]
[]
[]
[]
[]
[]
[]
[]
[]
[]
[]
[]
[]
[]
[]
[]
[]
[]
[]
[]
[]
[]
[]
[]
[]
[]
[]
[]
[]
[]
[]
[]
[]
[]
[]
[]
[]
[]
[]
[]
[]
[]
[]
[]
[]
[]
[]
[]
[]
[]
[]
[]
[]
[]
[]
[]
[]
[]
[]
[]
[]
[]
[]
[]
[]
[]
[]
[]
[]
[]
[]
[]
[]
[]
[]
[]
[]
[]
[]
[]
[]
[]
[]
[]
[]
[]
[]
[]
[]
[]
[]
[]
[]
[]
[]
[]
[]
[]
[]
[]
[]
[]
[]
[]
[]
[]
[]
[]
[]
[]
[]
[]
[]
[]
[]
[]
[]
[]
[]
[]
[]
[]
[]
[]
[]
[]
[]
[]
[]
[]
[]
[]
[]
[]
[]
[]
[]
[]
[]
[]
[]
[]
[]
[]
[]
[]
[]
[]
[]
[]
[]
[]
[]
[]
[]
[]
[]
[]
[]
[]
[]
[]
[]
[]
[]
[]
[]
[]
[]
[]
[]
[]
[]
[]
[]
[]
[]
[]
[]
[]
[]
[]
[]
[]
[]
[]
[]
[]
[]
[]
[]
[]
[]
[]
[]
[]
[]
[]
[]
[]
[]
[]
[]
[]
[]
[]
[]
[]
[]
[]
[]
[]
[]
[]
[]
[]
[]
[]
[]
[]
[]
[]
[]
[]
[]
[]
[]
[]
[]
[]
[]
[]
[]
[]
[]
[]
[]
[]
[]
[]
[]
[]
[]
[]
[]
[]
[]
[]
[]
[]
[]
[]
[]
[]
[]
[]
[]
[]
[]
[]
[]
[]
[]
[]
[]
[]
[]
[]
[]
[]
[]
[]
[]
[]
[]
[]
[]
[]
[]
[]
[]
[]
[]
[]
[]
[]
[]
[]
[]
[]
[]
[]
[]
[]
[]
[]
[]
[]
[]
[]
[]
[]
[]
[]
[]
[]
[]
[]
[]
[]
[]
[]
[]
[]
[]
[]
[]
[]
[]
[]
[]
[]
[]
[]
[]
[]
[]
[]
[]
[]
[]
[]
[]
[]
[]
[]
[]
[]
[]
[]
[]
[]
[]
[]
[]
[]
[]
[]
[]
[]
[]
[]
[]
[]
[]
[]
[]
[]
[]
[]
[]
[]
[]
[]
[]
[]
[]
[]
[]
[]
[]
[]
[]
[]
[]
[]
[]
[]
[]
[]
[]
[]
[]
[]
[]
[]
[]
[]
[]
[]
[]
[]
[]
[]
[]
[]
[]
[]
[]
[]
[]
[]
[]
[]
[]
[]
[]
[]
[]
[]
[]
[]
[]
[]
[]
[]
[]
[]
[]
[]
[]
[]
[]
[]
[]
[]
[]
[]
[]
[]
[]
[]
[]
[]
[]
[]
[]
[]
[]
[]
[]
[]
[]
[]
[]
[]
[]
[]
[]
[]
[]
[]
[]
[]
[]
[]
[]
[]
[]
[]
[]
[]
[]
[]
[]
[]
[]
[]
[]
[]
[]
[]
[]
[]
[]
[]
[]
[]
[]
[]
[]
[]
[]
[]
[]
[]
[]
[]
[]
[]
[]
[]
[]
[]
[]
[]
[]
[]
[]
[]
[]
[]
[]
[]
[]
[]
[]
[]
[]
[]
[]
[]
[]
[]
[]
[]
[]
[]
[]
[]
[]
[]
[]
[]
[]
[]
[]
[]
[]
[]
[]
[]
[]
[]
[]
[]
[]
[]
[]
[]
[]
[]
[]
[]
[]
[]
[]
[]
[]
[]
[]
[]
[]
[]
[]
[]
[]
[]
[]
[]
[]
[]
[]
[]
[]
[]
[]
[]
[]
[]
[]
[]
[]
[]
[]
[]
[]
[]
[]
[]
[]
[]
[]
[]
[]
[]
[]
[]
[]
[]
[]
[]
[]
[]
[]
[]
[]
[]
[]
[]
[]
[]
[]
[]
[]
[]
[]
[]
[]
[]
[]
[]
[]
[]
[]
[]
[]
[]
[]
[]
[]
[]
[]
[]
[]
[]
[]
[]
[]
[]
[]
[]
[]
[]
[]
[]
[]
[]
[]
[]
[]
[]
[]
[]
[]
[]
[]
[]
[]
[]
[]
[]
[]
[]
[]
[]
[]
[]
[]
[]
[]
[]
[]
[]
[]
[]
[]
[]
[]
[]
[]
[]
[]
[]
[]
[]
[]
[]
[]
[]
[]
[]
[]
[]
[]
[]
[]
[]
[]
[]
[]
[]
[]
[]
[]
[]
[]
[]
[]
[]
[]
[]
[]
[]
[]
[]
[]
[]
[]
[]
[]
[]
[]
[]
[]
[]
[]
[]
[]
[]
[]
[]
[]
[]
[]
[]
[]
[]
[]
[]
[]
[]
[]
[]
[]
[]
[]
[]
[]
[]
[]
[]
[]
[]
[]
[]
[]
[]
[]
[]
[]
[]
[]
[]
[]
[]
[]
[]
[]
[]
[]
[]
[]
[]
[]
[]
[]
[]
[]
[]
[]
[]
[]
[]
[]
[]
[]
[]
[]
[]
[]
[]
[]
[]
[]
[]
[]
[]
[]
[]
[]
[]
[]
[]
[]
[]
[]
[]
[]
[]
[]
[]
[]
[]
[]
[]
[]
[]
[]
[]
[]
[]
[]
[]
[]
[]
[]
[]
[]
[]
[]
[]
[]
[]
[]
[]
[]
[]
[]
[]
[]
[]
[]
[]
[]
[]
[]
[]
[]
[]
[]
[]
[]
[]
[]
[]
[]
[]
[]
[]
[]
[]
[]
[]
[]
[]
[]
[]
[]
[]
[]
[]
[]
[]
[]
[]
[]
[]
[]
[]
[]
[]
[]
[]
[]
[]
[]
[]
[]
[]
[]
[]
[]
[]
[]
[]
[]
[]
[]
[]
[]
[]
[]
[]
[]
[]
[]
[]
[]
[]
[null,null,null,null,null,null,null,null,null,null,null,null,null,null,null,null,null,null,"Retention","(mg)"," ","Lymph","Mass","(mg)"]
[null,null,null,null,null,null,null,null,null,null,null,null,null,null,null,null,null,null," "," "," "," "," "," ",1.49E-2," "," "," "," ",1.9479999999999998E-6]
[null,null,null,null,null,null,null,null,null,null,null,null,null,null,null,null,null,null," "," "," "," "," "," "," ",1.46E-2," "," "," "," ",1.3910000000000001E-5]
[null,null,null,null,null,null,null,null,null,null,null,null,null,null,null,null,null,null," "," "," "," "," "," "," "," ",2.92E-2," "," "," "," ",1.9700000000000001E-5]
[null,null,null,null,null,null,null,null,null,null,null,null,null,null,null,null,null,null," "," "," "," "," "," "," ",2.86E-2," "," "," "," ",4.2889999999999998E-5]
[null,null,null,null,null,null,null,null,null,null,null,null,null,null,null,null,null,null," "," "," "," "," "," "," "," ",4.3099999999999999E-2," "," "," "," ",5.2380000000000003E-5]
[null,null,null,null,null,null,null,null,null,null,null,null,null,null,null,null,null,null," "," "," "," "," "," "," ",4.2200000000000001E-2," "," "," "," ",8.6589999999999996E-5]
[null,null,null,null,null,null,null,null,null,null,null,null,null,null,null,null,null,null," "," "," "," "," "," "," "," ",5.6599999999999998E-2," "," "," "," ",9.9679999999999994E-5]
[null,null,null,null,null,null,null,null,null,null,null,null,null,null,null,null,null,null," "," "," "," "," "," "," ",5.5500000000000001E-2," "," "," "," ",1.4459999999999999E-4]
[null,null,null,null,null,null,null,null,null,null,null,null,null,null,null,null,null,null," "," "," "," "," "," "," "," ",6.9800000000000001E-2," "," "," "," ",1.6119999999999999E-4]
[null,null,null,null,null,null,null,null,null,null,null,null,null,null,null,null,null,null," "," "," "," "," "," "," ",6.8400000000000002E-2," "," "," "," ",2.1660000000000001E-4]
[null,null,null,null,null,null,null,null,null,null,null,null,null,null,null,null,null,null," "," "," "," "," "," "," ",6.6699999999999995E-2," "," "," "," ",2.8830000000000001E-4]
[null,null,null,null,null,null,null,null,null,null,null,null,null,null,null,null,null,null," "," "," "," "," "," ",6.5000000000000002E-2," "," "," "," ",3.5819999999999998E-4]
[null,null,null,null,null,null,null,null,null,null,null,null,null,null,null,null,null,null," "," "," "," "," "," "," ",7.9200000000000007E-2," "," "," "," ",3.7730000000000001E-4]
[null,null,null,null,null,null,null,null,null,null,null,null,null,null,null,null,null,null," "," "," "," "," "," ",7.7700000000000005E-2," "," "," "," ",4.4010000000000002E-4]
[null,null,null,null,null,null,null,null,null,null,null,null,null,null,null,null,null,null," "," "," "," "," "," "," ",9.1800000000000007E-2," "," "," "," ",4.6260000000000002E-4]
[null,null,null,null,null,null,null,null,null,null,null,null,null,null,null,null,null,null," "," "," "," "," "," ",0.09," "," "," "," ",5.352E-4]
[null,null,null,null,null,null,null,null,null,null,null,null,null,null,null,null,null,null," "," "," "," "," "," "," ",0.1041," "," "," "," ",5.6090000000000003E-4]
[null,null,null,null,null,null,null,null,null,null,null,null,null,null,null,null,null,null," "," "," "," "," "," ",0.1021," "," "," "," ",6.4309999999999997E-4]
[null,null,null,null,null,null,null,null,null,null,null,null,null,null,null,null,null,null," "," "," "," "," "," "," ",0.11609999999999999," "," "," "," ",6.7199999999999996E-4]
[null,null,null,null,null,null,null,null,null,null,null,null,null,null,null,null,null,null," "," "," "," "," "," ",0.1139," "," "," "," ",7.6360000000000002E-4]
[null,null,null,null,null,null,null,null,null,null,null,null,null,null,null,null,null,null," "," "," "," "," "," "," ",0.1278," "," "," "," ",7.9560000000000004E-4]
[null,null,null,null,null,null,null,null,null,null,null,null,null,null,null,null,null,null," "," "," "," "," "," ",0.12540000000000001," "," "," "," ",8.964E-4]
[null,null,null,null,null,null,null,null,null,null,null,null,null,null,null,null,null,null," "," "," "," "," "," ",0.1222," "," "," "," ",1.0280000000000001E-3]
[null,null,null,null,null,null,null,null,null,null,null,null,null,null,null,null,null,null," "," "," "," "," "," ",0.1191," "," "," "," ",1.155E-3]
[null,null,null,null,null,null,null,null,null,null,null,null,null,null,null,null,null,null," "," "," "," "," "," "," ",0.13300000000000001," "," "," "," ",1.189E-3]
[null,null,null,null,null,null,null,null,null,null,null,null,null,null,null,null,null,null," "," "," "," "," "," ",0.1305," "," "," "," ",1.294E-3]
[null,null,null,null,null,null,null,null,null,null,null,null,null,null,null,null,null,null," "," "," "," "," "," "," ",0.14430000000000001," "," "," "," ",1.33E-3]
[null,null,null,null,null,null,null,null,null,null,null,null,null,null,null,null,null,null," "," "," "," "," "," ",0.1416," "," "," "," ",1.444E-3]
[null,null,null,null,null,null,null,null,null,null,null,null,null,null,null,null,null,null," "," "," "," "," "," "," ",0.15529999999999999," "," "," "," ",1.4829999999999999E-3]
[null,null,null,null,null,null,null,null,null,null,null,null,null,null,null,null,null,null," "," "," "," "," "," ",0.15240000000000001," "," "," "," ",1.606E-3]
[null,null,null,null,null,null,null,null,null,null,null,null,null,null,null,null,null,null," "," "," "," "," "," "," ",0.1661," "," "," "," ",1.6479999999999999E-3]
[null,null,null,null,null,null,null,null,null,null,null,null,null,null,null,null,null,null," "," "," "," "," "," ",0.16300000000000001," "," "," "," ",1.779E-3]
[null,null,null,null,null,null,null,null,null,null,null,null,null,null,null,null,null,null," "," "," "," "," "," "," ",0.17660000000000001," "," "," "," ",1.8240000000000001E-3]
[null,null,null,null,null,null,null,null,null,null,null,null,null,null,null,null,null,null," "," "," "," "," "," ",0.17330000000000001," "," "," "," ",1.9629999999999999E-3]
[null,null,null,null,null,null,null,null,null,null,null,null,null,null,null,null,null,null," "," "," "," "," "," ",0.16889999999999999," "," "," "," ",2.1440000000000001E-3]
[null,null,null,null,null,null,null,null,null,null,null,null,null,null,null,null,null,null," "," "," "," "," "," ",0.16470000000000001," "," "," "," ",2.3210000000000001E-3]
[null,null,null,null,null,null,null,null,null,null,null,null,null,null,null,null,null,null," "," "," "," "," "," "," ",0.1784," "," "," "," ",2.366E-3]
[null,null,null,null,null,null,null,null,null,null,null,null,null,null,null,null,null,null," "," "," "," "," "," ",0.17499999999999999," "," "," "," ",2.5070000000000001E-3]
[null,null,null,null,null,null,null,null,null,null,null,null,null,null,null,null,null,null," "," "," "," "," "," "," ",0.18859999999999999," "," "," "," ",2.555E-3]
[null,null,null,null,null,null,null,null,null,null,null,null,null,null,null,null,null,null," "," "," "," "," "," ",0.18509999999999999," "," "," "," ",2.7039999999999998E-3]
[null,null,null,null,null,null,null,null,null,null,null,null,null,null,null,null,null,null," "," "," "," "," "," "," ",0.1986," "," "," "," ",2.7550000000000001E-3]
[null,null,null,null,null,null,null,null,null,null,null,null,null,null,null,null,null,null," "," "," "," "," "," ",0.19489999999999999," "," "," "," ",2.911E-3]
[null,null,null,null,null,null,null,null,null,null,null,null,null,null,null,null,null,null," "," "," "," "," "," "," ",0.20830000000000001," "," "," "," ",2.9640000000000001E-3]
[null,null,null,null,null,null,null,null,null,null,null,null,null,null,null,null,null,null," "," "," "," "," "," ",0.20449999999999999," "," "," "," ",3.1289999999999998E-3]
[null,null,null,null,null,null,null,null,null,null,null,null,null,null,null,null,null,null," "," "," "," "," "," "," ",0.21779999999999999," "," "," "," ",3.1849999999999999E-3]
[null,null,null,null,null,null,null,null,null,null,null,null,null,null,null,null,null,null," "," "," "," "," "," ",0.21379999999999999," "," "," "," ",3.356E-3]
[null,null,null,null,null,null,null,null,null,null,null,null,null,null,null,null,null,null," "," "," "," "," "," ",0.20849999999999999," "," "," "," ",3.5799999999999998E-3]
[null,null,null,null,null,null,null,null,null,null,null,null,null,null,null,null,null,null," "," "," "," "," "," ",0.2034," "," "," "," ",3.7980000000000002E-3]
[null,null,null,null,null,null,null,null,null,null,null,null,null,null,null,null,null,null," "," "," "," "," "," "," ",0.21690000000000001," "," "," "," ",3.8539999999999998E-3]
[]
[null,null,null,null,null,null,null,null,null,null,null,null,null,null,null,null,null,null,"Retention","(mg)"," ","Lymph","Mass","(mg)"]
[null,null,null,null,null,null,null,null,null,null,null,null,null,null,null,null,null,null," "," "," "," "," "," ",0.21290000000000001," "," "," "," ",4.0249999999999999E-3]
[null,null,null,null,null,null,null,null,null,null,null,null,null,null,null,null,null,null," "," "," "," "," "," "," ",0.22620000000000001," "," "," "," ",4.0829999999999998E-3]
[null,null,null,null,null,null,null,null,null,null,null,null,null,null,null,null,null,null," "," "," "," "," "," ",0.22209999999999999," "," "," "," ",4.261E-3]
[null,null,null,null,null,null,null,null,null,null,null,null,null,null,null,null,null,null," "," "," "," "," "," "," ",0.2354," "," "," "," ",4.3220000000000003E-3]
[null,null,null,null,null,null,null,null,null,null,null,null,null,null,null,null,null,null," "," "," "," "," "," ",0.23100000000000001," "," "," "," ",4.5069999999999997E-3]
[null,null,null,null,null,null,null,null,null,null,null,null,null,null,null,null,null,null," "," "," "," "," "," "," ",0.24429999999999999," "," "," "," ",4.5700000000000003E-3]
[null,null,null,null,null,null,null,null,null,null,null,null,null,null,null,null,null,null," "," "," "," "," "," ",0.23980000000000001," "," "," "," ",4.7629999999999999E-3]
[null,null,null,null,null,null,null,null,null,null,null,null,null,null,null,null,null,null," "," "," "," "," "," "," ",0.253," "," "," "," ",4.8279999999999998E-3]
[null,null,null,null,null,null,null,null,null,null,null,null,null,null,null,null,null,null," "," "," "," "," "," ",0.24840000000000001," "," "," "," ",5.0270000000000002E-3]
[null,null,null,null,null,null,null,null,null,null,null,null,null,null,null,null,null,null," "," "," "," "," "," ",0.2424," "," "," "," ",5.2880000000000002E-3]
[null,null,null,null,null,null,null,null,null,null,null,null,null,null,null,null,null,null," "," "," "," "," "," ",0.23649999999999999," "," "," "," ",5.5409999999999999E-3]
[null,null,null,null,null,null,null,null,null,null,null,null,null,null,null,null,null,null," "," "," "," "," "," "," ",0.24979999999999999," "," "," "," ",5.6059999999999999E-3]
[null,null,null,null,null,null,null,null,null,null,null,null,null,null,null,null,null,null," "," "," "," "," "," ",0.2452," "," "," "," ",5.803E-3]
[null,null,null,null,null,null,null,null,null,null,null,null,null,null,null,null,null,null," "," "," "," "," "," "," ",0.25840000000000002," "," "," "," ",5.8690000000000001E-3]
[null,null,null,null,null,null,null,null,null,null,null,null,null,null,null,null,null,null," "," "," "," "," "," ",0.25380000000000003," "," "," "," ",6.0730000000000003E-3]
[null,null,null,null,null,null,null,null,null,null,null,null,null,null,null,null,null,null," "," "," "," "," "," "," ",0.26690000000000003," "," "," "," ",6.1419999999999999E-3]
[null,null,null,null,null,null,null,null,null,null,null,null,null,null,null,null,null,null," "," "," "," "," "," ",0.2621," "," "," "," ",6.352E-3]
[null,null,null,null,null,null,null,null,null,null,null,null,null,null,null,null,null,null," "," "," "," "," "," "," ",0.27510000000000001," "," "," "," ",6.4229999999999999E-3]
[null,null,null,null,null,null,null,null,null,null,null,null,null,null,null,null,null,null," "," "," "," "," "," ",0.2702," "," "," "," ",6.6400000000000001E-3]
[null,null,null,null,null,null,null,null,null,null,null,null,null,null,null,null,null,null," "," "," "," "," "," "," ",0.28320000000000001," "," "," "," ",6.7140000000000003E-3]
[null,null,null,null,null,null,null,null,null,null,null,null,null,null,null,null,null,null," "," "," "," "," "," ",0.27810000000000001," "," "," "," ",6.9369999999999996E-3]
[null,null,null,null,null,null,null,null,null,null,null,null,null,null,null,null,null,null," "," "," "," "," "," ",0.27150000000000002," "," "," "," ",7.228E-3]
[null,null,null,null,null,null,null,null,null,null,null,null,null,null,null,null,null,null," "," "," "," "," "," ",0.2651," "," "," "," ",7.5119999999999996E-3]
[null,null,null,null,null,null,null,null,null,null,null,null,null,null,null,null,null,null," "," "," "," "," "," "," ",0.27810000000000001," "," "," "," ",7.5839999999999996E-3]
[null,null,null,null,null,null,null,null,null,null,null,null,null,null,null,null,null,null," "," "," "," "," "," ",0.2732," "," "," "," ",7.8040000000000002E-3]
[null,null,null,null,null,null,null,null,null,null,null,null,null,null,null,null,null,null," "," "," "," "," "," "," ",0.28620000000000001," "," "," "," ",7.8779999999999996E-3]
[null,null,null,null,null,null,null,null,null,null,null,null,null,null,null,null,null,null," "," "," "," "," "," ",0.28110000000000002," "," "," "," ",8.1030000000000008E-3]
[null,null,null,null,null,null,null,null,null,null,null,null,null,null,null,null,null,null," "," "," "," "," "," "," ",0.29409999999999997," "," "," "," ",8.1799999999999998E-3]
[null,null,null,null,null,null,null,null,null,null,null,null,null,null,null,null,null,null," "," "," "," "," "," ",0.28889999999999999," "," "," "," ",8.4110000000000001E-3]
[null,null,null,null,null,null,null,null,null,null,null,null,null,null,null,null,null,null," "," "," "," "," "," "," ",0.30180000000000001," "," "," "," ",8.4899999999999993E-3]
[null,null,null,null,null,null,null,null,null,null,null,null,null,null,null,null,null,null," "," "," "," "," "," ",0.29649999999999999," "," "," "," ",8.7270000000000004E-3]
[null,null,null,null,null,null,null,null,null,null,null,null,null,null,null,null,null,null," "," "," "," "," "," "," ",0.30940000000000001," "," "," "," ",8.8079999999999999E-3]
[null,null,null,null,null,null,null,null,null,null,null,null,null,null,null,null,null,null," "," "," "," "," "," ",0.3039," "," "," "," ",9.0519999999999993E-3]
[null,null,null,null,null,null,null,null,null,null,null,null,null,null,null,null,null,null," "," "," "," "," "," ",0.29680000000000001," "," "," "," ",9.3699999999999999E-3]
[null,null,null,null,null,null,null,null,null,null,null,null,null,null,null,null,null,null," "," "," "," "," "," ",0.28989999999999999," "," "," "," ",9.6810000000000004E-3]
[null,null,null,null,null,null,null,null,null,null,null,null,null,null,null,null,null,null," "," "," "," "," "," "," ",0.30280000000000001," "," "," "," ",9.7599999999999996E-3]
[null,null,null,null,null,null,null,null,null,null,null,null,null,null,null,null,null,null," "," "," "," "," "," ",0.29749999999999999," "," "," "," ",0.01]
[null,null,null,null,null,null,null,null,null,null,null,null,null,null,null,null,null,null," "," "," "," "," "," "," ",0.3105," "," "," "," ",1.01E-2]
[null,null,null,null,null,null,null,null,null,null,null,null,null,null,null,null,null,null," "," "," "," "," "," ",0.30499999999999999," "," "," "," ",1.03E-2]
[null,null,null,null,null,null,null,null,null,null,null,null,null,null,null,null,null,null," "," "," "," "," "," "," ",0.31790000000000002," "," "," "," ",1.04E-2]
[null,null,null,null,null,null,null,null,null,null,null,null,null,null,null,null,null,null," "," "," "," "," "," ",0.31240000000000001," "," "," "," ",1.0699999999999999E-2]
[null,null,null,null,null,null,null,null,null,null,null,null,null,null,null,null,null,null," "," "," "," "," "," "," ",0.32519999999999999," "," "," "," ",1.0699999999999999E-2]
[null,null,null,null,null,null,null,null,null,null,null,null,null,null,null,null,null,null," "," "," "," "," "," ",0.31950000000000001," "," "," "," ",1.0999999999999999E-2]
[null,null,null,null,null,null,null,null,null,null,null,null,null,null,null,null,null,null," "," "," "," "," "," "," ",0.33229999999999998," "," "," "," ",1.11E-2]
[null,null,null,null,null,null,null,null,null,null,null,null,null,null,null,null,null,null," "," "," "," "," "," ",0.32650000000000001," "," "," "," ",1.1299999999999999E-2]
[null,null,null,null,null,null,null,null,null,null,null,null,null,null,null,null,null,null," "," "," "," "," "," ",0.31900000000000001," "," "," "," ",1.17E-2]
[null,null,null,null,null,null,null,null,null,null,null,null,null,null,null,null,null,null," "," "," "," "," "," ",0.31169999999999998," "," "," "," ",1.2E-2]
[null,null,null,null,null,null,null,null,null,null,null,null,null,null,null,null,null,null," "," "," "," "," "," "," ",0.32450000000000001," "," "," "," ",1.21E-2]
[null,null,null,null,null,null,null,null,null,null,null,null,null,null,null,null,null,null," "," "," "," "," "," ",0.31900000000000001," "," "," "," ",1.24E-2]
[null,null,null,null,null,null,null,null,null,null,null,null,null,null,null,null,null,null," "," "," "," "," "," "," ",0.33179999999999998," "," "," "," ",1.24E-2]
[]
[null,null,null,null,null,null,null,null,null,null,null,null,null,null,null,null,null,null,"Retention","(mg)"," ","Lymph","Mass","(mg)"]
[null,null,null,null,null,null,null,null,null,null,null,null,null,null,null,null,null,null," "," "," "," "," "," ",0.3261," "," "," "," ",1.2699999999999999E-2]
[null,null,null,null,null,null,null,null,null,null,null,null,null,null,null,null,null,null," "," "," "," "," "," "," ",0.33889999999999998," "," "," "," ",1.2800000000000001E-2]
[null,null,null,null,null,null,null,null,null,null,null,null,null,null,null,null,null,null," "," "," "," "," "," ",0.33300000000000002," "," "," "," ",1.3100000000000001E-2]
[null,null,null,null,null,null,null,null,null,null,null,null,null,null,null,null,null,null," "," "," "," "," "," "," ",0.3458," "," "," "," ",1.32E-2]
[null,null,null,null,null,null,null,null,null,null,null,null,null,null,null,null,null,null," "," "," "," "," "," ",0.33979999999999999," "," "," "," ",1.34E-2]
[null,null,null,null,null,null,null,null,null,null,null,null,null,null,null,null,null,null," "," "," "," "," "," "," ",0.35249999999999998," "," "," "," ",1.35E-2]
[null,null,null,null,null,null,null,null,null,null,null,null,null,null,null,null,null,null," "," "," "," "," "," ",0.34649999999999997," "," "," "," ",1.38E-2]
[null,null,null,null,null,null,null,null,null,null,null,null,null,null,null,null,null,null," "," "," "," "," "," ",0.33860000000000001," "," "," "," ",1.4200000000000001E-2]
[null,null,null,null,null,null,null,null,null,null,null,null,null,null,null,null,null,null," "," "," "," "," "," ",0.33100000000000002," "," "," "," ",1.4500000000000001E-2]
[null,null,null,null,null,null,null,null,null,null,null,null,null,null,null,null,null,null," "," "," "," "," "," "," ",0.34379999999999999," "," "," "," ",1.46E-2]
[null,null,null,null,null,null,null,null,null,null,null,null,null,null,null,null,null,null," "," "," "," "," "," ",0.33800000000000002," "," "," "," ",1.49E-2]
[null,null,null,null,null,null,null,null,null,null,null,null,null,null,null,null,null,null," "," "," "," "," "," "," ",0.35070000000000001," "," "," "," ",1.4999999999999999E-2]
[null,null,null,null,null,null,null,null,null,null,null,null,null,null,null,null,null,null," "," "," "," "," "," ",0.3448," "," "," "," ",1.52E-2]
[null,null,null,null,null,null,null,null,null,null,null,null,null,null,null,null,null,null," "," "," "," "," "," "," ",0.35749999999999998," "," "," "," ",1.5299999999999999E-2]
[null,null,null,null,null,null,null,null,null,null,null,null,null,null,null,null,null,null," "," "," "," "," "," ",0.35139999999999999," "," "," "," ",1.5599999999999999E-2]
[null,null,null,null,null,null,null,null,null,null,null,null,null,null,null,null,null,null," "," "," "," "," "," "," ",0.36409999999999998," "," "," "," ",1.5699999999999999E-2]
[null,null,null,null,null,null,null,null,null,null,null,null,null,null,null,null,null,null," "," "," "," "," "," ",0.35799999999999998," "," "," "," ",1.6E-2]
[null,null,null,null,null,null,null,null,null,null,null,null,null,null,null,null,null,null," "," "," "," "," "," "," ",0.37059999999999998," "," "," "," ",1.61E-2]
[null,null,null,null,null,null,null,null,null,null,null,null,null,null,null,null,null,null," "," "," "," "," "," ",0.3644," "," "," "," ",1.6400000000000001E-2]
[null,null,null,null,null,null,null,null,null,null,null,null,null,null,null,null,null,null," "," "," "," "," "," ",0.35620000000000002," "," "," "," ",1.6799999999999999E-2]
[null,null,null,null,null,null,null,null,null,null,null,null,null,null,null,null,null,null," "," "," "," "," "," ",0.3483," "," "," "," ",1.7100000000000001E-2]
[null,null,null,null,null,null,null,null,null,null,null,null,null,null,null,null,null,null," "," "," "," "," "," "," ",0.36099999999999999," "," "," "," ",1.72E-2]
[null,null,null,null,null,null,null,null,null,null,null,null,null,null,null,null,null,null," "," "," "," "," "," ",0.35499999999999998," "," "," "," ",1.7500000000000002E-2]
[null,null,null,null,null,null,null,null,null,null,null,null,null,null,null,null,null,null," "," "," "," "," "," "," ",0.36770000000000003," "," "," "," ",1.7600000000000001E-2]
[null,null,null,null,null,null,null,null,null,null,null,null,null,null,null,null,null,null," "," "," "," "," "," ",0.36159999999999998," "," "," "," ",1.7899999999999999E-2]
[null,null,null,null,null,null,null,null,null,null,null,null,null,null,null,null,null,null," "," "," "," "," "," "," ",0.37419999999999998," "," "," "," ",1.7999999999999999E-2]
[null,null,null,null,null,null,null,null,null,null,null,null,null,null,null,null,null,null," "," "," "," "," "," ",0.36799999999999999," "," "," "," ",1.83E-2]
[null,null,null,null,null,null,null,null,null,null,null,null,null,null,null,null,null,null," "," "," "," "," "," "," ",0.38059999999999999," "," "," "," ",1.84E-2]
[null,null,null,null,null,null,null,null,null,null,null,null,null,null,null,null,null,null," "," "," "," "," "," ",0.37430000000000002," "," "," "," ",1.8700000000000001E-2]
[null,null,null,null,null,null,null,null,null,null,null,null,null,null,null,null,null,null," "," "," "," "," "," "," ",0.38690000000000002," "," "," "," ",1.8800000000000001E-2]
[null,null,null,null,null,null,null,null,null,null,null,null,null,null,null,null,null,null," "," "," "," "," "," ",0.38040000000000002," "," "," "," ",1.9099999999999999E-2]
[null,null,null,null,null,null,null,null,null,null,null,null,null,null,null,null,null,null," "," "," "," "," "," ",0.37209999999999999," "," "," "," ",1.95E-2]
[null,null,null,null,null,null,null,null,null,null,null,null,null,null,null,null,null,null," "," "," "," "," "," ",0.36399999999999999," "," "," "," ",1.9900000000000001E-2]
[null,null,null,null,null,null,null,null,null,null,null,null,null,null,null,null,null,null," "," "," "," "," "," "," ",0.37659999999999999," "," "," "," ",0.02]
[null,null,null,null,null,null,null,null,null,null,null,null,null,null,null,null,null,null," "," "," "," "," "," ",0.3705," "," "," "," ",2.0299999999999999E-2]
[null,null,null,null,null,null,null,null,null,null,null,null,null,null,null,null,null,null," "," "," "," "," "," "," ",0.3831," "," "," "," ",2.0400000000000001E-2]
[null,null,null,null,null,null,null,null,null,null,null,null,null,null,null,null,null,null," "," "," "," "," "," ",0.37680000000000002," "," "," "," ",2.07E-2]
[null,null,null,null,null,null,null,null,null,null,null,null,null,null,null,null,null,null," "," "," "," "," "," "," ",0.38940000000000002," "," "," "," ",2.0799999999999999E-2]
[null,null,null,null,null,null,null,null,null,null,null,null,null,null,null,null,null,null," "," "," "," "," "," ",0.38300000000000001," "," "," "," ",2.1100000000000001E-2]
[null,null,null,null,null,null,null,null,null,null,null,null,null,null,null,null,null,null," "," "," "," "," "," "," ",0.39560000000000001," "," "," "," ",2.12E-2]
[null,null,null,null,null,null,null,null,null,null,null,null,null,null,null,null,null,null," "," "," "," "," "," ",0.3891," "," "," "," ",2.1499999999999998E-2]
[null,null,null,null,null,null,null,null,null,null,null,null,null,null,null,null,null,null," "," "," "," "," "," "," ",0.4017," "," "," "," ",2.1600000000000001E-2]
[null,null,null,null,null,null,null,null,null,null,null,null,null,null,null,null,null,null," "," "," "," "," "," ",0.39510000000000001," "," "," "," ",2.1899999999999999E-2]
[null,null,null,null,null,null,null,null,null,null,null,null,null,null,null,null,null,null," "," "," "," "," "," ",0.38650000000000001," "," "," "," ",2.24E-2]
[null,null,null,null,null,null,null,null,null,null,null,null,null,null,null,null,null,null," "," "," "," "," "," ",0.37819999999999998," "," "," "," ",2.2800000000000001E-2]
[null,null,null,null,null,null,null,null,null,null,null,null,null,null,null,null,null,null," "," "," "," "," "," "," ",0.39090000000000003," "," "," "," ",2.29E-2]
[null,null,null,null,null,null,null,null,null,null,null,null,null,null,null,null,null,null," "," "," "," "," "," ",0.3846," "," "," "," ",2.3199999999999998E-2]
[null,null,null,null,null,null,null,null,null,null,null,null,null,null,null,null,null,null," "," "," "," "," "," "," ",0.3972," "," "," "," ",2.3300000000000001E-2]
[null,null,null,null,null,null,null,null,null,null,null,null,null,null,null,null,null,null," "," "," "," "," "," ",0.39069999999999999," "," "," "," ",2.3599999999999999E-2]
[null,null,null,null,null,null,null,null,null,null,null,null,null,null,null,null,null,null," "," "," "," "," "," "," ",0.40329999999999999," "," "," "," ",2.3699999999999999E-2]
[]
[null,null,null,null,null,null,null,null,null,null,null,null,null,null,null,null,null,null,"Retention","(mg)"," ","Lymph","Mass","(mg)"]
[null,null,null,null,null,null,null,null,null,null,null,null,null,null,null,null,null,null," "," "," "," "," "," ",0.39679999999999999," "," "," "," ",2.4E-2]
[null,null,null,null,null,null,null,null,null,null,null,null,null,null,null,null,null,null," "," "," "," "," "," "," ",0.4093," "," "," "," ",2.41E-2]
[null,null,null,null,null,null,null,null,null,null,null,null,null,null,null,null,null,null," "," "," "," "," "," ",0.4027," "," "," "," ",2.4400000000000002E-2]
[null,null,null,null,null,null,null,null,null,null,null,null,null,null,null,null,null,null," "," "," "," "," "," "," ",0.41520000000000001," "," "," "," ",2.4500000000000001E-2]
[null,null,null,null,null,null,null,null,null,null,null,null,null,null,null,null,null,null," "," "," "," "," "," "," ",0.4148," "," "," "," ",2.46E-2]
[null,null,null,null,null,null,null,null,null,null,null,null,null,null,null,null,null,null," "," "," "," "," "," "," ",0.41439999999999999," "," "," "," ",2.46E-2]
[null,null,null,null,null,null,null,null,null,null,null,null,null,null,null,null,null,null," "," "," "," "," "," "," ",0.41399999999999998," "," "," "," ",2.46E-2]
[null,null,null,null,null,null,null,null,null,null,null,null,null,null,null,null,null,null," "," "," "," "," "," ",0.41360000000000002," "," "," "," ",2.46E-2]
[null,null,null,null,null,null,null,null,null,null,null,null,null,null,null,null,null,null," "," "," "," "," "," ",0.41320000000000001," "," "," "," ",2.46E-2]
[null,null,null,null,null,null,null,null,null,null,null,null,null,null,null,null,null,null," "," "," "," "," "," ",0.4128," "," "," "," ",2.47E-2]
[null,null,null,null,null,null,null,null,null,null,null,null,null,null,null,null,null,null," "," "," "," "," "," ",0.41239999999999999," "," "," "," ",2.47E-2]
[null,null,null,null,null,null,null,null,null,null,null,null,null,null,null,null,null,null," "," "," "," "," "," ",0.41199999999999998," "," "," "," ",2.47E-2]
[null,null,null,null,null,null,null,null,null,null,null,null,null,null,null,null,null,null," "," "," "," "," "," ",0.41160000000000002," "," "," "," ",2.47E-2]
[null,null,null,null,null,null,null,null,null,null,null,null,null,null,null,null,null,null," "," "," "," "," "," ",0.41120000000000001," "," "," "," ",2.47E-2]
[null,null,null,null,null,null,null,null,null,null,null,null,null,null,null,null,null,null," "," "," "," "," "," ",0.4108," "," "," "," ",2.4799999999999999E-2]
[null,null,null,null,null,null,null,null,null,null,null,null,null,null,null,null,null,null," "," "," "," "," "," ",0.41039999999999999," "," "," "," ",2.4799999999999999E-2]
[null,null,null,null,null,null,null,null,null,null,null,null,null,null,null,null,null,null," "," "," "," "," "," ",0.41," "," "," "," ",2.4799999999999999E-2]
[null,null,null,null,null,null,null,null,null,null,null,null,null,null,null,null,null,null," "," "," "," "," "," ",0.40970000000000001," "," "," "," ",2.4799999999999999E-2]
[null,null,null,null,null,null,null,null,null,null,null,null,null,null,null,null,null,null," "," "," "," "," "," ",0.4093," "," "," "," ",2.4799999999999999E-2]
[null,null,null,null,null,null,null,null,null,null,null,null,null,null,null,null,null,null," "," "," "," "," "," ",0.40889999999999999," "," "," "," ",2.4899999999999999E-2]
[null,null,null,null,null,null,null,null,null,null,null,null,null,null,null,null,null,null," "," "," "," "," "," ",0.40849999999999997," "," "," "," ",2.4899999999999999E-2]
[null,null,null,null,null,null,null,null,null,null,null,null,null,null,null,null,null,null,0.40810000000000002," "," "," "," ",2.4899999999999999E-2]
[null,null,null,null,null,null,null,null,null,null,null,null,null,null,null,null,null,null," ",0.40770000000000001," "," "," "," ",2.4899999999999999E-2]
[null,null,null,null,null,null,null,null,null,null,null,null,null,null,null,null,null,null," ",0.4073," "," "," "," ",2.4899999999999999E-2]
[null,null,null,null,null,null,null,null,null,null,null,null,null,null,null,null,null,null," ",0.40689999999999998," "," "," "," ",2.5000000000000001E-2]
[null,null,null,null,null,null,null,null,null,null,null,null,null,null,null,null,null,null," ",0.40649999999999997," "," "," "," ",2.5000000000000001E-2]
[null,null,null,null,null,null,null,null,null,null,null,null,null,null,null,null,null,null," ",0.40610000000000002," "," "," "," ",2.5000000000000001E-2]
[null,null,null,null,null,null,null,null,null,null,null,null,null,null,null,null,null,null," ",0.40570000000000001," "," "," "," ",2.5000000000000001E-2]
[null,null,null,null,null,null,null,null,null,null,null,null,null,null,null,null,null,null," ",0.40529999999999999," "," "," "," ",2.5000000000000001E-2]
[null,null,null,null,null,null,null,null,null,null,null,null,null,null,null,null,null,null," ",0.40500000000000003," "," "," "," ",2.5100000000000001E-2]
[null,null,null,null,null,null,null,null,null,null,null,null,null,null,null,null,null,null," ",0.40460000000000002," "," "," "," ",2.5100000000000001E-2]
[null,null,null,null,null,null,null,null,null,null,null,null,null,null,null,null,null,null,0.4042," "," "," "," ",2.5100000000000001E-2]
[null,null,null,null,null,null,null,null,null,null,null,null,null,null,null,null,null,null,0.40379999999999999," "," "," "," ",2.5100000000000001E-2]
[null,null,null,null,null,null,null,null,null,null,null,null,null,null,null,null,null,null,0.40339999999999998," "," "," "," ",2.5100000000000001E-2]
[null,null,null,null,null,null,null,null,null,null,null,null,null,null,null,null,null,null,0.40300000000000002," "," "," "," ",2.5100000000000001E-2]
[null,null,null,null,null,null,null,null,null,null,null,null,null,null,null,null,null,null,0.40260000000000001," "," "," "," ",2.52E-2]
[null,null,null,null,null,null,null,null,null,null,null,null,null,null,null,null,null,null,0.40229999999999999," "," "," "," ",2.52E-2]
[null,null,null,null,null,null,null,null,null,null,null,null,null,null,null,null,null,null,0.40189999999999998," "," "," "," ",2.52E-2]
[null,null,null,null,null,null,null,null,null,null,null,null,null,null,null,null,null,null,0.40150000000000002," "," "," "," ",2.52E-2]
[null,null,null,null,null,null,null,null,null,null,null,null,null,null,null,null,null,null,0.40110000000000001," "," "," "," ",2.52E-2]
[null,null,null,null,null,null,null,null,null,null,null,null,null,null,null,null,null,null,0.4007," "," "," "," ",2.53E-2]
[null,null,null,null,null,null,null,null,null,null,null,null,null,null,null,null,null,null,0.40029999999999999," "," "," "," ",2.53E-2]
[null,null,null,null,null,null,null,null,null,null,null,null,null,null,null,null,null,null,0.4," "," "," "," ",2.53E-2]
[null,null,null,null,null,null,null,null,null,null,null,null,null,null,null,null,null,null,0.39960000000000001," "," "," "," ",2.53E-2]
[null,null,null,null,null,null,null,null,null,null,null,null,null,null,null,null,null,null,0.3992," "," "," "," ",2.53E-2]
[null,null,null,null,null,null,null,null,null,null,null,null,null,null,null,null,null,null,0.39879999999999999," "," "," "," ",2.5399999999999999E-2]
[null,null,null,null,null,null,null,null,null,null,null,null,null,null,null,null,null,null," ",0.39839999999999998," "," "," "," ",2.5399999999999999E-2]
[null,null,null,null,null,null,null,null,null,null,null,null,null,null,null,null,null,null," ",0.39810000000000001," "," "," "," ",2.5399999999999999E-2]
[null,null,null,null,null,null,null,null,null,null,null,null,null,null,null,null,null,null," ",0.3977," "," "," "," ",2.5399999999999999E-2]
[null,null,null,null,null,null,null,null,null,null,null,null,null,null,null,null,null,null," ",0.39729999999999999," "," "," "," ",2.5399999999999999E-2]
[]
[null,null,null,null,null,null,null,null,null,null,null,null,null,null,null,null,null,null,"Retention","(mg)"," ","Lymph","Mass","(mg)"]
[null,null,null,null,null,null,null,null,null,null,null,null,null,null,null,null,null,null," ",0.39689999999999998," "," "," "," ",2.5399999999999999E-2]
[null,null,null,null,null,null,null,null,null,null,null,null,null,null,null,null,null,null," ",0.39660000000000001," "," "," "," ",2.5499999999999998E-2]
[null,null,null,null,null,null,null,null,null,null,null,null,null,null,null,null,null,null," ",0.3962," "," "," "," ",2.5499999999999998E-2]
[null,null,null,null,null,null,null,null,null,null,null,null,null,null,null,null,null,null," ",0.39579999999999999," "," "," "," ",2.5499999999999998E-2]
[null,null,null,null,null,null,null,null,null,null,null,null,null,null,null,null,null,null," ",0.39539999999999997," "," "," "," ",2.5499999999999998E-2]
[null,null,null,null,null,null,null,null,null,null,null,null,null,null,null,null,null,null,0.39500000000000002," "," "," "," ",2.5499999999999998E-2]
[null,null,null,null,null,null,null,null,null,null,null,null,null,null,null,null,null,null,0.3947," "," "," "," ",2.5600000000000001E-2]
[null,null,null,null,null,null,null,null,null,null,null,null,null,null,null,null,null,null,0.39429999999999998," "," "," "," ",2.5600000000000001E-2]
[null,null,null,null,null,null,null,null,null,null,null,null,null,null,null,null,null,null,0.39389999999999997," "," "," "," ",2.5600000000000001E-2]
[null,null,null,null,null,null,null,null,null,null,null,null,null,null,null,null,null,null,0.39360000000000001," "," "," "," ",2.5600000000000001E-2]
[null,null,null,null,null,null,null,null,null,null,null,null,null,null,null,null,null,null,0.39319999999999999," "," "," "," ",2.5600000000000001E-2]
[null,null,null,null,null,null,null,null,null,null,null,null,null,null,null,null,null,null,0.39279999999999998," "," "," "," ",2.5700000000000001E-2]
[null,null,null,null,null,null,null,null,null,null,null,null,null,null,null,null,null,null,0.39240000000000003," "," "," "," ",2.5700000000000001E-2]
[null,null,null,null,null,null,null,null,null,null,null,null,null,null,null,null,null,null,0.3921," "," "," "," ",2.5700000000000001E-2]
[null,null,null,null,null,null,null,null,null,null,null,null,null,null,null,null,null,null,0.39169999999999999," "," "," "," ",2.5700000000000001E-2]
[null,null,null,null,null,null,null,null,null,null,null,null,null,null,null,null,null,null,0.39129999999999998," "," "," "," ",2.5700000000000001E-2]
[null,null,null,null,null,null,null,null,null,null,null,null,null,null,null,null,null,null,0.39100000000000001," "," "," "," ",2.5700000000000001E-2]
[null,null,null,null,null,null,null,null,null,null,null,null,null,null,null,null,null,null,0.3906," "," "," "," ",2.58E-2]
[null,null,null,null,null,null,null,null,null,null,null,null,null,null,null,null,null,null,0.39019999999999999," "," "," "," ",2.58E-2]
[null,null,null,null,null,null,null,null,null,null,null,null,null,null,null,null,null,null,0.38990000000000002," "," "," "," ",2.58E-2]

{"sheet":"MPPD exposure data (exposure 2)","index":9,"n_rows":0,"n_cols":0,"rows_kept":0,"cut":false,"hidden":false,"merged":[]}

{"sheet":"MPPD report (exposure 3)","index":10,"n_rows":4628,"n_cols":31,"rows_kept":4628,"cut":false,"hidden":false,"merged":[]}
[]
[]
[]
[]
[]
[]
[]
[]
[]
[]
[]
[]
[]
[]
[]
[]
[]
[]
[]
[]
[]
[]
[]
[]
[]
[]
[]
[]
[]
[]
[]
[]
[]
[]
[]
[]
[]
[]
[]
[]
[]
[]
[]
[]
[]
[]
[]
[]
[]
[]
[]
[]
[]
[]
[]
[]
[]
[]
[]
[]
[]
[]
[]
[]
[]
[]
[]
[]
[]
[]
[]
[]
[]
[]
[]
[]
[]
[]
[]
[]
[]
[]
[]
[]
[]
[]
[]
[]
[]
[]
[]
[]
[]
[]
[]
[]
[]
[]
[]
[]
[]
[]
[]
[]
[]
[]
[]
[]
[]
[]
[]
[]
[]
[]
[]
[]
[]
[]
[]
[]
[]
[]
[]
[]
[]
[]
[]
[]
[]
[]
[]
[]
[]
[]
[]
[]
[]
[]
[]
[]
[]
[]
[]
[]
[]
[]
[]
[]
[]
[]
[]
[]
[]
[]
[]
[]
[]
[]
[]
[]
[]
[]
[]
[]
[]
[]
[]
[]
[]
[]
[]
[]
[]
[]
[]
[]
[]
[]
[]
[]
[]
[]
[]
[]
[]
[]
[]
[]
[]
[]
[]
[]
[]
[]
[]
[]
[]
[]
[]
[]
[]
[]
[]
[]
[]
[]
[]
[]
[]
[]
[]
[]
[]
[]
[]
[]
[]
[]
[]
[]
[]
[]
[]
[]
[]
[]
[]
[]
[]
[]
[]
[]
[]
[]
[]
[]
[]
[]
[]
[]
[]
[]
[]
[]
[]
[]
[]
[]
[]
[]
[]
[]
[]
[]
[]
[]
[]
[]
[]
[]
[]
[]
[]
[]
[]
[]
[]
[]
[]
[]
[]
[]
[]
[]
[]
[]
[]
[]
[]
[]
[]
[]
[]
[]
[]
[]
[]
[]
[]
[]
[]
[]
[]
[]
[]
[]
[]
[]
[]
[]
[]
[]
[]
[]
[]
[]
[]
[]
[]
[]
[]
[]
[]
[]
[]
[]
[]
[]
[]
[]
[]
[]
[]
[]
[]
[]
[]
[]
[]
[]
[]
[]
[]
[]
[]
[]
[]
[]
[]
[]
[]
[]
[]
[]
[]
[]
[]
[]
[]
[]
[]
[]
[]
[]
[]
[]
[]
[]
[]
[]
[]
[]
[]
[]
[]
[]
[]
[]
[]
[]
[]
[]
[]
[]
[]
[]
[]
[]
[]
[]
[]
[]
[]
[]
[]
[]
[]
[]
[]
[]
[]
[]
[]
[]
[]
[]
[]
[]
[]
[]
[]
[]
[]
[]
[]
[]
[]
[]
[]
[]
[]
[]
[]
[]
[]
[]
[]
[]
[]
[]
[]
[]
[]
[]
[]
[]
[]
[]
[]
[]
[]
[]
[]
[]
[]
[]
[]
[]
[]
[]
[]
[]
[]
[]
[]
[]
[]
[]
[]
[]
[]
[]
[]
[]
[]
[]
[]
[]
[]
[]
[]
[]
[]
[]
[]
[]
[]
[]
[]
[]
[]
[]
[]
[]
[]
[]
[]
[]
[]
[]
[]
[]
[]
[]
[]
[]
[]
[]
[]
[]
[]
[]
[]
[]
[]
[]
[]
[]
[]
[]
[]
[]
[]
[]
[]
[]
[]
[]
[]
[]
[]
[]
[]
[]
[]
[]
[]
[]
[]
[]
[]
[]
[]
[]
[]
[]
[]
[]
[]
[]
[]
[]
[]
[]
[]
[]
[]
[]
[]
[]
[]
[]
[]
[]
[]
[]
[]
[]
[]
[]
[]
[]
[]
[]
[]
[]
[]
[]
[]
[]
[]
[]
[]
[]
[]
[]
[]
[]
[]
[]
[]
[]
[]
[]
[]
[]
[]
[]
[]
[]
[]
[]
[]
[]
[]
[]
[]
[]
[]
[]
[]
[]
[]
[]
[]
[]
[]
[]
[]
[]
[]
[]
[]
[]
[]
[]
[]
[]
[]
[]
[]
[]
[]
[]
[]
[]
[]
[]
[]
[]
[]
[]
[]
[]
[]
[]
[]
[]
[]
[]
[]
[]
[]
[]
[]
[]
[]
[]
[]
[]
[]
[]
[]
[]
[]
[]
[]
[]
[]
[]
[]
[]
[]
[]
[]
[]
[]
[]
[]
[]
[]
[]
[]
[]
[]
[]
[]
[]
[]
[]
[]
[]
[]
[]
[]
[]
[]
[]
[]
[]
[]
[]
[]
[]
[]
[]
[]
[]
[]
[]
[]
[]
[]
[]
[]
[]
[]
[]
[]
[]
[]
[]
[]
[]
[]
[]
[]
[]
[]
[]
[]
[]
[]
[]
[]
[]
[]
[]
[]
[]
[]
[]
[]
[]
[]
[]
[]
[]
[]
[]
[]
[]
[]
[]
[]
[]
[]
[]
[]
[]
[]
[]
[]
[]
[]
[]
[]
[]
[]
[]
[]
[]
[]
[]
[]
[]
[]
[]
[]
[]
[]
[]
[]
[]
[]
[]
[]
[]
[]
[]
[]
[]
[]
[]
[]
[]
[]
[]
[]
[]
[]
[]
[]
[]
[]
[]
[]
[]
[]
[]
[]
[]
[]
[]
[]
[]
[]
[]
[]
[]
[]
[]
[]
[]
[]
[]
[]
[]
[]
[]
[]
[]
[]
[]
[]
[]
[]
[]
[]
[]
[]
[]
[]
[]
[]
[]
[]
[]
[]
[]
[]
[]
[]
[]
[]
[]
[]
[]
[]
[]
[]
[]
[]
[]
[]
[]
[]
[]
[]
[]
[]
[]
[]
[]
[]
[]
[]
[]
[]
[]
[]
[]
[]
[]
[]
[]
[]
[]
[]
[]
[]
[]
[]
[]
[]
[]
[]
[]
[]
[]
[]
[]
[]
[]
[]
[]
[]
[]
[]
[]
[]
[]
[]
[]
[]
[]
[]
[]
[]
[]
[]
[]
[]
[]
[]
[]
[]
[]
[]
[]
[]
[]
[]
[]
[]
[]
[]
[]
[]
[]
[]
[]
[]
[]
[]
[]
[]
[]
[]
[]
[]
[]
[]
[]
[]
[]
[]
[]
[]
[]
[]
[]
[]
[]
[]
[]
[]
[]
[]
[]
[]
[]
[]
[]
[]
[]
[]
[]
[]
[]
[]
[]
[]
[]
[]
[]
[]
[]
[]
[]
[]
[]
[]
[]
[]
[]
[]
[]
[]
[]
[]
[]
[]
[]
[]
[]
[]
[]
[]
[]
[]
[]
[]
[]
[]
[]
[]
[]
[]
[]
[]
[]
[]
[]
[]
[]
[]
[]
[]
[]
[]
[]
[]
[]
[]
[]
[]
[]
[]
[]
[]
[]
[]
[]
[]
[]
[]
[]
[]
[]
[]
[]
[]
[]
[]
[]
[]
[]
[]
[]
[]
[]
[]
[]
[]
[]
[]
[]
[]
[]
[]
[]
[]
[]
[]
[]
[]
[]
[]
[]
[]
[]
[]
[]
[]
[]
[]
[]
[]
[]
[]
[]
[]
[]
[]
[]
[]
[]
[]
[]
[]
[]
[]
[]
[]
[]
[]
[]
[]
[]
[]
[]
[]
[]
[]
[]
[]
[]
[]
[]
[]
[]
[]
[]
[]
[]
[]
[]
[]
[]
[]
[]
[]
[]
[]
[]
[]
[]
[]
[]
[]
[]
[]
[]
[]
[]
[]
[]
[]
[]
[]
[]
[]
[]
[]
[]
[]
[]
[]
[]
[]
[]
[]
[]
[]
[]
[]
[]
[]
[]
[]
[]
[]
[]
[]
[]
[]
[]
[]
[]
[]
[]
[]
[]
[]
[]
[]
[]
[]
[]
[]
[]
[]
[]
[]
[]
[]
[]
[]
[]
[]
[]
[]
[]
[]
[]
[]
[]
[]
[]
[]
[]
[]
[]
[]
[]
[]
[]
[]
[]
[]
[]
[]
[]
[]
[]
[]
[]
[]
[]
[]
[]
[]
[]
[]
[]
[]
[]
[]
[]
[]
[]
[]
[]
[]
[]
[]
[]
[]
[]
[]
[]
[]
[]
[]
[]
[]
[]
[]
[]
[]
[]
[]
[]
[]
[]
[]
[]
[]
[]
[]
[]
[]
[]
[]
[]
[]
[]
[]
[]
[]
[]
[]
[]
[]
[]
[]
[]
[]
[]
[]
[]
[]
[]
[]
[]
[]
[]
[]
[]
[]
[]
[]
[]
[]
[]
[]
[]
[]
[]
[]
[]
[]
[]
[]
[]
[]
[]
[]
[]
[]
[]
[]
[]
[]
[]
[]
[]
[]
[]
[]
[]
[]
[]
[]
[]
[]
[]
[]
[]
[]
[]
[]
[]
[]
[]
[]
[]
[]
[]
[]
[]
[]
[]
[]
[]
[]
[]
[]
[]
[]
[]
[]
[]
[]
[]
[]
[]
[]
[]
[]
[]
[]
[]
[]
[]
[]
[]
[]
[]
[]
[]
[]
[]
[]
[]
[]
[]
[]
[]
[]
[]
[]
[]
[]
[]
[]
[]
[]
[]
[]
[]
[]
[]
[]
[]
[]
[]
[]
[]
[]
[]
[]
[]
[]
[]
[]
[]
[]
[]
[]
[]
[]
[]
[]
[]
[]
[]
[]
[]
[]
[]
[]
[]
[]
[]
[]
[]
[]
[]
[]
[]
[]
[]
[]
[]
[]
[]
[]
[]
[]
[]
[]
[]
[]
[]
[]
[]
[]
[]
[]
[]
[]
[]
[]
[]
[]
[]
[]
[]
[]
[]
[]
[]
[]
[]
[]
[]
[]
[]
[]
[]
[]
[]
[]
[]
[]
[]
[]
[]
[]
[]
[]
[]
[]
[]
[]
[]
[]
[]
[]
[]
[]
[]
[]
[]
[]
[]
[]
[]
[]
[]
[]
[]
[]
[]
[]
[]
[]
[]
[]
[]
[]
[]
[]
[]
[]
[]
[]
[]
[]
[]
[]
[]
[]
[]
[]
[]
[]
[]
[]
[]
[]
[]
[]
[]
[]
[]
[]
[]
[]
[]
[]
[]
[]
[]
[]
[]
[]
[]
[]
[]
[]
[]
[]
[]
[]
[]
[]
[]
[]
[]
[]
[]
[]
[]
[]
[]
[]
[]
[]
[]
[]
[]
[]
[]
[]
[]
[]
[]
[]
[]
[]
[]
[]
[]
[]
[]
[]
[]
[]
[]
[]
[]
[]
[]
[]
[]
[]
[]
[]
[]
[]
[]
[]
[]
[]
[]
[]
[]
[]
[]
[]
[]
[]
[]
[]
[]
[]
[]
[]
[]
[]
[]
[]
[]
[]
[]
[]
[]
[]
[]
[]
[]
[]
[]
[]
[]
[]
[]
[]
[]
[]
[]
[]
[]
[]
[]
[]
[]
[]
[]
[]
[]
[]
[]
[]
[]
[]
[]
[]
[]
[]
[]
[]
[]
[]
[]
[]
[]
[]
[]
[]
[]
[]
[]
[]
[]
[]
[]
[]
[]
[]
[]
[]
[]
[]
[]
[]
[]
[]
[]
[]
[]
[]
[]
[]
[]
[]
[]
[]
[]
[]
[]
[]
[]
[]
[]
[]
[]
[]
[]
[]
[]
[]
[]
[]
[]
[]
[]
[]
[]
[]
[]
[]
[]
[]
[]
[]
[]
[]
[]
[]
[]
[]
[]
[]
[]
[]
[]
[]
[]
[]
[]
[]
[]
[]
[]
[]
[]
[]
[]
[]
[]
[]
[]
[]
[]
[]
[]
[]
[]
[]
[]
[]
[]
[]
[]
[]
[]
[]
[]
[]
[]
[]
[]
[]
[]
[]
[]
[]
[]
[]
[]
[]
[]
[]
[]
[]
[]
[]
[]
[]
[]
[]
[]
[]
[]
[]
[]
[]
[]
[]
[]
[]
[]
[]
[]
[]
[]
[]
[]
[]
[]
[]
[]
[]
[]
[]
[]
[]
[]
[]
[]
[]
[]
[]
[]
[]
[]
[]
[]
[]
[]
[]
[]
[]
[]
[]
[]
[]
[]
[]
[]
[]
[]
[]
[]
[]
[]
[]
[]
[]
[]
[]
[]
[]
[]
[]
[]
[]
[]
[]
[]
[]
[]
[]
[]
[]
[]
[]
[]
[]
[]
[]
[]
[]
[]
[]
[]
[]
[]
[]
[]
[]
[]
[]
[]
[]
[]
[]
[]
[]
[]
[]
[]
[]
[]
[]
[]
[]
[]
[]
[]
[]
[]
[]
[]
[]
[]
[]
[]
[]
[]
[]
[]
[]
[]
[]
[]
[]
[]
[]
[]
[]
[]
[]
[]
[]
[]
[]
[]
[]
[]
[]
[]
[]
[]
[]
[]
[]
[]
[]
[]
[]
[]
[]
[]
[]
[]
[]
[]
[]
[]
[]
[]
[]
[]
[]
[]
[]
[]
[]
[]
[]
[]
[]
[]
[]
[]
[]
[]
[]
[]
[]
[]
[]
[]
[]
[]
[]
[]
[]
[]
[]
[]
[]
[]
[]
[]
[]
[]
[]
[]
[]
[]
[]
[]
[]
[]
[]
[]
[]
[]
[]
[]
[]
[]
[]
[]
[]
[]
[]
[]
[]
[]
[]
[]
[]
[]
[]
[]
[]
[]
[]
[]
[]
[]
[]
[]
[]
[]
[]
[]
[]
[]
[]
[]
[]
[]
[]
[]
[]
[]
[]
[]
[]
[]
[]
[]
[]
[]
[]
[]
[]
[]
[]
[]
[]
[]
[]
[]
[]
[]
[]
[]
[]
[]
[]
[]
[]
[]
[]
[]
[]
[]
[]
[]
[]
[]
[]
[]
[]
[]
[]
[]
[]
[]
[]
[]
[]
[]
[]
[]
[]
[]
[]
[]
[]
[]
[]
[]
[]
[]
[]
[]
[]
[]
[]
[]
[]
[]
[]
[]
[]
[]
[]
[]
[]
[]
[]
[]
[]
[]
[]
[]
[]
[]
[]
[]
[]
[]
[]
[]
[]
[]
[]
[]
[]
[]
[]
[]
[]
[]
[]
[]
[]
[]
[]
[]
[]
[]
[]
[]
[]
[]
[]
[]
[]
[]
[]
[]
[]
[]
[]
[]
[]
[]
[]
[]
[]
[]
[]
[]
[]
[]
[]
[]
[]
[]
[]
[]
[]
[]
[]
[]
[]
[]
[]
[]
[]
[]
[]
[]
[]
[]
[]
[]
[]
[]
[]
[]
[]
[]
[]
[]
[]
[]
[]
[]
[]
[]
[]
[]
[]
[]
[]
[]
[]
[]
[]
[]
[]
[]
[]
[]
[]
[]
[]
[]
[]
[]
[]
[]
[]
[]
[]
[]
[]
[]
[]
[]
[]
[]
[]
[]
[]
[]
[]
[]
[]
[]
[]
[]
[]
[]
[]
[]
[]
[]
[]
[]
[]
[]
[]
[]
[]
[]
[]
[]
[]
[]
[]
[]
[]
[]
[]
[]
[]
[]
[]
[]
[]
[]
[]
[]
[]
[]
[]
[]
[]
[]
[]
[]
[]
[]
[]
[]
[]
[]
[]
[]
[]
[]
[]
[]
[]
[]
[]
[]
[]
[]
[]
[]
[]
[]
[]
[]
[]
[]
[]
[]
[]
[]
[]
[]
[]
[]
[]
[]
[]
[]
[]
[]
[]
[]
[]
[]
[]
[]
[]
[]
[]
[]
[]
[]
[]
[]
[]
[]
[]
[]
[]
[]
[]
[]
[]
[]
[]
[]
[]
[]
[]
[]
[]
[]
[]
[]
[]
[]
[]
[]
[]
[]
[]
[]
[]
[]
[]
[]
[]
[]
[]
[]
[]
[]
[]
[]
[]
[]
[]
[]
[]
[]
[]
[]
[]
[]
[]
[]
[]
[]
[]
[]
[]
[]
[]
[]
[]
[]
[]
[]
[]
[]
[]
[]
[]
[]
[]
[]
[]
[]
[]
[]
[]
[]
[]
[]
[]
[]
[]
[]
[]
[]
[]
[]
[]
[]
[]
[]
[]
[]
[]
[]
[]
[]
[]
[]
[]
[]
[]
[]
[]
[]
[]
[]
[]
[]
[]
[]
[]
[]
[]
[]
[]
[]
[]
[]
[]
[]
[]
[]
[]
[]
[]
[]
[]
[]
[]
[]
[]
[]
[]
[]
[]
[]
[]
[]
[]
[]
[]
[]
[]
[]
[]
[]
[]
[]
[]
[]
[]
[]
[]
[]
[]
[]
[]
[]
[]
[]
[]
[]
[]
[]
[]
[]
[]
[]
[]
[]
[]
[]
[]
[]
[]
[]
[]
[]
[]
[]
[]
[]
[]
[]
[]
[]
[]
[]
[]
[]
[]
[]
[]
[]
[]
[]
[]
[]
[]
[]
[]
[]
[]
[]
[]
[]
[]
[]
[]
[]
[]
[]
[]
[]
[]
[]
[]
[]
[]
[]
[]
[]
[]
[]
[]
[]
[]
[]
[]
[]
[]
[]
[]
[]
[]
[]
[]
[]
[]
[]
[]
[]
[]
[]
[]
[]
[]
[]
[]
[]
[]
[]
[]
[]
[]
[]
[]
[]
[]
[]
[]
[]
[]
[]
[]
[]
[]
[]
[]
[]
[]
[]
[]
[]
[]
[]
[]
[]
[]
[]
[]
[]
[]
[]
[]
[]
[]
[]
[]
[]
[]
[]
[]
[]
[]
[]
[]
[]
[]
[]
[]
[]
[]
[]
[]
[]
[]
[]
[]
[]
[]
[]
[]
[]
[]
[]
[]
[]
[]
[]
[]
[]
[]
[]
[]
[]
[]
[]
[]
[]
[]
[]
[]
[]
[]
[]
[]
[]
[]
[]
[]
[]
[]
[]
[]
[]
[]
[]
[]
[]
[]
[]
[]
[]
[]
[]
[]
[]
[]
[]
[]
[]
[]
[]
[]
[]
[]
[]
[]
[]
[]
[]
[]
[]
[]
[]
[]
[]
[]
[]
[]
[]
[]
[]
[]
[]
[]
[]
[]
[]
[]
[]
[]
[]
[]
[]
[]
[]
[]
[]
[]
[]
[]
[]
[]
[]
[]
[]
[]
[]
[]
[]
[]
[]
[]
[]
[]
[]
[]
[]
[]
[]
[]
[]
[]
[]
[]
[]
[]
[]
[]
[]
[]
[]
[]
[]
[]
[]
[]
[]
[]
[]
[]
[]
[]
[]
[]
[]
[]
[]
[]
[]
[]
[]
[]
[]
[]
[]
[]
[]
[]
[]
[]
[]
[]
[]
[]
[]
[]
[]
[]
[]
[]
[]
[]
[]
[]
[]
[]
[]
[]
[]
[]
[]
[]
[]
[]
[]
[]
[]
[]
[]
[]
[]
[]
[]
[]
[]
[]
[]
[]
[]
[]
[]
[]
[]
[]
[]
[]
[]
[]
[]
[]
[]
[]
[]
[]
[]
[]
[]
[]
[]
[]
[]
[]
[]
[]
[]
[]
[]
[]
[]
[]
[]
[]
[]
[]
[]
[]
[]
[]
[]
[]
[]
[]
[]
[]
[]
[]
[]
[]
[]
[]
[]
[]
[]
[]
[]
[]
[]
[]
[]
[]
[]
[]
[]
[]
[]
[]
[]
[]
[]
[]
[]
[]
[]
[]
[]
[]
[]
[]
[]
[]
[]
[]
[]
[]
[]
[]
[]
[]
[]
[]
[]
[]
[]
[]
[]
[]
[]
[]
[]
[]
[]
[]
[]
[]
[]
[]
[]
[]
[]
[]
[]
[]
[]
[]
[]
[]
[]
[]
[]
[]
[]
[]
[]
[]
[]
[]
[]
[]
[]
[]
[]
[]
[]
[]
[]
[]
[]
[]
[]
[]
[]
[]
[]
[]
[]
[]
[]
[]
[]
[]
[]
[]
[]
[]
[]
[]
[]
[]
[]
[]
[]
[]
[]
[]
[]
[]
[]
[]
[]
[]
[]
[]
[]
[]
[]
[]
[]
[]
[]
[]
[]
[]
[]
[]
[]
[]
[]
[]
[]
[]
[]
[]
[]
[]
[]
[]
[]
[]
[]
[]
[]
[]
[]
[]
[]
[]
[]
[]
[]
[]
[]
[]
[]
[]
[]
[]
[]
[]
[]
[]
[]
[]
[]
[]
[]
[]
[]
[]
[]
[]
[]
[]
[]
[]
[]
[]
[]
[]
[]
[]
[]
[]
[]
[]
[]
[]
[]
[]
[]
[]
[]
[]
[]
[]
[]
[]
[]
[]
[]
[]
[]
[]
[]
[]
[]
[]
[]
[]
[]
[]
[]
[]
[]
[]
[]
[]
[]
[]
[]
[]
[]
[]
[]
[]
[]
[]
[]
[]
[]
[]
[]
[]
[]
[]
[]
[]
[]
[]
[]
[]
[]
[]
[]
[]
[]
[]
[]
[]
[]
[]
[]
[]
[]
[]
[]
[]
[]
[]
[]
[]
[]
[]
[]
[]
[]
[]
[]
[]
[]
[]
[]
[]
[]
[]
[]
[]
[]
[]
[]
[]
[]
[]
[]
[]
[]
[]
[]
[]
[]
[]
[]
[]
[]
[]
[]
[]
[]
[]
[]
[]
[]
[]
[]
[]
[]
[]
[]
[]
[]
[]
[]
[]
[]
[]
[]
[]
[]
[]
[]
[]
[]
[]
[]
[]
[]
[]
[]
[]
[]
[]
[]
[]
[]
[]
[]
[]
[]
[]
[]
[]
[]
[]
[]
[]
[]
[]
[]
[]
[]
[]
[]
[]
[]
[]
[]
[]
[]
[]
[]
[]
[]
[]
[]
[]
[]
[]
[]
[]
[]
[]
[]
[]
[]
[]
[]
[]
[]
[]
[]
[]
[]
[]
[]
[]
[]
[]
[]
[]
[]
[]
[]
[]
[]
[]
[]
[]
[]
[]
[]
[]
[]
[]
[]
[]
[]
[]
[]
[]
[]
[]
[]
[]
[]
[]
[]
[]
[]
[]
[]
[]
[]
[]
[]
[]
[]
[]
[]
[]
[]
[]
[]
[]
[]
[]
[]
[]
[]
[]
[]
[]
[]
[]
[]
[]
[]
[]
[]
[]
[]
[]
[]
[]
[]
[]
[]
[]
[]
[]
[]
[]
[]
[]
[]
[]
[]
[]
[]
[]
[]
[]
[]
[]
[]
[]
[]
[]
[]
[]
[]
[]
[]
[]
[]
[]
[]
[]
[]
[]
[]
[]
[]
[]
[]
[]
[]
[]
[]
[]
[]
[]
[]
[]
[]
[]
[]
[]
[]
[]
[]
[]
[]
[]
[]
[]
[]
[]
[]
[]
[]
[]
[]
[]
[]
[]
[]
[]
[]
[]
[]
[]
[]
[]
[]
[]
[]
[]
[]
[]
[]
[]
[]
[]
[]
[]
[]
[]
[]
[]
[]
[]
[]
[]
[]
[]
[]
[]
[]
[]
[]
[]
[]
[]
[]
[]
[]
[]
[]
[]
[]
[]
[]
[]
[]
[]
[]
[]
[]
[]
[]
[]
[]
[]
[]
[]
[]
[]
[]
[]
[]
[]
[]
[]
[]
[]
[]
[]
[]
[]
[]
[]
[]
[]
[]
[]
[]
[]
[]
[]
[]
[]
[]
[]
[]
[]
[]
[]
[]
[]
[]
[]
[]
[]
[]
[]
[]
[]
[]
[]
[]
[]
[]
[]
[]
[]
[]
[]
[]
[]
[]
[]
[]
[]
[]
[]
[]
[]
[]
[]
[]
[]
[]
[]
[]
[]
[]
[]
[]
[]
[]
[]
[]
[]
[]
[]
[]
[]
[]
[]
[]
[]
[]
[]
[]
[]
[]
[]
[]
[]
[]
[]
[]
[]
[]
[]
[]
[]
[]
[]
[]
[]
[]
[]
[]
[]
[]
[]
[]
[]
[]
[]
[]
[]
[]
[]
[]
[]
[]
[]
[]
[]
[]
[]
[]
[]
[]
[]
[]
[]
[]
[]
[]
[]
[]
[]
[]
[]
[]
[]
[]
[]
[]
[]
[]
[]
[]
[]
[]
[]
[]
[]
[]
[]
[]
[]
[]
[]
[]
[]
[]
[]
[]
[]
[]
[]
[]
[]
[]
[]
[]
[]
[]
[]
[]
[]
[]
[]
[]
[]
[]
[]
[]
[]
[]
[]
[]
[]
[]
[]
[]
[]
[]
[]
[]
[]
[]
[]
[]
[]
[]
[]
[]
[]
[]
[]
[]
[]
[]
[]
[]
[]
[]
[]
[]
[]
[]
[]
[]
[]
[]
[]
[]
[]
[]
[]
[]
[]
[]
[]
[]
[]
[]
[]
[]
[]
[]
[]
[]
[]
[]
[]
[]
[]
[]
[]
[]
[]
[]
[]
[]
[]
[]
[]
[]
[]
[]
[]
[]
[]
[]
[]
[]
[]
[]
[]
[]
[]
[]
[]
[]
[]
[]
[]
[]
[]
[]
[]
[]
[]
[]
[]
[]
[]
[]
[]
[]
[]
[]
[]
[]
[]
[]
[]
[]
[]
[]
[]
[]
[]
[]
[]
[]
[]
[]
[]
[]
[]
[]
[]
[]
[]
[]
[]
[]
[]
[]
[]
[]
[]
[]
[]
[]
[]
[]
[]
[]
[]
[]
[]
[]
[]
[]
[]
[]
[]
[]
[]
[]
[]
[]
[]
[]
[]
[]
[]
[]
[]
[]
[]
[]
[]
[]
[]
[]
[]
[]
[]
[]
[]
[]
[]
[]
[]
[]
[]
[]
[]
[]
[]
[]
[]
[]
[]
[]
[]
[]
[]
[]
[]
[]
[]
[]
[]
[]
[]
[]
[]
[]
[]
[]
[]
[]
[]
[]
[]
[]
[]
[]
[]
[]
[]
[]
[]
[]
[]
[]
[]
[]
[]
[]
[]
[]
[]
[]
[]
[]
[]
[]
[]
[]
[]
[]
[]
[]
[]
[]
[]
[]
[]
[]
[]
[]
[]
[]
[]
[]
[]
[]
[]
[]
[]
[]
[]
[]
[]
[]
[]
[]
[]
[]
[]
[]
[]
[]
[]
[]
[]
[]
[]
[]
[]
[]
[]
[]
[]
[]
[]
[]
[]
[]
[]
[]
[]
[]
[]
[]
[]
[]
[]
[]
[]
[]
[]
[]
[]
[]
[]
[]
[]
[]
[]
[]
[]
[]
[]
[]
[]
[]
[]
[]
[]
[]
[]
[]
[]
[]
[]
[]
[]
[]
[]
[]
[]
[]
[]
[]
[]
[]
[]
[]
[]
[]
[]
[]
[]
[]
[]
[]
[]
[]
[]
[]
[]
[]
[]
[]
[]
[]
[]
[]
[]
[]
[]
[]
[]
[]
[]
[]
[]
[]
[]
[]
[]
[]
[]
[]
[]
[]
[]
[]
[]
[]
[]
[]
[]
[]
[]
[]
[]
[]
[]
[]
[]
[]
[]
[]
[]
[]
[]
[]
[]
[]
[]
[]
[]
[]
[]
[]
[]
[]
[]
[]
[]
[]
[]
[]
[]
[]
[]
[]
[]
[]
[]
[]
[]
[]
[]
[]
[]
[]
[]
[]
[]
[]
[]
[]
[]
[]
[]
[]
[]
[]
[]
[]
[]
[]
[]
[]
[]
[]
[]
[]
[]
[]
[]
[]
[]
[]
[]
[]
[]
[]
[]
[]
[]
[]
[]
[]
[]
[]
[]
[]
[]
[]
[]
[]
[]
[]
[]
[]
[]
[]
[]
[]
[]
[]
[]
[]
[]
[]
[]
[]
[]
[]
[]
[]
[]
[]
[]
[]
[]
[]
[]
[]
[]
[]
[]
[]
[]
[]
[]
[]
[]
[]
[]
[]
[]
[]
[]
[]
[]
[]
[]
[]
[]
[]
[]
[]
[]
[]
[]
[]
[]
[]
[]
[]
[]
[]
[]
[]
[]
[]
[]
[]
[]
[]
[]
[]
[]
[]
[]
[]
[]
[]
[]
[]
[]
[]
[]
[]
[]
[]
[]
[]
[]
[]
[]
[]
[]
[]
[]
[]
[]
[]
[]
[]
[]
[]
[]
[]
[]
[]
[]
[]
[]
[]
[]
[]
[]
[]
[]
[]
[]
[]
[]
[]
[]
[]
[]
[]
[]
[]
[]
[]
[]
[]
[]
[]
[]
[]
[]
[]
[]
[]
[]
[]
[]
[]
[]
[]
[]
[]
[]
[]
[]
[]
[]
[]
[]
[]
[]
[]
[]
[]
[]
[]
[]
[]
[]
[]
[]
[]
[]
[]
[]
[]
[]
[]
[]
[]
[]
[]
[]
[]
[]
[]
[]
[]
[]
[]
[]
[]
[]
[]
[]
[]
[]
[]
[]
[]
[]
[]
[]
[]
[]
[]
[]
[]
[]
[]
[]
[]
[]
[]
[]
[]
[]
[]
[]
[]
[]
[]
[]
[]
[]
[]
[]
[]
[]
[]
[]
[]
[]
[]
[]
[]
[]
[]
[]
[]
[]
[]
[]
[]
[]
[]
[]
[]
[]
[]
[]
[]
[]
[]
[]
[]
[]
[]
[null,null,null,null,null,null,null,null,null,"Pul.","Cleared","(mg/day)","Pul.","Retention","(mg)","Lymph","Mass","(mg)","Retention","(mg)"," ","Lymph","Mass","(mg)"]
[null,null,null,null,null,null,null,null,null,null,null,null,null,null,null,null,null,null," "," "," "," "," ",7.46E-2," "," "," "," ",9.7410000000000004E-6]
[null,null,null,null,null,null,null,null,null,null,null,null,null,null,null,null,null,null," "," "," "," "," "," "," ",7.3200000000000001E-2," "," "," "," ",6.9529999999999993E-5]
[null,null,null,null,null,null,null,null,null,null,null,null,null,null,null,null,null,null," "," "," "," "," "," "," ",0.1459," "," "," "," ",9.8510000000000004E-5]
[null,null,null,null,null,null,null,null,null,null,null,null,null,null,null,null,null,null," "," "," "," "," "," "," ",0.1431," "," "," "," ",2.1450000000000001E-4]
[null,null,null,null,null,null,null,null,null,null,null,null,null,null,null,null,null,null," "," "," "," "," "," "," ",0.21540000000000001," "," "," "," ",2.6190000000000002E-4]
[null,null,null,null,null,null,null,null,null,null,null,null,null,null,null,null,null,null," "," "," "," "," "," "," ",0.21110000000000001," "," "," "," ",4.3290000000000001E-4]
[null,null,null,null,null,null,null,null,null,null,null,null,null,null,null,null,null,null," "," "," "," "," "," "," ",0.28299999999999997," "," "," "," ",4.9839999999999997E-4]
[null,null,null,null,null,null,null,null,null,null,null,null,null,null,null,null,null,null," "," "," "," "," "," "," ",0.27750000000000002," "," "," "," ",7.2309999999999996E-4]
[null,null,null,null,null,null,null,null,null,null,null,null,null,null,null,null,null,null," "," "," "," "," "," "," ",0.34889999999999999," "," "," "," ",8.0610000000000002E-4]
[null,null,null,null,null,null,null,null,null,null,null,null,null,null,null,null,null,null," "," "," "," "," "," "," ",0.34210000000000002," "," "," "," ",1.083E-3]
[null,null,null,null,null,null,null,null,null,null,null,null,null,null,null,null,null,null," "," "," "," "," "," "," ",0.33329999999999999," "," "," "," ",1.4419999999999999E-3]
[null,null,null,null,null,null,null,null,null,null,null,null,null,null,null,null,null,null," "," "," "," "," "," ",0.32479999999999998," "," "," "," ",1.7910000000000001E-3]
[null,null,null,null,null,null,null,null,null,null,null,null,null,null,null,null,null,null," "," "," "," "," "," ",0.39589999999999997," "," "," "," ",1.8860000000000001E-3]
[null,null,null,null,null,null,null,null,null,null,null,null,null,null,null,null,null,null," "," "," "," "," "," ",0.38829999999999998," "," "," "," ",2.2009999999999998E-3]
[null,null,null,null,null,null,null,null,null,null,null,null,null,null,null,null,null,null," "," "," "," "," "," ",0.45900000000000002," "," "," "," ",2.313E-3]
[null,null,null,null,null,null,null,null,null,null,null,null,null,null,null,null,null,null," "," "," "," "," "," ",0.45019999999999999," "," "," "," ",2.676E-3]
[null,null,null,null,null,null,null,null,null,null,null,null,null,null,null,null,null,null," "," "," "," "," "," ",0.52059999999999995," "," "," "," ",2.8050000000000002E-3]
[null,null,null,null,null,null,null,null,null,null,null,null,null,null,null,null,null,null," "," "," "," "," "," ",0.51060000000000005," "," "," "," ",3.215E-3]
[null,null,null,null,null,null,null,null,null,null,null,null,null,null,null,null,null,null," "," "," "," "," "," ",0.58050000000000002," "," "," "," ",3.3600000000000001E-3]
[null,null,null,null,null,null,null,null,null,null,null,null,null,null,null,null,null,null," "," "," "," "," "," ",0.56940000000000002," "," "," "," ",3.8180000000000002E-3]
[null,null,null,null,null,null,null,null,null,null,null,null,null,null,null,null,null,null," "," "," "," "," "," ",0.63900000000000001," "," "," "," ",3.9779999999999998E-3]
[null,null,null,null,null,null,null,null,null,null,null,null,null,null,null,null,null,null," "," "," "," "," "," ",0.62680000000000002," "," "," "," ",4.4819999999999999E-3]
[null,null,null,null,null,null,null,null,null,null,null,null,null,null,null,null,null,null," "," "," "," "," "," ",0.6109," "," "," "," ",5.1380000000000002E-3]
[null,null,null,null,null,null,null,null,null,null,null,null,null,null,null,null,null,null," "," "," "," "," "," ",0.59560000000000002," "," "," "," ",5.777E-3]
[null,null,null,null,null,null,null,null,null,null,null,null,null,null,null,null,null,null," "," "," "," "," "," ",0.66500000000000004," "," "," "," ",5.9439999999999996E-3]
[null,null,null,null,null,null,null,null,null,null,null,null,null,null,null,null,null,null," "," "," "," "," "," ",0.65239999999999998," "," "," "," ",6.4689999999999999E-3]
[null,null,null,null,null,null,null,null,null,null,null,null,null,null,null,null,null,null," "," "," "," "," "," ",0.72160000000000002," "," "," "," ",6.6509999999999998E-3]
[null,null,null,null,null,null,null,null,null,null,null,null,null,null,null,null,null,null," "," "," "," "," "," ",0.70789999999999997," "," "," "," ",7.2189999999999997E-3]
[null,null,null,null,null,null,null,null,null,null,null,null,null,null,null,null,null,null," "," "," "," "," "," ",0.77669999999999995," "," "," "," ",7.4159999999999998E-3]
[null,null,null,null,null,null,null,null,null,null,null,null,null,null,null,null,null,null," "," "," "," "," "," ",0.76200000000000001," "," "," "," ",8.0280000000000004E-3]
[null,null,null,null,null,null,null,null,null,null,null,null,null,null,null,null,null,null," "," "," "," "," "," ",0.83050000000000002," "," "," "," ",8.2389999999999998E-3]
[null,null,null,null,null,null,null,null,null,null,null,null,null,null,null,null,null,null," "," "," "," "," "," ",0.81479999999999997," "," "," "," ",8.8929999999999999E-3]
[null,null,null,null,null,null,null,null,null,null,null,null,null,null,null,null,null,null," "," "," "," "," "," ",0.88290000000000002," "," "," "," ",9.1179999999999994E-3]
[null,null,null,null,null,null,null,null,null,null,null,null,null,null,null,null,null,null," "," "," "," "," "," ",0.86629999999999996," "," "," "," ",9.8139999999999998E-3]
[null,null,null,null,null,null,null,null,null,null,null,null,null,null,null,null,null,null," "," "," "," "," "," ",0.84470000000000001," "," "," "," ",1.0699999999999999E-2]
[null,null,null,null,null,null,null,null,null,null,null,null,null,null,null,null,null,null," "," "," "," "," "," ",0.82369999999999999," "," "," "," ",1.1599999999999999E-2]
[null,null,null,null,null,null,null,null,null,null,null,null,null,null,null,null,null,null," "," "," "," "," "," ",0.89180000000000004," "," "," "," ",1.18E-2]
[null,null,null,null,null,null,null,null,null,null,null,null,null,null,null,null,null,null," "," "," "," "," "," ",0.87519999999999998," "," "," "," ",1.2500000000000001E-2]
[null,null,null,null,null,null,null,null,null,null,null,null,null,null,null,null,null,null," "," "," "," "," "," ",0.94299999999999995," "," "," "," ",1.2800000000000001E-2]
[null,null,null,null,null,null,null,null,null,null,null,null,null,null,null,null,null,null," "," "," "," "," "," ",0.9254," "," "," "," ",1.35E-2]
[null,null,null,null,null,null,null,null,null,null,null,null,null,null,null,null,null,null," "," "," "," "," "," ",0.9929," "," "," "," ",1.38E-2]
[null,null,null,null,null,null,null,null,null,null,null,null,null,null,null,null,null,null," "," "," "," "," "," ",0.97450000000000003," "," "," "," ",1.46E-2]
[null,null,null,null,null,null,null,null,null,null,null,null,null,null,null,null,null,null," "," "," "," "," "," ","1.042 "," "," "," "," ",1.4800000000000001E-2]
[null,null,null,null,null,null,null,null,null,null,null,null,null,null,null,null,null,null," "," "," "," "," "," ","1.022 "," "," "," "," ",1.5599999999999999E-2]
[null,null,null,null,null,null,null,null,null,null,null,null,null,null,null,null,null,null," "," "," "," "," "," ","1.089 "," "," "," "," ",1.5900000000000001E-2]
[null,null,null,null,null,null,null,null,null,null,null,null,null,null,null,null,null,null," "," "," "," "," "," ","1.069 "," "," "," "," ",1.6799999999999999E-2]
[null,null,null,null,null,null,null,null,null,null,null,null,null,null,null,null,null,null," "," "," "," "," "," ","1.043 "," "," "," "," ",1.7899999999999999E-2]
[null,null,null,null,null,null,null,null,null,null,null,null,null,null,null,null,null,null," "," "," "," "," "," ","1.017 "," "," "," "," ",1.9E-2]
[null,null,null,null,null,null,null,null,null,null,null,null,null,null,null,null,null,null," "," "," "," "," "," ","1.084 "," "," "," "," ",1.9300000000000001E-2]
[]
[null,null,null,null,null,null,null,null,null,null,null,null,null,null,null,null,null,null,"Retention","(mg)"," ","Lymph","Mass","(mg)"]
[null,null,null,null,null,null,null,null,null,"Alv.","Cleared","(mg/day)","Alv.","Retention","(mg)","Lymph","Mass","(mg)"," "," "," "," "," "," ","1.064 "," "," "," "," ",2.01E-2]
[null,null,null,null,null,null,null,null,null,null,null,null,null,null,null,null,null,null," "," "," "," "," "," ","1.131 "," "," "," "," ",2.0400000000000001E-2]
[null,null,null,null,null,null,null,null,null,null,null,null,null,null,null,null,null,null," "," "," "," "," "," ","1.110 "," "," "," "," ",2.1299999999999999E-2]
[null,null,null,null,null,null,null,null,null,null,null,null,null,null,null,null,null,null," "," "," "," "," "," ","1.177 "," "," "," "," ",2.1600000000000001E-2]
[null,null,null,null,null,null,null,null,null,null,null,null,null,null,null,null,null,null," "," "," "," "," "," ","1.155 "," "," "," "," ",2.2499999999999999E-2]
[null,null,null,null,null,null,null,null,null,null,null,null,null,null,null,null,null,null," "," "," "," "," "," ","1.221 "," "," "," "," ",2.29E-2]
[null,null,null,null,null,null,null,null,null,null,null,null,null,null,null,null,null,null," "," "," "," "," "," ","1.199 "," "," "," "," ",2.3800000000000002E-2]
[null,null,null,null,null,null,null,null,null,null,null,null,null,null,null,null,null,null," "," "," "," "," "," ","1.265 "," "," "," "," ",2.41E-2]
[null,null,null,null,null,null,null,null,null,null,null,null,null,null,null,null,null,null," "," "," "," "," "," ","1.242 "," "," "," "," ",2.5100000000000001E-2]
[null,null,null,null,null,null,null,null,null,null,null,null,null,null,null,null,null,null," "," "," "," "," "," ","1.212 "," "," "," "," ",2.64E-2]
[null,null,null,null,null,null,null,null,null,null,null,null,null,null,null,null,null,null," "," "," "," "," "," ","1.183 "," "," "," "," ",2.7699999999999999E-2]
[null,null,null,null,null,null,null,null,null,null,null,null,null,null,null,null,null,null," "," "," "," "," "," ","1.249 "," "," "," "," ",2.8000000000000001E-2]
[null,null,null,null,null,null,null,null,null,null,null,null,null,null,null,null,null,null," "," "," "," "," "," ","1.226 "," "," "," "," ",2.9000000000000001E-2]
[null,null,null,null,null,null,null,null,null,null,null,null,null,null,null,null,null,null," "," "," "," "," "," ","1.292 "," "," "," "," ",2.93E-2]
[null,null,null,null,null,null,null,null,null,null,null,null,null,null,null,null,null,null," "," "," "," "," "," ","1.269 "," "," "," "," ",3.04E-2]
[null,null,null,null,null,null,null,null,null,null,null,null,null,null,null,null,null,null," "," "," "," "," "," ","1.334 "," "," "," "," ",3.0700000000000002E-2]
[null,null,null,null,null,null,null,null,null,null,null,null,null,null,null,null,null,null," "," "," "," "," "," ","1.310 "," "," "," "," ",3.1800000000000002E-2]
[null,null,null,null,null,null,null,null,null,null,null,null,null,null,null,null,null,null," "," "," "," "," "," ","1.376 "," "," "," "," ",3.2099999999999997E-2]
[null,null,null,null,null,null,null,null,null,null,null,null,null,null,null,null,null,null," "," "," "," "," "," ","1.351 "," "," "," "," ",3.32E-2]
[null,null,null,null,null,null,null,null,null,null,null,null,null,null,null,null,null,null," "," "," "," "," "," ","1.416 "," "," "," "," ",3.3599999999999998E-2]
[null,null,null,null,null,null,null,null,null,null,null,null,null,null,null,null,null,null," "," "," "," "," "," ","1.391 "," "," "," "," ",3.4700000000000002E-2]
[null,null,null,null,null,null,null,null,null,null,null,null,null,null,null,null,null,null," "," "," "," "," "," ","1.357 "," "," "," "," ",3.61E-2]
[null,null,null,null,null,null,null,null,null,null,null,null,null,null,null,null,null,null," "," "," "," "," "," ","1.325 "," "," "," "," ",3.7600000000000001E-2]
[null,null,null,null,null,null,null,null,null,null,null,null,null,null,null,null,null,null," "," "," "," "," "," ","1.391 "," "," "," "," ",3.7900000000000003E-2]
[null,null,null,null,null,null,null,null,null,null,null,null,null,null,null,null,null,null," "," "," "," "," "," ","1.366 "," "," "," "," ",3.9E-2]
[null,null,null,null,null,null,null,null,null,null,null,null,null,null,null,null,null,null," "," "," "," "," "," ","1.431 "," "," "," "," ",3.9399999999999998E-2]
[null,null,null,null,null,null,null,null,null,null,null,null,null,null,null,null,null,null," "," "," "," "," "," ","1.406 "," "," "," "," ",4.0500000000000001E-2]
[null,null,null,null,null,null,null,null,null,null,null,null,null,null,null,null,null,null," "," "," "," "," "," ","1.471 "," "," "," "," ",4.0899999999999999E-2]
[null,null,null,null,null,null,null,null,null,null,null,null,null,null,null,null,null,null," "," "," "," "," "," ","1.445 "," "," "," "," ",4.2099999999999999E-2]
[null,null,null,null,null,null,null,null,null,null,null,null,null,null,null,null,null,null," "," "," "," "," "," ","1.509 "," "," "," "," ",4.24E-2]
[null,null,null,null,null,null,null,null,null,null,null,null,null,null,null,null,null,null," "," "," "," "," "," ","1.482 "," "," "," "," ",4.36E-2]
[null,null,null,null,null,null,null,null,null,null,null,null,null,null,null,null,null,null," "," "," "," "," "," ","1.547 "," "," "," "," ",4.3999999999999997E-2]
[null,null,null,null,null,null,null,null,null,null,null,null,null,null,null,null,null,null," "," "," "," "," "," ","1.520 "," "," "," "," ",4.53E-2]
[null,null,null,null,null,null,null,null,null,null,null,null,null,null,null,null,null,null," "," "," "," "," "," ","1.484 "," "," "," "," ",4.6899999999999997E-2]
[null,null,null,null,null,null,null,null,null,null,null,null,null,null,null,null,null,null," "," "," "," "," "," ","1.449 "," "," "," "," ",4.8399999999999999E-2]
[null,null,null,null,null,null,null,null,null,null,null,null,null,null,null,null,null,null," "," "," "," "," "," ","1.514 "," "," "," "," ",4.8800000000000003E-2]
[null,null,null,null,null,null,null,null,null,null,null,null,null,null,null,null,null,null," "," "," "," "," "," ","1.488 "," "," "," "," ",0.05]
[null,null,null,null,null,null,null,null,null,null,null,null,null,null,null,null,null,null," "," "," "," "," "," ","1.552 "," "," "," "," ",5.04E-2]
[null,null,null,null,null,null,null,null,null,null,null,null,null,null,null,null,null,null," "," "," "," "," "," ","1.525 "," "," "," "," ",5.16E-2]
[null,null,null,null,null,null,null,null,null,null,null,null,null,null,null,null,null,null," "," "," "," "," "," ","1.590 "," "," "," "," ",5.1999999999999998E-2]
[null,null,null,null,null,null,null,null,null,null,null,null,null,null,null,null,null,null," "," "," "," "," "," ","1.562 "," "," "," "," ",5.33E-2]
[null,null,null,null,null,null,null,null,null,null,null,null,null,null,null,null,null,null," "," "," "," "," "," ","1.626 "," "," "," "," ",5.3699999999999998E-2]
[null,null,null,null,null,null,null,null,null,null,null,null,null,null,null,null,null,null," "," "," "," "," "," ","1.598 "," "," "," "," ",5.5E-2]
[null,null,null,null,null,null,null,null,null,null,null,null,null,null,null,null,null,null," "," "," "," "," "," ","1.662 "," "," "," "," ",5.5399999999999998E-2]
[null,null,null,null,null,null,null,null,null,null,null,null,null,null,null,null,null,null," "," "," "," "," "," ","1.633 "," "," "," "," ",5.67E-2]
[null,null,null,null,null,null,null,null,null,null,null,null,null,null,null,null,null,null," "," "," "," "," "," ","1.595 "," "," "," "," ",5.8400000000000001E-2]
[null,null,null,null,null,null,null,null,null,null,null,null,null,null,null,null,null,null," "," "," "," "," "," ","1.558 "," "," "," "," ",6.0100000000000001E-2]
[null,null,null,null,null,null,null,null,null,null,null,null,null,null,null,null,null,null," "," "," "," "," "," ","1.623 "," "," "," "," ",6.0499999999999998E-2]
[null,null,null,null,null,null,null,null,null,null,null,null,null,null,null,null,null,null," "," "," "," "," "," ","1.595 "," "," "," "," ",6.1800000000000001E-2]
[null,null,null,null,null,null,null,null,null,null,null,null,null,null,null,null,null,null," "," "," "," "," "," ","1.659 "," "," "," "," ",6.2199999999999998E-2]
[]
[null,null,null,null,null,null,null,null,null,null,null,null,null,null,null,null,null,null,"Retention","(mg)"," ","Lymph","Mass","(mg)"]
[null,null,null,null,null,null,null,null,null,null,null,null,null,null,null,null,null,null," "," "," "," "," "," ","1.630 "," "," "," "," ",6.3500000000000001E-2]
[null,null,null,null,null,null,null,null,null,"Alv.","Cleared","(mg/day)","Alv.","Retention","(mg)","Lymph","Mass","(mg)"," "," "," "," "," "," ","1.694 "," "," "," "," ",6.4000000000000001E-2]
[null,null,null,null,null,null,null,null,null,null,null,null,null,null,null,null,null,null," "," "," "," "," "," ","1.665 "," "," "," "," ",6.5299999999999997E-2]
[null,null,null,null,null,null,null,null,null,null,null,null,null,null,null,null,null,null," "," "," "," "," "," ","1.729 "," "," "," "," ",6.5799999999999997E-2]
[null,null,null,null,null,null,null,null,null,null,null,null,null,null,null,null,null,null," "," "," "," "," "," ","1.699 "," "," "," "," ",6.7100000000000007E-2]
[null,null,null,null,null,null,null,null,null,null,null,null,null,null,null,null,null,null," "," "," "," "," "," ","1.763 "," "," "," "," ",6.7599999999999993E-2]
[null,null,null,null,null,null,null,null,null,null,null,null,null,null,null,null,null,null," "," "," "," "," "," ","1.733 "," "," "," "," ",6.9000000000000006E-2]
[null,null,null,null,null,null,null,null,null,null,null,null,null,null,null,null,null,null," "," "," "," "," "," ","1.693 "," "," "," "," ",7.0800000000000002E-2]
[null,null,null,null,null,null,null,null,null,null,null,null,null,null,null,null,null,null," "," "," "," "," "," ","1.655 "," "," "," "," ",7.2599999999999998E-2]
[null,null,null,null,null,null,null,null,null,null,null,null,null,null,null,null,null,null," "," "," "," "," "," ","1.719 "," "," "," "," ",7.2999999999999995E-2]
[null,null,null,null,null,null,null,null,null,null,null,null,null,null,null,null,null,null," "," "," "," "," "," ","1.690 "," "," "," "," ",7.4399999999999994E-2]
[null,null,null,null,null,null,null,null,null,null,null,null,null,null,null,null,null,null," "," "," "," "," "," ","1.754 "," "," "," "," ",7.4800000000000005E-2]
[null,null,null,null,null,null,null,null,null,null,null,null,null,null,null,null,null,null," "," "," "," "," "," ","1.724 "," "," "," "," ",7.6200000000000004E-2]
[null,null,null,null,null,null,null,null,null,null,null,null,null,null,null,null,null,null," "," "," "," "," "," ","1.787 "," "," "," "," ",7.6700000000000004E-2]
[null,null,null,null,null,null,null,null,null,null,null,null,null,null,null,null,null,null," "," "," "," "," "," ","1.757 "," "," "," "," ",7.8100000000000003E-2]
[null,null,null,null,null,null,null,null,null,null,null,null,null,null,null,null,null,null," "," "," "," "," "," ","1.821 "," "," "," "," ",7.8600000000000003E-2]
[null,null,null,null,null,null,null,null,null,null,null,null,null,null,null,null,null,null," "," "," "," "," "," ","1.790 "," "," "," "," ",0.08]
[null,null,null,null,null,null,null,null,null,null,null,null,null,null,null,null,null,null," "," "," "," "," "," ","1.853 "," "," "," "," ",8.0500000000000002E-2]
[null,null,null,null,null,null,null,null,null,null,null,null,null,null,null,null,null,null," "," "," "," "," "," ","1.822 "," "," "," "," ",8.1900000000000001E-2]
[null,null,null,null,null,null,null,null,null,null,null,null,null,null,null,null,null,null," "," "," "," "," "," ","1.781 "," "," "," "," ",8.3900000000000002E-2]
[null,null,null,null,null,null,null,null,null,null,null,null,null,null,null,null,null,null," "," "," "," "," "," ","1.742 "," "," "," "," ",8.5699999999999998E-2]
[null,null,null,null,null,null,null,null,null,null,null,null,null,null,null,null,null,null," "," "," "," "," "," ","1.805 "," "," "," "," ",8.6199999999999999E-2]
[null,null,null,null,null,null,null,null,null,null,null,null,null,null,null,null,null,null," "," "," "," "," "," ","1.775 "," "," "," "," ",8.7599999999999997E-2]
[null,null,null,null,null,null,null,null,null,null,null,null,null,null,null,null,null,null," "," "," "," "," "," ","1.839 "," "," "," "," ",8.8099999999999998E-2]
[null,null,null,null,null,null,null,null,null,null,null,null,null,null,null,null,null,null," "," "," "," "," "," ","1.808 "," "," "," "," ",8.9499999999999996E-2]
[null,null,null,null,null,null,null,null,null,null,null,null,null,null,null,null,null,null," "," "," "," "," "," ","1.871 "," "," "," "," ",0.09]
[null,null,null,null,null,null,null,null,null,null,null,null,null,null,null,null,null,null," "," "," "," "," "," ","1.840 "," "," "," "," ",9.1499999999999998E-2]
[null,null,null,null,null,null,null,null,null,null,null,null,null,null,null,null,null,null," "," "," "," "," "," ","1.903 "," "," "," "," ",9.1999999999999998E-2]
[null,null,null,null,null,null,null,null,null,null,null,null,null,null,null,null,null,null," "," "," "," "," "," ","1.871 "," "," "," "," ",9.35E-2]
[null,null,null,null,null,null,null,null,null,null,null,null,null,null,null,null,null,null," "," "," "," "," "," ","1.934 "," "," "," "," ",9.4E-2]
[null,null,null,null,null,null,null,null,null,null,null,null,null,null,null,null,null,null," "," "," "," "," "," ","1.902 "," "," "," "," ",9.5500000000000002E-2]
[null,null,null,null,null,null,null,null,null,null,null,null,null,null,null,null,null,null," "," "," "," "," "," ","1.860 "," "," "," "," ",9.7500000000000003E-2]
[null,null,null,null,null,null,null,null,null,null,null,null,null,null,null,null,null,null," "," "," "," "," "," ","1.820 "," "," "," "," ",9.9500000000000005E-2]
[null,null,null,null,null,null,null,null,null,null,null,null,null,null,null,null,null,null," "," "," "," "," "," ","1.883 "," "," "," "," ",0.1]
[null,null,null,null,null,null,null,null,null,null,null,null,null,null,null,null,null,null," "," "," "," "," "," ","1.852 "," "," "," "," ",0.10150000000000001]
[null,null,null,null,null,null,null,null,null,null,null,null,null,null,null,null,null,null," "," "," "," "," "," ","1.915 "," "," "," "," ",0.10199999999999999]
[null,null,null,null,null,null,null,null,null,null,null,null,null,null,null,null,null,null," "," "," "," "," "," ","1.884 "," "," "," "," ",0.10349999999999999]
[null,null,null,null,null,null,null,null,null,null,null,null,null,null,null,null,null,null," "," "," "," "," "," ","1.947 "," "," "," "," ",0.104]
[null,null,null,null,null,null,null,null,null,null,null,null,null,null,null,null,null,null," "," "," "," "," "," ","1.915 "," "," "," "," ",0.1055]
[null,null,null,null,null,null,null,null,null,null,null,null,null,null,null,null,null,null," "," "," "," "," "," ","1.978 "," "," "," "," ",0.106]
[null,null,null,null,null,null,null,null,null,null,null,null,null,null,null,null,null,null," "," "," "," "," "," ","1.946 "," "," "," "," ",0.1076]
[null,null,null,null,null,null,null,null,null,null,null,null,null,null,null,null,null,null," "," "," "," "," "," ","2.008 "," "," "," "," ",0.1081]
[null,null,null,null,null,null,null,null,null,null,null,null,null,null,null,null,null,null," "," "," "," "," "," ","1.975 "," "," "," "," ",0.10970000000000001]
[null,null,null,null,null,null,null,null,null,null,null,null,null,null,null,null,null,null," "," "," "," "," "," ","1.933 "," "," "," "," ",0.1118]
[null,null,null,null,null,null,null,null,null,null,null,null,null,null,null,null,null,null," "," "," "," "," "," ","1.891 "," "," "," "," ",0.1138]
[null,null,null,null,null,null,null,null,null,null,null,null,null,null,null,null,null,null," "," "," "," "," "," ","1.954 "," "," "," "," ",0.1143]
[null,null,null,null,null,null,null,null,null,null,null,null,null,null,null,null,null,null," "," "," "," "," "," ","1.923 "," "," "," "," ",0.1158]
[null,null,null,null,null,null,null,null,null,null,null,null,null,null,null,null,null,null," "," "," "," "," "," ","1.986 "," "," "," "," ",0.1164]
[null,null,null,null,null,null,null,null,null,null,null,null,null,null,null,null,null,null," "," "," "," "," "," ","1.954 "," "," "," "," ",0.1179]
[null,null,null,null,null,null,null,null,null,null,null,null,null,null,null,null,null,null," "," "," "," "," "," ","2.017 "," "," "," "," ",0.11840000000000001]
[]
[null,null,null,null,null,null,null,null,null,null,null,null,null,null,null,null,null,null,"Retention","(mg)"," ","Lymph","Mass","(mg)"]
[null,null,null,null,null,null,null,null,null,null,null,null,null,null,null,null,null,null," "," "," "," "," "," ","1.984 "," "," "," "," ",0.12]
[null,null,null,null,null,null,null,null,null,null,null,null,null,null,null,null,null,null," "," "," "," "," "," ","2.047 "," "," "," "," ",0.1206]
[null,null,null,null,null,null,null,null,null,"Alv.","Cleared","(mg/day)","Alv.","Retention","(mg)","Lymph","Mass","(mg)"," "," "," "," "," "," ","2.014 "," "," "," "," ",0.1222]
[null,null,null,null,null,null,null,null,null,null,null,null,null,null,null,null,null,null," "," "," "," "," "," ","2.076 "," "," "," "," ",0.1227]
[null,null,null,null,null,null,null,null,null,null,null,null,null,null,null,null,null,null," "," "," "," "," "," ","2.074 "," "," "," "," ",0.12280000000000001]
[null,null,null,null,null,null,null,null,null,null,null,null,null,null,null,null,null,null," "," "," "," "," "," ","2.072 "," "," "," "," ",0.1229]
[null,null,null,null,null,null,null,null,null,null,null,null,null,null,null,null,null,null," "," "," "," "," "," ","2.070 "," "," "," "," ",0.123]
[null,null,null,null,null,null,null,null,null,null,null,null,null,null,null,null,null,null," "," "," "," "," ","2.068 "," "," "," "," ",0.1231]
[null,null,null,null,null,null,null,null,null,null,null,null,null,null,null,null,null,null," "," "," "," "," ","2.066 "," "," "," "," ",0.1232]
[null,null,null,null,null,null,null,null,null,null,null,null,null,null,null,null,null,null," "," "," "," "," "," ","2.064 "," "," "," "," ",0.12330000000000001]
[null,null,null,null,null,null,null,null,null,null,null,null,null,null,null,null,null,null," "," "," "," "," "," ","2.062 "," "," "," "," ",0.1234]
[null,null,null,null,null,null,null,null,null,null,null,null,null,null,null,null,null,null," "," "," "," "," "," ","2.060 "," "," "," "," ",0.1235]
[null,null,null,null,null,null,null,null,null,null,null,null,null,null,null,null,null,null," "," "," "," "," "," ","2.058 "," "," "," "," ",0.1236]
[null,null,null,null,null,null,null,null,null,null,null,null,null,null,null,null,null,null," "," "," "," "," "," ","2.056 "," "," "," "," ",0.1237]
[null,null,null,null,null,null,null,null,null,null,null,null,null,null,null,null,null,null," "," "," "," "," "," ","2.054 "," "," "," "," ",0.12379999999999999]
[null,null,null,null,null,null,null,null,null,null,null,null,null,null,null,null,null,null," "," "," "," "," "," ","2.052 "," "," "," "," ",0.1239]
[null,null,null,null,null,null,null,null,null,null,null,null,null,null,null,null,null,null," "," "," "," "," "," ","2.050 "," "," "," "," ",0.124]
[null,null,null,null,null,null,null,null,null,null,null,null,null,null,null,null,null,null," "," "," "," "," "," ","2.048 "," "," "," "," ",0.1241]
[null,null,null,null,null,null,null,null,null,null,null,null,null,null,null,null,null,null," "," "," "," "," "," ","2.046 "," "," "," "," ",0.1242]
[null,null,null,null,null,null,null,null,null,null,null,null,null,null,null,null,null,null," "," "," "," "," "," ","2.044 "," "," "," "," ",0.12429999999999999]
[null,null,null,null,null,null,null,null,null,null,null,null,null,null,null,null,null,null," "," "," "," "," "," ","2.042 "," "," "," "," ",0.1244]
[null,null,null,null,null,null,null,null,null,null,null,null,null,null,null,null,null,null," "," "," "," ",0.1245]
[null,null,null,null,null,null,null,null,null,null,null,null,null,null,null,null,null,null,"2.038 "," "," "," "," ",0.1246]
[null,null,null,null,null,null,null,null,null,null,null,null,null,null,null,null,null,null,"2.036 "," "," "," "," ",0.12470000000000001]
[null,null,null,null,null,null,null,null,null,null,null,null,null,null,null,null,null,null,"2.035 "," "," "," "," ",0.12479999999999999]
[null,null,null,null,null,null,null,null,null,null,null,null,null,null,null,null,null,null,"2.033 "," "," "," "," ",0.1249]
[null,null,null,null,null,null,null,null,null,null,null,null,null,null,null,null,null,null,"2.031 "," "," "," "," ",0.125]
[null,null,null,null,null,null,null,null,null,null,null,null,null,null,null,null,null,null,"2.029 "," "," "," "," ",0.12509999999999999]
[null,null,null,null,null,null,null,null,null,null,null,null,null,null,null,null,null,null,"2.027 "," "," "," "," ",0.12520000000000001]
[null,null,null,null,null,null,null,null,null,null,null,null,null,null,null,null,null,null,"2.025 "," "," "," "," ",0.12529999999999999]
[null,null,null,null,null,null,null,null,null,null,null,null,null,null,null,null,null,null,"2.023 "," "," "," "," ",0.12529999999999999]
[null,null,null,null,null,null,null,null,null,null,null,null,null,null,null,null,null,null," "," "," "," ",0.12540000000000001]
[null,null,null,null,null,null,null,null,null,null,null,null,null,null,null,null,null,null," "," "," "," ",0.1255]
[null,null,null,null,null,null,null,null,null,null,null,null,null,null,null,null,null,null," "," "," "," ",0.12559999999999999]
[null,null,null,null,null,null,null,null,null,null,null,null,null,null,null,null,null,null," "," "," "," ",0.12570000000000001]
[null,null,null,null,null,null,null,null,null,null,null,null,null,null,null,null,null,null," "," "," "," ",0.1258]
[null,null,null,null,null,null,null,null,null,null,null,null,null,null,null,null,null,null," "," "," "," ",0.12590000000000001]
[null,null,null,null,null,null,null,null,null,null,null,null,null,null,null,null,null,null," "," "," "," ",0.126]
[null,null,null,null,null,null,null,null,null,null,null,null,null,null,null,null,null,null," "," "," "," ",0.12609999999999999]
[null,null,null,null,null,null,null,null,null,null,null,null,null,null,null,null,null,null," "," "," "," ",0.12620000000000001]
[null,null,null,null,null,null,null,null,null,null,null,null,null,null,null,null,null,null," "," "," "," ",0.1263]
[null,null,null,null,null,null,null,null,null,null,null,null,null,null,null,null,null,null," "," "," "," ",0.12640000000000001]
[null,null,null,null,null,null,null,null,null,null,null,null,null,null,null,null,null,null," "," "," "," ",0.1265]
[null,null,null,null,null,null,null,null,null,null,null,null,null,null,null,null,null,null," "," "," "," ",0.12659999999999999]
[null,null,null,null,null,null,null,null,null,null,null,null,null,null,null,null,null,null," "," "," "," ",0.12670000000000001]
[null,null,null,null,null,null,null,null,null,null,null,null,null,null,null,null,null,null," "," "," "," ",0.1268]
[null,null,null,null,null,null,null,null,null,null,null,null,null,null,null,null,null,null,"1.992 "," "," "," "," ",0.12690000000000001]
[null,null,null,null,null,null,null,null,null,null,null,null,null,null,null,null,null,null,"1.990 "," "," "," "," ",0.127]
[null,null,null,null,null,null,null,null,null,null,null,null,null,null,null,null,null,null,"1.988 "," "," "," "," ",0.12709999999999999]
[null,null,null,null,null,null,null,null,null,null,null,null,null,null,null,null,null,null,"1.987 "," "," "," "," ",0.12709999999999999]
[]
[null,null,null,null,null,null,null,null,null,null,null,null,null,null,null,null,null,null,"Retention","(mg)"," ","Lymph","Mass","(mg)"]
[null,null,null,null,null,null,null,null,null,null,null,null,null,null,null,null,null,null,"1.985 "," "," "," "," ",0.12720000000000001]
[null,null,null,null,null,null,null,null,null,null,null,null,null,null,null,null,null,null,"1.983 "," "," "," "," ",0.1273]
[null,null,null,null,null,null,null,null,null,null,null,null,null,null,null,null,null,null,"1.981 "," "," "," "," ",0.12740000000000001]
[null,null,null,null,null,null,null,null,null,"Alv.","Cleared","(mg/day)","Alv.","Retention","(mg)","Lymph","Mass","(mg)","1.979 "," "," "," "," ",0.1275]
[null,null,null,null,null,null,null,null,null,null,null,null,null,null,null,null,null,null,"1.977 "," "," "," "," ",0.12759999999999999]
[null,null,null,null,null,null,null,null,null,null,null,null,null,null,null,null,null,null," "," "," "," ",0.12770000000000001]
[null,null,null,null,null,null,null,null,null,null,null,null,null,null,null,null,null,null," "," "," "," ",0.1278]
[null,null,null,null,null,null,null,null,null,null,null,null,null,null,null,null,null,null," "," "," "," ",0.12790000000000001]
[null,null,null,null,null,null,null,null,null,null,null,null,null,null,null,null,null,null," "," "," "," ",0.128]
[null,null,null,null,null,null,null,null,null,null,null,null,null,null,null,null,null,null," "," "," "," ",0.12809999999999999]
[null,null,null,null,null,null,null,null,null,null,null,null,null,null,null,null,null,null," "," "," "," ",0.12820000000000001]
[null,null,null,null,null,null,null,null,null,null,null,null,null,null,null,null,null,null," "," "," "," ",0.1283]
[null,null,null,null,null,null,null,null,null,null,null,null,null,null,null,null,null,null," "," "," "," ",0.12839999999999999]
[null,null,null,null,null,null,null,null,null,null,null,null,null,null,null,null,null,null," "," "," "," ",0.1285]
[null,null,null,null,null,null,null,null,null,null,null,null,null,null,null,null,null,null," "," "," "," ",0.1285]
[null,null,null,null,null,null,null,null,null,null,null,null,null,null,null,null,null,null," "," "," "," ",0.12859999999999999]
[null,null,null,null,null,null,null,null,null,null,null,null,null,null,null,null,null,null," "," "," "," ",0.12870000000000001]
[null,null,null,null,null,null,null,null,null,null,null,null,null,null,null,null,null,null," "," "," "," ",0.1288]
[null,null,null,null,null,null,null,null,null,null,null,null,null,null,null,null,null,null," "," "," "," ",0.12889999999999999]
[null,null,null,null,null,null,null,null,null,null,null,null,null,null,null,null,null,null," "," "," "," ",0.129]

{"sheet":"MPPD exposure data (exposure 3)","index":11,"n_rows":0,"n_cols":0,"rows_kept":0,"cut":false,"hidden":false,"merged":[]}

{"sheet":"MPPD report (exposure 4)","index":12,"n_rows":0,"n_cols":0,"rows_kept":0,"cut":false,"hidden":false,"merged":[]}

{"sheet":"MPPD exposure data (exposure 4)","index":13,"n_rows":0,"n_cols":0,"rows_kept":0,"cut":false,"hidden":false,"merged":[]}

{"sheet":"MPPD report (exposure 5)","index":14,"n_rows":0,"n_cols":0,"rows_kept":0,"cut":false,"hidden":false,"merged":[]}

{"sheet":"MPPD exposure data (exposure 5)","index":15,"n_rows":0,"n_cols":0,"rows_kept":0,"cut":false,"hidden":false,"merged":[]}

{"sheet":"dropdown lists","index":16,"n_rows":24,"n_cols":7,"rows_kept":24,"cut":false,"hidden":false,"merged":[]}
["Experimental variable",null,"Number of exposure conditions","Dose metrics",null,"Control group?"]
[]
["Aerosol concentration (mg/m3)","B11",1,"ET deposited dose (µg)","F8","Yes",1]
["Particle size (µm)","B19",2,"TB deposited dose (µg)","G8","No",0]
["Exposure duration (hr)","B29",3,"PU deposited dose (µg)","H8"]
[null,null,4,"TB+PU deposited dose (µg)","I8"]
[null,null,5,"ET+TB+PU deposited dose (µg)","J8"]
[null,null,null,"ET deposited dose/SA (µg/cm2)","F9"]
["Selected dose metrics",null,null,"TB deposited dose/SA (µg/cm2)","G9"]
[{"$f":"VLOOKUP('to BMDS'!B6,D1:E23,2,FALSE)","v":{"$error":"#N/A"}},null,null,"PU deposited dose/SA (µg/cm2)","H9"]
[null,null,null,"TB+PU deposited dose/SA (µg/cm2)","I9"]
["Control group",null,null,"ET+TB+PU deposited dose/SA (µg/cm2)","J9"]
[{"$f":"VLOOKUP('to BMDS'!B5,F1:G5,2,FALSE)","v":{"$error":"#N/A"}},null,null,"ET retained dose (µg)","F10"]
[null,null,null,"TB retained dose (µg)","G10"]
["Selected experimental variable",null,null,"PU retained dose (µg)","H10"]
[{"$f":"VLOOKUP('to BMDS'!B3,A1:B6,2,FALSE)","v":{"$error":"#N/A"}},null,null,"TB+PU retained dose (µg)","I10"]
[null,null,null,"ET+TB+PU retained dose (µg)","J10"]
[null,null,null,"ET retained dose/SA (µg/cm2)","F11"]
[null,null,null,"TB retained dose/SA (µg/cm2)","G11"]
[null,null,null,"PU retained dose/SA (µg/cm2)","H11"]
[null,null,null,"TB+PU retained dose/SA (µg/cm2)","I11"]
[null,null,null,"ET+TB+PU retained dose/SA (µg/cm2)","J11"]
[null,null,null,"Systemic dose (mg)","F13"]
[null,null,null,"HEC","F14"]